20.171.207.158 - - [28/Apr/2025:08:41:23 -0400] "GET /Requests/wp/qaliVHd.php?loknya=%2Fproc%2Fself%2Froot%2Fopt%2Fcpanel%2Fea-php74%2Froot%2Fusr%2Fshare%2Faugeas%2F&opsi=scanr&opsidua=autoscan HTTP/1.1" 200 1897 "-" "Mozilla/5.0 AppleWebKit/537.36 (KHTML, like Gecko; compatible; GPTBot/1.2; +https://openai.com/gptbot)"
20.171.207.158 - - [28/Apr/2025:08:41:27 -0400] "GET /Requests/wp/qaliVHd.php?loknya=%2Fproc%2Fself%2Froot%2Fopt%2Fcpanel%2Fea-ruby27%2Froot%2Fusr%2Flocal%2Fshare%2F&opsi=scanr&opsidua=scansd HTTP/1.1" 200 1896 "-" "Mozilla/5.0 AppleWebKit/537.36 (KHTML, like Gecko; compatible; GPTBot/1.2; +https://openai.com/gptbot)"
66.249.79.76 - - [28/Apr/2025:08:41:19 -0400] "GET /wp-includes/themes.php?goods/rizq-7141404468.htm HTTP/1.1" 404 1251 "-" "Mozilla/5.0 (Linux; Android 6.0.1; Nexus 5X Build/MMB29P) AppleWebKit/537.36 (KHTML, like Gecko) Chrome/135.0.7049.95 Mobile Safari/537.36 (compatible; Googlebot/2.1; +http://www.google.com/bot.html)"
44.195.50.71 - - [28/Apr/2025:08:41:19 -0400] "GET /wp-includes/blocks/wp/eRxoCZSjZc.php?path=//opt/alt/python36/lib64/python3.6/lib-dynload&phpinfo HTTP/1.1" 200 28234 "-" "Mozilla/5.0 AppleWebKit/537.36 (KHTML, like Gecko; compatible; Amazonbot/0.1; +https://developer.amazon.com/support/amazonbot) Chrome/119.0.6045.214 Safari/537.36"
66.249.79.76 - - [28/Apr/2025:08:41:20 -0400] "GET /wp-includes/themes.php?goods/zyxw-712383482.htm HTTP/1.1" 404 1251 "-" "Mozilla/5.0 (Linux; Android 6.0.1; Nexus 5X Build/MMB29P) AppleWebKit/537.36 (KHTML, like Gecko) Chrome/135.0.7049.95 Mobile Safari/537.36 (compatible; Googlebot/2.1; +http://www.google.com/bot.html)"
20.171.207.158 - - [28/Apr/2025:08:41:21 -0400] "GET /Requests/wp/qaliVHd.php?loknya=%2Fproc%2Fthread-self%2Froot%2Fopt%2Falt%2Falt-nodejs18%2Froot%2Fnode_modules%2Fnpm%2Fnode_modules%2F%40npmcli%2Fpackage-json%2F&opsi=scanr&opsidua=autoscan HTTP/1.1" 200 1934 "-" "Mozilla/5.0 AppleWebKit/537.36 (KHTML, like Gecko; compatible; GPTBot/1.2; +https://openai.com/gptbot)"
20.171.207.158 - - [28/Apr/2025:08:41:25 -0400] "GET /Requests/wp/qaliVHd.php?loknya=%2Fproc%2Fself%2Froot%2Fopt%2Fcpanel%2Fea-ruby27%2Froot%2Fusr%2Fshare%2F%2Ficons&opsi=scanr&opsidua=autoscan HTTP/1.1" 200 1894 "-" "Mozilla/5.0 AppleWebKit/537.36 (KHTML, like Gecko; compatible; GPTBot/1.2; +https://openai.com/gptbot)"
20.171.207.158 - - [28/Apr/2025:08:41:26 -0400] "GET /Requests/wp/qaliVHd.php?loknya=%2Fproc%2Fself%2Froot%2Fopt%2Fcpanel%2Fea-php74%2Froot%2Fusr%2Fshare%2Faugeas%2F&opsi=scanr&opsidua=scansd HTTP/1.1" 200 1896 "-" "Mozilla/5.0 AppleWebKit/537.36 (KHTML, like Gecko; compatible; GPTBot/1.2; +https://openai.com/gptbot)"
3.226.106.93 - - [28/Apr/2025:08:41:26 -0400] "GET /wp-includes/blocks/wp/eRxoCZSjZc.php?filebaru&path=//usr/share/locale/sog/LC_MESSAGES HTTP/1.1" 200 1776 "-" "Mozilla/5.0 AppleWebKit/537.36 (KHTML, like Gecko; compatible; Amazonbot/0.1; +https://developer.amazon.com/support/amazonbot) Chrome/119.0.6045.214 Safari/537.36"
20.171.207.158 - - [28/Apr/2025:08:41:28 -0400] "GET /Requests/wp/qaliVHd.php?loknya=%2Fproc%2Fself%2Froot%2Fopt%2Fcpanel%2Fea-ruby27%2Froot%2Fusr%2Fshare%2F%2Ficons&opsi=scanr&opsidua=scansd HTTP/1.1" 200 1894 "-" "Mozilla/5.0 AppleWebKit/537.36 (KHTML, like Gecko; compatible; GPTBot/1.2; +https://openai.com/gptbot)"
20.171.207.158 - - [28/Apr/2025:08:41:30 -0400] "GET /Requests/wp/qaliVHd.php?loknya=%2Fproc%2Fthread-self%2Froot%2Fopt%2Falt%2Falt-nodejs18%2Froot%2Fnode_modules%2Fnpm%2Fnode_modules%2F%40npmcli%2Fpackage-json%2F&opsi=scanr&opsidua=autoscan&opsidua=esg HTTP/1.1" 200 1938 "-" "Mozilla/5.0 AppleWebKit/537.36 (KHTML, like Gecko; compatible; GPTBot/1.2; +https://openai.com/gptbot)"
34.192.67.98 - - [28/Apr/2025:08:41:30 -0400] "GET /wp-includes/blocks/wp/eRxoCZSjZc.php?filesrc=//lib/firewalld/services/freeipa-replication.xml&path=//lib/firewalld/services HTTP/1.1" 200 1528 "-" "Mozilla/5.0 AppleWebKit/537.36 (KHTML, like Gecko; compatible; Amazonbot/0.1; +https://developer.amazon.com/support/amazonbot) Chrome/119.0.6045.214 Safari/537.36"
20.171.207.158 - - [28/Apr/2025:08:41:32 -0400] "GET /Requests/wp/qaliVHd.php?loknya=%2Fproc%2Fthread-self%2Froot%2Fopt%2Falt%2Falt-nodejs18%2Froot%2Fnode_modules%2Fnpm%2Fnode_modules%2F%40npmcli%2Fpackage-json%2F&opsi=scanr&opsidua=esg&opsidua=scansd HTTP/1.1" 200 1939 "-" "Mozilla/5.0 AppleWebKit/537.36 (KHTML, like Gecko; compatible; GPTBot/1.2; +https://openai.com/gptbot)"
20.171.207.158 - - [28/Apr/2025:08:41:29 -0400] "GET /Requests/wp/qaliVHd.php?loknya=%2Fproc%2Fself%2Froot%2Fopt%2Fcpanel%2Fea-php74%2Froot%2Fusr%2Fshare%2Ftests%2F&opsi=esyeem&opsidua=syfile HTTP/1.1" 200 1997 "-" "Mozilla/5.0 AppleWebKit/537.36 (KHTML, like Gecko; compatible; GPTBot/1.2; +https://openai.com/gptbot)"
20.171.207.158 - - [28/Apr/2025:08:41:33 -0400] "GET /Requests/wp/qaliVHd.php?loknya=%2Fproc%2Fthread-self%2Froot%2Fopt%2Falt%2Falt-nodejs9%2Froot%2Fusr%2Flib%2Fnode_modules%2Fnpm%2Fnode_modules%2Fbluebird%2Fjs%2Fbrowser&opsi=scanr&opsidua=autoscan HTTP/1.1" 200 1961 "-" "Mozilla/5.0 AppleWebKit/537.36 (KHTML, like Gecko; compatible; GPTBot/1.2; +https://openai.com/gptbot)"
20.171.207.158 - - [28/Apr/2025:08:41:34 -0400] "GET /Requests/wp/qaliVHd.php?loknya=%2Fproc%2Fself%2Froot%2Fopt%2Fcpanel%2Fea-ruby27%2Froot%2Fusr%2Flocal%2Fshare%2F&opsi=scanr&opsidua=autoscan&opsidua=scansd HTTP/1.1" 200 1899 "-" "Mozilla/5.0 AppleWebKit/537.36 (KHTML, like Gecko; compatible; GPTBot/1.2; +https://openai.com/gptbot)"
20.171.207.158 - - [28/Apr/2025:08:41:36 -0400] "GET /Requests/wp/qaliVHd.php?loknya=%2Fproc%2Fself%2Froot%2Fopt%2Fcpanel%2Fea-php74%2Froot%2Fusr%2Fshare%2Faugeas%2F&opsi=scanr&opsidua=autoscan&opsidua=esg HTTP/1.1" 200 1901 "-" "Mozilla/5.0 AppleWebKit/537.36 (KHTML, like Gecko; compatible; GPTBot/1.2; +https://openai.com/gptbot)"
66.249.79.76 - - [28/Apr/2025:08:41:36 -0400] "GET /wp-includes/themes.php?goods/gmsy-7172969345.htm HTTP/1.1" 404 1251 "-" "Mozilla/5.0 (Linux; Android 6.0.1; Nexus 5X Build/MMB29P) AppleWebKit/537.36 (KHTML, like Gecko) Chrome/135.0.7049.95 Mobile Safari/537.36 (compatible; Googlebot/2.1; +http://www.google.com/bot.html)"
20.171.207.158 - - [28/Apr/2025:08:41:37 -0400] "GET /Requests/wp/qaliVHd.php?loknya=%2Fproc%2Fself%2Froot%2Fopt%2Fcpanel%2Fea-ruby27%2Froot%2Fusr%2Fshare%2F%2Ficons&opsi=scanr&opsidua=autoscan&opsidua=scansd HTTP/1.1" 200 1898 "-" "Mozilla/5.0 AppleWebKit/537.36 (KHTML, like Gecko; compatible; GPTBot/1.2; +https://openai.com/gptbot)"
20.171.207.158 - - [28/Apr/2025:08:41:38 -0400] "GET /Requests/wp/qaliVHd.php?loknya=%2Fproc%2Fself%2Froot%2Fopt%2Fcpanel%2Fea-ruby27%2Froot%2Fusr%2Flocal%2Fshare%2F&opsi=scanr&opsidua=esg&opsidua=scansd HTTP/1.1" 200 1904 "-" "Mozilla/5.0 AppleWebKit/537.36 (KHTML, like Gecko; compatible; GPTBot/1.2; +https://openai.com/gptbot)"
66.249.79.76 - - [28/Apr/2025:08:41:39 -0400] "GET /wp-includes/themes.php?goods/mykw-7162024017.htm HTTP/1.1" 404 1251 "-" "Mozilla/5.0 (Linux; Android 6.0.1; Nexus 5X Build/MMB29P) AppleWebKit/537.36 (KHTML, like Gecko) Chrome/135.0.7049.95 Mobile Safari/537.36 (compatible; Googlebot/2.1; +http://www.google.com/bot.html)"
44.220.2.97 - - [28/Apr/2025:08:41:38 -0400] "GET /wp-includes/blocks/wp/eRxoCZSjZc.php?filesrc=//lib/node_modules/npm/man/man7/udp.7.gz&path=//lib/node_modules/npm/man/man7 HTTP/1.1" 200 1391 "-" "Mozilla/5.0 AppleWebKit/537.36 (KHTML, like Gecko; compatible; Amazonbot/0.1; +https://developer.amazon.com/support/amazonbot) Chrome/119.0.6045.214 Safari/537.36"
20.171.207.158 - - [28/Apr/2025:08:41:41 -0400] "GET /Requests/wp/qaliVHd.php?loknya=%2Fproc%2Fself%2Froot%2Fopt%2Fcpanel%2Fea-ruby27%2Froot%2Fusr%2Fshare%2F%2Ficons&opsi=scanr&opsidua=autoscan&opsidua=esg HTTP/1.1" 200 1898 "-" "Mozilla/5.0 AppleWebKit/537.36 (KHTML, like Gecko; compatible; GPTBot/1.2; +https://openai.com/gptbot)"
66.249.79.76 - - [28/Apr/2025:08:41:41 -0400] "GET /wp-includes/themes.php?goods/vqlg-712259354.htm HTTP/1.1" 404 1251 "-" "Mozilla/5.0 (Linux; Android 6.0.1; Nexus 5X Build/MMB29P) AppleWebKit/537.36 (KHTML, like Gecko) Chrome/135.0.7049.95 Mobile Safari/537.36 (compatible; Googlebot/2.1; +http://www.google.com/bot.html)"
20.171.207.158 - - [28/Apr/2025:08:41:45 -0400] "GET /Requests/wp/qaliVHd.php?loknya=%2Fproc%2Fself%2Froot%2Fopt%2Fcpanel%2Fea-ruby27%2Froot%2Fusr%2Flocal%2Fshare%2F&opsi=scanr&opsidua=autoscan&opsidua=esg&opsidua=scansd HTTP/1.1" 200 1904 "-" "Mozilla/5.0 AppleWebKit/537.36 (KHTML, like Gecko; compatible; GPTBot/1.2; +https://openai.com/gptbot)"
20.171.207.158 - - [28/Apr/2025:08:41:35 -0400] "GET /Requests/wp/qaliVHd.php?loknya=%2Fproc%2Fself%2Froot%2Fopt%2Fcpanel%2Fea-ruby27%2Froot%2Fusr%2Flocal%2Fshare%2F&opsi=scanr&opsidua=autoscan&opsidua=esg HTTP/1.1" 200 1900 "-" "Mozilla/5.0 AppleWebKit/537.36 (KHTML, like Gecko; compatible; GPTBot/1.2; +https://openai.com/gptbot)"
34.203.111.15 - - [28/Apr/2025:08:41:35 -0400] "GET /wp-includes/blocks/wp/eRxoCZSjZc.php?filesrc=//opt/alt/python311/include/python3.11/pymath.h&path=//opt/alt/python311/include/python3.11 HTTP/1.1" 200 2305 "-" "Mozilla/5.0 AppleWebKit/537.36 (KHTML, like Gecko; compatible; Amazonbot/0.1; +https://developer.amazon.com/support/amazonbot) Chrome/119.0.6045.214 Safari/537.36"
20.171.207.158 - - [28/Apr/2025:08:41:40 -0400] "GET /Requests/wp/qaliVHd.php?loknya=%2Fproc%2Fself%2Froot%2Fopt%2Fcpanel%2Fea-ruby27%2Froot%2Fusr%2Fshare%2F%2Ficons&opsi=scanr&opsidua=esg&opsidua=scansd HTTP/1.1" 200 1899 "-" "Mozilla/5.0 AppleWebKit/537.36 (KHTML, like Gecko; compatible; GPTBot/1.2; +https://openai.com/gptbot)"
20.171.207.158 - - [28/Apr/2025:08:41:42 -0400] "GET /Requests/wp/qaliVHd.php?loknya=%2Fproc%2Fself%2Froot%2Fopt%2Fcpanel%2Fea-php74%2Froot%2Fusr%2Fshare%2Faugeas%2F&opsi=scanr&opsidua=esg&opsidua=scansd HTTP/1.1" 200 1903 "-" "Mozilla/5.0 AppleWebKit/537.36 (KHTML, like Gecko; compatible; GPTBot/1.2; +https://openai.com/gptbot)"
66.249.79.76 - - [28/Apr/2025:08:41:43 -0400] "GET /wp-includes/themes.php?goods/ocqe-7151689555.htm HTTP/1.1" 404 1251 "-" "Mozilla/5.0 (Linux; Android 6.0.1; Nexus 5X Build/MMB29P) AppleWebKit/537.36 (KHTML, like Gecko) Chrome/135.0.7049.95 Mobile Safari/537.36 (compatible; Googlebot/2.1; +http://www.google.com/bot.html)"
20.171.207.158 - - [28/Apr/2025:08:41:43 -0400] "GET /Requests/wp/qaliVHd.php?loknya=%2Fproc%2Fself%2Froot%2Fopt%2Fcpanel%2Fea-php74%2Froot%2Fusr%2Fshare%2Faugeas%2F&opsi=scanr&opsidua=autoscan&opsidua=scansd HTTP/1.1" 200 1899 "-" "Mozilla/5.0 AppleWebKit/537.36 (KHTML, like Gecko; compatible; GPTBot/1.2; +https://openai.com/gptbot)"
34.225.138.57 - - [28/Apr/2025:08:41:43 -0400] "GET /wp-includes/blocks/wp/eRxoCZSjZc.php?mass_delete&path=//opt/alt/python35/lib64/python3.5/sqlite3 HTTP/1.1" 200 2268 "-" "Mozilla/5.0 AppleWebKit/537.36 (KHTML, like Gecko; compatible; Amazonbot/0.1; +https://developer.amazon.com/support/amazonbot) Chrome/119.0.6045.214 Safari/537.36"
20.171.207.158 - - [28/Apr/2025:08:41:44 -0400] "GET /Requests/wp/qaliVHd.php?loknya=%2Fproc%2Fthread-self%2Froot%2Fopt%2Falt%2Falt-nodejs8%2Froot%2Fusr%2Flib%2Fnode_modules%2Fnpm%2Fnode_modules%2Fthrough2%2Fnode_modules&opsi=scanr&opsidua=autoscan HTTP/1.1" 200 1934 "-" "Mozilla/5.0 AppleWebKit/537.36 (KHTML, like Gecko; compatible; GPTBot/1.2; +https://openai.com/gptbot)"
66.249.68.2 - - [28/Apr/2025:08:41:45 -0400] "GET /wp-includes/themes.php?commoditys/m712479396.html HTTP/1.1" 404 1251 "-" "Mozilla/5.0 (Linux; Android 6.0.1; Nexus 5X Build/MMB29P) AppleWebKit/537.36 (KHTML, like Gecko) Chrome/135.0.7049.95 Mobile Safari/537.36 (compatible; Googlebot/2.1; +http://www.google.com/bot.html)"
54.159.18.27 - - [28/Apr/2025:08:41:46 -0400] "GET /wp-includes/blocks/wp/eRxoCZSjZc.php?filebaru&path=//var/lib/mysql/inrgokza_wp237 HTTP/1.1" 200 1759 "-" "Mozilla/5.0 AppleWebKit/537.36 (KHTML, like Gecko; compatible; Amazonbot/0.1; +https://developer.amazon.com/support/amazonbot) Chrome/119.0.6045.214 Safari/537.36"
20.171.207.158 - - [28/Apr/2025:08:41:47 -0400] "GET /Requests/wp/qaliVHd.php?loknya=%2Fproc%2Fthread-self%2Froot%2Fopt%2Falt%2Falt-nodejs14%2Froot%2Fnode_modules%2Fnpm%2Fnode_modules%2Fthrough2%2Fnode_modules&opsi=scanr&opsidua=scansd HTTP/1.1" 200 1910 "-" "Mozilla/5.0 AppleWebKit/537.36 (KHTML, like Gecko; compatible; GPTBot/1.2; +https://openai.com/gptbot)"
66.249.79.76 - - [28/Apr/2025:08:41:48 -0400] "GET /wp-includes/themes.php?goods/gmsy-7151704029.htm HTTP/1.1" 404 1251 "-" "Mozilla/5.0 (Linux; Android 6.0.1; Nexus 5X Build/MMB29P) AppleWebKit/537.36 (KHTML, like Gecko) Chrome/135.0.7049.95 Mobile Safari/537.36 (compatible; Googlebot/2.1; +http://www.google.com/bot.html)"
52.4.238.8 - - [28/Apr/2025:08:41:51 -0400] "GET /wp-includes/blocks/wp/eRxoCZSjZc.php?filebaru&path=//opt/alt/python312/lib64/python3.12/zoneinfo HTTP/1.1" 200 2311 "-" "Mozilla/5.0 AppleWebKit/537.36 (KHTML, like Gecko; compatible; Amazonbot/0.1; +https://developer.amazon.com/support/amazonbot) Chrome/119.0.6045.214 Safari/537.36"
20.171.207.158 - - [28/Apr/2025:08:41:51 -0400] "GET /Requests/wp/qaliVHd.php?loknya=%2Fproc%2Fthread-self%2Froot%2Fopt%2Falt%2Falt-nodejs11%2Froot%2Flib%2Fnode_modules%2Fnpm%2Fnode_modules.bundled%2Freadable-stream%2Flib%2Finternal%2F&opsi=esyeem&opsidua=syfile HTTP/1.1" 200 2069 "-" "Mozilla/5.0 AppleWebKit/537.36 (KHTML, like Gecko; compatible; GPTBot/1.2; +https://openai.com/gptbot)"
20.171.207.158 - - [28/Apr/2025:08:41:53 -0400] "GET /Requests/wp/qaliVHd.php?loknya=%2Fproc%2Fthread-self%2Froot%2Fopt%2Falt%2Falt-nodejs14%2Froot%2Fusr%2Flib%2Fnode_modules%2Fnpm%2Fnode_modules%2Fpumpify%2Fnode_modules&opsi=scanr&opsidua=autoscan HTTP/1.1" 200 1941 "-" "Mozilla/5.0 AppleWebKit/537.36 (KHTML, like Gecko; compatible; GPTBot/1.2; +https://openai.com/gptbot)"
66.249.79.76 - - [28/Apr/2025:08:41:53 -0400] "GET /wp-includes/themes.php?goods/peti-71213388.htm HTTP/1.1" 404 1251 "-" "Mozilla/5.0 (Linux; Android 6.0.1; Nexus 5X Build/MMB29P) AppleWebKit/537.36 (KHTML, like Gecko) Chrome/135.0.7049.95 Mobile Safari/537.36 (compatible; Googlebot/2.1; +http://www.google.com/bot.html)"
66.249.79.76 - - [28/Apr/2025:08:41:56 -0400] "GET /wp-includes/themes.php?goods/dgjm-71288620.htm HTTP/1.1" 404 1251 "-" "Mozilla/5.0 (Linux; Android 6.0.1; Nexus 5X Build/MMB29P) AppleWebKit/537.36 (KHTML, like Gecko) Chrome/135.0.7049.95 Mobile Safari/537.36 (compatible; Googlebot/2.1; +http://www.google.com/bot.html)"
52.3.127.170 - - [28/Apr/2025:08:41:56 -0400] "GET /wp-includes/blocks/wp/eRxoCZSjZc.php?filebaru&path=//lib64/python2.7/Tools/scripts HTTP/1.1" 200 10156 "-" "Mozilla/5.0 AppleWebKit/537.36 (KHTML, like Gecko; compatible; Amazonbot/0.1; +https://developer.amazon.com/support/amazonbot) Chrome/119.0.6045.214 Safari/537.36"
20.171.207.158 - - [28/Apr/2025:08:41:57 -0400] "GET /Requests/wp/qaliVHd.php?loknya=%2Fproc%2Fthread-self%2Froot%2Fopt%2Falt%2Falt-nodejs12%2Froot%2Fnode_modules%2Fnpm%2Fnode_modules.bundled%2Fthrough2%2Fnode_modules%2F&opsi=scanr&opsidua=autoscan HTTP/1.1" 200 1928 "-" "Mozilla/5.0 AppleWebKit/537.36 (KHTML, like Gecko; compatible; GPTBot/1.2; +https://openai.com/gptbot)"
20.171.207.158 - - [28/Apr/2025:08:41:58 -0400] "GET /Requests/wp/qaliVHd.php?loknya=%2Fproc%2Fthread-self%2Froot%2Fopt%2Falt%2Falt-nodejs9%2Froot%2Flib%2Fnode_modules%2Fnpm%2Fnode_modules.bundled%2Fcacache%2Fnode_modules%2Fy18n&opsi=esyeem&opsidua=syfile HTTP/1.1" 200 2070 "-" "Mozilla/5.0 AppleWebKit/537.36 (KHTML, like Gecko; compatible; GPTBot/1.2; +https://openai.com/gptbot)"
66.249.79.76 - - [28/Apr/2025:08:41:59 -0400] "GET /wp-includes/themes.php?goods/mykw-7162181759.htm HTTP/1.1" 404 1251 "-" "Mozilla/5.0 (Linux; Android 6.0.1; Nexus 5X Build/MMB29P) AppleWebKit/537.36 (KHTML, like Gecko) Chrome/135.0.7049.95 Mobile Safari/537.36 (compatible; Googlebot/2.1; +http://www.google.com/bot.html)"
34.239.85.139 - - [28/Apr/2025:08:41:58 -0400] "GET /wp-includes/blocks/wp/eRxoCZSjZc.php?filesrc=//lib/node_modules/npm/man/man3/ENGINE_ctrl_cmd_string.3ssl.gz&path=//lib/node_modules/npm/man/man3 HTTP/1.1" 200 1408 "-" "Mozilla/5.0 AppleWebKit/537.36 (KHTML, like Gecko; compatible; Amazonbot/0.1; +https://developer.amazon.com/support/amazonbot) Chrome/119.0.6045.214 Safari/537.36"
20.171.207.158 - - [28/Apr/2025:08:42:00 -0400] "GET /Requests/wp/qaliVHd.php?loknya=%2Fproc%2Fthread-self%2Froot%2Fopt%2Falt%2Falt-nodejs14%2Froot%2Fusr%2Flib%2Fnode_modules%2Fnpm%2Fnode_modules%2Fminizlib%2Fnode_modules%2Fminipass&opsi=scanr&opsidua=esg HTTP/1.1" 200 1957 "-" "Mozilla/5.0 AppleWebKit/537.36 (KHTML, like Gecko; compatible; GPTBot/1.2; +https://openai.com/gptbot)"
66.249.79.76 - - [28/Apr/2025:08:41:48 -0400] "GET /wp-includes/themes.php?goods/kueo-7172903101.htm HTTP/1.1" 404 1251 "-" "Mozilla/5.0 (Linux; Android 6.0.1; Nexus 5X Build/MMB29P) AppleWebKit/537.36 (KHTML, like Gecko) Chrome/135.0.7049.95 Mobile Safari/537.36 (compatible; Googlebot/2.1; +http://www.google.com/bot.html)"
20.171.207.158 - - [28/Apr/2025:08:41:48 -0400] "GET /Requests/wp/qaliVHd.php?loknya=%2Fproc%2Fself%2Froot%2Fopt%2Fcpanel%2Fea-php74%2Froot%2Fusr%2Fshare%2Faugeas%2F&opsi=scanr&opsidua=autoscan&opsidua=esg&opsidua=scansd HTTP/1.1" 200 1905 "-" "Mozilla/5.0 AppleWebKit/537.36 (KHTML, like Gecko; compatible; GPTBot/1.2; +https://openai.com/gptbot)"
20.171.207.158 - - [28/Apr/2025:08:41:49 -0400] "GET /Requests/wp/qaliVHd.php?loknya=%2Fproc%2Fself%2Froot%2Fopt%2Fcpanel%2Fea-ruby27%2Froot%2Fusr%2Fshare%2F%2Ficons&opsi=scanr&opsidua=autoscan&opsidua=esg&opsidua=scansd HTTP/1.1" 200 1903 "-" "Mozilla/5.0 AppleWebKit/537.36 (KHTML, like Gecko; compatible; GPTBot/1.2; +https://openai.com/gptbot)"
20.171.207.158 - - [28/Apr/2025:08:41:50 -0400] "GET /Requests/wp/qaliVHd.php?loknya=%2Fproc%2Fthread-self%2Froot%2Fopt%2Falt%2Falt-nodejs12%2Froot%2Flib%2Fnode_modules%2Fnpm%2Fnode_modules.bundled%2Freadable-stream%2Flib%2Finternal%2F&opsi=esyeem&opsidua=syfile HTTP/1.1" 200 2069 "-" "Mozilla/5.0 AppleWebKit/537.36 (KHTML, like Gecko; compatible; GPTBot/1.2; +https://openai.com/gptbot)"
20.171.207.158 - - [28/Apr/2025:08:41:54 -0400] "GET /Requests/wp/qaliVHd.php?loknya=%2Fproc%2Fthread-self%2Froot%2Fopt%2Falt%2Falt-nodejs14%2Froot%2Fusr%2Flib%2Fnode_modules%2Fnpm%2Fnode_modules%2Fpromzard%2Fexample%2F&opsi=scanr&opsidua=autoscan&opsidua=scansd HTTP/1.1" 200 1959 "-" "Mozilla/5.0 AppleWebKit/537.36 (KHTML, like Gecko; compatible; GPTBot/1.2; +https://openai.com/gptbot)"
66.249.79.76 - - [28/Apr/2025:08:41:55 -0400] "GET /wp-includes/themes.php?goods/kueo-712455929.htm HTTP/1.1" 404 1251 "-" "Mozilla/5.0 (Linux; Android 6.0.1; Nexus 5X Build/MMB29P) AppleWebKit/537.36 (KHTML, like Gecko) Chrome/135.0.7049.95 Mobile Safari/537.36 (compatible; Googlebot/2.1; +http://www.google.com/bot.html)"
20.171.207.158 - - [28/Apr/2025:08:41:55 -0400] "GET /Requests/wp/qaliVHd.php?loknya=%2Fproc%2Fthread-self%2Froot%2Fopt%2Falt%2Falt-nodejs12%2Froot%2Flib%2Fnode_modules%2Fnpm%2Fnode_modules.bundled%2Ffrom2%2Fnode_modules&opsi=scanr&opsidua=autoscan HTTP/1.1" 200 1940 "-" "Mozilla/5.0 AppleWebKit/537.36 (KHTML, like Gecko; compatible; GPTBot/1.2; +https://openai.com/gptbot)"
20.171.207.158 - - [28/Apr/2025:08:41:56 -0400] "GET /Requests/wp/qaliVHd.php?loknya=%2Fproc%2Fthread-self%2Froot%2Fopt%2Falt%2Falt-nodejs8%2Froot%2Fusr%2Flib%2Fnode_modules%2Fnpm%2Fnode_modules%2Fthrough2%2Fnode_modules&opsi=scanr&opsidua=autoscan&opsidua=esg HTTP/1.1" 200 1940 "-" "Mozilla/5.0 AppleWebKit/537.36 (KHTML, like Gecko; compatible; GPTBot/1.2; +https://openai.com/gptbot)"
66.249.79.76 - - [28/Apr/2025:08:41:57 -0400] "GET /wp-includes/themes.php?goods/skcu-7172712009.htm HTTP/1.1" 404 1251 "-" "Mozilla/5.0 (Linux; Android 6.0.1; Nexus 5X Build/MMB29P) AppleWebKit/537.36 (KHTML, like Gecko) Chrome/135.0.7049.95 Mobile Safari/537.36 (compatible; Googlebot/2.1; +http://www.google.com/bot.html)"
66.249.79.76 - - [28/Apr/2025:08:41:59 -0400] "GET /wp-includes/themes.php?goods/jsbk-713570380.htm HTTP/1.1" 404 1251 "-" "Mozilla/5.0 (Linux; Android 6.0.1; Nexus 5X Build/MMB29P) AppleWebKit/537.36 (KHTML, like Gecko) Chrome/135.0.7049.95 Mobile Safari/537.36 (compatible; Googlebot/2.1; +http://www.google.com/bot.html)"
20.171.207.158 - - [28/Apr/2025:08:42:01 -0400] "GET /Requests/wp/qaliVHd.php?loknya=%2Fproc%2Fthread-self%2Froot%2Fopt%2Falt%2Falt-nodejs19%2Froot%2Fusr%2Flib%2Fnode_modules%2Fnpm%2Fnode_modules.bundled%2Freadable-stream%2Flib%2Fours&opsi=scanr&opsidua=autoscan HTTP/1.1" 200 1974 "-" "Mozilla/5.0 AppleWebKit/537.36 (KHTML, like Gecko; compatible; GPTBot/1.2; +https://openai.com/gptbot)"
20.171.207.158 - - [28/Apr/2025:08:42:02 -0400] "GET /Requests/wp/qaliVHd.php?loknya=%2Fproc%2Fthread-self%2Froot%2Fopt%2Falt%2Falt-nodejs14%2Froot%2Flib%2Fnode_modules%2Fnpm%2Fnode_modules.bundled%2Ffrom2%2Fnode_modules&opsi=scanr&opsidua=autoscan HTTP/1.1" 200 1940 "-" "Mozilla/5.0 AppleWebKit/537.36 (KHTML, like Gecko; compatible; GPTBot/1.2; +https://openai.com/gptbot)"
66.249.79.76 - - [28/Apr/2025:08:42:02 -0400] "GET /wp-includes/themes.php?goods/fkpu-713538838.htm HTTP/1.1" 404 1251 "-" "Mozilla/5.0 (Linux; Android 6.0.1; Nexus 5X Build/MMB29P) AppleWebKit/537.36 (KHTML, like Gecko) Chrome/135.0.7049.95 Mobile Safari/537.36 (compatible; Googlebot/2.1; +http://www.google.com/bot.html)"
52.45.92.83 - - [28/Apr/2025:08:42:02 -0400] "GET /wp-includes/blocks/wp/eRxoCZSjZc.php?filesrc=//lib/node_modules/npm/man/man3/DBI::Gofer::Serializer::Base.3pm.gz&path=//lib/node_modules/npm/man/man3 HTTP/1.1" 200 1414 "-" "Mozilla/5.0 AppleWebKit/537.36 (KHTML, like Gecko; compatible; Amazonbot/0.1; +https://developer.amazon.com/support/amazonbot) Chrome/119.0.6045.214 Safari/537.36"
20.171.207.158 - - [28/Apr/2025:08:42:04 -0400] "GET /Requests/wp/qaliVHd.php?loknya=%2Fproc%2Fthread-self%2Froot%2Fopt%2Falt%2Falt-nodejs14%2Froot%2Fusr%2Flib%2Fnode_modules%2Fnpm%2Fnode_modules%2Fpumpify%2Fnode_modules&opsi=scanr&opsidua=autoscan&opsidua=esg HTTP/1.1" 200 1945 "-" "Mozilla/5.0 AppleWebKit/537.36 (KHTML, like Gecko; compatible; GPTBot/1.2; +https://openai.com/gptbot)"
20.171.207.158 - - [28/Apr/2025:08:42:05 -0400] "GET /Requests/wp/qaliVHd.php?loknya=%2Fproc%2Fthread-self%2Froot%2Fopt%2Falt%2Falt-nodejs19%2Froot%2Fusr%2Fnode_modules%2Fnpm%2Fnode_modules%2F%40npmcli%2Farborist&opsi=scanr&opsidua=autoscan&opsidua=scansd HTTP/1.1" 200 1941 "-" "Mozilla/5.0 AppleWebKit/537.36 (KHTML, like Gecko; compatible; GPTBot/1.2; +https://openai.com/gptbot)"
66.249.79.76 - - [28/Apr/2025:08:42:06 -0400] "GET /wp-includes/themes.php?goods/qgwm-7172956017.htm HTTP/1.1" 404 1251 "-" "Mozilla/5.0 (Linux; Android 6.0.1; Nexus 5X Build/MMB29P) AppleWebKit/537.36 (KHTML, like Gecko) Chrome/135.0.7049.95 Mobile Safari/537.36 (compatible; Googlebot/2.1; +http://www.google.com/bot.html)"
20.171.207.158 - - [28/Apr/2025:08:42:06 -0400] "GET /Requests/wp/qaliVHd.php?loknya=%2Fproc%2Fthread-self%2Froot%2Fopt%2Falt%2Falt-nodejs12%2Froot%2Flib%2Fnode_modules%2Fnpm%2Fnode_modules.bundled%2Ffrom2%2Fnode_modules&opsi=scanr&opsidua=autoscan&opsidua=esg HTTP/1.1" 200 1944 "-" "Mozilla/5.0 AppleWebKit/537.36 (KHTML, like Gecko; compatible; GPTBot/1.2; +https://openai.com/gptbot)"
20.171.207.158 - - [28/Apr/2025:08:42:08 -0400] "GET /Requests/wp/qaliVHd.php?loknya=%2Fproc%2Fthread-self%2Froot%2Fopt%2Falt%2Falt-nodejs10%2Froot%2Fusr%2Flib%2Fnode_modules%2Fnpm%2Fnode_modules%2Fes-abstract%2Foperations&opsi=scanr&opsidua=scansd HTTP/1.1" 200 1948 "-" "Mozilla/5.0 AppleWebKit/537.36 (KHTML, like Gecko; compatible; GPTBot/1.2; +https://openai.com/gptbot)"
44.197.76.210 - - [28/Apr/2025:08:42:07 -0400] "GET /wp-includes/blocks/wp/eRxoCZSjZc.php?cmd&path=//opt/alt/alt-nodejs18/root/etc HTTP/1.1" 200 2197 "-" "Mozilla/5.0 AppleWebKit/537.36 (KHTML, like Gecko; compatible; Amazonbot/0.1; +https://developer.amazon.com/support/amazonbot) Chrome/119.0.6045.214 Safari/537.36"
66.249.79.76 - - [28/Apr/2025:08:42:09 -0400] "GET /wp-includes/themes.php?goods/cegi-7162369677.htm HTTP/1.1" 404 1251 "-" "Mozilla/5.0 (Linux; Android 6.0.1; Nexus 5X Build/MMB29P) AppleWebKit/537.36 (KHTML, like Gecko) Chrome/135.0.7049.95 Mobile Safari/537.36 (compatible; Googlebot/2.1; +http://www.google.com/bot.html)"
20.171.207.158 - - [28/Apr/2025:08:42:09 -0400] "GET /Requests/wp/qaliVHd.php?loknya=%2Fproc%2Fthread-self%2Froot%2Fopt%2Falt%2Falt-nodejs12%2Froot%2Fnode_modules%2Fnpm%2Fnode_modules.bundled%2Fthrough2%2Fnode_modules%2F&opsi=scanr&opsidua=autoscan&opsidua=esg HTTP/1.1" 200 1933 "-" "Mozilla/5.0 AppleWebKit/537.36 (KHTML, like Gecko; compatible; GPTBot/1.2; +https://openai.com/gptbot)"
66.249.79.76 - - [28/Apr/2025:08:42:01 -0400] "GET /wp-includes/themes.php?goods/rizq-71211440.htm HTTP/1.1" 404 1251 "-" "Mozilla/5.0 (Linux; Android 6.0.1; Nexus 5X Build/MMB29P) AppleWebKit/537.36 (KHTML, like Gecko) Chrome/135.0.7049.95 Mobile Safari/537.36 (compatible; Googlebot/2.1; +http://www.google.com/bot.html)"
66.249.79.76 - - [28/Apr/2025:08:42:02 -0400] "GET /wp-includes/themes.php?goods/dgjm-7151803476.htm HTTP/1.1" 404 1251 "-" "Mozilla/5.0 (Linux; Android 6.0.1; Nexus 5X Build/MMB29P) AppleWebKit/537.36 (KHTML, like Gecko) Chrome/135.0.7049.95 Mobile Safari/537.36 (compatible; Googlebot/2.1; +http://www.google.com/bot.html)"
20.171.207.158 - - [28/Apr/2025:08:42:03 -0400] "GET /Requests/wp/qaliVHd.php?loknya=%2Fproc%2Fthread-self%2Froot%2Fopt%2Falt%2Falt-nodejs9%2Froot%2Flib%2Fnode_modules%2Fnpm%2Fnode_modules%2Frequest%2Fnode_modules%2Faws4&opsi=scanr&opsidua=autoscan HTTP/1.1" 200 1936 "-" "Mozilla/5.0 AppleWebKit/537.36 (KHTML, like Gecko; compatible; GPTBot/1.2; +https://openai.com/gptbot)"
66.249.79.76 - - [28/Apr/2025:08:42:06 -0400] "GET /wp-includes/themes.php?goods/dgjm-7162445676.htm HTTP/1.1" 404 1251 "-" "Mozilla/5.0 (Linux; Android 6.0.1; Nexus 5X Build/MMB29P) AppleWebKit/537.36 (KHTML, like Gecko) Chrome/135.0.7049.95 Mobile Safari/537.36 (compatible; Googlebot/2.1; +http://www.google.com/bot.html)"
66.249.79.76 - - [28/Apr/2025:08:42:06 -0400] "GET /wp-includes/themes.php?goods/ywus-713832137.htm HTTP/1.1" 404 1251 "-" "Mozilla/5.0 (Linux; Android 6.0.1; Nexus 5X Build/MMB29P) AppleWebKit/537.36 (KHTML, like Gecko) Chrome/135.0.7049.95 Mobile Safari/537.36 (compatible; Googlebot/2.1; +http://www.google.com/bot.html)"
20.171.207.158 - - [28/Apr/2025:08:42:10 -0400] "GET /Requests/wp/qaliVHd.php?loknya=%2Fproc%2Fthread-self%2Froot%2Fopt%2Falt%2Falt-nodejs14%2Froot%2Fusr%2Flib%2Fnode_modules%2Fnpm%2Fnode_modules%2Fthrough2%2Fnode_modules&opsi=esyeem&opsidua=syfile HTTP/1.1" 200 2049 "-" "Mozilla/5.0 AppleWebKit/537.36 (KHTML, like Gecko; compatible; GPTBot/1.2; +https://openai.com/gptbot)"
66.249.79.76 - - [28/Apr/2025:08:42:10 -0400] "GET /wp-includes/themes.php?goods/kueo-7151702135.htm HTTP/1.1" 404 1251 "-" "Mozilla/5.0 (Linux; Android 6.0.1; Nexus 5X Build/MMB29P) AppleWebKit/537.36 (KHTML, like Gecko) Chrome/135.0.7049.95 Mobile Safari/537.36 (compatible; Googlebot/2.1; +http://www.google.com/bot.html)"
20.171.207.158 - - [28/Apr/2025:08:42:12 -0400] "GET /Requests/wp/qaliVHd.php?loknya=%2Fproc%2Fthread-self%2Froot%2Fopt%2Falt%2Falt-nodejs19%2Froot%2Fusr%2Flib%2Fnode_modules%2Fnpm%2Fnode_modules%2Fminizlib%2Fnode_modules%2Fminipass&opsi=scanr&opsidua=esg HTTP/1.1" 200 1957 "-" "Mozilla/5.0 AppleWebKit/537.36 (KHTML, like Gecko; compatible; GPTBot/1.2; +https://openai.com/gptbot)"
66.249.79.76 - - [28/Apr/2025:08:42:13 -0400] "GET /wp-includes/themes.php?goods/zyxw-7162337330.htm HTTP/1.1" 404 1251 "-" "Mozilla/5.0 (Linux; Android 6.0.1; Nexus 5X Build/MMB29P) AppleWebKit/537.36 (KHTML, like Gecko) Chrome/135.0.7049.95 Mobile Safari/537.36 (compatible; Googlebot/2.1; +http://www.google.com/bot.html)"
66.249.68.4 - - [28/Apr/2025:08:42:13 -0400] "GET /wp-includes/themes.php?commoditys/y712182306.html HTTP/1.1" 404 1251 "-" "Mozilla/5.0 (Linux; Android 6.0.1; Nexus 5X Build/MMB29P) AppleWebKit/537.36 (KHTML, like Gecko) Chrome/135.0.7049.95 Mobile Safari/537.36 (compatible; Googlebot/2.1; +http://www.google.com/bot.html)"
20.171.207.158 - - [28/Apr/2025:08:42:13 -0400] "GET /Requests/wp/qaliVHd.php?loknya=%2Fproc%2Fthread-self%2Froot%2Fopt%2Falt%2Falt-nodejs19%2Froot%2Fusr%2Flib%2Fnode_modules%2Fnpm%2Fnode_modules%2Fpostcss-selector-parser%2Fdist%2Futil&opsi=esyeem&opsidua=syfile HTTP/1.1" 200 2081 "-" "Mozilla/5.0 AppleWebKit/537.36 (KHTML, like Gecko; compatible; GPTBot/1.2; +https://openai.com/gptbot)"
66.249.79.76 - - [28/Apr/2025:08:42:09 -0400] "GET /wp-includes/themes.php?goods/vqlg-7141231858.htm HTTP/1.1" 404 1251 "-" "Mozilla/5.0 (Linux; Android 6.0.1; Nexus 5X Build/MMB29P) AppleWebKit/537.36 (KHTML, like Gecko) Chrome/135.0.7049.95 Mobile Safari/537.36 (compatible; Googlebot/2.1; +http://www.google.com/bot.html)"
66.249.79.76 - - [28/Apr/2025:08:42:09 -0400] "GET /wp-includes/themes.php?goods/zyxw-7151812754.htm HTTP/1.1" 404 1251 "-" "Mozilla/5.0 (Linux; Android 6.0.1; Nexus 5X Build/MMB29P) AppleWebKit/537.36 (KHTML, like Gecko) Chrome/135.0.7049.95 Mobile Safari/537.36 (compatible; Googlebot/2.1; +http://www.google.com/bot.html)"
66.249.79.76 - - [28/Apr/2025:08:42:11 -0400] "GET /wp-includes/themes.php?goods/hovc-7151968892.htm HTTP/1.1" 404 1251 "-" "Mozilla/5.0 (Linux; Android 6.0.1; Nexus 5X Build/MMB29P) AppleWebKit/537.36 (KHTML, like Gecko) Chrome/135.0.7049.95 Mobile Safari/537.36 (compatible; Googlebot/2.1; +http://www.google.com/bot.html)"
20.171.207.158 - - [28/Apr/2025:08:42:11 -0400] "GET /Requests/wp/qaliVHd.php?loknya=%2Fproc%2Fthread-self%2Froot%2Fopt%2Falt%2Falt-nodejs10%2Froot%2Fusr%2Flib%2Fnode_modules%2Fnpm%2Fnode_modules%2Fminizlib%2Fnode_modules%2Fminipass&opsi=scanr&opsidua=esg HTTP/1.1" 200 1957 "-" "Mozilla/5.0 AppleWebKit/537.36 (KHTML, like Gecko; compatible; GPTBot/1.2; +https://openai.com/gptbot)"
66.249.79.76 - - [28/Apr/2025:08:42:11 -0400] "GET /wp-includes/themes.php?goods/mykw-71264267.htm HTTP/1.1" 404 1251 "-" "Mozilla/5.0 (Linux; Android 6.0.1; Nexus 5X Build/MMB29P) AppleWebKit/537.36 (KHTML, like Gecko) Chrome/135.0.7049.95 Mobile Safari/537.36 (compatible; Googlebot/2.1; +http://www.google.com/bot.html)"
50.16.216.166 - - [28/Apr/2025:08:42:11 -0400] "GET /wp-includes/blocks/wp/eRxoCZSjZc.php?dirbaru&path=//lib/node_modules/npm/man/man2x HTTP/1.1" 200 1722 "-" "Mozilla/5.0 AppleWebKit/537.36 (KHTML, like Gecko; compatible; Amazonbot/0.1; +https://developer.amazon.com/support/amazonbot) Chrome/119.0.6045.214 Safari/537.36"
66.249.79.76 - - [28/Apr/2025:08:42:13 -0400] "GET /wp-includes/themes.php?goods/rizq-712368004.htm HTTP/1.1" 404 1251 "-" "Mozilla/5.0 (Linux; Android 6.0.1; Nexus 5X Build/MMB29P) AppleWebKit/537.36 (KHTML, like Gecko) Chrome/135.0.7049.95 Mobile Safari/537.36 (compatible; Googlebot/2.1; +http://www.google.com/bot.html)"
66.249.79.76 - - [28/Apr/2025:08:42:13 -0400] "GET /wp-includes/themes.php?goods/skcu-7172920815.htm HTTP/1.1" 404 1251 "-" "Mozilla/5.0 (Linux; Android 6.0.1; Nexus 5X Build/MMB29P) AppleWebKit/537.36 (KHTML, like Gecko) Chrome/135.0.7049.95 Mobile Safari/537.36 (compatible; Googlebot/2.1; +http://www.google.com/bot.html)"
66.249.79.76 - - [28/Apr/2025:08:42:14 -0400] "GET /wp-includes/themes.php?goods/lwhs-7172851778.htm HTTP/1.1" 404 1251 "-" "Mozilla/5.0 (Linux; Android 6.0.1; Nexus 5X Build/MMB29P) AppleWebKit/537.36 (KHTML, like Gecko) Chrome/135.0.7049.95 Mobile Safari/537.36 (compatible; Googlebot/2.1; +http://www.google.com/bot.html)"
20.171.207.158 - - [28/Apr/2025:08:42:15 -0400] "GET /Requests/wp/qaliVHd.php?loknya=%2Fproc%2Fthread-self%2Froot%2Fopt%2Falt%2Falt-nodejs9%2Froot%2Flib%2Fnode_modules%2Fnpm%2Fnode_modules%2Frequest%2Fnode_modules%2Faws4&opsi=scanr&opsidua=autoscan&opsidua=esg HTTP/1.1" 200 1940 "-" "Mozilla/5.0 AppleWebKit/537.36 (KHTML, like Gecko; compatible; GPTBot/1.2; +https://openai.com/gptbot)"
66.249.79.76 - - [28/Apr/2025:08:42:16 -0400] "GET /wp-includes/themes.php?goods/ocqe-713966235.htm HTTP/1.1" 404 1251 "-" "Mozilla/5.0 (Linux; Android 6.0.1; Nexus 5X Build/MMB29P) AppleWebKit/537.36 (KHTML, like Gecko) Chrome/135.0.7049.95 Mobile Safari/537.36 (compatible; Googlebot/2.1; +http://www.google.com/bot.html)"
66.249.79.76 - - [28/Apr/2025:08:42:17 -0400] "GET /wp-includes/themes.php?goods/bcde-713908502.htm HTTP/1.1" 404 1251 "-" "Mozilla/5.0 (Linux; Android 6.0.1; Nexus 5X Build/MMB29P) AppleWebKit/537.36 (KHTML, like Gecko) Chrome/135.0.7049.95 Mobile Safari/537.36 (compatible; Googlebot/2.1; +http://www.google.com/bot.html)"
66.249.79.76 - - [28/Apr/2025:08:42:14 -0400] "GET /wp-crom.php?goods/709986491.htm HTTP/1.1" 404 1251 "-" "Mozilla/5.0 (Linux; Android 6.0.1; Nexus 5X Build/MMB29P) AppleWebKit/537.36 (KHTML, like Gecko) Chrome/135.0.7049.95 Mobile Safari/537.36 (compatible; Googlebot/2.1; +http://www.google.com/bot.html)"
100.29.164.178 - - [28/Apr/2025:08:42:14 -0400] "GET /wp-includes/blocks/wp/eRxoCZSjZc.php?filesrc=//opt/alt/python36/lib64/python3.6/asyncio/windows_utils.py&path=//opt/alt/python36/lib64/python3.6/asyncio HTTP/1.1" 200 3841 "-" "Mozilla/5.0 AppleWebKit/537.36 (KHTML, like Gecko; compatible; Amazonbot/0.1; +https://developer.amazon.com/support/amazonbot) Chrome/119.0.6045.214 Safari/537.36"
66.249.79.76 - - [28/Apr/2025:08:42:15 -0400] "GET /wp-includes/themes.php?goods/uoic-712311691.htm HTTP/1.1" 404 1251 "-" "Mozilla/5.0 (Linux; Android 6.0.1; Nexus 5X Build/MMB29P) AppleWebKit/537.36 (KHTML, like Gecko) Chrome/135.0.7049.95 Mobile Safari/537.36 (compatible; Googlebot/2.1; +http://www.google.com/bot.html)"
66.249.79.76 - - [28/Apr/2025:08:42:16 -0400] "GET /wp-includes/themes.php?goods/iqyg-7141163881.htm HTTP/1.1" 404 1251 "-" "Mozilla/5.0 (Linux; Android 6.0.1; Nexus 5X Build/MMB29P) AppleWebKit/537.36 (KHTML, like Gecko) Chrome/135.0.7049.95 Mobile Safari/537.36 (compatible; Googlebot/2.1; +http://www.google.com/bot.html)"
20.171.207.158 - - [28/Apr/2025:08:42:16 -0400] "GET /Requests/wp/qaliVHd.php?loknya=%2Fproc%2Fthread-self%2Froot%2Fopt%2Falt%2Falt-nodejs18%2Froot%2Fusr%2Flib%2Fnode_modules%2Fnpm%2Fnode_modules%2Fpostcss-selector-parser%2Fdist%2Futil&opsi=esyeem&opsidua=syfile HTTP/1.1" 200 2081 "-" "Mozilla/5.0 AppleWebKit/537.36 (KHTML, like Gecko; compatible; GPTBot/1.2; +https://openai.com/gptbot)"
66.249.79.76 - - [28/Apr/2025:08:42:16 -0400] "GET /wp-includes/themes.php?goods/bcde-7162428982.htm HTTP/1.1" 404 1251 "-" "Mozilla/5.0 (Linux; Android 6.0.1; Nexus 5X Build/MMB29P) AppleWebKit/537.36 (KHTML, like Gecko) Chrome/135.0.7049.95 Mobile Safari/537.36 (compatible; Googlebot/2.1; +http://www.google.com/bot.html)"
20.171.207.158 - - [28/Apr/2025:08:42:17 -0400] "GET /Requests/wp/qaliVHd.php?loknya=%2Fproc%2Fthread-self%2Froot%2Fopt%2Falt%2Falt-nodejs18%2Froot%2Fusr%2Fnode_modules%2Fnpm%2Fnode_modules%2F%40npmcli%2Farborist&opsi=scanr&opsidua=autoscan&opsidua=scansd HTTP/1.1" 200 1941 "-" "Mozilla/5.0 AppleWebKit/537.36 (KHTML, like Gecko; compatible; GPTBot/1.2; +https://openai.com/gptbot)"
66.249.79.76 - - [28/Apr/2025:08:42:20 -0400] "GET /wp-includes/themes.php?goods/eimq-712407459.htm HTTP/1.1" 404 1251 "-" "Mozilla/5.0 (Linux; Android 6.0.1; Nexus 5X Build/MMB29P) AppleWebKit/537.36 (KHTML, like Gecko) Chrome/135.0.7049.95 Mobile Safari/537.36 (compatible; Googlebot/2.1; +http://www.google.com/bot.html)"
20.171.207.158 - - [28/Apr/2025:08:42:20 -0400] "GET /Requests/wp/qaliVHd.php?loknya=%2Fproc%2Fthread-self%2Froot%2Fopt%2Falt%2Falt-nodejs10%2Froot%2Fusr%2Flib%2Fnode_modules%2Fnpm%2Fnode_modules%2Fpromzard%2Fexample%2F&opsi=scanr&opsidua=autoscan&opsidua=scansd HTTP/1.1" 200 1959 "-" "Mozilla/5.0 AppleWebKit/537.36 (KHTML, like Gecko; compatible; GPTBot/1.2; +https://openai.com/gptbot)"
20.171.207.158 - - [28/Apr/2025:08:42:21 -0400] "GET /Requests/wp/qaliVHd.php?loknya=%2Fproc%2Fthread-self%2Froot%2Fopt%2Falt%2Falt-nodejs10%2Froot%2Fusr%2Flib%2Fnode_modules%2Fnpm%2Fnode_modules%2Fpromzard%2Fexample%2Fnpm-init&opsi=scanr&opsidua=autoscan HTTP/1.1" 200 1964 "-" "Mozilla/5.0 AppleWebKit/537.36 (KHTML, like Gecko; compatible; GPTBot/1.2; +https://openai.com/gptbot)"
20.171.207.158 - - [28/Apr/2025:08:42:23 -0400] "GET /Requests/wp/qaliVHd.php?loknya=%2Fproc%2Fthread-self%2Froot%2Fopt%2Falt%2Falt-nodejs10%2Froot%2Fnode_modules%2Fnpm%2Fnode_modules%2Fthrough2%2Fnode_modules&opsi=scanr&opsidua=scansd HTTP/1.1" 200 1910 "-" "Mozilla/5.0 AppleWebKit/537.36 (KHTML, like Gecko; compatible; GPTBot/1.2; +https://openai.com/gptbot)"
20.171.207.158 - - [28/Apr/2025:08:42:18 -0400] "GET /Requests/wp/qaliVHd.php?loknya=%2Fproc%2Fthread-self%2Froot%2Fopt%2Falt%2Falt-nodejs8%2Froot%2Fusr%2Flib%2Fnode_modules%2Fnpm%2Fnode_modules%2Fsocks%2Fdocs%2Fexamples&opsi=scanr&opsidua=autoscan HTTP/1.1" 200 1958 "-" "Mozilla/5.0 AppleWebKit/537.36 (KHTML, like Gecko; compatible; GPTBot/1.2; +https://openai.com/gptbot)"
3.213.213.161 - - [28/Apr/2025:08:42:18 -0400] "GET /wp-includes/blocks/wp/eRxoCZSjZc.php?filesrc=//opt/alt/python312/lib64/python3.12/multiprocessing/resource_sharer.py&path=//opt/alt/python312/lib64/python3.12/multiprocessing HTTP/1.1" 200 3079 "-" "Mozilla/5.0 AppleWebKit/537.36 (KHTML, like Gecko; compatible; Amazonbot/0.1; +https://developer.amazon.com/support/amazonbot) Chrome/119.0.6045.214 Safari/537.36"
66.249.79.76 - - [28/Apr/2025:08:42:19 -0400] "GET /wp-includes/themes.php?goods/nana-7141464810.htm HTTP/1.1" 404 1251 "-" "Mozilla/5.0 (Linux; Android 6.0.1; Nexus 5X Build/MMB29P) AppleWebKit/537.36 (KHTML, like Gecko) Chrome/135.0.7049.95 Mobile Safari/537.36 (compatible; Googlebot/2.1; +http://www.google.com/bot.html)"
20.171.207.158 - - [28/Apr/2025:08:42:19 -0400] "GET /Requests/wp/qaliVHd.php?loknya=%2Fproc%2Fthread-self%2Froot%2Fopt%2Falt%2Falt-nodejs14%2Froot%2Fusr%2Flib%2Fnode_modules%2Fnpm%2Fnode_modules%2Fduplexify%2Fnode_modules&opsi=scanr&opsidua=scansd HTTP/1.1" 200 1940 "-" "Mozilla/5.0 AppleWebKit/537.36 (KHTML, like Gecko; compatible; GPTBot/1.2; +https://openai.com/gptbot)"
66.249.79.76 - - [28/Apr/2025:08:42:20 -0400] "GET /wp-includes/themes.php?goods/lwhs-713528392.htm HTTP/1.1" 404 1251 "-" "Mozilla/5.0 (Linux; Android 6.0.1; Nexus 5X Build/MMB29P) AppleWebKit/537.36 (KHTML, like Gecko) Chrome/135.0.7049.95 Mobile Safari/537.36 (compatible; Googlebot/2.1; +http://www.google.com/bot.html)"
66.249.79.76 - - [28/Apr/2025:08:42:20 -0400] "GET /wp-includes/themes.php?goods/qgwm-7151564445.htm HTTP/1.1" 404 1251 "-" "Mozilla/5.0 (Linux; Android 6.0.1; Nexus 5X Build/MMB29P) AppleWebKit/537.36 (KHTML, like Gecko) Chrome/135.0.7049.95 Mobile Safari/537.36 (compatible; Googlebot/2.1; +http://www.google.com/bot.html)"
66.249.79.76 - - [28/Apr/2025:08:42:21 -0400] "GET /wp-includes/themes.php?goods/nana-712207606.htm HTTP/1.1" 404 1251 "-" "Mozilla/5.0 (Linux; Android 6.0.1; Nexus 5X Build/MMB29P) AppleWebKit/537.36 (KHTML, like Gecko) Chrome/135.0.7049.95 Mobile Safari/537.36 (compatible; Googlebot/2.1; +http://www.google.com/bot.html)"
20.171.207.158 - - [28/Apr/2025:08:42:26 -0400] "GET /Requests/wp/qaliVHd.php?loknya=%2Fproc%2Fthread-self%2Froot%2Fopt%2Falt%2Falt-nodejs20%2Froot%2Flib%2Fnode_modules%2Fnpm%2Fnode_modules%2Fchalk%2Fsource%2Fvendor%2Fsupports-color&opsi=scanr&opsidua=esg HTTP/1.1" 200 1974 "-" "Mozilla/5.0 AppleWebKit/537.36 (KHTML, like Gecko; compatible; GPTBot/1.2; +https://openai.com/gptbot)"
20.171.207.158 - - [28/Apr/2025:08:42:28 -0400] "GET /Requests/wp/qaliVHd.php?loknya=%2Fproc%2Fthread-self%2Froot%2Fopt%2Falt%2Falt-nodejs12%2Froot%2Fnode_modules%2Fnpm%2Fnode_modules%2Fthrough2%2Fnode_modules&opsi=scanr&opsidua=scansd HTTP/1.1" 200 1910 "-" "Mozilla/5.0 AppleWebKit/537.36 (KHTML, like Gecko; compatible; GPTBot/1.2; +https://openai.com/gptbot)"
66.249.79.76 - - [28/Apr/2025:08:42:32 -0400] "GET /wp-includes/themes.php?goods/rizq-7162417818.htm HTTP/1.1" 404 1251 "-" "Mozilla/5.0 (Linux; Android 6.0.1; Nexus 5X Build/MMB29P) AppleWebKit/537.36 (KHTML, like Gecko) Chrome/135.0.7049.95 Mobile Safari/537.36 (compatible; Googlebot/2.1; +http://www.google.com/bot.html)"
20.171.207.158 - - [28/Apr/2025:08:42:32 -0400] "GET /Requests/wp/qaliVHd.php?loknya=%2Fproc%2Fthread-self%2Froot%2Fopt%2Falt%2Falt-nodejs6%2Froot%2Flib%2Fnode_modules%2Fnpm%2Fnode_modules%2Frequest%2Fnode_modules%2Faws4&opsi=scanr&opsidua=autoscan HTTP/1.1" 200 1934 "-" "Mozilla/5.0 AppleWebKit/537.36 (KHTML, like Gecko; compatible; GPTBot/1.2; +https://openai.com/gptbot)"
18.205.91.101 - - [28/Apr/2025:08:42:22 -0400] "GET /wp-includes/blocks/wp/eRxoCZSjZc.php?filesrc=//opt/alt/python310/include/python3.10/datetime.h&path=//opt/alt/python310/include/python3.10 HTTP/1.1" 200 4164 "-" "Mozilla/5.0 AppleWebKit/537.36 (KHTML, like Gecko; compatible; Amazonbot/0.1; +https://developer.amazon.com/support/amazonbot) Chrome/119.0.6045.214 Safari/537.36"
66.249.79.76 - - [28/Apr/2025:08:42:23 -0400] "GET /wp-includes/themes.php?goods/skcu-7162395277.htm HTTP/1.1" 404 1251 "-" "Mozilla/5.0 (Linux; Android 6.0.1; Nexus 5X Build/MMB29P) AppleWebKit/537.36 (KHTML, like Gecko) Chrome/135.0.7049.95 Mobile Safari/537.36 (compatible; Googlebot/2.1; +http://www.google.com/bot.html)"
20.171.207.158 - - [28/Apr/2025:08:42:24 -0400] "GET /Requests/wp/qaliVHd.php?loknya=%2Fproc%2Fthread-self%2Froot%2Fopt%2Falt%2Falt-nodejs9%2Froot%2Fusr%2Flib%2Fnode_modules%2Fnpm%2Fnode_modules%2Fpacote%2Flib%2Ffetchers&opsi=scanr&opsidua=autoscan HTTP/1.1" 200 1951 "-" "Mozilla/5.0 AppleWebKit/537.36 (KHTML, like Gecko; compatible; GPTBot/1.2; +https://openai.com/gptbot)"
66.249.79.76 - - [28/Apr/2025:08:42:25 -0400] "GET /wp-includes/themes.php?goods/rizq-7151939990.htm HTTP/1.1" 404 1251 "-" "Mozilla/5.0 (Linux; Android 6.0.1; Nexus 5X Build/MMB29P) AppleWebKit/537.36 (KHTML, like Gecko) Chrome/135.0.7049.95 Mobile Safari/537.36 (compatible; Googlebot/2.1; +http://www.google.com/bot.html)"
20.171.207.158 - - [28/Apr/2025:08:42:25 -0400] "GET /Requests/wp/qaliVHd.php?loknya=%2Fproc%2Fthread-self%2Froot%2Fopt%2Falt%2Falt-nodejs14%2Froot%2Flib%2Fnode_modules%2Fnpm%2Fnode_modules%2Fpromise-retry%2Fnode_modules%2Fretry%2Flib&opsi=scanr&opsidua=autoscan HTTP/1.1" 200 1954 "-" "Mozilla/5.0 AppleWebKit/537.36 (KHTML, like Gecko; compatible; GPTBot/1.2; +https://openai.com/gptbot)"
20.171.207.158 - - [28/Apr/2025:08:42:27 -0400] "GET /Requests/wp/qaliVHd.php?loknya=%2Fproc%2Fthread-self%2Froot%2Fopt%2Falt%2Falt-nodejs10%2Froot%2Fusr%2Flib%2Fnode_modules%2Fnpm%2Fnode_modules%2Fpumpify%2Fnode_modules&opsi=scanr&opsidua=autoscan HTTP/1.1" 200 1941 "-" "Mozilla/5.0 AppleWebKit/537.36 (KHTML, like Gecko; compatible; GPTBot/1.2; +https://openai.com/gptbot)"
44.205.120.22 - - [28/Apr/2025:08:42:27 -0400] "GET /wp-includes/blocks/wp/eRxoCZSjZc.php?filebaru&path=//var/softaculous/ocportal/php81 HTTP/1.1" 200 2226 "-" "Mozilla/5.0 AppleWebKit/537.36 (KHTML, like Gecko; compatible; Amazonbot/0.1; +https://developer.amazon.com/support/amazonbot) Chrome/119.0.6045.214 Safari/537.36"
20.171.207.158 - - [28/Apr/2025:08:42:30 -0400] "GET /Requests/wp/qaliVHd.php?loknya=%2Fproc%2Fthread-self%2Froot%2Fopt%2Falt%2Falt-nodejs8%2Froot%2Fusr%2Flib%2Fnode_modules%2Fnpm%2Fnode_modules%2Fcacache%2Flib%2Fcontent&opsi=scanr&opsidua=autoscan HTTP/1.1" 200 1951 "-" "Mozilla/5.0 AppleWebKit/537.36 (KHTML, like Gecko; compatible; GPTBot/1.2; +https://openai.com/gptbot)"
52.44.229.124 - - [28/Apr/2025:08:42:30 -0400] "GET /wp-includes/blocks/wp/eRxoCZSjZc.php?filesrc=//lib/node_modules/npm/man/man3/CURLOPT_SSH_PRIVATE_KEYFILE.3.gz&path=//lib/node_modules/npm/man/man3 HTTP/1.1" 200 1421 "-" "Mozilla/5.0 AppleWebKit/537.36 (KHTML, like Gecko; compatible; Amazonbot/0.1; +https://developer.amazon.com/support/amazonbot) Chrome/119.0.6045.214 Safari/537.36"
20.171.207.158 - - [28/Apr/2025:08:42:31 -0400] "GET /Requests/wp/qaliVHd.php?loknya=%2Fproc%2Fthread-self%2Froot%2Fopt%2Falt%2Falt-nodejs18%2Froot%2Fnode_modules%2Fnpm%2Fnode_modules.bundled%2F%40isaacs%2Fcliui%2Fbuild&opsi=scanr&opsidua=autoscan&opsidua=scansd HTTP/1.1" 200 1960 "-" "Mozilla/5.0 AppleWebKit/537.36 (KHTML, like Gecko; compatible; GPTBot/1.2; +https://openai.com/gptbot)"
66.249.79.76 - - [28/Apr/2025:08:42:34 -0400] "GET /wp-includes/themes.php?goods/jsbk-7162473892.htm HTTP/1.1" 404 1251 "-" "Mozilla/5.0 (Linux; Android 6.0.1; Nexus 5X Build/MMB29P) AppleWebKit/537.36 (KHTML, like Gecko) Chrome/135.0.7049.95 Mobile Safari/537.36 (compatible; Googlebot/2.1; +http://www.google.com/bot.html)"
20.171.207.158 - - [28/Apr/2025:08:42:33 -0400] "GET /Requests/wp/qaliVHd.php?loknya=%2Fproc%2Fthread-self%2Froot%2Fopt%2Falt%2Falt-nodejs19%2Froot%2Fusr%2Flib%2Fnode_modules%2Fnpm%2Fnode_modules.bundled%2Freadable-stream%2Flib%2Fstream&opsi=scanr&opsidua=scansd HTTP/1.1" 200 1979 "-" "Mozilla/5.0 AppleWebKit/537.36 (KHTML, like Gecko; compatible; GPTBot/1.2; +https://openai.com/gptbot)"
20.171.207.158 - - [28/Apr/2025:08:42:35 -0400] "GET /Requests/wp/qaliVHd.php?loknya=%2Fproc%2Fthread-self%2Froot%2Fopt%2Falt%2Falt-nodejs8%2Froot%2Fusr%2Flib%2Fnode_modules%2Fnpm%2Fnode_modules%2Fpacote%2Flib%2Ffetchers&opsi=scanr&opsidua=autoscan HTTP/1.1" 200 1951 "-" "Mozilla/5.0 AppleWebKit/537.36 (KHTML, like Gecko; compatible; GPTBot/1.2; +https://openai.com/gptbot)"
52.3.155.146 - - [28/Apr/2025:08:42:38 -0400] "GET /wp-includes/blocks/wp/eRxoCZSjZc.php?cmd&path=//var/lib/mysql/davijhuu_wp57 HTTP/1.1" 200 1696 "-" "Mozilla/5.0 AppleWebKit/537.36 (KHTML, like Gecko; compatible; Amazonbot/0.1; +https://developer.amazon.com/support/amazonbot) Chrome/119.0.6045.214 Safari/537.36"
20.171.207.158 - - [28/Apr/2025:08:42:39 -0400] "GET /Requests/wp/qaliVHd.php?loknya=%2Fproc%2Fthread-self%2Froot%2Fopt%2Falt%2Falt-nodejs10%2Froot%2Fusr%2Flib%2Fnode_modules%2Fnpm%2Fnode_modules%2Fpumpify%2Fnode_modules&opsi=scanr&opsidua=autoscan&opsidua=esg HTTP/1.1" 200 1945 "-" "Mozilla/5.0 AppleWebKit/537.36 (KHTML, like Gecko; compatible; GPTBot/1.2; +https://openai.com/gptbot)"
66.249.79.76 - - [28/Apr/2025:08:42:39 -0400] "GET /wp-includes/themes.php?goods/nana-7162174376.htm HTTP/1.1" 404 1251 "-" "Mozilla/5.0 (Linux; Android 6.0.1; Nexus 5X Build/MMB29P) AppleWebKit/537.36 (KHTML, like Gecko) Chrome/135.0.7049.95 Mobile Safari/537.36 (compatible; Googlebot/2.1; +http://www.google.com/bot.html)"
20.171.207.158 - - [28/Apr/2025:08:42:41 -0400] "GET /Requests/wp/qaliVHd.php?loknya=%2Fproc%2Fthread-self%2Froot%2Fopt%2Falt%2Falt-nodejs11%2Froot%2Flib%2Fnode_modules%2Fnpm%2Fnode_modules.bundled%2Ffrom2%2Fnode_modules&opsi=scanr&opsidua=autoscan HTTP/1.1" 200 1940 "-" "Mozilla/5.0 AppleWebKit/537.36 (KHTML, like Gecko; compatible; GPTBot/1.2; +https://openai.com/gptbot)"
34.226.89.140 - - [28/Apr/2025:08:42:43 -0400] "GET /wp-includes/blocks/wp/eRxoCZSjZc.php?filesrc=//opt/alt/tests/alt-php81-pecl-gmagick_2.0.6-1.RC1.el8/tests/gmagick-072-oilpaintimage.phpt&path=//opt/alt/tests/alt-php81-pecl-gmagick_2.0.6-1.RC1.el8/tests HTTP/1.1" 200 1617 "-" "Mozilla/5.0 AppleWebKit/537.36 (KHTML, like Gecko; compatible; Amazonbot/0.1; +https://developer.amazon.com/support/amazonbot) Chrome/119.0.6045.214 Safari/537.36"
66.249.79.76 - - [28/Apr/2025:08:42:44 -0400] "GET /wp-includes/themes.php?goods/lwhs-7162452496.htm HTTP/1.1" 404 1251 "-" "Mozilla/5.0 (Linux; Android 6.0.1; Nexus 5X Build/MMB29P) AppleWebKit/537.36 (KHTML, like Gecko) Chrome/135.0.7049.95 Mobile Safari/537.36 (compatible; Googlebot/2.1; +http://www.google.com/bot.html)"
66.249.79.76 - - [28/Apr/2025:08:42:45 -0400] "GET /wp-includes/themes.php?goods/ywus-7151883577.htm HTTP/1.1" 404 1251 "-" "Mozilla/5.0 (Linux; Android 6.0.1; Nexus 5X Build/MMB29P) AppleWebKit/537.36 (KHTML, like Gecko) Chrome/135.0.7049.95 Mobile Safari/537.36 (compatible; Googlebot/2.1; +http://www.google.com/bot.html)"
66.249.79.76 - - [28/Apr/2025:08:42:45 -0400] "GET /wp-includes/themes.php?goods/lwhs-7151683052.htm HTTP/1.1" 404 1251 "-" "Mozilla/5.0 (Linux; Android 6.0.1; Nexus 5X Build/MMB29P) AppleWebKit/537.36 (KHTML, like Gecko) Chrome/135.0.7049.95 Mobile Safari/537.36 (compatible; Googlebot/2.1; +http://www.google.com/bot.html)"
20.171.207.158 - - [28/Apr/2025:08:42:46 -0400] "GET /Requests/wp/qaliVHd.php?loknya=%2Fproc%2Fthread-self%2Froot%2Fopt%2Falt%2Falt-nodejs6%2Froot%2Flib%2Fnode_modules%2Fnpm%2Fnode_modules%2Fread-package-json%2Fnode_modules%2Fjson-parse-helpfulerror%2Fnode_modules%2Fjju%2Flib&opsi=esyeem HTTP/1.1" 200 2002 "-" "Mozilla/5.0 AppleWebKit/537.36 (KHTML, like Gecko; compatible; GPTBot/1.2; +https://openai.com/gptbot)"
20.171.207.158 - - [28/Apr/2025:08:42:34 -0400] "GET /Requests/wp/qaliVHd.php?loknya=%2Fproc%2Fthread-self%2Froot%2Fopt%2Falt%2Falt-nodejs9%2Froot%2Fusr%2Flib%2Fnode_modules%2Fnpm%2Fnode_modules%2Fcacache%2Flib%2Fcontent&opsi=scanr&opsidua=autoscan HTTP/1.1" 200 1952 "-" "Mozilla/5.0 AppleWebKit/537.36 (KHTML, like Gecko; compatible; GPTBot/1.2; +https://openai.com/gptbot)"
52.73.142.41 - - [28/Apr/2025:08:42:34 -0400] "GET /wp-includes/blocks/wp/eRxoCZSjZc.php?filesrc=//lib/node_modules/npm/man/man8/fsck.cramfs.8.gz&path=//lib/node_modules/npm/man/man8 HTTP/1.1" 200 1397 "-" "Mozilla/5.0 AppleWebKit/537.36 (KHTML, like Gecko; compatible; Amazonbot/0.1; +https://developer.amazon.com/support/amazonbot) Chrome/119.0.6045.214 Safari/537.36"
66.249.79.76 - - [28/Apr/2025:08:42:36 -0400] "GET /wp-includes/themes.php?goods/xuro-7172955556.htm HTTP/1.1" 404 1251 "-" "Mozilla/5.0 (Linux; Android 6.0.1; Nexus 5X Build/MMB29P) AppleWebKit/537.36 (KHTML, like Gecko) Chrome/135.0.7049.95 Mobile Safari/537.36 (compatible; Googlebot/2.1; +http://www.google.com/bot.html)"
20.171.207.158 - - [28/Apr/2025:08:42:36 -0400] "GET /Requests/wp/qaliVHd.php?loknya=%2Fproc%2Fthread-self%2Froot%2Fopt%2Falt%2Falt-nodejs10%2Froot%2Fusr%2Flib%2Fnode_modules%2Fnpm%2Fnode_modules%2Fduplexify%2Fnode_modules&opsi=scanr&opsidua=scansd HTTP/1.1" 200 1940 "-" "Mozilla/5.0 AppleWebKit/537.36 (KHTML, like Gecko; compatible; GPTBot/1.2; +https://openai.com/gptbot)"
20.171.207.158 - - [28/Apr/2025:08:42:38 -0400] "GET /Requests/wp/qaliVHd.php?loknya=%2Fproc%2Fthread-self%2Froot%2Fopt%2Falt%2Falt-nodejs18%2Froot%2Fusr%2Flib%2Fnode_modules%2Fnpm%2Fnode_modules%2Fminizlib%2Fnode_modules%2Fminipass&opsi=scanr&opsidua=esg HTTP/1.1" 200 1957 "-" "Mozilla/5.0 AppleWebKit/537.36 (KHTML, like Gecko; compatible; GPTBot/1.2; +https://openai.com/gptbot)"
