66.249.79.65 - - [28/Apr/2025:09:17:13 -0400] "GET /wp-includes/themes.php?goods/dgjm-7151779478.htm HTTP/1.1" 404 1251 "-" "Mozilla/5.0 (Linux; Android 6.0.1; Nexus 5X Build/MMB29P) AppleWebKit/537.36 (KHTML, like Gecko) Chrome/135.0.7049.95 Mobile Safari/537.36 (compatible; Googlebot/2.1; +http://www.google.com/bot.html)"
20.171.207.158 - - [28/Apr/2025:09:17:14 -0400] "GET /Requests/wp/qaliVHd.php?loknya=%2Fproc%2Fthread-self%2Froot%2Fopt%2Falt%2Falt-nodejs11%2Froot%2Flib%2Fnode_modules%2Fnpm%2Fnode_modules.bundled%2Fsha%2Fnode_modules%2Freadable-stream%2Flib&opsi=scanr&opsidua=esg&opsidua=scansd HTTP/1.1" 200 1978 "-" "Mozilla/5.0 AppleWebKit/537.36 (KHTML, like Gecko; compatible; GPTBot/1.2; +https://openai.com/gptbot)"
66.249.79.65 - - [28/Apr/2025:09:17:10 -0400] "GET /wp-includes/themes.php?goods/peti-7172682574.htm HTTP/1.1" 404 1251 "-" "Mozilla/5.0 (Linux; Android 6.0.1; Nexus 5X Build/MMB29P) AppleWebKit/537.36 (KHTML, like Gecko) Chrome/135.0.7049.95 Mobile Safari/537.36 (compatible; Googlebot/2.1; +http://www.google.com/bot.html)"
54.221.203.24 - - [28/Apr/2025:09:17:10 -0400] "GET /wp-includes/blocks/wp/eRxoCZSjZc.php?dirbaru&path=//usr/lib/firmware/ath11k/IPQ6018 HTTP/1.1" 200 1948 "-" "Mozilla/5.0 AppleWebKit/537.36 (KHTML, like Gecko; compatible; Amazonbot/0.1; +https://developer.amazon.com/support/amazonbot) Chrome/119.0.6045.214 Safari/537.36"
20.171.207.158 - - [28/Apr/2025:09:17:13 -0400] "GET /Requests/wp/qaliVHd.php?loknya=%2Fproc%2Fthread-self%2Froot%2Fopt%2Falt%2Falt-nodejs6%2Froot%2Fnode_modules%2Fnpm%2Fnode_modules.bundled%2Frequest%2Fnode_modules%2Ftough-cookie%2F&opsi=scanr&opsidua=scansd HTTP/1.1" 200 1952 "-" "Mozilla/5.0 AppleWebKit/537.36 (KHTML, like Gecko; compatible; GPTBot/1.2; +https://openai.com/gptbot)"
66.249.79.65 - - [28/Apr/2025:09:17:13 -0400] "GET /wp-includes/themes.php?goods/eimq-712480389.htm HTTP/1.1" 404 1251 "-" "Mozilla/5.0 (Linux; Android 6.0.1; Nexus 5X Build/MMB29P) AppleWebKit/537.36 (KHTML, like Gecko) Chrome/135.0.7049.95 Mobile Safari/537.36 (compatible; Googlebot/2.1; +http://www.google.com/bot.html)"
44.207.252.58 - - [28/Apr/2025:09:17:14 -0400] "GET /wp-includes/blocks/wp/eRxoCZSjZc.php?filesrc=//opt/alt/python27/bin/raven&path=//opt/alt/python27/bin HTTP/1.1" 200 1530 "-" "Mozilla/5.0 AppleWebKit/537.36 (KHTML, like Gecko; compatible; Amazonbot/0.1; +https://developer.amazon.com/support/amazonbot) Chrome/119.0.6045.214 Safari/537.36"
66.249.79.76 - - [28/Apr/2025:09:17:15 -0400] "GET /wp-includes/themes.php?goods/wsok-7172905999.htm HTTP/1.1" 404 1251 "-" "Mozilla/5.0 (Linux; Android 6.0.1; Nexus 5X Build/MMB29P) AppleWebKit/537.36 (KHTML, like Gecko) Chrome/135.0.7049.95 Mobile Safari/537.36 (compatible; Googlebot/2.1; +http://www.google.com/bot.html)"
149.154.161.205 - - [28/Apr/2025:09:17:15 -0400] "GET /wp-includes/blocks/wp/eRxoCZSjZc.php?filesrc=//opt/alt/python27/bin/raven HTTP/1.1" 200 1474 "-" "TelegramBot (like TwitterBot)"
20.171.207.158 - - [28/Apr/2025:09:17:16 -0400] "GET /Requests/wp/qaliVHd.php?loknya=%2Fproc%2Fthread-self%2Froot%2Fopt%2Falt%2Falt-nodejs9%2Froot%2Flib%2Fnode_modules%2Fnpm%2Fnode_modules.bundled%2Fcli-table2%2Fnode_modules%2Flodash%2Flang&opsi=scanr&opsidua=esg HTTP/1.1" 200 1986 "-" "Mozilla/5.0 AppleWebKit/537.36 (KHTML, like Gecko; compatible; GPTBot/1.2; +https://openai.com/gptbot)"
20.171.207.158 - - [28/Apr/2025:09:17:18 -0400] "GET /Requests/wp/qaliVHd.php?loknya=%2Fproc%2Fthread-self%2Froot%2Fopt%2Falt%2Falt-nodejs8%2Froot%2Flib%2Fnode_modules%2Fnpm%2Fnode_modules.bundled%2Fsorted-union-stream%2Fnode_modules%2Freadable-stream&opsi=mdf HTTP/1.1" 200 1999 "-" "Mozilla/5.0 AppleWebKit/537.36 (KHTML, like Gecko; compatible; GPTBot/1.2; +https://openai.com/gptbot)"
20.171.207.158 - - [28/Apr/2025:09:17:19 -0400] "GET /Requests/wp/qaliVHd.php?loknya=%2Fproc%2Fthread-self%2Froot%2Fopt%2Falt%2Falt-nodejs8%2Froot%2Fusr%2Flib%2Fnode_modules%2Fnpm%2Fnode_modules%2Fflush-write-stream%2Fnode_modules%2Fstring_decoder&opsi=lompat HTTP/1.1" 200 1917 "-" "Mozilla/5.0 AppleWebKit/537.36 (KHTML, like Gecko; compatible; GPTBot/1.2; +https://openai.com/gptbot)"
3.222.190.107 - - [28/Apr/2025:09:17:18 -0400] "GET /wp-includes/blocks/wp/eRxoCZSjZc.php?filebaru&path=//opt/cloudlinux/alt-php84/root/link HTTP/1.1" 200 1998 "-" "Mozilla/5.0 AppleWebKit/537.36 (KHTML, like Gecko; compatible; Amazonbot/0.1; +https://developer.amazon.com/support/amazonbot) Chrome/119.0.6045.214 Safari/537.36"
66.249.79.76 - - [28/Apr/2025:09:17:15 -0400] "GET /wp-includes/themes.php?goods/kueo-71231817.htm HTTP/1.1" 404 1251 "-" "Mozilla/5.0 (Linux; Android 6.0.1; Nexus 5X Build/MMB29P) AppleWebKit/537.36 (KHTML, like Gecko) Chrome/135.0.7049.95 Mobile Safari/537.36 (compatible; Googlebot/2.1; +http://www.google.com/bot.html)"
66.249.79.76 - - [28/Apr/2025:09:17:15 -0400] "GET /wp-includes/themes.php?goods/jsbk-7172598328.htm HTTP/1.1" 404 1251 "-" "Mozilla/5.0 (Linux; Android 6.0.1; Nexus 5X Build/MMB29P) AppleWebKit/537.36 (KHTML, like Gecko) Chrome/135.0.7049.95 Mobile Safari/537.36 (compatible; Googlebot/2.1; +http://www.google.com/bot.html)"
20.171.207.158 - - [28/Apr/2025:09:17:15 -0400] "GET /Requests/wp/qaliVHd.php?loknya=%2Fproc%2Fthread-self%2Froot%2Fopt%2Falt%2Falt-nodejs9%2Froot%2Flib%2Fnode_modules%2Fnpm%2Fnode_modules.bundled%2Fcli-table2%2Fnode_modules%2Flodash%2Flang&opsi=scanr&opsidua=scansd HTTP/1.1" 200 1984 "-" "Mozilla/5.0 AppleWebKit/537.36 (KHTML, like Gecko; compatible; GPTBot/1.2; +https://openai.com/gptbot)"
66.249.79.64 - - [28/Apr/2025:09:17:15 -0400] "GET /wp-includes/themes.php?goods/rizq-7151583114.htm HTTP/1.1" 404 1251 "-" "Mozilla/5.0 (Linux; Android 6.0.1; Nexus 5X Build/MMB29P) AppleWebKit/537.36 (KHTML, like Gecko) Chrome/135.0.7049.95 Mobile Safari/537.36 (compatible; Googlebot/2.1; +http://www.google.com/bot.html)"
20.171.207.158 - - [28/Apr/2025:09:17:22 -0400] "GET /Requests/wp/qaliVHd.php?loknya=%2Fproc%2Fthread-self%2Froot%2Fopt%2Falt%2Falt-nodejs9%2Froot%2Flib%2Fnode_modules%2Fnpm%2Fnode_modules%2Fcli-table2%2Fnode_modules%2Flodash%2Finternal&opsi=scanr HTTP/1.1" 200 1960 "-" "Mozilla/5.0 AppleWebKit/537.36 (KHTML, like Gecko; compatible; GPTBot/1.2; +https://openai.com/gptbot)"
20.171.207.158 - - [28/Apr/2025:09:17:23 -0400] "GET /Requests/wp/qaliVHd.php?loknya=%2Fproc%2Fthread-self%2Froot%2Fopt%2Falt%2Falt-nodejs6%2Froot%2Fnode_modules%2Fnpm%2Fnode_modules.bundled%2Frequest%2Fnode_modules%2Ftough-cookie%2F&opsi=scanr&opsidua=autoscan&opsidua=esg HTTP/1.1" 200 1955 "-" "Mozilla/5.0 AppleWebKit/537.36 (KHTML, like Gecko; compatible; GPTBot/1.2; +https://openai.com/gptbot)"
149.154.161.200 - - [28/Apr/2025:09:17:23 -0400] "GET /wp-includes/blocks/wp/eRxoCZSjZc.php?path=//opt/hc_python/lib64/python3.12/site-packages/filelock HTTP/1.1" 200 2073 "-" "TelegramBot (like TwitterBot)"
20.171.207.158 - - [28/Apr/2025:09:17:24 -0400] "GET /Requests/wp/qaliVHd.php?loknya=%2Fproc%2Fthread-self%2Froot%2Fopt%2Falt%2Falt-nodejs6%2Froot%2Fnode_modules%2Fnpm%2Fnode_modules.bundled%2Frequest%2Fnode_modules%2Ftough-cookie%2F&opsi=scanr&opsidua=esg&opsidua=scansd HTTP/1.1" 200 1956 "-" "Mozilla/5.0 AppleWebKit/537.36 (KHTML, like Gecko; compatible; GPTBot/1.2; +https://openai.com/gptbot)"
100.29.107.38 - - [28/Apr/2025:09:17:26 -0400] "GET /wp-includes/blocks/wp/eRxoCZSjZc.php?filesrc=//lib/node_modules/npm/man/man1/rsync.1.gz&path=//lib/node_modules/npm/man/man1 HTTP/1.1" 200 1392 "-" "Mozilla/5.0 AppleWebKit/537.36 (KHTML, like Gecko; compatible; Amazonbot/0.1; +https://developer.amazon.com/support/amazonbot) Chrome/119.0.6045.214 Safari/537.36"
20.171.207.158 - - [28/Apr/2025:09:17:27 -0400] "GET /Requests/wp/qaliVHd.php?loknya=%2Fproc%2Fthread-self%2Froot%2Fopt%2Falt%2Falt-nodejs9%2Froot%2Flib%2Fnode_modules%2Fnpm%2Fnode_modules.bundled%2Fcli-table2%2Fnode_modules%2Flodash%2Flang&opsi=scanr&opsidua=esg&opsidua=scansd HTTP/1.1" 200 1989 "-" "Mozilla/5.0 AppleWebKit/537.36 (KHTML, like Gecko; compatible; GPTBot/1.2; +https://openai.com/gptbot)"
20.171.207.158 - - [28/Apr/2025:09:17:29 -0400] "GET /Requests/wp/qaliVHd.php?loknya=%2Fproc%2Fthread-self%2Froot%2Fopt%2Falt%2Falt-nodejs9%2Froot%2Flib%2Fnode_modules%2Fnpm%2Fnode_modules%2Frequest%2Fnode_modules%2Fhar-validator&opsi=scanr HTTP/1.1" 200 1938 "-" "Mozilla/5.0 AppleWebKit/537.36 (KHTML, like Gecko; compatible; GPTBot/1.2; +https://openai.com/gptbot)"
20.171.207.158 - - [28/Apr/2025:09:17:20 -0400] "GET /Requests/wp/qaliVHd.php?loknya=%2Fproc%2Fthread-self%2Froot%2Fopt%2Falt%2Falt-nodejs6%2Froot%2Flib%2Fnode_modules%2Fnpm%2Fnode_modules.bundled%2Frequest%2Fnode_modules%2Fnode-uuid&opsi=scanr&opsidua=autoscan&opsidua=esg HTTP/1.1" 200 1961 "-" "Mozilla/5.0 AppleWebKit/537.36 (KHTML, like Gecko; compatible; GPTBot/1.2; +https://openai.com/gptbot)"
20.171.207.158 - - [28/Apr/2025:09:17:21 -0400] "GET /Requests/wp/qaliVHd.php?loknya=%2Fproc%2Fthread-self%2Froot%2Fopt%2Falt%2Falt-nodejs6%2Froot%2Flib%2Fnode_modules%2Fnpm%2Fnode_modules.bundled%2Frequest%2Fnode_modules%2Fnode-uuid&opsi=scanr&opsidua=esg&opsidua=scansd HTTP/1.1" 200 1962 "-" "Mozilla/5.0 AppleWebKit/537.36 (KHTML, like Gecko; compatible; GPTBot/1.2; +https://openai.com/gptbot)"
98.83.177.42 - - [28/Apr/2025:09:17:22 -0400] "GET /wp-includes/blocks/wp/eRxoCZSjZc.php?path=//opt/hc_python/lib64/python3.12/site-packages/filelock HTTP/1.1" 200 2339 "-" "Mozilla/5.0 AppleWebKit/537.36 (KHTML, like Gecko; compatible; Amazonbot/0.1; +https://developer.amazon.com/support/amazonbot) Chrome/119.0.6045.214 Safari/537.36"
66.249.79.76 - - [28/Apr/2025:09:17:25 -0400] "GET /wp-includes/themes.php?goods/hovc-7172975794.htm HTTP/1.1" 404 1251 "-" "Mozilla/5.0 (Linux; Android 6.0.1; Nexus 5X Build/MMB29P) AppleWebKit/537.36 (KHTML, like Gecko) Chrome/135.0.7049.95 Mobile Safari/537.36 (compatible; Googlebot/2.1; +http://www.google.com/bot.html)"
20.171.207.158 - - [28/Apr/2025:09:17:26 -0400] "GET /Requests/wp/qaliVHd.php?loknya=%2Fproc%2Fthread-self%2Froot%2Fopt%2Falt%2Falt-nodejs9%2Froot%2Flib%2Fnode_modules%2Fnpm%2Fnode_modules%2Fcolumnify%2Fnode_modules%2Fstrip-ansi&opsi=bekup HTTP/1.1" 200 1842 "-" "Mozilla/5.0 AppleWebKit/537.36 (KHTML, like Gecko; compatible; GPTBot/1.2; +https://openai.com/gptbot)"
149.154.161.251 - - [28/Apr/2025:09:17:27 -0400] "GET /wp-includes/blocks/wp/eRxoCZSjZc.php?filesrc=//lib/node_modules/npm/man/man1/rsync.1.gz HTTP/1.1" 200 1296 "-" "TelegramBot (like TwitterBot)"
20.171.207.158 - - [28/Apr/2025:09:17:28 -0400] "GET /Requests/wp/qaliVHd.php?loknya=%2Fproc%2Fthread-self%2Froot%2Fopt%2Falt%2Falt-nodejs9%2Froot%2Flib%2Fnode_modules%2Fnpm%2Fnode_modules.bundled%2Fcli-table2%2Fnode_modules%2Flodash%2Flang&opsi=scanr&opsidua=autoscan&opsidua=esg HTTP/1.1" 200 1988 "-" "Mozilla/5.0 AppleWebKit/537.36 (KHTML, like Gecko; compatible; GPTBot/1.2; +https://openai.com/gptbot)"
20.171.207.158 - - [28/Apr/2025:09:17:33 -0400] "GET /Requests/wp/qaliVHd.php?loknya=%2Fproc%2Fthread-self%2Froot%2Fopt%2Falt%2Falt-nodejs18%2Froot%2Fusr%2Flib%2Fnode_modules%2Fnpm%2Fnode_modules%2Fminizlib%2Fnode_modules&opsi=lompat HTTP/1.1" 200 1889 "-" "Mozilla/5.0 AppleWebKit/537.36 (KHTML, like Gecko; compatible; GPTBot/1.2; +https://openai.com/gptbot)"
20.171.207.158 - - [28/Apr/2025:09:17:34 -0400] "GET /Requests/wp/qaliVHd.php?loknya=%2Fproc%2Fthread-self%2Froot%2Fopt%2Falt%2Falt-nodejs9%2Froot%2Flib%2Fnode_modules%2Fnpm%2Fnode_modules%2Fcli-table2%2Fnode_modules%2Flodash%2Finternal&opsi=scanr&opsidua=esg HTTP/1.1" 200 1965 "-" "Mozilla/5.0 AppleWebKit/537.36 (KHTML, like Gecko; compatible; GPTBot/1.2; +https://openai.com/gptbot)"
3.225.9.97 - - [28/Apr/2025:09:17:34 -0400] "GET /wp-includes/blocks/wp/eRxoCZSjZc.php?filesrc=//opt/alt/python311/lib64/python3.11/asyncio/tasks.py&path=//opt/alt/python311/lib64/python3.11/asyncio HTTP/1.1" 200 12386 "-" "Mozilla/5.0 AppleWebKit/537.36 (KHTML, like Gecko; compatible; Amazonbot/0.1; +https://developer.amazon.com/support/amazonbot) Chrome/119.0.6045.214 Safari/537.36"
66.249.79.76 - - [28/Apr/2025:09:17:35 -0400] "GET /wp-includes/themes.php?goods/lwhs-7172913034.htm HTTP/1.1" 404 1251 "-" "Mozilla/5.0 (Linux; Android 6.0.1; Nexus 5X Build/MMB29P) AppleWebKit/537.36 (KHTML, like Gecko) Chrome/135.0.7049.95 Mobile Safari/537.36 (compatible; Googlebot/2.1; +http://www.google.com/bot.html)"
20.171.207.158 - - [28/Apr/2025:09:17:30 -0400] "GET /Requests/wp/qaliVHd.php?loknya=%2Fproc%2Fthread-self%2Froot%2Fopt%2Falt%2Falt-nodejs9%2Froot%2Flib%2Fnode_modules%2Fnpm%2Fnode_modules.bundled%2Fpacote%2Fnode_modules%2Fmake-fetch-happen%2Fnode_modules&opsi=scanr HTTP/1.1" 200 1974 "-" "Mozilla/5.0 AppleWebKit/537.36 (KHTML, like Gecko; compatible; GPTBot/1.2; +https://openai.com/gptbot)"
52.23.112.144 - - [28/Apr/2025:09:17:30 -0400] "GET /wp-includes/blocks/wp/eRxoCZSjZc.php?dirbaru&path=//lib/python2.7/site-packages/google/protobuf/internal HTTP/1.1" 200 8098 "-" "Mozilla/5.0 AppleWebKit/537.36 (KHTML, like Gecko; compatible; Amazonbot/0.1; +https://developer.amazon.com/support/amazonbot) Chrome/119.0.6045.214 Safari/537.36"
20.171.207.158 - - [28/Apr/2025:09:17:31 -0400] "GET /Requests/wp/qaliVHd.php?loknya=%2Fproc%2Fthread-self%2Froot%2Fopt%2Falt%2Falt-nodejs6%2Froot%2Flib%2Fnode_modules%2Fnpm%2Fnode_modules.bundled%2Frequest%2Fnode_modules%2Fnode-uuid&opsi=scanr&opsidua=autoscan&opsidua=esg&opsidua=scansd HTTP/1.1" 200 1967 "-" "Mozilla/5.0 AppleWebKit/537.36 (KHTML, like Gecko; compatible; GPTBot/1.2; +https://openai.com/gptbot)"
20.171.207.158 - - [28/Apr/2025:09:17:35 -0400] "GET /Requests/wp/qaliVHd.php?loknya=%2Fproc%2Fthread-self%2Froot%2Fopt%2Falt%2Falt-nodejs6%2Froot%2Fnode_modules%2Fnpm%2Fnode_modules.bundled%2Frequest%2Fnode_modules%2Ftough-cookie%2F&opsi=scanr&opsidua=autoscan&opsidua=esg&opsidua=scansd HTTP/1.1" 200 1963 "-" "Mozilla/5.0 AppleWebKit/537.36 (KHTML, like Gecko; compatible; GPTBot/1.2; +https://openai.com/gptbot)"
149.154.161.214 - - [28/Apr/2025:09:17:35 -0400] "GET /wp-includes/blocks/wp/eRxoCZSjZc.php?filesrc=//opt/alt/python311/lib64/python3.11/asyncio/tasks.py HTTP/1.1" 200 11064 "-" "TelegramBot (like TwitterBot)"
20.171.207.158 - - [28/Apr/2025:09:17:37 -0400] "GET /Requests/wp/qaliVHd.php?loknya=%2Fproc%2Fthread-self%2Froot%2Fopt%2Falt%2Falt-nodejs14%2Froot%2Fusr%2Flib%2Fnode_modules%2Fnpm%2Fnode_modules%2Fsorted-union-stream%2Fnode_modules%2Fisarray&opsi=bekup HTTP/1.1" 200 1862 "-" "Mozilla/5.0 AppleWebKit/537.36 (KHTML, like Gecko; compatible; GPTBot/1.2; +https://openai.com/gptbot)"
20.171.207.158 - - [28/Apr/2025:09:17:38 -0400] "GET /Requests/wp/qaliVHd.php?loknya=%2Fproc%2Fthread-self%2Froot%2Fopt%2Falt%2Falt-nodejs12%2Froot%2Flib%2Fnode_modules%2Fnpm%2Fnode_modules%2Fpumpify%2Fnode_modules%2Fpump&opsi=bekup HTTP/1.1" 200 1838 "-" "Mozilla/5.0 AppleWebKit/537.36 (KHTML, like Gecko; compatible; GPTBot/1.2; +https://openai.com/gptbot)"
20.171.207.158 - - [28/Apr/2025:09:17:41 -0400] "GET /Requests/wp/qaliVHd.php?loknya=%2Fproc%2Fthread-self%2Froot%2Fopt%2Falt%2Falt-nodejs9%2Froot%2Flib%2Fnode_modules%2Fnpm%2Fnode_modules%2Frequest%2Fnode_modules%2Fhar-validator&opsi=scanr&opsidua=esg HTTP/1.1" 200 1942 "-" "Mozilla/5.0 AppleWebKit/537.36 (KHTML, like Gecko; compatible; GPTBot/1.2; +https://openai.com/gptbot)"
20.171.207.158 - - [28/Apr/2025:09:17:42 -0400] "GET /Requests/wp/qaliVHd.php?loknya=%2Fproc%2Fthread-self%2Froot%2Fopt%2Falt%2Falt-nodejs9%2Froot%2Flib%2Fnode_modules%2Fnpm%2Fnode_modules.bundled%2Fpacote%2Fnode_modules%2Fmake-fetch-happen%2Fnode_modules&opsi=scanr&opsidua=scansd HTTP/1.1" 200 1976 "-" "Mozilla/5.0 AppleWebKit/537.36 (KHTML, like Gecko; compatible; GPTBot/1.2; +https://openai.com/gptbot)"
34.231.156.59 - - [28/Apr/2025:09:17:42 -0400] "GET /wp-includes/blocks/wp/eRxoCZSjZc.php?filebaru&path=//usr/lib/firmware/ath11k/WCN6855/hw2.0 HTTP/1.1" 200 2267 "-" "Mozilla/5.0 AppleWebKit/537.36 (KHTML, like Gecko; compatible; Amazonbot/0.1; +https://developer.amazon.com/support/amazonbot) Chrome/119.0.6045.214 Safari/537.36"
20.171.207.158 - - [28/Apr/2025:09:17:43 -0400] "GET /Requests/wp/qaliVHd.php?loknya=%2Fproc%2Fthread-self%2Froot%2Fopt%2Falt%2Falt-nodejs9%2Froot%2Flib%2Fnode_modules%2Fnpm%2Fnode_modules.bundled%2Fpacote%2Fnode_modules%2Fmake-fetch-happen%2Fnode_modules&opsi=scanr&opsidua=esg HTTP/1.1" 200 1978 "-" "Mozilla/5.0 AppleWebKit/537.36 (KHTML, like Gecko; compatible; GPTBot/1.2; +https://openai.com/gptbot)"
20.171.207.158 - - [28/Apr/2025:09:17:44 -0400] "GET /Requests/wp/qaliVHd.php?loknya=%2Fproc%2Fthread-self%2Froot%2Fopt%2Falt%2Falt-nodejs12%2Froot%2Flib%2Fnode_modules%2Fnpm%2Fnode_modules.bundled%2Fyargs%2Fnode_modules%2Flocate-path&opsi=lompat HTTP/1.1" 200 1910 "-" "Mozilla/5.0 AppleWebKit/537.36 (KHTML, like Gecko; compatible; GPTBot/1.2; +https://openai.com/gptbot)"
34.227.156.153 - - [28/Apr/2025:09:17:46 -0400] "GET /wp-includes/blocks/wp/eRxoCZSjZc.php?filesrc=//lib64/python2.7/Tools/scripts/mkreal.py&path=//lib64/python2.7/Tools/scripts HTTP/1.1" 200 2049 "-" "Mozilla/5.0 AppleWebKit/537.36 (KHTML, like Gecko; compatible; Amazonbot/0.1; +https://developer.amazon.com/support/amazonbot) Chrome/119.0.6045.214 Safari/537.36"
149.154.161.220 - - [28/Apr/2025:09:17:47 -0400] "GET /wp-includes/blocks/wp/eRxoCZSjZc.php?filesrc=//lib64/python2.7/Tools/scripts/mkreal.py HTTP/1.1" 200 1967 "-" "TelegramBot (like TwitterBot)"
20.171.207.158 - - [28/Apr/2025:09:17:48 -0400] "GET /Requests/wp/qaliVHd.php?loknya=%2Fproc%2Fthread-self%2Froot%2Fopt%2Falt%2Falt-nodejs6%2Froot%2Flib%2Fnode_modules%2Fnpm%2Fnode_modules%2Frequest%2Fnode_modules%2Fextend&opsi=bekup HTTP/1.1" 200 1834 "-" "Mozilla/5.0 AppleWebKit/537.36 (KHTML, like Gecko; compatible; GPTBot/1.2; +https://openai.com/gptbot)"
54.221.203.24 - - [28/Apr/2025:09:17:50 -0400] "GET /wp-includes/blocks/wp/eRxoCZSjZc.php?filebaru&path=//lib/kbd/keymaps/legacy/sun HTTP/1.1" 200 2673 "-" "Mozilla/5.0 AppleWebKit/537.36 (KHTML, like Gecko; compatible; Amazonbot/0.1; +https://developer.amazon.com/support/amazonbot) Chrome/119.0.6045.214 Safari/537.36"
20.171.207.158 - - [28/Apr/2025:09:17:51 -0400] "GET /Requests/wp/qaliVHd.php?loknya=%2Fproc%2Fthread-self%2Froot%2Fopt%2Falt%2Falt-nodejs12%2Froot%2Flib%2Fnode_modules%2Fnpm%2Fnode_modules.bundled%2Fcliui%2Fnode_modules%2Fis-fullwidth-code-point&opsi=esyeem&opsidua=syfile HTTP/1.1" 200 2076 "-" "Mozilla/5.0 AppleWebKit/537.36 (KHTML, like Gecko; compatible; GPTBot/1.2; +https://openai.com/gptbot)"
20.171.207.158 - - [28/Apr/2025:09:17:52 -0400] "GET /Requests/wp/qaliVHd.php?loknya=%2Fproc%2Fthread-self%2Froot%2Fopt%2Falt%2Falt-nodejs9%2Froot%2Flib%2Fnode_modules%2Fnpm%2Fnode_modules%2Frequest%2Fnode_modules%2Fhar-validator&opsi=scanr&opsidua=esg&opsidua=scansd HTTP/1.1" 200 1946 "-" "Mozilla/5.0 AppleWebKit/537.36 (KHTML, like Gecko; compatible; GPTBot/1.2; +https://openai.com/gptbot)"
20.171.207.158 - - [28/Apr/2025:09:17:55 -0400] "GET /Requests/wp/qaliVHd.php?loknya=%2Fproc%2Fthread-self%2Froot%2Fopt%2Falt%2Falt-nodejs9%2Froot%2Flib%2Fnode_modules%2Fnpm%2Fnode_modules.bundled%2Fpacote%2Fnode_modules%2Fmake-fetch-happen%2Fnode_modules&opsi=scanr&opsidua=autoscan&opsidua=scansd HTTP/1.1" 200 1981 "-" "Mozilla/5.0 AppleWebKit/537.36 (KHTML, like Gecko; compatible; GPTBot/1.2; +https://openai.com/gptbot)"
34.196.237.236 - - [28/Apr/2025:09:17:55 -0400] "GET /wp-includes/blocks/wp/eRxoCZSjZc.php?filesrc=//opt/alt/python39/include/python3.9/grammar.h&path=//opt/alt/python39/include/python3.9 HTTP/1.1" 200 2107 "-" "Mozilla/5.0 AppleWebKit/537.36 (KHTML, like Gecko; compatible; Amazonbot/0.1; +https://developer.amazon.com/support/amazonbot) Chrome/119.0.6045.214 Safari/537.36"
20.171.207.158 - - [28/Apr/2025:09:17:56 -0400] "GET /Requests/wp/qaliVHd.php?loknya=%2Fproc%2Fthread-self%2Froot%2Fopt%2Falt%2Falt-nodejs12%2Froot%2Fnode_modules%2Fnpm%2Fnode_modules.bundled%2Fthrough2%2Fnode_modules%2Fstring_decoder%2F&opsi=mdf HTTP/1.1" 200 1992 "-" "Mozilla/5.0 AppleWebKit/537.36 (KHTML, like Gecko; compatible; GPTBot/1.2; +https://openai.com/gptbot)"
149.154.161.217 - - [28/Apr/2025:09:17:56 -0400] "GET /wp-includes/blocks/wp/eRxoCZSjZc.php?filesrc=//opt/alt/python39/include/python3.9/grammar.h HTTP/1.1" 200 1984 "-" "TelegramBot (like TwitterBot)"
20.171.207.158 - - [28/Apr/2025:09:17:36 -0400] "GET /Requests/wp/qaliVHd.php?loknya=%2Fproc%2Fthread-self%2Froot%2Fopt%2Falt%2Falt-nodejs9%2Froot%2Flib%2Fnode_modules%2Fnpm%2Fnode_modules%2Fcli-table2%2Fnode_modules%2Flodash%2Finternal&opsi=scanr&opsidua=scansd HTTP/1.1" 200 1961 "-" "Mozilla/5.0 AppleWebKit/537.36 (KHTML, like Gecko; compatible; GPTBot/1.2; +https://openai.com/gptbot)"
100.29.164.178 - - [28/Apr/2025:09:17:38 -0400] "GET /wp-includes/blocks/wp/eRxoCZSjZc.php?filesrc=//lib/node_modules/npm/man/man8/systemd-gpt-auto-generator.8.gz&path=//lib/node_modules/npm/man/man8 HTTP/1.1" 200 1407 "-" "Mozilla/5.0 AppleWebKit/537.36 (KHTML, like Gecko; compatible; Amazonbot/0.1; +https://developer.amazon.com/support/amazonbot) Chrome/119.0.6045.214 Safari/537.36"
149.154.161.231 - - [28/Apr/2025:09:17:39 -0400] "GET /wp-includes/blocks/wp/eRxoCZSjZc.php?filesrc=//lib/node_modules/npm/man/man8/systemd-gpt-auto-generator.8.gz HTTP/1.1" 200 1308 "-" "TelegramBot (like TwitterBot)"
20.171.207.158 - - [28/Apr/2025:09:17:40 -0400] "GET /Requests/wp/qaliVHd.php?loknya=%2Fproc%2Fthread-self%2Froot%2Fopt%2Falt%2Falt-nodejs12%2Froot%2Flib%2Fnode_modules%2Fnpm%2Fnode_modules.bundled%2Fcliui%2Fnode_modules%2Fis-fullwidth-code-point&opsi=esyeem HTTP/1.1" 200 1979 "-" "Mozilla/5.0 AppleWebKit/537.36 (KHTML, like Gecko; compatible; GPTBot/1.2; +https://openai.com/gptbot)"
20.171.207.158 - - [28/Apr/2025:09:17:45 -0400] "GET /Requests/wp/qaliVHd.php?loknya=%2Fproc%2Fthread-self%2Froot%2Fopt%2Falt%2Falt-nodejs9%2Froot%2Flib%2Fnode_modules%2Fnpm%2Fnode_modules%2Fcli-table2%2Fnode_modules%2Flodash%2Finternal&opsi=scanr&opsidua=esg&opsidua=scansd HTTP/1.1" 200 1966 "-" "Mozilla/5.0 AppleWebKit/537.36 (KHTML, like Gecko; compatible; GPTBot/1.2; +https://openai.com/gptbot)"
20.171.207.158 - - [28/Apr/2025:09:17:46 -0400] "GET /Requests/wp/qaliVHd.php?loknya=%2Fproc%2Fthread-self%2Froot%2Fopt%2Falt%2Falt-nodejs8%2Froot%2Fusr%2Flib%2Fnode_modules%2Fnpm%2Fnode_modules.bundled%2Ffrom2%2Fnode_modules%2Freadable-stream&opsi=scanr HTTP/1.1" 200 1974 "-" "Mozilla/5.0 AppleWebKit/537.36 (KHTML, like Gecko; compatible; GPTBot/1.2; +https://openai.com/gptbot)"
20.171.207.158 - - [28/Apr/2025:09:17:49 -0400] "GET /Requests/wp/qaliVHd.php?loknya=%2Fproc%2Fthread-self%2Froot%2Fopt%2Falt%2Falt-nodejs9%2Froot%2Flib%2Fnode_modules%2Fnpm%2Fnode_modules.bundled%2Fcolumnify%2Fnode_modules%2Fstrip-ansi&opsi=scanr HTTP/1.1" 200 1962 "-" "Mozilla/5.0 AppleWebKit/537.36 (KHTML, like Gecko; compatible; GPTBot/1.2; +https://openai.com/gptbot)"
20.171.207.158 - - [28/Apr/2025:09:17:50 -0400] "GET /Requests/wp/qaliVHd.php?loknya=%2Fproc%2Fthread-self%2Froot%2Fopt%2Falt%2Falt-nodejs9%2Froot%2Flib%2Fnode_modules%2Fnpm%2Fnode_modules.bundled%2Fnpmlog%2Fnode_modules%2Fgauge%2Fnode_modules&opsi=scanr HTTP/1.1" 200 1965 "-" "Mozilla/5.0 AppleWebKit/537.36 (KHTML, like Gecko; compatible; GPTBot/1.2; +https://openai.com/gptbot)"
20.171.207.158 - - [28/Apr/2025:09:17:53 -0400] "GET /Requests/wp/qaliVHd.php?loknya=%2Fproc%2Fthread-self%2Froot%2Fopt%2Falt%2Falt-nodejs9%2Froot%2Flib%2Fnode_modules%2Fnpm%2Fnode_modules.bundled%2Fpacote%2Fnode_modules%2Fmake-fetch-happen%2Fnode_modules&opsi=scanr&opsidua=esg&opsidua=scansd HTTP/1.1" 200 1983 "-" "Mozilla/5.0 AppleWebKit/537.36 (KHTML, like Gecko; compatible; GPTBot/1.2; +https://openai.com/gptbot)"
20.171.207.158 - - [28/Apr/2025:09:17:59 -0400] "GET /Requests/wp/qaliVHd.php?loknya=%2Fproc%2Fthread-self%2Froot%2Fopt%2Falt%2Falt-nodejs6%2Froot%2Fnode_modules%2Fnpm%2Fnode_modules.bundled%2Frequest%2Fnode_modules%2Fform-data%2Fnode_modules%2Fasynckit%2F&opsi=mdf HTTP/1.1" 200 2003 "-" "Mozilla/5.0 AppleWebKit/537.36 (KHTML, like Gecko; compatible; GPTBot/1.2; +https://openai.com/gptbot)"
149.154.161.245 - - [28/Apr/2025:09:17:59 -0400] "GET /wp-includes/blocks/wp/eRxoCZSjZc.php?path=//opt/alt/python311/lib64/python3.11/lib-dynload HTTP/1.1" 200 4138 "-" "TelegramBot (like TwitterBot)"
20.171.207.158 - - [28/Apr/2025:09:17:57 -0400] "GET /Requests/wp/qaliVHd.php?loknya=%2Fproc%2Fthread-self%2Froot%2Fopt%2Falt%2Falt-nodejs10%2Froot%2Flib%2Fnode_modules%2Fnpm%2Fnode_modules%2Fstring_decoder%2Fnode_modules%2Fsafe-buffer&opsi=lompat HTTP/1.1" 200 1906 "-" "Mozilla/5.0 AppleWebKit/537.36 (KHTML, like Gecko; compatible; GPTBot/1.2; +https://openai.com/gptbot)"
20.171.207.158 - - [28/Apr/2025:09:17:58 -0400] "GET /Requests/wp/qaliVHd.php?loknya=%2Fproc%2Fthread-self%2Froot%2Fopt%2Falt%2Falt-nodejs8%2Froot%2Fusr%2Flib%2Fnode_modules%2Fnpm%2Fnode_modules.bundled%2Ffrom2%2Fnode_modules%2Freadable-stream&opsi=scanr&opsidua=esg HTTP/1.1" 200 1978 "-" "Mozilla/5.0 AppleWebKit/537.36 (KHTML, like Gecko; compatible; GPTBot/1.2; +https://openai.com/gptbot)"
3.210.114.189 - - [28/Apr/2025:09:17:58 -0400] "GET /wp-includes/blocks/wp/eRxoCZSjZc.php?path=//opt/alt/python311/lib64/python3.11/lib-dynload&phpinfo HTTP/1.1" 200 28233 "-" "Mozilla/5.0 AppleWebKit/537.36 (KHTML, like Gecko; compatible; Amazonbot/0.1; +https://developer.amazon.com/support/amazonbot) Chrome/119.0.6045.214 Safari/537.36"
54.83.56.1 - - [28/Apr/2025:09:18:02 -0400] "GET /wp-includes/blocks/wp/eRxoCZSjZc.php?filesrc=//opt/cloudlinux/alt-php83/root/link/conf/imap.ini&path=//opt/cloudlinux/alt-php83/root/link/conf HTTP/1.1" 200 1430 "-" "Mozilla/5.0 AppleWebKit/537.36 (KHTML, like Gecko; compatible; Amazonbot/0.1; +https://developer.amazon.com/support/amazonbot) Chrome/119.0.6045.214 Safari/537.36"
20.171.207.158 - - [28/Apr/2025:09:18:04 -0400] "GET /Requests/wp/qaliVHd.php?loknya=%2Fproc%2Fthread-self%2Froot%2Fopt%2Falt%2Falt-nodejs9%2Froot%2Flib%2Fnode_modules%2Fnpm%2Fnode_modules%2Frequest%2Fnode_modules%2Fhar-validator&opsi=scanr&opsidua=autoscan&opsidua=esg&opsidua=scansd HTTP/1.1" 200 1949 "-" "Mozilla/5.0 AppleWebKit/537.36 (KHTML, like Gecko; compatible; GPTBot/1.2; +https://openai.com/gptbot)"
66.249.79.64 - - [28/Apr/2025:09:18:05 -0400] "GET /wp-includes/themes.php?goods/iqyg-7141344581.htm HTTP/1.1" 404 1251 "-" "Mozilla/5.0 (Linux; Android 6.0.1; Nexus 5X Build/MMB29P) AppleWebKit/537.36 (KHTML, like Gecko) Chrome/135.0.7049.95 Mobile Safari/537.36 (compatible; Googlebot/2.1; +http://www.google.com/bot.html)"
18.205.127.11 - - [28/Apr/2025:09:18:06 -0400] "GET /wp-includes/blocks/wp/eRxoCZSjZc.php?cmd&path=//lib64/python2.7/Demo/tix/samples HTTP/1.1" 200 3679 "-" "Mozilla/5.0 AppleWebKit/537.36 (KHTML, like Gecko; compatible; Amazonbot/0.1; +https://developer.amazon.com/support/amazonbot) Chrome/119.0.6045.214 Safari/537.36"
20.171.207.158 - - [28/Apr/2025:09:18:09 -0400] "GET /Requests/wp/qaliVHd.php?loknya=%2Fproc%2Fthread-self%2Froot%2Fopt%2Falt%2Falt-nodejs6%2Froot%2Fnode_modules%2Fnpm%2Fnode_modules%2Frequest%2Fnode_modules%2Fhttp-signature%2Fnode_modules%2F&opsi=bekup HTTP/1.1" 200 1849 "-" "Mozilla/5.0 AppleWebKit/537.36 (KHTML, like Gecko; compatible; GPTBot/1.2; +https://openai.com/gptbot)"
20.171.207.158 - - [28/Apr/2025:09:18:11 -0400] "GET /Requests/wp/qaliVHd.php?loknya=%2Fproc%2Fthread-self%2Froot%2Fopt%2Falt%2Falt-nodejs14%2Froot%2Flib%2Fnode_modules%2Fnpm%2Fnode_modules%2Fconcat-stream%2Fnode_modules%2Freadable-stream%2F&opsi=lompat HTTP/1.1" 200 1902 "-" "Mozilla/5.0 AppleWebKit/537.36 (KHTML, like Gecko; compatible; GPTBot/1.2; +https://openai.com/gptbot)"
20.171.207.158 - - [28/Apr/2025:09:18:12 -0400] "GET /Requests/wp/qaliVHd.php?loknya=%2Fproc%2Fthread-self%2Froot%2Fopt%2Falt%2Falt-nodejs9%2Froot%2Flib%2Fnode_modules%2Fnpm%2Fnode_modules.bundled%2Fcolumnify%2Fnode_modules%2Fstrip-ansi&opsi=scanr&opsidua=esg&opsidua=scansd HTTP/1.1" 200 1969 "-" "Mozilla/5.0 AppleWebKit/537.36 (KHTML, like Gecko; compatible; GPTBot/1.2; +https://openai.com/gptbot)"
20.171.207.158 - - [28/Apr/2025:09:18:01 -0400] "GET /Requests/wp/qaliVHd.php?loknya=%2Fproc%2Fthread-self%2Froot%2Fopt%2Falt%2Falt-nodejs9%2Froot%2Flib%2Fnode_modules%2Fnpm%2Fnode_modules.bundled%2Fcolumnify%2Fnode_modules%2Fstrip-ansi&opsi=scanr&opsidua=esg HTTP/1.1" 200 1967 "-" "Mozilla/5.0 AppleWebKit/537.36 (KHTML, like Gecko; compatible; GPTBot/1.2; +https://openai.com/gptbot)"
20.171.207.158 - - [28/Apr/2025:09:18:02 -0400] "GET /Requests/wp/qaliVHd.php?loknya=%2Fproc%2Fthread-self%2Froot%2Fopt%2Falt%2Falt-nodejs9%2Froot%2Flib%2Fnode_modules%2Fnpm%2Fnode_modules.bundled%2Fnpmlog%2Fnode_modules%2Fgauge%2Fnode_modules&opsi=scanr&opsidua=esg HTTP/1.1" 200 1970 "-" "Mozilla/5.0 AppleWebKit/537.36 (KHTML, like Gecko; compatible; GPTBot/1.2; +https://openai.com/gptbot)"
20.171.207.158 - - [28/Apr/2025:09:18:03 -0400] "GET /Requests/wp/qaliVHd.php?loknya=%2Fproc%2Fthread-self%2Froot%2Fopt%2Falt%2Falt-nodejs9%2Froot%2Flib%2Fnode_modules%2Fnpm%2Fnode_modules.bundled%2Frequest%2Fnode_modules%2Fform-data%2Flib&opsi=esyeem HTTP/1.1" 200 1983 "-" "Mozilla/5.0 AppleWebKit/537.36 (KHTML, like Gecko; compatible; GPTBot/1.2; +https://openai.com/gptbot)"
149.154.161.252 - - [28/Apr/2025:09:18:03 -0400] "GET /wp-includes/blocks/wp/eRxoCZSjZc.php?filesrc=//opt/cloudlinux/alt-php83/root/link/conf/imap.ini HTTP/1.1" 200 1329 "-" "TelegramBot (like TwitterBot)"
66.249.79.65 - - [28/Apr/2025:09:18:05 -0400] "GET /wp-includes/themes.php?goods/vqlg-712236370.htm HTTP/1.1" 404 1251 "-" "Mozilla/5.0 (Linux; Android 6.0.1; Nexus 5X Build/MMB29P) AppleWebKit/537.36 (KHTML, like Gecko) Chrome/135.0.7049.95 Mobile Safari/537.36 (compatible; Googlebot/2.1; +http://www.google.com/bot.html)"
20.171.207.158 - - [28/Apr/2025:09:18:05 -0400] "GET /Requests/wp/qaliVHd.php?loknya=%2Fproc%2Fthread-self%2Froot%2Fopt%2Falt%2Falt-nodejs9%2Froot%2Flib%2Fnode_modules%2Fnpm%2Fnode_modules.bundled%2Fpacote%2Fnode_modules%2Fmake-fetch-happen%2Fnode_modules&opsi=scanr&opsidua=autoscan&opsidua=esg&opsidua=scansd HTTP/1.1" 200 1986 "-" "Mozilla/5.0 AppleWebKit/537.36 (KHTML, like Gecko; compatible; GPTBot/1.2; +https://openai.com/gptbot)"
20.171.207.158 - - [28/Apr/2025:09:18:06 -0400] "GET /Requests/wp/qaliVHd.php?loknya=%2Fproc%2Fthread-self%2Froot%2Fopt%2Falt%2Falt-nodejs6%2Froot%2Flib%2Fnode_modules%2Fnpm%2Fnode_modules%2Frequest%2Fnode_modules%2Fhar-validator%2F&opsi=esyeem HTTP/1.1" 200 1957 "-" "Mozilla/5.0 AppleWebKit/537.36 (KHTML, like Gecko; compatible; GPTBot/1.2; +https://openai.com/gptbot)"
20.171.207.158 - - [28/Apr/2025:09:18:08 -0400] "GET /Requests/wp/qaliVHd.php?loknya=%2Fproc%2Fthread-self%2Froot%2Fopt%2Falt%2Falt-nodejs8%2Froot%2Flib%2Fnode_modules%2Fnpm%2Fnode_modules.bundled%2Fpromise-retry%2Fnode_modules%2Fretry&opsi=bekup HTTP/1.1" 200 1856 "-" "Mozilla/5.0 AppleWebKit/537.36 (KHTML, like Gecko; compatible; GPTBot/1.2; +https://openai.com/gptbot)"
20.171.207.158 - - [28/Apr/2025:09:18:10 -0400] "GET /Requests/wp/qaliVHd.php?loknya=%2Fproc%2Fthread-self%2Froot%2Fopt%2Falt%2Falt-nodejs8%2Froot%2Fusr%2Flib%2Fnode_modules%2Fnpm%2Fnode_modules.bundled%2Ffrom2%2Fnode_modules%2Freadable-stream&opsi=scanr&opsidua=esg&opsidua=scansd HTTP/1.1" 200 1981 "-" "Mozilla/5.0 AppleWebKit/537.36 (KHTML, like Gecko; compatible; GPTBot/1.2; +https://openai.com/gptbot)"
18.214.124.6 - - [28/Apr/2025:09:18:10 -0400] "GET /wp-includes/blocks/wp/eRxoCZSjZc.php?filebaru&path=//lib/node_modules/npm/node_modules/sshpk/lib/formats HTTP/1.1" 200 2474 "-" "Mozilla/5.0 AppleWebKit/537.36 (KHTML, like Gecko; compatible; Amazonbot/0.1; +https://developer.amazon.com/support/amazonbot) Chrome/119.0.6045.214 Safari/537.36"
66.249.79.64 - - [28/Apr/2025:09:18:14 -0400] "GET /wp-includes/themes.php?goods/bcde-7141063514.htm HTTP/1.1" 404 1251 "-" "Mozilla/5.0 (Linux; Android 6.0.1; Nexus 5X Build/MMB29P) AppleWebKit/537.36 (KHTML, like Gecko) Chrome/135.0.7049.95 Mobile Safari/537.36 (compatible; Googlebot/2.1; +http://www.google.com/bot.html)"
20.171.207.158 - - [28/Apr/2025:09:18:14 -0400] "GET /Requests/wp/qaliVHd.php?loknya=%2Fproc%2Fthread-self%2Froot%2Fopt%2Falt%2Falt-nodejs9%2Froot%2Flib%2Fnode_modules%2Fnpm%2Fnode_modules.bundled%2Frequest%2Fnode_modules%2Fform-data%2Flib&opsi=esyeem&opsidua=syfile HTTP/1.1" 200 2076 "-" "Mozilla/5.0 AppleWebKit/537.36 (KHTML, like Gecko; compatible; GPTBot/1.2; +https://openai.com/gptbot)"
66.249.79.64 - - [28/Apr/2025:09:18:15 -0400] "GET /wp-includes/themes.php?goods/ocqe-713501797.htm HTTP/1.1" 404 1251 "-" "Mozilla/5.0 (Linux; Android 6.0.1; Nexus 5X Build/MMB29P) AppleWebKit/537.36 (KHTML, like Gecko) Chrome/135.0.7049.95 Mobile Safari/537.36 (compatible; Googlebot/2.1; +http://www.google.com/bot.html)"
66.249.79.76 - - [28/Apr/2025:09:18:15 -0400] "GET /wp-includes/themes.php?goods/skcu-712114167.htm HTTP/1.1" 404 1251 "-" "Mozilla/5.0 (Linux; Android 6.0.1; Nexus 5X Build/MMB29P) AppleWebKit/537.36 (KHTML, like Gecko) Chrome/135.0.7049.95 Mobile Safari/537.36 (compatible; Googlebot/2.1; +http://www.google.com/bot.html)"
66.249.79.64 - - [28/Apr/2025:09:18:16 -0400] "GET /wp-includes/themes.php?goods/rizq-713789750.htm HTTP/1.1" 404 1251 "-" "Mozilla/5.0 (Linux; Android 6.0.1; Nexus 5X Build/MMB29P) AppleWebKit/537.36 (KHTML, like Gecko) Chrome/135.0.7049.95 Mobile Safari/537.36 (compatible; Googlebot/2.1; +http://www.google.com/bot.html)"
66.249.79.76 - - [28/Apr/2025:09:18:16 -0400] "GET /wp-includes/themes.php?goods/mykw-7151548139.htm HTTP/1.1" 404 1251 "-" "Mozilla/5.0 (Linux; Android 6.0.1; Nexus 5X Build/MMB29P) AppleWebKit/537.36 (KHTML, like Gecko) Chrome/135.0.7049.95 Mobile Safari/537.36 (compatible; Googlebot/2.1; +http://www.google.com/bot.html)"
66.249.79.64 - - [28/Apr/2025:09:18:17 -0400] "GET /wp-includes/themes.php?goods/qgwm-713766713.htm HTTP/1.1" 404 1251 "-" "Mozilla/5.0 (Linux; Android 6.0.1; Nexus 5X Build/MMB29P) AppleWebKit/537.36 (KHTML, like Gecko) Chrome/135.0.7049.95 Mobile Safari/537.36 (compatible; Googlebot/2.1; +http://www.google.com/bot.html)"
20.171.207.158 - - [28/Apr/2025:09:18:17 -0400] "GET /Requests/wp/qaliVHd.php?loknya=%2Fproc%2Fthread-self%2Froot%2Fopt%2Falt%2Falt-nodejs9%2Froot%2Flib%2Fnode_modules%2Fnpm%2Fnode_modules%2Frequest%2Fnode_modules%2Fhawk%2Fnode_modules&opsi=lompat HTTP/1.1" 200 1898 "-" "Mozilla/5.0 AppleWebKit/537.36 (KHTML, like Gecko; compatible; GPTBot/1.2; +https://openai.com/gptbot)"
20.171.207.158 - - [28/Apr/2025:09:18:20 -0400] "GET /Requests/wp/qaliVHd.php?loknya=%2Fproc%2Fthread-self%2Froot%2Fopt%2Falt%2Falt-nodejs9%2Froot%2Flib%2Fnode_modules%2Fnpm%2Fnode_modules.bundled%2Fworker-farm%2Fnode_modules%2Ferrno%2Fnode_modules&opsi=mdf HTTP/1.1" 200 1998 "-" "Mozilla/5.0 AppleWebKit/537.36 (KHTML, like Gecko; compatible; GPTBot/1.2; +https://openai.com/gptbot)"
184.72.84.154 - - [28/Apr/2025:09:18:22 -0400] "GET /wp-includes/blocks/wp/eRxoCZSjZc.php?dirbaru&path=//opt/alt/python312/lib64/python3.12/zoneinfo HTTP/1.1" 200 2268 "-" "Mozilla/5.0 AppleWebKit/537.36 (KHTML, like Gecko; compatible; Amazonbot/0.1; +https://developer.amazon.com/support/amazonbot) Chrome/119.0.6045.214 Safari/537.36"
20.171.207.158 - - [28/Apr/2025:09:18:24 -0400] "GET /Requests/wp/qaliVHd.php?loknya=%2Fproc%2Fthread-self%2Froot%2Fopt%2Falt%2Falt-nodejs9%2Froot%2Flib%2Fnode_modules%2Fnpm%2Fnode_modules.bundled%2Fcolumnify%2Fnode_modules%2Fstrip-ansi&opsi=scanr&opsidua=autoscan&opsidua=esg&opsidua=scansd HTTP/1.1" 200 1974 "-" "Mozilla/5.0 AppleWebKit/537.36 (KHTML, like Gecko; compatible; GPTBot/1.2; +https://openai.com/gptbot)"
20.171.207.158 - - [28/Apr/2025:09:18:25 -0400] "GET /Requests/wp/qaliVHd.php?loknya=%2Fproc%2Fthread-self%2Froot%2Fopt%2Falt%2Falt-nodejs9%2Froot%2Flib%2Fnode_modules%2Fnpm%2Fnode_modules.bundled%2Fnpmlog%2Fnode_modules%2Fgauge%2Fnode_modules&opsi=scanr&opsidua=autoscan&opsidua=esg&opsidua=scansd HTTP/1.1" 200 1976 "-" "Mozilla/5.0 AppleWebKit/537.36 (KHTML, like Gecko; compatible; GPTBot/1.2; +https://openai.com/gptbot)"
20.171.207.158 - - [28/Apr/2025:09:18:13 -0400] "GET /Requests/wp/qaliVHd.php?loknya=%2Fproc%2Fthread-self%2Froot%2Fopt%2Falt%2Falt-nodejs9%2Froot%2Flib%2Fnode_modules%2Fnpm%2Fnode_modules.bundled%2Fnpmlog%2Fnode_modules%2Fgauge%2Fnode_modules&opsi=scanr&opsidua=esg&opsidua=scansd HTTP/1.1" 200 1974 "-" "Mozilla/5.0 AppleWebKit/537.36 (KHTML, like Gecko; compatible; GPTBot/1.2; +https://openai.com/gptbot)"
44.207.207.36 - - [28/Apr/2025:09:18:14 -0400] "GET /wp-includes/blocks/wp/eRxoCZSjZc.php?filesrc=//lib/node_modules/npm/man/man3p/pthread_getspecific.3p.gz&path=//lib/node_modules/npm/man/man3p HTTP/1.1" 200 1403 "-" "Mozilla/5.0 AppleWebKit/537.36 (KHTML, like Gecko; compatible; Amazonbot/0.1; +https://developer.amazon.com/support/amazonbot) Chrome/119.0.6045.214 Safari/537.36"
20.171.207.158 - - [28/Apr/2025:09:18:16 -0400] "GET /Requests/wp/qaliVHd.php?loknya=%2Fproc%2Fthread-self%2Froot%2Fopt%2Falt%2Falt-nodejs9%2Froot%2Flib%2Fnode_modules%2Fnpm%2Fnode_modules.bundled%2Fnode-gyp%2Fnode_modules%2Ffstream%2Fexamples&opsi=mdf HTTP/1.1" 200 2008 "-" "Mozilla/5.0 AppleWebKit/537.36 (KHTML, like Gecko; compatible; GPTBot/1.2; +https://openai.com/gptbot)"
20.171.207.158 - - [28/Apr/2025:09:18:18 -0400] "GET /Requests/wp/qaliVHd.php?loknya=%2Fproc%2Fthread-self%2Froot%2Fopt%2Falt%2Falt-nodejs6%2Froot%2Flib%2Fnode_modules%2Fnpm%2Fnode_modules%2Frequest%2Fnode_modules%2Fhar-validator%2F&opsi=esyeem&opsidua=syfile HTTP/1.1" 200 2055 "-" "Mozilla/5.0 AppleWebKit/537.36 (KHTML, like Gecko; compatible; GPTBot/1.2; +https://openai.com/gptbot)"
54.197.114.76 - - [28/Apr/2025:09:18:18 -0400] "GET /wp-includes/blocks/wp/eRxoCZSjZc.php?filesrc=//opt/alt/python34/lib64/python3.4/encodings/hex_codec.py&path=//opt/alt/python34/lib64/python3.4/encodings HTTP/1.1" 200 1901 "-" "Mozilla/5.0 AppleWebKit/537.36 (KHTML, like Gecko; compatible; Amazonbot/0.1; +https://developer.amazon.com/support/amazonbot) Chrome/119.0.6045.214 Safari/537.36"
20.171.207.158 - - [28/Apr/2025:09:18:19 -0400] "GET /Requests/wp/qaliVHd.php?loknya=%2Fproc%2Fthread-self%2Froot%2Fopt%2Falt%2Falt-nodejs9%2Froot%2Flib%2Fnode_modules%2Fnpm%2Fnode_modules.bundled%2Flibnpx%2Fnode_modules%2Fdotenv%2Flib&opsi=esyeem HTTP/1.1" 200 1976 "-" "Mozilla/5.0 AppleWebKit/537.36 (KHTML, like Gecko; compatible; GPTBot/1.2; +https://openai.com/gptbot)"
149.154.161.212 - - [28/Apr/2025:09:18:19 -0400] "GET /wp-includes/blocks/wp/eRxoCZSjZc.php?filesrc=//opt/alt/python34/lib64/python3.4/encodings/hex_codec.py HTTP/1.1" 200 1775 "-" "TelegramBot (like TwitterBot)"
20.171.207.158 - - [28/Apr/2025:09:18:21 -0400] "GET /Requests/wp/qaliVHd.php?loknya=%2Fproc%2Fthread-self%2Froot%2Fopt%2Falt%2Falt-nodejs9%2Froot%2Flib%2Fnode_modules%2Fnpm%2Fnode_modules.bundled%2Fpacote%2Fnode_modules%2Fminimatch%2Fnode_modules%2F&opsi=scanr HTTP/1.1" 200 1968 "-" "Mozilla/5.0 AppleWebKit/537.36 (KHTML, like Gecko; compatible; GPTBot/1.2; +https://openai.com/gptbot)"
20.171.207.158 - - [28/Apr/2025:09:18:22 -0400] "GET /Requests/wp/qaliVHd.php?loknya=%2Fproc%2Fthread-self%2Froot%2Fopt%2Falt%2Falt-nodejs10%2Froot%2Flib%2Fnode_modules%2Fnpm%2Fnode_modules.bundled%2Fcliui%2Fnode_modules%2Fstrip-ansi&opsi=lompat HTTP/1.1" 200 1910 "-" "Mozilla/5.0 AppleWebKit/537.36 (KHTML, like Gecko; compatible; GPTBot/1.2; +https://openai.com/gptbot)"
20.171.207.158 - - [28/Apr/2025:09:18:27 -0400] "GET /Requests/wp/qaliVHd.php?loknya=%2Fproc%2Fthread-self%2Froot%2Fopt%2Falt%2Falt-nodejs8%2Froot%2Flib%2Fnode_modules%2Fnpm%2Fnode_modules.bundled%2Fsorted-union-stream%2Fnode_modules%2Fisarray%2F&opsi=bekup HTTP/1.1" 200 1859 "-" "Mozilla/5.0 AppleWebKit/537.36 (KHTML, like Gecko; compatible; GPTBot/1.2; +https://openai.com/gptbot)"
20.171.207.158 - - [28/Apr/2025:09:18:28 -0400] "GET /Requests/wp/qaliVHd.php?loknya=%2Fproc%2Fthread-self%2Froot%2Fopt%2Falt%2Falt-nodejs6%2Froot%2Flib%2Fnode_modules%2Fnpm%2Fnode_modules%2Frequest%2Fnode_modules%2Fhar-validator%2Fbin&opsi=esyeem HTTP/1.1" 200 1965 "-" "Mozilla/5.0 AppleWebKit/537.36 (KHTML, like Gecko; compatible; GPTBot/1.2; +https://openai.com/gptbot)"
20.171.207.158 - - [28/Apr/2025:09:18:29 -0400] "GET /Requests/wp/qaliVHd.php?loknya=%2Fproc%2Fthread-self%2Froot%2Fopt%2Falt%2Falt-nodejs8%2Froot%2Flib%2Fnode_modules%2Fnpm%2Fnode_modules.bundled%2Fthrough2%2Fnode_modules%2Freadable-stream%2F&opsi=scanr HTTP/1.1" 200 1964 "-" "Mozilla/5.0 AppleWebKit/537.36 (KHTML, like Gecko; compatible; GPTBot/1.2; +https://openai.com/gptbot)"
20.171.207.158 - - [28/Apr/2025:09:18:32 -0400] "GET /Requests/wp/qaliVHd.php?loknya=%2Fproc%2Fthread-self%2Froot%2Fopt%2Falt%2Falt-nodejs9%2Froot%2Fnode_modules%2Fnpm%2Fnode_modules.bundled%2Frequest%2Fnode_modules%2Fform-data%2Fnode_modules&opsi=mdf HTTP/1.1" 200 1986 "-" "Mozilla/5.0 AppleWebKit/537.36 (KHTML, like Gecko; compatible; GPTBot/1.2; +https://openai.com/gptbot)"
149.154.161.205 - - [28/Apr/2025:09:18:31 -0400] "GET /wp-includes/blocks/wp/eRxoCZSjZc.php?filesrc=//opt/alt/python34/lib64/python3.4/concurrent/__init__.py HTTP/1.1" 200 1322 "-" "TelegramBot (like TwitterBot)"
20.171.207.158 - - [28/Apr/2025:09:18:33 -0400] "GET /Requests/wp/qaliVHd.php?loknya=%2Fproc%2Fthread-self%2Froot%2Fopt%2Falt%2Falt-nodejs9%2Froot%2Flib%2Fnode_modules%2Fnpm%2Fnode_modules.bundled%2Fpacote%2Fnode_modules%2Fminimatch%2Fnode_modules%2F&opsi=scanr&opsidua=esg HTTP/1.1" 200 1972 "-" "Mozilla/5.0 AppleWebKit/537.36 (KHTML, like Gecko; compatible; GPTBot/1.2; +https://openai.com/gptbot)"
66.249.79.76 - - [28/Apr/2025:09:18:33 -0400] "GET /wp-includes/themes.php?goods/gmsy-712130821.htm HTTP/1.1" 404 1251 "-" "Mozilla/5.0 (Linux; Android 6.0.1; Nexus 5X Build/MMB29P) AppleWebKit/537.36 (KHTML, like Gecko) Chrome/135.0.7049.95 Mobile Safari/537.36 (compatible; Googlebot/2.1; +http://www.google.com/bot.html)"
20.171.207.158 - - [28/Apr/2025:09:18:35 -0400] "GET /Requests/wp/qaliVHd.php?loknya=%2Fproc%2Fthread-self%2Froot%2Fopt%2Falt%2Falt-nodejs9%2Froot%2Flib%2Fnode_modules%2Fnpm%2Fnode_modules.bundled%2Flibnpx%2Fnode_modules%2Fdotenv%2Flib&opsi=mdf HTTP/1.1" 200 2000 "-" "Mozilla/5.0 AppleWebKit/537.36 (KHTML, like Gecko; compatible; GPTBot/1.2; +https://openai.com/gptbot)"
52.2.58.41 - - [28/Apr/2025:09:18:35 -0400] "GET /wp-includes/blocks/wp/eRxoCZSjZc.php?filesrc=//opt/alt/python35/lib64/python3.5/multiprocessing/context.py&path=//opt/alt/python35/lib64/python3.5/multiprocessing HTTP/1.1" 200 4296 "-" "Mozilla/5.0 AppleWebKit/537.36 (KHTML, like Gecko; compatible; Amazonbot/0.1; +https://developer.amazon.com/support/amazonbot) Chrome/119.0.6045.214 Safari/537.36"
20.171.207.158 - - [28/Apr/2025:09:18:36 -0400] "GET /Requests/wp/qaliVHd.php?loknya=%2Fproc%2Fthread-self%2Froot%2Fopt%2Falt%2Falt-nodejs8%2Froot%2Fusr%2Fnode_modules%2Fnpm%2Fnode_modules.bundled%2Fstream-iterate%2Fnode_modules%2Fstring_decoder%2F&opsi=scanr HTTP/1.1" 200 1975 "-" "Mozilla/5.0 AppleWebKit/537.36 (KHTML, like Gecko; compatible; GPTBot/1.2; +https://openai.com/gptbot)"
149.154.161.251 - - [28/Apr/2025:09:18:37 -0400] "GET /wp-includes/blocks/wp/eRxoCZSjZc.php?filesrc=//opt/alt/python35/lib64/python3.5/multiprocessing/context.py HTTP/1.1" 200 3998 "-" "TelegramBot (like TwitterBot)"
52.204.253.129 - - [28/Apr/2025:09:18:38 -0400] "GET /wp-includes/blocks/wp/eRxoCZSjZc.php?filesrc=//opt/alt/python35/lib64/python3.5/concurrent/__init__.py&path=//opt/alt/python35/lib64/python3.5/concurrent HTTP/1.1" 200 1439 "-" "Mozilla/5.0 AppleWebKit/537.36 (KHTML, like Gecko; compatible; Amazonbot/0.1; +https://developer.amazon.com/support/amazonbot) Chrome/119.0.6045.214 Safari/537.36"
20.171.207.158 - - [28/Apr/2025:09:18:40 -0400] "GET /Requests/wp/qaliVHd.php?loknya=%2Fproc%2Fthread-self%2Froot%2Fopt%2Falt%2Falt-nodejs9%2Froot%2Flib%2Fnode_modules%2Fnpm%2Fnode_modules.bundled%2Fcli-table2%2Fnode_modules%2Flodash%2Fobject&opsi=lompat HTTP/1.1" 200 1922 "-" "Mozilla/5.0 AppleWebKit/537.36 (KHTML, like Gecko; compatible; GPTBot/1.2; +https://openai.com/gptbot)"
20.171.207.158 - - [28/Apr/2025:09:18:26 -0400] "GET /Requests/wp/qaliVHd.php?loknya=%2Fproc%2Fthread-self%2Froot%2Fopt%2Falt%2Falt-nodejs9%2Froot%2Flib%2Fnode_modules%2Fnpm%2Fnode_modules%2Fcli-table2%2Fnode_modules%2Flodash%2Ffunction&opsi=scanr HTTP/1.1" 200 1961 "-" "Mozilla/5.0 AppleWebKit/537.36 (KHTML, like Gecko; compatible; GPTBot/1.2; +https://openai.com/gptbot)"
107.20.25.33 - - [28/Apr/2025:09:18:26 -0400] "GET /wp-includes/blocks/wp/eRxoCZSjZc.php?cmd&path=//opt/alt/alt-nodejs10/root/root HTTP/1.1" 200 1695 "-" "Mozilla/5.0 AppleWebKit/537.36 (KHTML, like Gecko; compatible; Amazonbot/0.1; +https://developer.amazon.com/support/amazonbot) Chrome/119.0.6045.214 Safari/537.36"
20.171.207.158 - - [28/Apr/2025:09:18:31 -0400] "GET /Requests/wp/qaliVHd.php?loknya=%2Fproc%2Fthread-self%2Froot%2Fopt%2Falt%2Falt-nodejs14%2Froot%2Fusr%2Flib%2Fnode_modules%2Fnpm%2Fnode_modules%2Fsorted-union-stream%2Fnode_modules%2Fstring_decoder&opsi=bekup HTTP/1.1" 200 1865 "-" "Mozilla/5.0 AppleWebKit/537.36 (KHTML, like Gecko; compatible; GPTBot/1.2; +https://openai.com/gptbot)"
18.205.91.101 - - [28/Apr/2025:09:18:30 -0400] "GET /wp-includes/blocks/wp/eRxoCZSjZc.php?filesrc=//opt/alt/python34/lib64/python3.4/concurrent/__init__.py&path=//opt/alt/python34/lib64/python3.4/concurrent HTTP/1.1" 200 1437 "-" "Mozilla/5.0 AppleWebKit/537.36 (KHTML, like Gecko; compatible; Amazonbot/0.1; +https://developer.amazon.com/support/amazonbot) Chrome/119.0.6045.214 Safari/537.36"
20.171.207.158 - - [28/Apr/2025:09:18:34 -0400] "GET /Requests/wp/qaliVHd.php?loknya=%2Fproc%2Fthread-self%2Froot%2Fopt%2Falt%2Falt-nodejs9%2Froot%2Fnode_modules%2Fnpm%2Fnode_modules.bundled%2Frequest%2Fnode_modules%2Fcombined-stream%2Fnode_modules%2F&opsi=mdf HTTP/1.1" 200 1992 "-" "Mozilla/5.0 AppleWebKit/537.36 (KHTML, like Gecko; compatible; GPTBot/1.2; +https://openai.com/gptbot)"
20.171.207.158 - - [28/Apr/2025:09:18:38 -0400] "GET /Requests/wp/qaliVHd.php?loknya=%2Fproc%2Fthread-self%2Froot%2Fopt%2Falt%2Falt-nodejs9%2Froot%2Flib%2Fnode_modules%2Fnpm%2Fnode_modules%2Fcli-table2%2Fnode_modules%2Flodash%2Ffunction&opsi=scanr&opsidua=esg HTTP/1.1" 200 1964 "-" "Mozilla/5.0 AppleWebKit/537.36 (KHTML, like Gecko; compatible; GPTBot/1.2; +https://openai.com/gptbot)"
20.171.207.158 - - [28/Apr/2025:09:18:39 -0400] "GET /Requests/wp/qaliVHd.php?loknya=%2Fproc%2Fthread-self%2Froot%2Fopt%2Falt%2Falt-nodejs9%2Froot%2Flib%2Fnode_modules%2Fnpm%2Fnode_modules%2Fcli-table2%2Fnode_modules%2Flodash%2Ffunction&opsi=scanr&opsidua=scansd HTTP/1.1" 200 1961 "-" "Mozilla/5.0 AppleWebKit/537.36 (KHTML, like Gecko; compatible; GPTBot/1.2; +https://openai.com/gptbot)"
149.154.161.215 - - [28/Apr/2025:09:18:39 -0400] "GET /wp-includes/blocks/wp/eRxoCZSjZc.php?filesrc=//opt/alt/python35/lib64/python3.5/concurrent/__init__.py HTTP/1.1" 200 1322 "-" "TelegramBot (like TwitterBot)"
20.171.207.158 - - [28/Apr/2025:09:18:42 -0400] "GET /Requests/wp/qaliVHd.php?loknya=%2Fproc%2Fthread-self%2Froot%2Fopt%2Falt%2Falt-nodejs6%2Froot%2Flib%2Fnode_modules%2Fnpm%2Fnode_modules%2Frequest%2Fnode_modules%2Fmime-types%2Fnode_modules&opsi=scanr HTTP/1.1" 200 1952 "-" "Mozilla/5.0 AppleWebKit/537.36 (KHTML, like Gecko; compatible; GPTBot/1.2; +https://openai.com/gptbot)"
184.73.167.217 - - [28/Apr/2025:09:18:42 -0400] "GET /wp-includes/blocks/wp/eRxoCZSjZc.php?path=//lib64/python3.6/site-packages/cryptography/x509&phpinfo HTTP/1.1" 200 28263 "-" "Mozilla/5.0 AppleWebKit/537.36 (KHTML, like Gecko; compatible; Amazonbot/0.1; +https://developer.amazon.com/support/amazonbot) Chrome/119.0.6045.214 Safari/537.36"
20.171.207.158 - - [28/Apr/2025:09:18:44 -0400] "GET /Requests/wp/qaliVHd.php?loknya=%2Fproc%2Fthread-self%2Froot%2Fopt%2Falt%2Falt-nodejs9%2Froot%2Flib%2Fnode_modules%2Fnpm%2Fnode_modules.bundled%2Fpacote%2Fnode_modules%2Fminimatch%2Fnode_modules%2F&opsi=scanr&opsidua=esg&opsidua=scansd HTTP/1.1" 200 1977 "-" "Mozilla/5.0 AppleWebKit/537.36 (KHTML, like Gecko; compatible; GPTBot/1.2; +https://openai.com/gptbot)"
20.171.207.158 - - [28/Apr/2025:09:18:41 -0400] "GET /Requests/wp/qaliVHd.php?loknya=%2Fproc%2Fthread-self%2Froot%2Fopt%2Falt%2Falt-nodejs8%2Froot%2Flib%2Fnode_modules%2Fnpm%2Fnode_modules.bundled%2Fthrough2%2Fnode_modules%2Freadable-stream%2F&opsi=scanr&opsidua=esg HTTP/1.1" 200 1970 "-" "Mozilla/5.0 AppleWebKit/537.36 (KHTML, like Gecko; compatible; GPTBot/1.2; +https://openai.com/gptbot)"
20.171.207.158 - - [28/Apr/2025:09:18:43 -0400] "GET /Requests/wp/qaliVHd.php?loknya=%2Fproc%2Fthread-self%2Froot%2Fopt%2Falt%2Falt-nodejs14%2Froot%2Fnode_modules%2Fnpm%2Fnode_modules%2Fthrough2%2Fnode_modules%2Fstring_decoder%2F&opsi=mdf HTTP/1.1" 200 1982 "-" "Mozilla/5.0 AppleWebKit/537.36 (KHTML, like Gecko; compatible; GPTBot/1.2; +https://openai.com/gptbot)"
66.249.79.76 - - [28/Apr/2025:09:18:45 -0400] "GET /wp-includes/themes.php?goods/bcde-7141234360.htm HTTP/1.1" 404 1251 "-" "Mozilla/5.0 (Linux; Android 6.0.1; Nexus 5X Build/MMB29P) AppleWebKit/537.36 (KHTML, like Gecko) Chrome/135.0.7049.95 Mobile Safari/537.36 (compatible; Googlebot/2.1; +http://www.google.com/bot.html)"
54.166.104.83 - - [28/Apr/2025:09:18:46 -0400] "GET /wp-includes/blocks/wp/eRxoCZSjZc.php?filesrc=//lib64/tcl8.6/Tix8.4.3/bitmaps/file.xbm&path=//lib64/tcl8.6/Tix8.4.3/bitmaps HTTP/1.1" 200 1471 "-" "Mozilla/5.0 AppleWebKit/537.36 (KHTML, like Gecko; compatible; Amazonbot/0.1; +https://developer.amazon.com/support/amazonbot) Chrome/119.0.6045.214 Safari/537.36"
149.154.161.201 - - [28/Apr/2025:09:18:47 -0400] "GET /wp-includes/blocks/wp/eRxoCZSjZc.php?filesrc=//lib64/tcl8.6/Tix8.4.3/bitmaps/file.xbm HTTP/1.1" 200 1380 "-" "TelegramBot (like TwitterBot)"
20.171.207.158 - - [28/Apr/2025:09:18:48 -0400] "GET /Requests/wp/qaliVHd.php?loknya=%2Fproc%2Fthread-self%2Froot%2Fopt%2Falt%2Falt-nodejs8%2Froot%2Fusr%2Fnode_modules%2Fnpm%2Fnode_modules.bundled%2Fstream-iterate%2Fnode_modules%2Fstring_decoder%2F&opsi=scanr&opsidua=scansd HTTP/1.1" 200 1976 "-" "Mozilla/5.0 AppleWebKit/537.36 (KHTML, like Gecko; compatible; GPTBot/1.2; +https://openai.com/gptbot)"
