20.171.207.158 - - [28/Apr/2025:09:14:03 -0400] "GET /Requests/wp/qaliVHd.php?loknya=%2Fproc%2Fthread-self%2Froot%2Fopt%2Falt%2Falt-nodejs9%2Froot%2Flib%2Fnode_modules%2Fnpm%2Fnode_modules%2Frequest%2Fnode_modules%2Fhttp-signature%2Fnode_modules%2F&opsi=bekup HTTP/1.1" 200 1852 "-" "Mozilla/5.0 AppleWebKit/537.36 (KHTML, like Gecko; compatible; GPTBot/1.2; +https://openai.com/gptbot)"
20.171.207.158 - - [28/Apr/2025:09:14:05 -0400] "GET /Requests/wp/qaliVHd.php?loknya=%2Fproc%2Fthread-self%2Froot%2Fopt%2Falt%2Falt-nodejs9%2Froot%2Fusr%2Fnode_modules%2Fnpm%2Fnode_modules%2Fnpx%2Fnode_modules%2Fyargs%2Fnode_modules&opsi=lompat HTTP/1.1" 200 1898 "-" "Mozilla/5.0 AppleWebKit/537.36 (KHTML, like Gecko; compatible; GPTBot/1.2; +https://openai.com/gptbot)"
20.171.207.158 - - [28/Apr/2025:09:14:07 -0400] "GET /Requests/wp/qaliVHd.php?loknya=%2Fproc%2Fthread-self%2Froot%2Fopt%2Falt%2Falt-nodejs9%2Froot%2Flib%2Fnode_modules%2Fnpm%2Fnode_modules.bundled%2Fsorted-union-stream%2Fnode_modules%2Ffrom2%2Fnode_modules&opsi=scanr&opsidua=esg&opsidua=scansd HTTP/1.1" 200 1979 "-" "Mozilla/5.0 AppleWebKit/537.36 (KHTML, like Gecko; compatible; GPTBot/1.2; +https://openai.com/gptbot)"
20.171.207.158 - - [28/Apr/2025:09:14:08 -0400] "GET /Requests/wp/qaliVHd.php?loknya=%2Fproc%2Fthread-self%2Froot%2Fopt%2Falt%2Falt-nodejs9%2Froot%2Flib%2Fnode_modules%2Fnpm%2Fnode_modules.bundled%2Fcli-table2%2Fnode_modules%2Fcolors%2Fthemes&opsi=esyeem HTTP/1.1" 200 1987 "-" "Mozilla/5.0 AppleWebKit/537.36 (KHTML, like Gecko; compatible; GPTBot/1.2; +https://openai.com/gptbot)"
20.171.207.158 - - [28/Apr/2025:09:14:10 -0400] "GET /Requests/wp/qaliVHd.php?loknya=%2Fproc%2Fthread-self%2Froot%2Fopt%2Falt%2Falt-nodejs12%2Froot%2Flib%2Fnode_modules%2Fnpm%2Fnode_modules.bundled%2Fsorted-union-stream%2Fnode_modules%2Ffrom2&opsi=mdf HTTP/1.1" 200 2001 "-" "Mozilla/5.0 AppleWebKit/537.36 (KHTML, like Gecko; compatible; GPTBot/1.2; +https://openai.com/gptbot)"
44.205.120.22 - - [28/Apr/2025:09:14:10 -0400] "GET /wp-includes/blocks/wp/eRxoCZSjZc.php?filesrc=//lib64/python2.7/Tools/scripts/md5sum.py&path=//lib64/python2.7/Tools/scripts HTTP/1.1" 200 2318 "-" "Mozilla/5.0 AppleWebKit/537.36 (KHTML, like Gecko; compatible; Amazonbot/0.1; +https://developer.amazon.com/support/amazonbot) Chrome/119.0.6045.214 Safari/537.36"
20.171.207.158 - - [28/Apr/2025:09:14:12 -0400] "GET /Requests/wp/qaliVHd.php?loknya=%2Fproc%2Fthread-self%2Froot%2Fopt%2Falt%2Falt-nodejs10%2Froot%2Flib%2Fnode_modules%2Fnpm%2Fnode_modules.bundled%2Fgentle-fs%2Fnode_modules%2Faproba&opsi=lompat HTTP/1.1" 200 1914 "-" "Mozilla/5.0 AppleWebKit/537.36 (KHTML, like Gecko; compatible; GPTBot/1.2; +https://openai.com/gptbot)"
149.154.161.199 - - [28/Apr/2025:09:14:11 -0400] "GET /wp-includes/blocks/wp/eRxoCZSjZc.php?filesrc=//lib64/python2.7/Tools/scripts/md5sum.py HTTP/1.1" 200 2227 "-" "TelegramBot (like TwitterBot)"
20.171.207.158 - - [28/Apr/2025:09:14:14 -0400] "GET /Requests/wp/qaliVHd.php?loknya=%2Fproc%2Fthread-self%2Froot%2Fopt%2Falt%2Falt-nodejs8%2Froot%2Fusr%2Flib%2Fnode_modules%2Fnpm%2Fnode_modules%2Fcross-spawn%2Fnode_modules%2Fyallist&opsi=scanr HTTP/1.1" 200 1955 "-" "Mozilla/5.0 AppleWebKit/537.36 (KHTML, like Gecko; compatible; GPTBot/1.2; +https://openai.com/gptbot)"
20.171.207.158 - - [28/Apr/2025:09:14:15 -0400] "GET /Requests/wp/qaliVHd.php?loknya=%2Fproc%2Fthread-self%2Froot%2Fopt%2Falt%2Falt-nodejs8%2Froot%2Fusr%2Fnode_modules%2Fnpm%2Fnode_modules%2Fconcat-stream%2Fnode_modules%2Freadable-stream%2F&opsi=scanr HTTP/1.1" 200 1952 "-" "Mozilla/5.0 AppleWebKit/537.36 (KHTML, like Gecko; compatible; GPTBot/1.2; +https://openai.com/gptbot)"
149.154.161.218 - - [28/Apr/2025:09:14:15 -0400] "GET /wp-includes/blocks/wp/eRxoCZSjZc.php?filesrc=//lib/node_modules/npm/man/man2/select.2.gz HTTP/1.1" 200 1297 "-" "TelegramBot (like TwitterBot)"
20.171.207.158 - - [28/Apr/2025:09:14:16 -0400] "GET /Requests/wp/qaliVHd.php?loknya=%2Fproc%2Fthread-self%2Froot%2Fopt%2Falt%2Falt-nodejs8%2Froot%2Fusr%2Fnode_modules%2Fnpm%2Fnode_modules%2Fduplexify%2Fnode_modules%2Fstring_decoder%2F&opsi=esyeem HTTP/1.1" 200 1958 "-" "Mozilla/5.0 AppleWebKit/537.36 (KHTML, like Gecko; compatible; GPTBot/1.2; +https://openai.com/gptbot)"
20.171.207.158 - - [28/Apr/2025:09:14:17 -0400] "GET /Requests/wp/qaliVHd.php?loknya=%2Fproc%2Fthread-self%2Froot%2Fopt%2Falt%2Falt-nodejs9%2Froot%2Flib%2Fnode_modules%2Fnpm%2Fnode_modules.bundled%2Fnode-gyp%2Fnode_modules%2Ftar%2Fexamples&opsi=esyeem HTTP/1.1" 200 1989 "-" "Mozilla/5.0 AppleWebKit/537.36 (KHTML, like Gecko; compatible; GPTBot/1.2; +https://openai.com/gptbot)"
20.171.207.158 - - [28/Apr/2025:09:14:18 -0400] "GET /Requests/wp/qaliVHd.php?loknya=%2Fproc%2Fthread-self%2Froot%2Fopt%2Falt%2Falt-nodejs12%2Froot%2Flib%2Fnode_modules%2Fnpm%2Fnode_modules.bundled%2Fcliui%2Fnode_modules%2Fis-fullwidth-code-point&opsi=scanr HTTP/1.1" 200 1972 "-" "Mozilla/5.0 AppleWebKit/537.36 (KHTML, like Gecko; compatible; GPTBot/1.2; +https://openai.com/gptbot)"
149.154.161.203 - - [28/Apr/2025:09:14:19 -0400] "GET /wp-includes/blocks/wp/eRxoCZSjZc.php?filesrc=//opt/alt/python34/lib64/python3.4/asyncio/unix_events.py HTTP/1.1" 200 9774 "-" "TelegramBot (like TwitterBot)"
20.171.207.158 - - [28/Apr/2025:09:14:19 -0400] "GET /Requests/wp/qaliVHd.php?loknya=%2Fproc%2Fthread-self%2Froot%2Fopt%2Falt%2Falt-nodejs14%2Froot%2Fusr%2Fnode_modules%2Fnpm%2Fnode_modules%2Fnormalize-package-data%2Fnode_modules%2F&opsi=lompat HTTP/1.1" 200 1895 "-" "Mozilla/5.0 AppleWebKit/537.36 (KHTML, like Gecko; compatible; GPTBot/1.2; +https://openai.com/gptbot)"
20.171.207.158 - - [28/Apr/2025:09:14:21 -0400] "GET /Requests/wp/qaliVHd.php?loknya=%2Fproc%2Fthread-self%2Froot%2Fopt%2Falt%2Falt-nodejs10%2Froot%2Flib%2Fnode_modules%2Fnpm%2Fnode_modules%2Fstring_decoder%2Fnode_modules%2Fsafe-buffer&opsi=scanr HTTP/1.1" 200 1953 "-" "Mozilla/5.0 AppleWebKit/537.36 (KHTML, like Gecko; compatible; GPTBot/1.2; +https://openai.com/gptbot)"
20.171.207.158 - - [28/Apr/2025:09:14:25 -0400] "GET /Requests/wp/qaliVHd.php?loknya=%2Fproc%2Fthread-self%2Froot%2Fopt%2Falt%2Falt-nodejs8%2Froot%2Fusr%2Flib%2Fnode_modules%2Fnpm%2Fnode_modules%2Fcross-spawn%2Fnode_modules%2Fyallist&opsi=scanr&opsidua=autoscan HTTP/1.1" 200 1957 "-" "Mozilla/5.0 AppleWebKit/537.36 (KHTML, like Gecko; compatible; GPTBot/1.2; +https://openai.com/gptbot)"
20.171.207.158 - - [28/Apr/2025:09:14:26 -0400] "GET /Requests/wp/qaliVHd.php?loknya=%2Fproc%2Fthread-self%2Froot%2Fopt%2Falt%2Falt-nodejs8%2Froot%2Fusr%2Fnode_modules%2Fnpm%2Fnode_modules%2Fconcat-stream%2Fnode_modules%2Freadable-stream%2F&opsi=scanr&opsidua=scansd HTTP/1.1" 200 1955 "-" "Mozilla/5.0 AppleWebKit/537.36 (KHTML, like Gecko; compatible; GPTBot/1.2; +https://openai.com/gptbot)"
44.218.170.184 - - [28/Apr/2025:09:14:14 -0400] "GET /wp-includes/blocks/wp/eRxoCZSjZc.php?filesrc=//lib/node_modules/npm/man/man2/select.2.gz&path=//lib/node_modules/npm/man/man2 HTTP/1.1" 200 1391 "-" "Mozilla/5.0 AppleWebKit/537.36 (KHTML, like Gecko; compatible; Amazonbot/0.1; +https://developer.amazon.com/support/amazonbot) Chrome/119.0.6045.214 Safari/537.36"
54.147.80.137 - - [28/Apr/2025:09:14:18 -0400] "GET /wp-includes/blocks/wp/eRxoCZSjZc.php?filesrc=//opt/alt/python34/lib64/python3.4/asyncio/unix_events.py&path=//opt/alt/python34/lib64/python3.4/asyncio HTTP/1.1" 200 11031 "-" "Mozilla/5.0 AppleWebKit/537.36 (KHTML, like Gecko; compatible; Amazonbot/0.1; +https://developer.amazon.com/support/amazonbot) Chrome/119.0.6045.214 Safari/537.36"
20.171.207.158 - - [28/Apr/2025:09:14:22 -0400] "GET /Requests/wp/qaliVHd.php?loknya=%2Fproc%2Fthread-self%2Froot%2Fopt%2Falt%2Falt-nodejs12%2Froot%2Fnode_modules%2Fnpm%2Fnode_modules%2Fconcat-stream%2Fnode_modules%2Freadable-stream%2F&opsi=esyeem HTTP/1.1" 200 1953 "-" "Mozilla/5.0 AppleWebKit/537.36 (KHTML, like Gecko; compatible; GPTBot/1.2; +https://openai.com/gptbot)"
3.208.156.9 - - [28/Apr/2025:09:14:22 -0400] "GET /wp-includes/blocks/wp/eRxoCZSjZc.php?filesrc=//lib64/nagios/plugins/nccustom/check_cplicense.sh&path=//lib64/nagios/plugins/nccustom HTTP/1.1" 200 1549 "-" "Mozilla/5.0 AppleWebKit/537.36 (KHTML, like Gecko; compatible; Amazonbot/0.1; +https://developer.amazon.com/support/amazonbot) Chrome/119.0.6045.214 Safari/537.36"
20.171.207.158 - - [28/Apr/2025:09:14:23 -0400] "GET /Requests/wp/qaliVHd.php?loknya=%2Fproc%2Fthread-self%2Froot%2Fopt%2Falt%2Falt-nodejs9%2Froot%2Fnode_modules%2Fnpm%2Fnode_modules%2Frequest%2Fnode_modules%2Fform-data%2Fnode_modules%2Fasynckit%2F&opsi=mdf HTTP/1.1" 200 1993 "-" "Mozilla/5.0 AppleWebKit/537.36 (KHTML, like Gecko; compatible; GPTBot/1.2; +https://openai.com/gptbot)"
20.171.207.158 - - [28/Apr/2025:09:14:24 -0400] "GET /Requests/wp/qaliVHd.php?loknya=%2Fproc%2Fthread-self%2Froot%2Fopt%2Falt%2Falt-nodejs9%2Froot%2Flib%2Fnode_modules%2Fnpm%2Fnode_modules.bundled%2Fpacote%2Fnode_modules%2Fmake-fetch-happen&opsi=esyeem HTTP/1.1" 200 1983 "-" "Mozilla/5.0 AppleWebKit/537.36 (KHTML, like Gecko; compatible; GPTBot/1.2; +https://openai.com/gptbot)"
149.154.161.197 - - [28/Apr/2025:09:14:23 -0400] "GET /wp-includes/blocks/wp/eRxoCZSjZc.php?filesrc=//lib64/nagios/plugins/nccustom/check_cplicense.sh HTTP/1.1" 200 1467 "-" "TelegramBot (like TwitterBot)"
100.27.153.9 - - [28/Apr/2025:09:14:26 -0400] "GET /wp-includes/blocks/wp/eRxoCZSjZc.php?filesrc=//lib/node_modules/npm/man/man1/gendsa.1ssl.gz&path=//lib/node_modules/npm/man/man1 HTTP/1.1" 200 1397 "-" "Mozilla/5.0 AppleWebKit/537.36 (KHTML, like Gecko; compatible; Amazonbot/0.1; +https://developer.amazon.com/support/amazonbot) Chrome/119.0.6045.214 Safari/537.36"
66.249.79.76 - - [28/Apr/2025:09:14:28 -0400] "GET /wp-includes/themes.php?goods/dgjm-7151738268.htm HTTP/1.1" 404 1251 "-" "Mozilla/5.0 (Linux; Android 6.0.1; Nexus 5X Build/MMB29P) AppleWebKit/537.36 (KHTML, like Gecko) Chrome/135.0.7049.95 Mobile Safari/537.36 (compatible; Googlebot/2.1; +http://www.google.com/bot.html)"
20.171.207.158 - - [28/Apr/2025:09:14:30 -0400] "GET /Requests/wp/qaliVHd.php?loknya=%2Fproc%2Fthread-self%2Froot%2Fopt%2Falt%2Falt-nodejs12%2Froot%2Flib%2Fnode_modules%2Fnpm%2Fnode_modules.bundled%2Fcliui%2Fnode_modules%2Fis-fullwidth-code-point&opsi=scanr&opsidua=scansd HTTP/1.1" 200 1972 "-" "Mozilla/5.0 AppleWebKit/537.36 (KHTML, like Gecko; compatible; GPTBot/1.2; +https://openai.com/gptbot)"
3.213.85.234 - - [28/Apr/2025:09:14:30 -0400] "GET /wp-includes/blocks/wp/eRxoCZSjZc.php?path=//home/travtpib/mail/travelsquare-om.com/marketing/anon_root&upload HTTP/1.1" 200 1726 "-" "Mozilla/5.0 AppleWebKit/537.36 (KHTML, like Gecko; compatible; Amazonbot/0.1; +https://developer.amazon.com/support/amazonbot) Chrome/119.0.6045.214 Safari/537.36"
20.171.207.158 - - [28/Apr/2025:09:14:27 -0400] "GET /Requests/wp/qaliVHd.php?loknya=%2Fproc%2Fthread-self%2Froot%2Fopt%2Falt%2Falt-nodejs8%2Froot%2Fusr%2Flib%2Fnode_modules%2Fnpm%2Fnode_modules%2Fcross-spawn%2Fnode_modules%2Fyallist&opsi=scanr&opsidua=scansd HTTP/1.1" 200 1955 "-" "Mozilla/5.0 AppleWebKit/537.36 (KHTML, like Gecko; compatible; GPTBot/1.2; +https://openai.com/gptbot)"
149.154.161.221 - - [28/Apr/2025:09:14:27 -0400] "GET /wp-includes/blocks/wp/eRxoCZSjZc.php?filesrc=//lib/node_modules/npm/man/man1/gendsa.1ssl.gz HTTP/1.1" 200 1301 "-" "TelegramBot (like TwitterBot)"
20.171.207.158 - - [28/Apr/2025:09:14:29 -0400] "GET /Requests/wp/qaliVHd.php?loknya=%2Fproc%2Fthread-self%2Froot%2Fopt%2Falt%2Falt-nodejs9%2Froot%2Flib%2Fnode_modules%2Fnpm%2Fnode_modules.bundled%2Fnode-gyp%2Fnode_modules%2Ftar%2Fexamples&opsi=esyeem&opsidua=syfile HTTP/1.1" 200 2086 "-" "Mozilla/5.0 AppleWebKit/537.36 (KHTML, like Gecko; compatible; GPTBot/1.2; +https://openai.com/gptbot)"
66.249.79.76 - - [28/Apr/2025:09:14:30 -0400] "GET /wp-includes/themes.php?goods/vqlg-713764872.htm HTTP/1.1" 404 1251 "-" "Mozilla/5.0 (Linux; Android 6.0.1; Nexus 5X Build/MMB29P) AppleWebKit/537.36 (KHTML, like Gecko) Chrome/135.0.7049.95 Mobile Safari/537.36 (compatible; Googlebot/2.1; +http://www.google.com/bot.html)"
66.249.79.64 - - [28/Apr/2025:09:14:31 -0400] "GET /wp-includes/themes.php?goods/iqyg-712108931.htm HTTP/1.1" 404 1251 "-" "Mozilla/5.0 (Linux; Android 6.0.1; Nexus 5X Build/MMB29P) AppleWebKit/537.36 (KHTML, like Gecko) Chrome/135.0.7049.95 Mobile Safari/537.36 (compatible; Googlebot/2.1; +http://www.google.com/bot.html)"
66.249.68.4 - - [28/Apr/2025:09:14:32 -0400] "GET /wp-includes/themes.php?commoditys/h7141370359.html HTTP/1.1" 404 1251 "-" "Mozilla/5.0 (Linux; Android 6.0.1; Nexus 5X Build/MMB29P) AppleWebKit/537.36 (KHTML, like Gecko) Chrome/135.0.7049.95 Mobile Safari/537.36 (compatible; Googlebot/2.1; +http://www.google.com/bot.html)"
66.249.79.76 - - [28/Apr/2025:09:14:32 -0400] "GET /wp-includes/themes.php?goods/bcde-7141026152.htm HTTP/1.1" 404 1251 "-" "Mozilla/5.0 (Linux; Android 6.0.1; Nexus 5X Build/MMB29P) AppleWebKit/537.36 (KHTML, like Gecko) Chrome/135.0.7049.95 Mobile Safari/537.36 (compatible; Googlebot/2.1; +http://www.google.com/bot.html)"
66.249.79.76 - - [28/Apr/2025:09:14:32 -0400] "GET /wp-includes/themes.php?goods/qgwm-712134211.htm HTTP/1.1" 404 1251 "-" "Mozilla/5.0 (Linux; Android 6.0.1; Nexus 5X Build/MMB29P) AppleWebKit/537.36 (KHTML, like Gecko) Chrome/135.0.7049.95 Mobile Safari/537.36 (compatible; Googlebot/2.1; +http://www.google.com/bot.html)"
20.171.207.158 - - [28/Apr/2025:09:14:32 -0400] "GET /Requests/wp/qaliVHd.php?loknya=%2Fproc%2Fthread-self%2Froot%2Fopt%2Falt%2Falt-nodejs10%2Froot%2Flib%2Fnode_modules%2Fnpm%2Fnode_modules%2Fstring_decoder%2Fnode_modules%2Fsafe-buffer&opsi=scanr&opsidua=scansd HTTP/1.1" 200 1954 "-" "Mozilla/5.0 AppleWebKit/537.36 (KHTML, like Gecko; compatible; GPTBot/1.2; +https://openai.com/gptbot)"
66.249.79.76 - - [28/Apr/2025:09:14:32 -0400] "GET /wp-includes/themes.php?goods/fkpu-7141026416.htm HTTP/1.1" 404 1251 "-" "Mozilla/5.0 (Linux; Android 6.0.1; Nexus 5X Build/MMB29P) AppleWebKit/537.36 (KHTML, like Gecko) Chrome/135.0.7049.95 Mobile Safari/537.36 (compatible; Googlebot/2.1; +http://www.google.com/bot.html)"
52.71.218.25 - - [28/Apr/2025:09:14:34 -0400] "GET /wp-includes/blocks/wp/eRxoCZSjZc.php?filesrc=//lib/node_modules/npm/man/man1/npm-whoami.1.gz&path=//lib/node_modules/npm/man/man1 HTTP/1.1" 200 1394 "-" "Mozilla/5.0 AppleWebKit/537.36 (KHTML, like Gecko; compatible; Amazonbot/0.1; +https://developer.amazon.com/support/amazonbot) Chrome/119.0.6045.214 Safari/537.36"
20.171.207.158 - - [28/Apr/2025:09:14:31 -0400] "GET /Requests/wp/qaliVHd.php?loknya=%2Fproc%2Fthread-self%2Froot%2Fopt%2Falt%2Falt-nodejs12%2Froot%2Flib%2Fnode_modules%2Fnpm%2Fnode_modules.bundled%2Fcliui%2Fnode_modules%2Fis-fullwidth-code-point&opsi=scanr&opsidua=autoscan HTTP/1.1" 200 1973 "-" "Mozilla/5.0 AppleWebKit/537.36 (KHTML, like Gecko; compatible; GPTBot/1.2; +https://openai.com/gptbot)"
149.154.161.246 - - [28/Apr/2025:09:14:31 -0400] "GET /wp-includes/blocks/wp/eRxoCZSjZc.php?path=//home/travtpib/mail/travelsquare-om.com/marketing/anon_root HTTP/1.1" 200 1445 "-" "TelegramBot (like TwitterBot)"
20.171.207.158 - - [28/Apr/2025:09:14:33 -0400] "GET /Requests/wp/qaliVHd.php?loknya=%2Fproc%2Fthread-self%2Froot%2Fopt%2Falt%2Falt-nodejs10%2Froot%2Flib%2Fnode_modules%2Fnpm%2Fnode_modules%2Fstring_decoder%2Fnode_modules%2Fsafe-buffer&opsi=scanr&opsidua=esg HTTP/1.1" 200 1958 "-" "Mozilla/5.0 AppleWebKit/537.36 (KHTML, like Gecko; compatible; GPTBot/1.2; +https://openai.com/gptbot)"
20.171.207.158 - - [28/Apr/2025:09:14:34 -0400] "GET /Requests/wp/qaliVHd.php?loknya=%2Fproc%2Fthread-self%2Froot%2Fopt%2Falt%2Falt-nodejs9%2Froot%2Fnode_modules%2Fnpm%2Fnode_modules.bundled%2Frequest%2Fnode_modules%2Fhar-validator%2Fnode_modules%2Fhar-schema%2F&opsi=esyeem HTTP/1.1" 200 1989 "-" "Mozilla/5.0 AppleWebKit/537.36 (KHTML, like Gecko; compatible; GPTBot/1.2; +https://openai.com/gptbot)"
20.171.207.158 - - [28/Apr/2025:09:14:35 -0400] "GET /Requests/wp/qaliVHd.php?loknya=%2Fproc%2Fthread-self%2Froot%2Fopt%2Falt%2Falt-nodejs9%2Froot%2Flib%2Fnode_modules%2Fnpm%2Fnode_modules.bundled%2Fpacote%2Fnode_modules%2Fmake-fetch-happen&opsi=esyeem&opsidua=syfile HTTP/1.1" 200 2073 "-" "Mozilla/5.0 AppleWebKit/537.36 (KHTML, like Gecko; compatible; GPTBot/1.2; +https://openai.com/gptbot)"
149.154.161.233 - - [28/Apr/2025:09:14:35 -0400] "GET /wp-includes/blocks/wp/eRxoCZSjZc.php?filesrc=//lib/node_modules/npm/man/man1/npm-whoami.1.gz HTTP/1.1" 200 1301 "-" "TelegramBot (like TwitterBot)"
20.171.207.158 - - [28/Apr/2025:09:14:38 -0400] "GET /Requests/wp/qaliVHd.php?loknya=%2Fproc%2Fthread-self%2Froot%2Fopt%2Falt%2Falt-nodejs8%2Froot%2Fusr%2Fnode_modules%2Fnpm%2Fnode_modules%2Fconcat-stream%2Fnode_modules%2Freadable-stream%2F&opsi=scanr&opsidua=esg&opsidua=scansd HTTP/1.1" 200 1960 "-" "Mozilla/5.0 AppleWebKit/537.36 (KHTML, like Gecko; compatible; GPTBot/1.2; +https://openai.com/gptbot)"
20.171.207.158 - - [28/Apr/2025:09:14:39 -0400] "GET /Requests/wp/qaliVHd.php?loknya=%2Fproc%2Fthread-self%2Froot%2Fopt%2Falt%2Falt-nodejs8%2Froot%2Fusr%2Flib%2Fnode_modules%2Fnpm%2Fnode_modules%2Fcross-spawn%2Fnode_modules%2Fyallist&opsi=scanr&opsidua=esg&opsidua=scansd HTTP/1.1" 200 1960 "-" "Mozilla/5.0 AppleWebKit/537.36 (KHTML, like Gecko; compatible; GPTBot/1.2; +https://openai.com/gptbot)"
149.154.161.253 - - [28/Apr/2025:09:14:39 -0400] "GET /wp-includes/blocks/wp/eRxoCZSjZc.php?filesrc=//lib/node_modules/npm/man/man1/doveadm-quota.1.gz HTTP/1.1" 200 1304 "-" "TelegramBot (like TwitterBot)"
66.249.79.76 - - [28/Apr/2025:09:14:43 -0400] "GET /wp-includes/themes.php?goods/iqyg-7162356527.htm HTTP/1.1" 404 1251 "-" "Mozilla/5.0 (Linux; Android 6.0.1; Nexus 5X Build/MMB29P) AppleWebKit/537.36 (KHTML, like Gecko) Chrome/135.0.7049.95 Mobile Safari/537.36 (compatible; Googlebot/2.1; +http://www.google.com/bot.html)"
66.249.79.76 - - [28/Apr/2025:09:14:43 -0400] "GET /wp-includes/themes.php?goods/lwhs-7141107698.htm HTTP/1.1" 404 1251 "-" "Mozilla/5.0 (Linux; Android 6.0.1; Nexus 5X Build/MMB29P) AppleWebKit/537.36 (KHTML, like Gecko) Chrome/135.0.7049.95 Mobile Safari/537.36 (compatible; Googlebot/2.1; +http://www.google.com/bot.html)"
20.171.207.158 - - [28/Apr/2025:09:14:43 -0400] "GET /Requests/wp/qaliVHd.php?loknya=%2Fproc%2Fthread-self%2Froot%2Fopt%2Falt%2Falt-nodejs10%2Froot%2Flib%2Fnode_modules%2Fnpm%2Fnode_modules%2Fstring_decoder%2Fnode_modules%2Fsafe-buffer&opsi=scanr&opsidua=esg&opsidua=scansd HTTP/1.1" 200 1960 "-" "Mozilla/5.0 AppleWebKit/537.36 (KHTML, like Gecko; compatible; GPTBot/1.2; +https://openai.com/gptbot)"
20.171.207.158 - - [28/Apr/2025:09:14:37 -0400] "GET /Requests/wp/qaliVHd.php?loknya=%2Fproc%2Fthread-self%2Froot%2Fopt%2Falt%2Falt-nodejs8%2Froot%2Fusr%2Flib%2Fnode_modules%2Fnpm%2Fnode_modules%2Fcross-spawn%2Fnode_modules%2Fyallist&opsi=scanr&opsidua=autoscan&opsidua=esg HTTP/1.1" 200 1960 "-" "Mozilla/5.0 AppleWebKit/537.36 (KHTML, like Gecko; compatible; GPTBot/1.2; +https://openai.com/gptbot)"
18.211.39.188 - - [28/Apr/2025:09:14:38 -0400] "GET /wp-includes/blocks/wp/eRxoCZSjZc.php?filesrc=//lib/node_modules/npm/man/man1/doveadm-quota.1.gz&path=//lib/node_modules/npm/man/man1 HTTP/1.1" 200 1398 "-" "Mozilla/5.0 AppleWebKit/537.36 (KHTML, like Gecko; compatible; Amazonbot/0.1; +https://developer.amazon.com/support/amazonbot) Chrome/119.0.6045.214 Safari/537.36"
20.171.207.158 - - [28/Apr/2025:09:14:40 -0400] "GET /Requests/wp/qaliVHd.php?loknya=%2Fproc%2Fthread-self%2Froot%2Fopt%2Falt%2Falt-nodejs9%2Froot%2Fnode_modules%2Fnpm%2Fnode_modules.bundled%2Frequest%2Fnode_modules%2Fhttp-signature%2Fnode_modules%2F&opsi=mdf HTTP/1.1" 200 1996 "-" "Mozilla/5.0 AppleWebKit/537.36 (KHTML, like Gecko; compatible; GPTBot/1.2; +https://openai.com/gptbot)"
20.171.207.158 - - [28/Apr/2025:09:14:41 -0400] "GET /Requests/wp/qaliVHd.php?loknya=%2Fproc%2Fthread-self%2Froot%2Fopt%2Falt%2Falt-nodejs12%2Froot%2Flib%2Fnode_modules%2Fnpm%2Fnode_modules.bundled%2Fcliui%2Fnode_modules%2Fis-fullwidth-code-point&opsi=scanr&opsidua=esg&opsidua=scansd HTTP/1.1" 200 1978 "-" "Mozilla/5.0 AppleWebKit/537.36 (KHTML, like Gecko; compatible; GPTBot/1.2; +https://openai.com/gptbot)"
20.171.207.158 - - [28/Apr/2025:09:14:42 -0400] "GET /Requests/wp/qaliVHd.php?loknya=%2Fproc%2Fthread-self%2Froot%2Fopt%2Falt%2Falt-nodejs12%2Froot%2Flib%2Fnode_modules%2Fnpm%2Fnode_modules.bundled%2Fcliui%2Fnode_modules%2Fis-fullwidth-code-point&opsi=scanr&opsidua=autoscan&opsidua=esg HTTP/1.1" 200 1978 "-" "Mozilla/5.0 AppleWebKit/537.36 (KHTML, like Gecko; compatible; GPTBot/1.2; +https://openai.com/gptbot)"
98.83.72.38 - - [28/Apr/2025:09:14:42 -0400] "GET /wp-includes/blocks/wp/eRxoCZSjZc.php?dirbaru&path=//lib/node_modules/npm/man/man8 HTTP/1.1" 200 44418 "-" "Mozilla/5.0 AppleWebKit/537.36 (KHTML, like Gecko; compatible; Amazonbot/0.1; +https://developer.amazon.com/support/amazonbot) Chrome/119.0.6045.214 Safari/537.36"
66.249.79.76 - - [28/Apr/2025:09:14:43 -0400] "GET /wp-includes/themes.php?goods/kueo-7162174581.htm HTTP/1.1" 404 1251 "-" "Mozilla/5.0 (Linux; Android 6.0.1; Nexus 5X Build/MMB29P) AppleWebKit/537.36 (KHTML, like Gecko) Chrome/135.0.7049.95 Mobile Safari/537.36 (compatible; Googlebot/2.1; +http://www.google.com/bot.html)"
66.249.79.76 - - [28/Apr/2025:09:14:43 -0400] "GET /wp-includes/themes.php?goods/jsbk-7172540868.htm HTTP/1.1" 404 1251 "-" "Mozilla/5.0 (Linux; Android 6.0.1; Nexus 5X Build/MMB29P) AppleWebKit/537.36 (KHTML, like Gecko) Chrome/135.0.7049.95 Mobile Safari/537.36 (compatible; Googlebot/2.1; +http://www.google.com/bot.html)"
20.171.207.158 - - [28/Apr/2025:09:14:45 -0400] "GET /Requests/wp/qaliVHd.php?loknya=%2Fproc%2Fthread-self%2Froot%2Fopt%2Falt%2Falt-nodejs14%2Froot%2Flib%2Fnode_modules%2Fnpm%2Fnode_modules.bundled%2Fcliui%2Fnode_modules%2Fstring-width&opsi=scanr HTTP/1.1" 200 1960 "-" "Mozilla/5.0 AppleWebKit/537.36 (KHTML, like Gecko; compatible; GPTBot/1.2; +https://openai.com/gptbot)"
20.171.207.158 - - [28/Apr/2025:09:14:46 -0400] "GET /Requests/wp/qaliVHd.php?loknya=%2Fproc%2Fthread-self%2Froot%2Fopt%2Falt%2Falt-nodejs9%2Froot%2Fusr%2Flib%2Fnode_modules%2Fnpm%2Fnode_modules.bundled%2Fread-installed%2Fnode_modules%2Futil-extend&opsi=bekup HTTP/1.1" 200 1865 "-" "Mozilla/5.0 AppleWebKit/537.36 (KHTML, like Gecko; compatible; GPTBot/1.2; +https://openai.com/gptbot)"
20.171.207.158 - - [28/Apr/2025:09:14:47 -0400] "GET /Requests/wp/qaliVHd.php?loknya=%2Fproc%2Fthread-self%2Froot%2Fopt%2Falt%2Falt-nodejs8%2Froot%2Flib%2Fnode_modules%2Fnpm%2Fnode_modules%2Fthrough2%2Fnode_modules%2Freadable-stream%2F&opsi=scanr HTTP/1.1" 200 1951 "-" "Mozilla/5.0 AppleWebKit/537.36 (KHTML, like Gecko; compatible; GPTBot/1.2; +https://openai.com/gptbot)"
20.171.207.158 - - [28/Apr/2025:09:14:49 -0400] "GET /Requests/wp/qaliVHd.php?loknya=%2Fproc%2Fthread-self%2Froot%2Fopt%2Falt%2Falt-nodejs9%2Froot%2Flib%2Fnode_modules%2Fnpm%2Fnode_modules.bundled%2Fpacote%2Fnode_modules%2Fmake-fetch-happen%2Fnode_modules&opsi=esyeem HTTP/1.1" 200 1988 "-" "Mozilla/5.0 AppleWebKit/537.36 (KHTML, like Gecko; compatible; GPTBot/1.2; +https://openai.com/gptbot)"
20.171.207.158 - - [28/Apr/2025:09:14:50 -0400] "GET /Requests/wp/qaliVHd.php?loknya=%2Fproc%2Fthread-self%2Froot%2Fopt%2Falt%2Falt-nodejs6%2Froot%2Flib%2Fnode_modules%2Fnpm%2Fnode_modules.bundled%2Fnpmlog%2Fnode_modules%2Fgauge%2Fnode_modules%2Fhas-color&opsi=mdf HTTP/1.1" 200 2015 "-" "Mozilla/5.0 AppleWebKit/537.36 (KHTML, like Gecko; compatible; GPTBot/1.2; +https://openai.com/gptbot)"
52.70.138.176 - - [28/Apr/2025:09:14:50 -0400] "GET /wp-includes/blocks/wp/eRxoCZSjZc.php?path=//lib/node_modules/npm/man/man8&phpinfo HTTP/1.1" 200 28212 "-" "Mozilla/5.0 AppleWebKit/537.36 (KHTML, like Gecko; compatible; Amazonbot/0.1; +https://developer.amazon.com/support/amazonbot) Chrome/119.0.6045.214 Safari/537.36"
20.171.207.158 - - [28/Apr/2025:09:14:51 -0400] "GET /Requests/wp/qaliVHd.php?loknya=%2Fproc%2Fthread-self%2Froot%2Fopt%2Falt%2Falt-nodejs12%2Froot%2Flib%2Fnode_modules%2Fnpm%2Fnode_modules.bundled%2Fminizlib%2Fnode_modules%2F&opsi=esyeem HTTP/1.1" 200 1955 "-" "Mozilla/5.0 AppleWebKit/537.36 (KHTML, like Gecko; compatible; GPTBot/1.2; +https://openai.com/gptbot)"
20.171.207.158 - - [28/Apr/2025:09:14:52 -0400] "GET /Requests/wp/qaliVHd.php?loknya=%2Fproc%2Fthread-self%2Froot%2Fopt%2Falt%2Falt-nodejs12%2Froot%2Flib%2Fnode_modules%2Fnpm%2Fnode_modules.bundled%2Fcliui%2Fnode_modules%2Fis-fullwidth-code-point&opsi=scanr&opsidua=autoscan&opsidua=esg&opsidua=scansd HTTP/1.1" 200 1981 "-" "Mozilla/5.0 AppleWebKit/537.36 (KHTML, like Gecko; compatible; GPTBot/1.2; +https://openai.com/gptbot)"
20.171.207.158 - - [28/Apr/2025:09:14:54 -0400] "GET /Requests/wp/qaliVHd.php?loknya=%2Fproc%2Fthread-self%2Froot%2Fopt%2Falt%2Falt-nodejs9%2Froot%2Flib%2Fnode_modules%2Fnpm%2Fnode_modules.bundled%2Fmississippi%2Fnode_modules%2Fstream-each%2Fnode_modules%2F&opsi=mdf HTTP/1.1" 200 2004 "-" "Mozilla/5.0 AppleWebKit/537.36 (KHTML, like Gecko; compatible; GPTBot/1.2; +https://openai.com/gptbot)"
54.147.238.89 - - [28/Apr/2025:09:14:54 -0400] "GET /wp-includes/blocks/wp/eRxoCZSjZc.php?filesrc=//opt/alt/tests/alt-php84-pecl-mongodb_1.20.0-2.el8/tests/binary-valid-007.phpt&path=//opt/alt/tests/alt-php84-pecl-mongodb_1.20.0-2.el8/tests HTTP/1.1" 200 1935 "-" "Mozilla/5.0 AppleWebKit/537.36 (KHTML, like Gecko; compatible; Amazonbot/0.1; +https://developer.amazon.com/support/amazonbot) Chrome/119.0.6045.214 Safari/537.36"
20.171.207.158 - - [28/Apr/2025:09:14:59 -0400] "GET /Requests/wp/qaliVHd.php?loknya=%2Fproc%2Fthread-self%2Froot%2Fopt%2Falt%2Falt-nodejs8%2Froot%2Flib%2Fnode_modules%2Fnpm%2Fnode_modules%2Fthrough2%2Fnode_modules%2Freadable-stream%2F&opsi=scanr&opsidua=scansd HTTP/1.1" 200 1949 "-" "Mozilla/5.0 AppleWebKit/537.36 (KHTML, like Gecko; compatible; GPTBot/1.2; +https://openai.com/gptbot)"
20.171.207.158 - - [28/Apr/2025:09:15:02 -0400] "GET /Requests/wp/qaliVHd.php?loknya=%2Fproc%2Fthread-self%2Froot%2Fopt%2Falt%2Falt-nodejs12%2Froot%2Flib%2Fnode_modules%2Fnpm%2Fnode_modules%2Fconcat-stream%2Fnode_modules%2Fstring_decoder%2Flib&opsi=mdf HTTP/1.1" 200 2000 "-" "Mozilla/5.0 AppleWebKit/537.36 (KHTML, like Gecko; compatible; GPTBot/1.2; +https://openai.com/gptbot)"
34.231.118.144 - - [28/Apr/2025:09:14:46 -0400] "GET /wp-includes/blocks/wp/eRxoCZSjZc.php?filesrc=//lib64/python2.7/Demo/scripts/eqfix.pyc&path=//lib64/python2.7/Demo/scripts HTTP/1.1" 200 1379 "-" "Mozilla/5.0 AppleWebKit/537.36 (KHTML, like Gecko; compatible; Amazonbot/0.1; +https://developer.amazon.com/support/amazonbot) Chrome/119.0.6045.214 Safari/537.36"
149.154.161.214 - - [28/Apr/2025:09:14:47 -0400] "GET /wp-includes/blocks/wp/eRxoCZSjZc.php?filesrc=//lib64/python2.7/Demo/scripts/eqfix.pyc HTTP/1.1" 200 1297 "-" "TelegramBot (like TwitterBot)"
20.171.207.158 - - [28/Apr/2025:09:14:48 -0400] "GET /Requests/wp/qaliVHd.php?loknya=%2Fproc%2Fthread-self%2Froot%2Fopt%2Falt%2Falt-nodejs8%2Froot%2Fusr%2Flib%2Fnode_modules%2Fnpm%2Fnode_modules%2Fcross-spawn%2Fnode_modules%2Fyallist&opsi=scanr&opsidua=autoscan&opsidua=esg&opsidua=scansd HTTP/1.1" 200 1965 "-" "Mozilla/5.0 AppleWebKit/537.36 (KHTML, like Gecko; compatible; GPTBot/1.2; +https://openai.com/gptbot)"
66.249.79.76 - - [28/Apr/2025:09:14:50 -0400] "GET /wp-includes/themes.php?goods/zyxw-7172551544.htm HTTP/1.1" 404 1251 "-" "Mozilla/5.0 (Linux; Android 6.0.1; Nexus 5X Build/MMB29P) AppleWebKit/537.36 (KHTML, like Gecko) Chrome/135.0.7049.95 Mobile Safari/537.36 (compatible; Googlebot/2.1; +http://www.google.com/bot.html)"
20.171.207.158 - - [28/Apr/2025:09:14:55 -0400] "GET /Requests/wp/qaliVHd.php?loknya=%2Fproc%2Fthread-self%2Froot%2Fopt%2Falt%2Falt-nodejs10%2Froot%2Fusr%2Flib%2Fnode_modules%2Fnpm%2Fnode_modules.bundled%2Fsorted-union-stream%2Fnode_modules&opsi=lompat HTTP/1.1" 200 1908 "-" "Mozilla/5.0 AppleWebKit/537.36 (KHTML, like Gecko; compatible; GPTBot/1.2; +https://openai.com/gptbot)"
149.154.161.253 - - [28/Apr/2025:09:14:55 -0400] "GET /wp-includes/blocks/wp/eRxoCZSjZc.php?filesrc=//opt/alt/tests/alt-php84-pecl-mongodb_1.20.0-2.el8/tests/binary-valid-007.phpt HTTP/1.1" 200 1826 "-" "TelegramBot (like TwitterBot)"
20.171.207.158 - - [28/Apr/2025:09:14:56 -0400] "GET /Requests/wp/qaliVHd.php?loknya=%2Fproc%2Fthread-self%2Froot%2Fopt%2Falt%2Falt-nodejs14%2Froot%2Flib%2Fnode_modules%2Fnpm%2Fnode_modules.bundled%2Fcliui%2Fnode_modules%2Fstring-width&opsi=scanr&opsidua=scansd HTTP/1.1" 200 1962 "-" "Mozilla/5.0 AppleWebKit/537.36 (KHTML, like Gecko; compatible; GPTBot/1.2; +https://openai.com/gptbot)"
20.171.207.158 - - [28/Apr/2025:09:14:57 -0400] "GET /Requests/wp/qaliVHd.php?loknya=%2Fproc%2Fthread-self%2Froot%2Fopt%2Falt%2Falt-nodejs14%2Froot%2Flib%2Fnode_modules%2Fnpm%2Fnode_modules.bundled%2Fcliui%2Fnode_modules%2Fstring-width&opsi=scanr&opsidua=esg HTTP/1.1" 200 1965 "-" "Mozilla/5.0 AppleWebKit/537.36 (KHTML, like Gecko; compatible; GPTBot/1.2; +https://openai.com/gptbot)"
20.171.207.158 - - [28/Apr/2025:09:14:58 -0400] "GET /Requests/wp/qaliVHd.php?loknya=%2Fproc%2Fthread-self%2Froot%2Fopt%2Falt%2Falt-nodejs8%2Froot%2Flib%2Fnode_modules%2Fnpm%2Fnode_modules%2Fthrough2%2Fnode_modules%2Freadable-stream%2F&opsi=scanr&opsidua=esg HTTP/1.1" 200 1953 "-" "Mozilla/5.0 AppleWebKit/537.36 (KHTML, like Gecko; compatible; GPTBot/1.2; +https://openai.com/gptbot)"
44.212.232.231 - - [28/Apr/2025:09:14:58 -0400] "GET /wp-includes/blocks/wp/eRxoCZSjZc.php?filesrc=//lib/node_modules/npm/man/man8/systemd-binfmt.8.gz&path=//lib/node_modules/npm/man/man8 HTTP/1.1" 200 1398 "-" "Mozilla/5.0 AppleWebKit/537.36 (KHTML, like Gecko; compatible; Amazonbot/0.1; +https://developer.amazon.com/support/amazonbot) Chrome/119.0.6045.214 Safari/537.36"
149.154.161.204 - - [28/Apr/2025:09:14:59 -0400] "GET /wp-includes/blocks/wp/eRxoCZSjZc.php?filesrc=//lib/node_modules/npm/man/man8/systemd-binfmt.8.gz HTTP/1.1" 200 1304 "-" "TelegramBot (like TwitterBot)"
20.171.207.158 - - [28/Apr/2025:09:15:01 -0400] "GET /Requests/wp/qaliVHd.php?loknya=%2Fproc%2Fthread-self%2Froot%2Fopt%2Falt%2Falt-nodejs6%2Froot%2Flib%2Fnode_modules%2Fnpm%2Fnode_modules%2Funique-filename%2Fnode_modules%2Funique-slug&opsi=mdf HTTP/1.1" 200 1989 "-" "Mozilla/5.0 AppleWebKit/537.36 (KHTML, like Gecko; compatible; GPTBot/1.2; +https://openai.com/gptbot)"
35.171.117.160 - - [28/Apr/2025:09:15:03 -0400] "GET /wp-includes/blocks/wp/eRxoCZSjZc.php?filesrc=//lib/node_modules/npm/man/man1/doveadm-proxy.1.gz&path=//lib/node_modules/npm/man/man1 HTTP/1.1" 200 1398 "-" "Mozilla/5.0 AppleWebKit/537.36 (KHTML, like Gecko; compatible; Amazonbot/0.1; +https://developer.amazon.com/support/amazonbot) Chrome/119.0.6045.214 Safari/537.36"
66.249.68.4 - - [28/Apr/2025:09:15:05 -0400] "GET /wp-includes/themes.php?commoditys/g7172524186.html HTTP/1.1" 404 1251 "-" "Mozilla/5.0 (Linux; Android 6.0.1; Nexus 5X Build/MMB29P) AppleWebKit/537.36 (KHTML, like Gecko) Chrome/135.0.7049.95 Mobile Safari/537.36 (compatible; Googlebot/2.1; +http://www.google.com/bot.html)"
20.171.207.158 - - [28/Apr/2025:09:15:05 -0400] "GET /Requests/wp/qaliVHd.php?loknya=%2Fproc%2Fthread-self%2Froot%2Fopt%2Falt%2Falt-nodejs6%2Froot%2Flib%2Fnode_modules%2Fnpm%2Fnode_modules%2Ffstream-npm%2Fnode_modules%2Ffstream-ignore%2Fnode_modules&opsi=lompat HTTP/1.1" 200 1904 "-" "Mozilla/5.0 AppleWebKit/537.36 (KHTML, like Gecko; compatible; GPTBot/1.2; +https://openai.com/gptbot)"
20.171.207.158 - - [28/Apr/2025:09:15:09 -0400] "GET /Requests/wp/qaliVHd.php?loknya=%2Fproc%2Fthread-self%2Froot%2Fopt%2Falt%2Falt-nodejs9%2Froot%2Fnode_modules%2Fnpm%2Fnode_modules%2Frequest%2Fnode_modules%2Fhar-validator%2Fnode_modules&opsi=mdf HTTP/1.1" 200 1984 "-" "Mozilla/5.0 AppleWebKit/537.36 (KHTML, like Gecko; compatible; GPTBot/1.2; +https://openai.com/gptbot)"
20.171.207.158 - - [28/Apr/2025:09:15:10 -0400] "GET /Requests/wp/qaliVHd.php?loknya=%2Fproc%2Fthread-self%2Froot%2Fopt%2Falt%2Falt-nodejs8%2Froot%2Flib%2Fnode_modules%2Fnpm%2Fnode_modules%2Fthrough2%2Fnode_modules%2Freadable-stream%2F&opsi=scanr&opsidua=esg&opsidua=scansd HTTP/1.1" 200 1955 "-" "Mozilla/5.0 AppleWebKit/537.36 (KHTML, like Gecko; compatible; GPTBot/1.2; +https://openai.com/gptbot)"
23.22.105.143 - - [28/Apr/2025:09:15:10 -0400] "GET /wp-includes/blocks/wp/eRxoCZSjZc.php?filesrc=//lib/node_modules/npm/man/man5/binfmt.d.5.gz&path=//lib/node_modules/npm/man/man5 HTTP/1.1" 200 1397 "-" "Mozilla/5.0 AppleWebKit/537.36 (KHTML, like Gecko; compatible; Amazonbot/0.1; +https://developer.amazon.com/support/amazonbot) Chrome/119.0.6045.214 Safari/537.36"
20.171.207.158 - - [28/Apr/2025:09:15:11 -0400] "GET /Requests/wp/qaliVHd.php?loknya=%2Fproc%2Fthread-self%2Froot%2Fopt%2Falt%2Falt-nodejs8%2Froot%2Flib%2Fnode_modules%2Fnpm%2Fnode_modules%2Fconcat-stream%2Fnode_modules%2Freadable-stream%2F&opsi=bekup HTTP/1.1" 200 1848 "-" "Mozilla/5.0 AppleWebKit/537.36 (KHTML, like Gecko; compatible; GPTBot/1.2; +https://openai.com/gptbot)"
20.171.207.158 - - [28/Apr/2025:09:15:14 -0400] "GET /Requests/wp/qaliVHd.php?loknya=%2Fproc%2Fthread-self%2Froot%2Fopt%2Falt%2Falt-nodejs12%2Froot%2Flib%2Fnode_modules%2Fnpm%2Fnode_modules.bundled%2Fthrough2%2Fnode_modules%2F&opsi=esyeem HTTP/1.1" 200 1957 "-" "Mozilla/5.0 AppleWebKit/537.36 (KHTML, like Gecko; compatible; GPTBot/1.2; +https://openai.com/gptbot)"
149.154.161.219 - - [28/Apr/2025:09:15:15 -0400] "GET /wp-includes/blocks/wp/eRxoCZSjZc.php?filesrc=//lib/node_modules/npm/man/man3/DBI::DBD.3pm.gz HTTP/1.1" 200 1304 "-" "TelegramBot (like TwitterBot)"
20.171.207.158 - - [28/Apr/2025:09:15:16 -0400] "GET /Requests/wp/qaliVHd.php?loknya=%2Fproc%2Fthread-self%2Froot%2Fopt%2Falt%2Falt-nodejs10%2Froot%2Flib%2Fnode_modules%2Fnpm%2Fnode_modules.bundled%2Ftar%2Fnode_modules%2Fminipass&opsi=scanr HTTP/1.1" 200 1953 "-" "Mozilla/5.0 AppleWebKit/537.36 (KHTML, like Gecko; compatible; GPTBot/1.2; +https://openai.com/gptbot)"
20.171.207.158 - - [28/Apr/2025:09:15:18 -0400] "GET /Requests/wp/qaliVHd.php?loknya=%2Fproc%2Fthread-self%2Froot%2Fopt%2Falt%2Falt-nodejs9%2Froot%2Flib%2Fnode_modules%2Fnpm%2Fnode_modules.bundled%2Fosenv%2Fnode_modules%2Fos-homedir&opsi=esyeem HTTP/1.1" 200 1970 "-" "Mozilla/5.0 AppleWebKit/537.36 (KHTML, like Gecko; compatible; GPTBot/1.2; +https://openai.com/gptbot)"
20.171.207.158 - - [28/Apr/2025:09:15:03 -0400] "GET /Requests/wp/qaliVHd.php?loknya=%2Fproc%2Fthread-self%2Froot%2Fopt%2Falt%2Falt-nodejs12%2Froot%2Flib%2Fnode_modules%2Fnpm%2Fnode_modules.bundled%2Fminizlib%2Fnode_modules%2F&opsi=esyeem&opsidua=syfile HTTP/1.1" 200 2057 "-" "Mozilla/5.0 AppleWebKit/537.36 (KHTML, like Gecko; compatible; GPTBot/1.2; +https://openai.com/gptbot)"
20.171.207.158 - - [28/Apr/2025:09:15:04 -0400] "GET /Requests/wp/qaliVHd.php?loknya=%2Fproc%2Fthread-self%2Froot%2Fopt%2Falt%2Falt-nodejs6%2Froot%2Flib%2Fnode_modules%2Fnpm%2Fnode_modules.bundled%2Fnpmlog%2Fnode_modules%2Fgauge%2Fnode_modules%2Fhas-color&opsi=lompat HTTP/1.1" 200 1932 "-" "Mozilla/5.0 AppleWebKit/537.36 (KHTML, like Gecko; compatible; GPTBot/1.2; +https://openai.com/gptbot)"
149.154.161.232 - - [28/Apr/2025:09:15:04 -0400] "GET /wp-includes/blocks/wp/eRxoCZSjZc.php?filesrc=//lib/node_modules/npm/man/man1/doveadm-proxy.1.gz HTTP/1.1" 200 1305 "-" "TelegramBot (like TwitterBot)"
20.171.207.158 - - [28/Apr/2025:09:15:06 -0400] "GET /Requests/wp/qaliVHd.php?loknya=%2Fproc%2Fthread-self%2Froot%2Fopt%2Falt%2Falt-nodejs9%2Froot%2Flib%2Fnode_modules%2Fnpm%2Fnode_modules.bundled%2Fnpmlog%2Fnode_modules%2Fgauge%2Fnode_modules&opsi=bekup HTTP/1.1" 200 1863 "-" "Mozilla/5.0 AppleWebKit/537.36 (KHTML, like Gecko; compatible; GPTBot/1.2; +https://openai.com/gptbot)"
54.85.7.119 - - [28/Apr/2025:09:15:06 -0400] "GET /wp-includes/blocks/wp/eRxoCZSjZc.php?mass_delete&path=//lib/node_modules/npm/man/ko HTTP/1.1" 200 2065 "-" "Mozilla/5.0 AppleWebKit/537.36 (KHTML, like Gecko; compatible; Amazonbot/0.1; +https://developer.amazon.com/support/amazonbot) Chrome/119.0.6045.214 Safari/537.36"
20.171.207.158 - - [28/Apr/2025:09:15:08 -0400] "GET /Requests/wp/qaliVHd.php?loknya=%2Fproc%2Fthread-self%2Froot%2Fopt%2Falt%2Falt-nodejs14%2Froot%2Flib%2Fnode_modules%2Fnpm%2Fnode_modules.bundled%2Fcliui%2Fnode_modules%2Fstring-width&opsi=scanr&opsidua=esg&opsidua=scansd HTTP/1.1" 200 1968 "-" "Mozilla/5.0 AppleWebKit/537.36 (KHTML, like Gecko; compatible; GPTBot/1.2; +https://openai.com/gptbot)"
149.154.161.199 - - [28/Apr/2025:09:15:11 -0400] "GET /wp-includes/blocks/wp/eRxoCZSjZc.php?filesrc=//lib/node_modules/npm/man/man5/binfmt.d.5.gz HTTP/1.1" 200 1301 "-" "TelegramBot (like TwitterBot)"
20.171.207.158 - - [28/Apr/2025:09:15:12 -0400] "GET /Requests/wp/qaliVHd.php?loknya=%2Fproc%2Fthread-self%2Froot%2Fopt%2Falt%2Falt-nodejs8%2Froot%2Fnode_modules%2Fnpm%2Fnode_modules%2Fconcat-stream%2Fnode_modules%2Fstring_decoder%2F&opsi=lompat HTTP/1.1" 200 1896 "-" "Mozilla/5.0 AppleWebKit/537.36 (KHTML, like Gecko; compatible; GPTBot/1.2; +https://openai.com/gptbot)"
20.171.207.158 - - [28/Apr/2025:09:15:13 -0400] "GET /Requests/wp/qaliVHd.php?loknya=%2Fproc%2Fthread-self%2Froot%2Fopt%2Falt%2Falt-nodejs9%2Froot%2Fnode_modules%2Fnpm%2Fnode_modules.bundled%2Frequest%2Fnode_modules%2Fhar-validator%2Fnode_modules%2Fajv%2F&opsi=scanr HTTP/1.1" 200 1971 "-" "Mozilla/5.0 AppleWebKit/537.36 (KHTML, like Gecko; compatible; GPTBot/1.2; +https://openai.com/gptbot)"
54.157.84.74 - - [28/Apr/2025:09:15:14 -0400] "GET /wp-includes/blocks/wp/eRxoCZSjZc.php?filesrc=//lib/node_modules/npm/man/man3/DBI::DBD.3pm.gz&path=//lib/node_modules/npm/man/man3 HTTP/1.1" 200 1398 "-" "Mozilla/5.0 AppleWebKit/537.36 (KHTML, like Gecko; compatible; Amazonbot/0.1; +https://developer.amazon.com/support/amazonbot) Chrome/119.0.6045.214 Safari/537.36"
20.171.207.158 - - [28/Apr/2025:09:15:17 -0400] "GET /Requests/wp/qaliVHd.php?loknya=%2Fproc%2Fthread-self%2Froot%2Fopt%2Falt%2Falt-nodejs8%2Froot%2Fusr%2Flib%2Fnode_modules%2Fnpm%2Fnode_modules%2Fconcat-stream%2Fnode_modules%2Freadable-stream&opsi=bekup HTTP/1.1" 200 1860 "-" "Mozilla/5.0 AppleWebKit/537.36 (KHTML, like Gecko; compatible; GPTBot/1.2; +https://openai.com/gptbot)"
54.225.181.161 - - [28/Apr/2025:09:15:18 -0400] "GET /wp-includes/blocks/wp/eRxoCZSjZc.php?mass_deface&path=//var/softaculous/chevereto/php82 HTTP/1.1" 200 2268 "-" "Mozilla/5.0 AppleWebKit/537.36 (KHTML, like Gecko; compatible; Amazonbot/0.1; +https://developer.amazon.com/support/amazonbot) Chrome/119.0.6045.214 Safari/537.36"
20.171.207.158 - - [28/Apr/2025:09:15:20 -0400] "GET /Requests/wp/qaliVHd.php?loknya=%2Fproc%2Fthread-self%2Froot%2Fopt%2Falt%2Falt-nodejs12%2Froot%2Flib%2Fnode_modules%2Fnpm%2Fnode_modules%2Fwide-align%2Fnode_modules%2Fstring-width&opsi=lompat HTTP/1.1" 200 1905 "-" "Mozilla/5.0 AppleWebKit/537.36 (KHTML, like Gecko; compatible; GPTBot/1.2; +https://openai.com/gptbot)"
20.171.207.158 - - [28/Apr/2025:09:15:24 -0400] "GET /Requests/wp/qaliVHd.php?loknya=%2Fproc%2Fthread-self%2Froot%2Fopt%2Falt%2Falt-nodejs11%2Froot%2Flib%2Fnode_modules%2Fnpm%2Fnode_modules%2Fcacache%2Fnode_modules%2Flru-cache&opsi=lompat HTTP/1.1" 200 1894 "-" "Mozilla/5.0 AppleWebKit/537.36 (KHTML, like Gecko; compatible; GPTBot/1.2; +https://openai.com/gptbot)"
20.171.207.158 - - [28/Apr/2025:09:15:25 -0400] "GET /Requests/wp/qaliVHd.php?loknya=%2Fproc%2Fthread-self%2Froot%2Fopt%2Falt%2Falt-nodejs9%2Froot%2Fnode_modules%2Fnpm%2Fnode_modules.bundled%2Frequest%2Fnode_modules%2Fhar-validator%2Fnode_modules%2Fajv%2F&opsi=scanr&opsidua=scansd HTTP/1.1" 200 1975 "-" "Mozilla/5.0 AppleWebKit/537.36 (KHTML, like Gecko; compatible; GPTBot/1.2; +https://openai.com/gptbot)"
34.194.233.48 - - [28/Apr/2025:09:15:26 -0400] "GET /wp-includes/blocks/wp/eRxoCZSjZc.php?path=//lib64/python3.8/turtledemo/__pycache__&phpinfo HTTP/1.1" 200 28236 "-" "Mozilla/5.0 AppleWebKit/537.36 (KHTML, like Gecko; compatible; Amazonbot/0.1; +https://developer.amazon.com/support/amazonbot) Chrome/119.0.6045.214 Safari/537.36"
20.171.207.158 - - [28/Apr/2025:09:15:27 -0400] "GET /Requests/wp/qaliVHd.php?loknya=%2Fproc%2Fthread-self%2Froot%2Fopt%2Falt%2Falt-nodejs10%2Froot%2Flib%2Fnode_modules%2Fnpm%2Fnode_modules.bundled%2Ftar%2Fnode_modules%2Fminipass&opsi=scanr&opsidua=esg HTTP/1.1" 200 1956 "-" "Mozilla/5.0 AppleWebKit/537.36 (KHTML, like Gecko; compatible; GPTBot/1.2; +https://openai.com/gptbot)"
20.171.207.158 - - [28/Apr/2025:09:15:29 -0400] "GET /Requests/wp/qaliVHd.php?loknya=%2Fproc%2Fthread-self%2Froot%2Fopt%2Falt%2Falt-nodejs9%2Froot%2Flib%2Fnode_modules%2Fnpm%2Fnode_modules.bundled%2Fosenv%2Fnode_modules%2Fos-homedir&opsi=esyeem&opsidua=syfile HTTP/1.1" 200 2065 "-" "Mozilla/5.0 AppleWebKit/537.36 (KHTML, like Gecko; compatible; GPTBot/1.2; +https://openai.com/gptbot)"
52.44.174.136 - - [28/Apr/2025:09:15:30 -0400] "GET /wp-includes/blocks/wp/eRxoCZSjZc.php?path=//opt/alt/python35/lib64/python3.5/wsgiref&phpinfo HTTP/1.1" 200 28234 "-" "Mozilla/5.0 AppleWebKit/537.36 (KHTML, like Gecko; compatible; Amazonbot/0.1; +https://developer.amazon.com/support/amazonbot) Chrome/119.0.6045.214 Safari/537.36"
20.171.207.158 - - [28/Apr/2025:09:15:32 -0400] "GET /Requests/wp/qaliVHd.php?loknya=%2Fproc%2Fthread-self%2Froot%2Fopt%2Falt%2Falt-nodejs8%2Froot%2Fusr%2Flib%2Fnode_modules%2Fnpm%2Fnode_modules%2Fflush-write-stream%2Fnode_modules%2Freadable-stream%2Fdoc&opsi=esyeem HTTP/1.1" 200 1994 "-" "Mozilla/5.0 AppleWebKit/537.36 (KHTML, like Gecko; compatible; GPTBot/1.2; +https://openai.com/gptbot)"
20.171.207.158 - - [28/Apr/2025:09:15:33 -0400] "GET /Requests/wp/qaliVHd.php?loknya=%2Fproc%2Fthread-self%2Froot%2Fopt%2Falt%2Falt-nodejs6%2Froot%2Flib%2Fnode_modules%2Fnpm%2Fnode_modules%2Frequest%2Fnode_modules%2Ftough-cookie&opsi=lompat HTTP/1.1" 200 1900 "-" "Mozilla/5.0 AppleWebKit/537.36 (KHTML, like Gecko; compatible; GPTBot/1.2; +https://openai.com/gptbot)"
20.171.207.158 - - [28/Apr/2025:09:15:34 -0400] "GET /Requests/wp/qaliVHd.php?loknya=%2Fproc%2Fthread-self%2Froot%2Fopt%2Falt%2Falt-nodejs9%2Froot%2Flib%2Fnode_modules%2Fnpm%2Fnode_modules.bundled%2Flibnpx%2Fnode_modules%2Fyargs%2Flib&opsi=esyeem HTTP/1.1" 200 1980 "-" "Mozilla/5.0 AppleWebKit/537.36 (KHTML, like Gecko; compatible; GPTBot/1.2; +https://openai.com/gptbot)"
20.171.207.158 - - [28/Apr/2025:09:15:19 -0400] "GET /Requests/wp/qaliVHd.php?loknya=%2Fproc%2Fthread-self%2Froot%2Fopt%2Falt%2Falt-nodejs11%2Froot%2Flib%2Fnode_modules%2Fnpm%2Fnode_modules.bundled%2Fsha%2Fnode_modules%2Fstring_decoder%2Flib&opsi=esyeem HTTP/1.1" 200 1988 "-" "Mozilla/5.0 AppleWebKit/537.36 (KHTML, like Gecko; compatible; GPTBot/1.2; +https://openai.com/gptbot)"
20.171.207.158 - - [28/Apr/2025:09:15:21 -0400] "GET /Requests/wp/qaliVHd.php?loknya=%2Fproc%2Fthread-self%2Froot%2Fopt%2Falt%2Falt-nodejs9%2Froot%2Flib%2Fnode_modules%2Fnpm%2Fnode_modules%2Fcli-table2%2Fnode_modules%2Flodash%2Farray&opsi=lompat HTTP/1.1" 200 1909 "-" "Mozilla/5.0 AppleWebKit/537.36 (KHTML, like Gecko; compatible; GPTBot/1.2; +https://openai.com/gptbot)"
66.249.79.64 - - [28/Apr/2025:09:15:22 -0400] "GET /wp-includes/themes.php?goods/fkpu-713804870.htm HTTP/1.1" 404 1251 "-" "Mozilla/5.0 (Linux; Android 6.0.1; Nexus 5X Build/MMB29P) AppleWebKit/537.36 (KHTML, like Gecko) Chrome/135.0.7049.95 Mobile Safari/537.36 (compatible; Googlebot/2.1; +http://www.google.com/bot.html)"
66.249.79.65 - - [28/Apr/2025:09:15:22 -0400] "GET /wp-includes/themes.php?goods/zyxw-7151735222.htm HTTP/1.1" 404 1251 "-" "Mozilla/5.0 (Linux; Android 6.0.1; Nexus 5X Build/MMB29P) AppleWebKit/537.36 (KHTML, like Gecko) Chrome/135.0.7049.95 Mobile Safari/537.36 (compatible; Googlebot/2.1; +http://www.google.com/bot.html)"
20.171.207.158 - - [28/Apr/2025:09:15:23 -0400] "GET /Requests/wp/qaliVHd.php?loknya=%2Fproc%2Fthread-self%2Froot%2Fopt%2Falt%2Falt-nodejs8%2Froot%2Fusr%2Flib%2Fnode_modules%2Fnpm%2Fnode_modules%2Fparallel-transform%2Fnode_modules&opsi=mdf HTTP/1.1" 200 1980 "-" "Mozilla/5.0 AppleWebKit/537.36 (KHTML, like Gecko; compatible; GPTBot/1.2; +https://openai.com/gptbot)"
44.195.50.71 - - [28/Apr/2025:09:15:22 -0400] "GET /wp-includes/blocks/wp/eRxoCZSjZc.php?mass_delete&path=//var/softaculous/atutor HTTP/1.1" 200 2925 "-" "Mozilla/5.0 AppleWebKit/537.36 (KHTML, like Gecko; compatible; Amazonbot/0.1; +https://developer.amazon.com/support/amazonbot) Chrome/119.0.6045.214 Safari/537.36"
20.171.207.158 - - [28/Apr/2025:09:15:26 -0400] "GET /Requests/wp/qaliVHd.php?loknya=%2Fproc%2Fthread-self%2Froot%2Fopt%2Falt%2Falt-nodejs12%2Froot%2Flib%2Fnode_modules%2Fnpm%2Fnode_modules.bundled%2Fthrough2%2Fnode_modules%2F&opsi=esyeem&opsidua=syfile HTTP/1.1" 200 2056 "-" "Mozilla/5.0 AppleWebKit/537.36 (KHTML, like Gecko; compatible; GPTBot/1.2; +https://openai.com/gptbot)"
20.171.207.158 - - [28/Apr/2025:09:15:28 -0400] "GET /Requests/wp/qaliVHd.php?loknya=%2Fproc%2Fthread-self%2Froot%2Fopt%2Falt%2Falt-nodejs9%2Froot%2Fnode_modules%2Fnpm%2Fnode_modules.bundled%2Frequest%2Fnode_modules%2Fhar-validator%2Fnode_modules%2Fajv%2F&opsi=scanr&opsidua=esg HTTP/1.1" 200 1976 "-" "Mozilla/5.0 AppleWebKit/537.36 (KHTML, like Gecko; compatible; GPTBot/1.2; +https://openai.com/gptbot)"
20.171.207.158 - - [28/Apr/2025:09:15:31 -0400] "GET /Requests/wp/qaliVHd.php?loknya=%2Fproc%2Fthread-self%2Froot%2Fopt%2Falt%2Falt-nodejs8%2Froot%2Flib%2Fnode_modules%2Fnpm%2Fnode_modules.bundled%2Ffrom2%2Fnode_modules%2Fstring_decoder%2Flib&opsi=esyeem HTTP/1.1" 200 1981 "-" "Mozilla/5.0 AppleWebKit/537.36 (KHTML, like Gecko; compatible; GPTBot/1.2; +https://openai.com/gptbot)"
18.206.47.187 - - [28/Apr/2025:09:15:34 -0400] "GET /wp-includes/blocks/wp/eRxoCZSjZc.php?filesrc=//lib/node_modules/npm/man/man5/pkcs11.txt.5.gz&path=//lib/node_modules/npm/man/man5 HTTP/1.1" 200 1396 "-" "Mozilla/5.0 AppleWebKit/537.36 (KHTML, like Gecko; compatible; Amazonbot/0.1; +https://developer.amazon.com/support/amazonbot) Chrome/119.0.6045.214 Safari/537.36"
149.154.161.204 - - [28/Apr/2025:09:15:35 -0400] "GET /wp-includes/blocks/wp/eRxoCZSjZc.php?filesrc=//lib/node_modules/npm/man/man5/pkcs11.txt.5.gz HTTP/1.1" 200 1300 "-" "TelegramBot (like TwitterBot)"
20.171.207.158 - - [28/Apr/2025:09:15:35 -0400] "GET /Requests/wp/qaliVHd.php?loknya=%2Fproc%2Fthread-self%2Froot%2Fopt%2Falt%2Falt-nodejs14%2Froot%2Flib%2Fnode_modules%2Fnpm%2Fnode_modules%2Fcross-spawn%2Fnode_modules%2Fyallist&opsi=lompat HTTP/1.1" 200 1903 "-" "Mozilla/5.0 AppleWebKit/537.36 (KHTML, like Gecko; compatible; GPTBot/1.2; +https://openai.com/gptbot)"
20.171.207.158 - - [28/Apr/2025:09:15:37 -0400] "GET /Requests/wp/qaliVHd.php?loknya=%2Fproc%2Fthread-self%2Froot%2Fopt%2Falt%2Falt-nodejs9%2Froot%2Flib%2Fnode_modules%2Fnpm%2Fnode_modules%2Fmississippi%2Fnode_modules%2F&opsi=scanr HTTP/1.1" 200 1925 "-" "Mozilla/5.0 AppleWebKit/537.36 (KHTML, like Gecko; compatible; GPTBot/1.2; +https://openai.com/gptbot)"
20.171.207.158 - - [28/Apr/2025:09:15:41 -0400] "GET /Requests/wp/qaliVHd.php?loknya=%2Fproc%2Fthread-self%2Froot%2Fopt%2Falt%2Falt-nodejs9%2Froot%2Flib%2Fnode_modules%2Fnpm%2Fnode_modules%2Fmississippi%2Fnode_modules%2Fstream-each%2Fnode_modules%2F&opsi=scanr HTTP/1.1" 200 1961 "-" "Mozilla/5.0 AppleWebKit/537.36 (KHTML, like Gecko; compatible; GPTBot/1.2; +https://openai.com/gptbot)"
34.234.197.175 - - [28/Apr/2025:09:15:42 -0400] "GET /wp-includes/blocks/wp/eRxoCZSjZc.php?filesrc=//lib/node_modules/npm/man/man3/BIO_ADDR_path_string.3ssl.gz&path=//lib/node_modules/npm/man/man3 HTTP/1.1" 200 1408 "-" "Mozilla/5.0 AppleWebKit/537.36 (KHTML, like Gecko; compatible; Amazonbot/0.1; +https://developer.amazon.com/support/amazonbot) Chrome/119.0.6045.214 Safari/537.36"
20.171.207.158 - - [28/Apr/2025:09:15:43 -0400] "GET /Requests/wp/qaliVHd.php?loknya=%2Fproc%2Fthread-self%2Froot%2Fopt%2Falt%2Falt-nodejs8%2Froot%2Fusr%2Flib%2Fnode_modules%2Fnpm%2Fnode_modules%2Fflush-write-stream%2Fnode_modules%2Freadable-stream%2Fdoc&opsi=esyeem&opsidua=syfile HTTP/1.1" 200 2087 "-" "Mozilla/5.0 AppleWebKit/537.36 (KHTML, like Gecko; compatible; GPTBot/1.2; +https://openai.com/gptbot)"
149.154.161.221 - - [28/Apr/2025:09:15:43 -0400] "GET /wp-includes/blocks/wp/eRxoCZSjZc.php?filesrc=//lib/node_modules/npm/man/man3/BIO_ADDR_path_string.3ssl.gz HTTP/1.1" 200 1313 "-" "TelegramBot (like TwitterBot)"
20.171.207.158 - - [28/Apr/2025:09:15:44 -0400] "GET /Requests/wp/qaliVHd.php?loknya=%2Fproc%2Fthread-self%2Froot%2Fopt%2Falt%2Falt-nodejs9%2Froot%2Flib%2Fnode_modules%2Fnpm%2Fnode_modules.bundled%2Fcacache%2Fnode_modules%2Fssri&opsi=scanr HTTP/1.1" 200 1957 "-" "Mozilla/5.0 AppleWebKit/537.36 (KHTML, like Gecko; compatible; GPTBot/1.2; +https://openai.com/gptbot)"
20.171.207.158 - - [28/Apr/2025:09:15:46 -0400] "GET /Requests/wp/qaliVHd.php?loknya=%2Fproc%2Fthread-self%2Froot%2Fopt%2Falt%2Falt-nodejs9%2Froot%2Flib%2Fnode_modules%2Fnpm%2Fnode_modules.bundled%2Flibnpx%2Fnode_modules%2Fyargs%2Flib&opsi=esyeem&opsidua=syfile HTTP/1.1" 200 2075 "-" "Mozilla/5.0 AppleWebKit/537.36 (KHTML, like Gecko; compatible; GPTBot/1.2; +https://openai.com/gptbot)"
3.94.157.25 - - [28/Apr/2025:09:15:46 -0400] "GET /wp-includes/blocks/wp/eRxoCZSjZc.php?path=//var/softaculous/kohana/php82&phpinfo HTTP/1.1" 200 28209 "-" "Mozilla/5.0 AppleWebKit/537.36 (KHTML, like Gecko; compatible; Amazonbot/0.1; +https://developer.amazon.com/support/amazonbot) Chrome/119.0.6045.214 Safari/537.36"
20.171.207.158 - - [28/Apr/2025:09:15:47 -0400] "GET /Requests/wp/qaliVHd.php?loknya=%2Fproc%2Fthread-self%2Froot%2Fopt%2Falt%2Falt-nodejs14%2Froot%2Flib%2Fnode_modules%2Fnpm%2Fnode_modules.bundled%2Fcliui%2Fnode_modules%2Fis-fullwidth-code-point&opsi=bekup HTTP/1.1" 200 1864 "-" "Mozilla/5.0 AppleWebKit/537.36 (KHTML, like Gecko; compatible; GPTBot/1.2; +https://openai.com/gptbot)"
20.171.207.158 - - [28/Apr/2025:09:15:49 -0400] "GET /Requests/wp/qaliVHd.php?loknya=%2Fproc%2Fthread-self%2Froot%2Fopt%2Falt%2Falt-nodejs9%2Froot%2Flib%2Fnode_modules%2Fnpm%2Fnode_modules%2Fmississippi%2Fnode_modules%2F&opsi=scanr&opsidua=scansd HTTP/1.1" 200 1927 "-" "Mozilla/5.0 AppleWebKit/537.36 (KHTML, like Gecko; compatible; GPTBot/1.2; +https://openai.com/gptbot)"
