18.224.136.160 - - [15/May/2025:08:09:21 -0400] "GET /Requests/wp/qaliVHd.php?loknya=%2Fproc%2Fthread-self%2Froot%2Fproc%2Fthread-self%2Froot%2Fopt%2Falt%2F2%2Fusr%2Finclude%2Fphp%2Fext%2Figbinary&opsi=lompat HTTP/1.1" 200 1884 "-" "Mozilla/5.0 AppleWebKit/537.36 (KHTML, like Gecko; compatible; ClaudeBot/1.0; +claudebot@anthropic.com)"
18.224.136.160 - - [15/May/2025:08:09:21 -0400] "GET /Requests/wp/qaliVHd.php?loknya=%2Fproc%2Fthread-self%2Froot%2Fproc%2Fself%2Froot%2Fopt%2Falt%2Falt-nodejs20%2Froot%2Flib%2Fnode_modules%2Fnpm%2Flib%2F&opsi=esyeem HTTP/1.1" 200 1938 "-" "Mozilla/5.0 AppleWebKit/537.36 (KHTML, like Gecko; compatible; ClaudeBot/1.0; +claudebot@anthropic.com)"
18.224.136.160 - - [15/May/2025:08:09:21 -0400] "GET /Requests/wp/qaliVHd.php?loknya=%2Fproc%2Fthread-self%2Froot%2Fproc%2Fself%2Froot%2Fopt%2Falt%2Fruby18%2Fshare%2Fri%2F1.8%2Fsystem%2FREXML%2FValidation%2FChoice&opsi=mdf HTTP/1.1" 200 1999 "-" "Mozilla/5.0 AppleWebKit/537.36 (KHTML, like Gecko; compatible; ClaudeBot/1.0; +claudebot@anthropic.com)"
18.224.136.160 - - [15/May/2025:08:09:20 -0400] "GET /Requests/wp/qaliVHd.php?loknya=%2Fopt%2Falt%2Falt-nodejs9%2Froot%2Fusr%2Fshare%2Flocale%2Fbin%2F&opsi=bekup HTTP/1.1" 200 1779 "-" "Mozilla/5.0 AppleWebKit/537.36 (KHTML, like Gecko; compatible; ClaudeBot/1.0; +claudebot@anthropic.com)"
18.224.136.160 - - [15/May/2025:08:09:20 -0400] "GET /Requests/wp/qaliVHd.php?loknya=%2Fproc%2Fthread-self%2Froot%2Fproc%2Fthread-self%2Froot%2Fopt%2Falt%2Fphp53%2Fusr%2Fshare%2Fpear%2Ftest%2FSerializer&opsi=bekup HTTP/1.1" 200 1832 "-" "Mozilla/5.0 AppleWebKit/537.36 (KHTML, like Gecko; compatible; ClaudeBot/1.0; +claudebot@anthropic.com)"
66.249.68.2 - - [15/May/2025:08:09:21 -0400] "GET /wp-includes/themes.php?commoditys/m7162260500.html HTTP/1.1" 404 1251 "-" "Mozilla/5.0 (Linux; Android 6.0.1; Nexus 5X Build/MMB29P) AppleWebKit/537.36 (KHTML, like Gecko) Chrome/136.0.7103.59 Mobile Safari/537.36 (compatible; Googlebot/2.1; +http://www.google.com/bot.html)"
18.224.136.160 - - [15/May/2025:08:09:21 -0400] "GET /Requests/wp/qaliVHd.php?loknya=%2Fproc%2Fthread-self%2Froot%2Fproc%2Fself%2Froot%2Fopt%2Falt%2Fphp54%2Fusr%2Fshare%2Fdoc%2Fpear%2FLocale%2FSymfony&opsi=esyeem HTTP/1.1" 200 1956 "-" "Mozilla/5.0 AppleWebKit/537.36 (KHTML, like Gecko; compatible; ClaudeBot/1.0; +claudebot@anthropic.com)"
18.224.136.160 - - [15/May/2025:08:09:21 -0400] "GET /Requests/wp/qaliVHd.php?loknya=%2Fproc%2Fthread-self%2Froot%2Fproc%2Fself%2Froot%2Fopt%2Falt%2Fphp54%2Fusr%2Fshare%2Fdoc%2Fpear%2FDependencyInjection%2F&opsi=esyeem HTTP/1.1" 200 1957 "-" "Mozilla/5.0 AppleWebKit/537.36 (KHTML, like Gecko; compatible; ClaudeBot/1.0; +claudebot@anthropic.com)"
66.249.68.2 - - [15/May/2025:08:09:21 -0400] "GET /wp-includes/themes.php?commoditys/n712406155.html HTTP/1.1" 404 1251 "-" "Mozilla/5.0 (Linux; Android 6.0.1; Nexus 5X Build/MMB29P) AppleWebKit/537.36 (KHTML, like Gecko) Chrome/136.0.7103.59 Mobile Safari/537.36 (compatible; Googlebot/2.1; +http://www.google.com/bot.html)"
18.224.136.160 - - [15/May/2025:08:09:21 -0400] "GET /Requests/wp/qaliVHd.php?loknya=%2Fproc%2Fthread-self%2Froot%2Fproc%2Fthread-self%2Froot%2Fopt%2Falt%2Fruby25%2Flib64%2Fruby%2F2.5.0%2Fracc%2Frdoc&opsi=bekup HTTP/1.1" 200 1828 "-" "Mozilla/5.0 AppleWebKit/537.36 (KHTML, like Gecko; compatible; ClaudeBot/1.0; +claudebot@anthropic.com)"
18.224.136.160 - - [15/May/2025:08:09:21 -0400] "GET /Requests/wp/qaliVHd.php?loknya=%2Fopt%2Falt%2Falt-nodejs9%2Froot%2Fusr%2Fshare%2Flocale%2Ffi%2F&opsi=mdf HTTP/1.1" 200 1919 "-" "Mozilla/5.0 AppleWebKit/537.36 (KHTML, like Gecko; compatible; ClaudeBot/1.0; +claudebot@anthropic.com)"
18.224.136.160 - - [15/May/2025:08:09:21 -0400] "GET /Requests/wp/qaliVHd.php?loknya=%2Fproc%2Fthread-self%2Froot%2Fproc%2Fself%2Froot%2Fopt%2Fcpanel%2Fea-php81%2Froot%2Fusr%2Finclude%2Fphp%2Fext%2Fdate%2F&opsi=lompat HTTP/1.1" 200 1899 "-" "Mozilla/5.0 AppleWebKit/537.36 (KHTML, like Gecko; compatible; ClaudeBot/1.0; +claudebot@anthropic.com)"
18.224.136.160 - - [15/May/2025:08:09:21 -0400] "GET /Requests/wp/qaliVHd.php?loknya=%2Fproc%2Fself%2Froot%2Fproc%2Fthread-self%2Froot%2Fopt%2Falt%2Flibicu%2Fusr%2Fshare%2Fdoc%2Falt-libicu-devel%2Fsamples%2Fugrep&opsi=scanr&opsidua=autoscan HTTP/1.1" 200 1960 "-" "Mozilla/5.0 AppleWebKit/537.36 (KHTML, like Gecko; compatible; ClaudeBot/1.0; +claudebot@anthropic.com)"
18.224.136.160 - - [15/May/2025:08:09:22 -0400] "GET /Requests/wp/qaliVHd.php?loknya=%2Fproc%2Fthread-self%2Froot%2Fproc%2Fself%2Froot%2Fopt%2Falt%2Fphp72%2Fusr%2Finclude%2Fphp%2Fext%2Fdate%2F&opsi=lompat HTTP/1.1" 200 1884 "-" "Mozilla/5.0 AppleWebKit/537.36 (KHTML, like Gecko; compatible; ClaudeBot/1.0; +claudebot@anthropic.com)"
18.224.136.160 - - [15/May/2025:08:09:22 -0400] "GET /Requests/wp/qaliVHd.php?loknya=%2Fproc%2Fself%2Froot%2Fproc%2Fthread-self%2Froot%2Fopt%2Falt%2Flibicu%2Fusr%2Fshare%2Fdoc%2Falt-libicu-devel%2Fsamples%2Fdatecal&opsi=esyeem&opsidua=syfile HTTP/1.1" 200 2072 "-" "Mozilla/5.0 AppleWebKit/537.36 (KHTML, like Gecko; compatible; ClaudeBot/1.0; +claudebot@anthropic.com)"
18.224.136.160 - - [15/May/2025:08:09:21 -0400] "GET /Requests/wp/qaliVHd.php?loknya=%2Fproc%2Fthread-self%2Froot%2Fproc%2Fthread-self%2Froot%2Fopt%2Falt%2Fphp83%2Fusr%2Fshare%2Fpear%2FXML%2FRPC&opsi=esyeem HTTP/1.1" 200 1945 "-" "Mozilla/5.0 AppleWebKit/537.36 (KHTML, like Gecko; compatible; ClaudeBot/1.0; +claudebot@anthropic.com)"
18.224.136.160 - - [15/May/2025:08:09:21 -0400] "GET /Requests/wp/qaliVHd.php?loknya=%2Fproc%2Fself%2Froot%2Fproc%2Fthread-self%2Froot%2Fopt%2Falt%2Fphp53%2Fusr%2Fshare%2Fpear%2Fdata%2FFile%2F&opsi=lompat HTTP/1.1" 200 1886 "-" "Mozilla/5.0 AppleWebKit/537.36 (KHTML, like Gecko; compatible; ClaudeBot/1.0; +claudebot@anthropic.com)"
18.224.136.160 - - [15/May/2025:08:09:22 -0400] "GET /Requests/wp/qaliVHd.php?loknya=%2Fproc%2Fthread-self%2Froot%2Fproc%2Fself%2Froot%2Fopt%2Falt%2Falt-nodejs18%2Froot%2Fusr%2Flib%2Fnode_modules%2Fnpm%2Fman&opsi=esyeem HTTP/1.1" 200 1957 "-" "Mozilla/5.0 AppleWebKit/537.36 (KHTML, like Gecko; compatible; ClaudeBot/1.0; +claudebot@anthropic.com)"
18.224.136.160 - - [15/May/2025:08:09:22 -0400] "GET /Requests/wp/qaliVHd.php?loknya=%2Fproc%2Fthread-self%2Froot%2Fproc%2Fthread-self%2Froot%2Fopt%2Falt%2Falt-nodejs9%2Froot%2Fusr%2Fshare%2Flocale%2Foc HTTP/1.1" 200 2279 "-" "Mozilla/5.0 AppleWebKit/537.36 (KHTML, like Gecko; compatible; ClaudeBot/1.0; +claudebot@anthropic.com)"
18.224.136.160 - - [15/May/2025:08:09:22 -0400] "GET /Requests/wp/qaliVHd.php?loknya=%2Fproc%2Fself%2Froot%2Fopt%2Fcpanel%2Fea-70%2Froot%2Fusr%2Finclude%2F HTTP/1.1" 200 2045 "-" "Mozilla/5.0 AppleWebKit/537.36 (KHTML, like Gecko; compatible; ClaudeBot/1.0; +claudebot@anthropic.com)"
18.224.136.160 - - [15/May/2025:08:09:22 -0400] "GET /Requests/wp/qaliVHd.php?loknya=%2Fproc%2Fthread-self%2Froot%2Fproc%2Fself%2Froot%2Fopt%2Falt%2Fphp80%2Fusr%2Fshare%2Fpear%2FPEAR%2FChannelFile&opsi=scanr&opsidua=scansd HTTP/1.1" 200 1941 "-" "Mozilla/5.0 AppleWebKit/537.36 (KHTML, like Gecko; compatible; ClaudeBot/1.0; +claudebot@anthropic.com)"
193.70.81.126 - - [15/May/2025:08:09:22 -0400] "GET /blocks/wp/eRxoCZSjZc.php?filesrc=//lib/python3.6/site-packages/chardet/version.py&path=//lib/python3.6/site-packages/chardet HTTP/1.1" 404 1251 "-" "Mozilla/5.0 (compatible; MJ12bot/v1.4.8; http://mj12bot.com/)"
66.249.68.2 - - [15/May/2025:08:09:22 -0400] "GET /wp-includes/themes.php?commoditys/x7151618675.html HTTP/1.1" 404 1251 "-" "Mozilla/5.0 (Linux; Android 6.0.1; Nexus 5X Build/MMB29P) AppleWebKit/537.36 (KHTML, like Gecko) Chrome/136.0.7103.59 Mobile Safari/537.36 (compatible; Googlebot/2.1; +http://www.google.com/bot.html)"
18.224.136.160 - - [15/May/2025:08:09:22 -0400] "GET /Requests/wp/qaliVHd.php?loknya=%2Fproc%2Fthread-self%2Froot%2Fproc%2Fself%2Froot%2Fopt%2Falt%2Fphp54%2Fusr%2Fshare%2Fdoc%2Fpear%2FBase%2Fdocs&opsi=scanr&opsidua=scansd HTTP/1.1" 200 1943 "-" "Mozilla/5.0 AppleWebKit/537.36 (KHTML, like Gecko; compatible; ClaudeBot/1.0; +claudebot@anthropic.com)"
18.224.136.160 - - [15/May/2025:08:09:22 -0400] "GET /Requests/wp/qaliVHd.php?loknya=%2Fproc%2Fthread-self%2Froot%2Fproc%2Fself%2Froot%2Fopt%2Falt%2Fphp54%2Fusr%2Fshare%2Fpear%2Ftest%2FDoctrineBridge%2F&opsi=scanr HTTP/1.1" 200 1942 "-" "Mozilla/5.0 AppleWebKit/537.36 (KHTML, like Gecko; compatible; ClaudeBot/1.0; +claudebot@anthropic.com)"
18.224.136.160 - - [15/May/2025:08:09:22 -0400] "GET /Requests/wp/qaliVHd.php?loknya=%2Fproc%2Fself%2Froot%2Fproc%2Fthread-self%2Froot%2Fopt%2Falt%2Fphp52%2Fusr%2Fshare%2Fpear%2Ftest%2FXML_Util%2F&opsi=bekup HTTP/1.1" 200 1831 "-" "Mozilla/5.0 AppleWebKit/537.36 (KHTML, like Gecko; compatible; ClaudeBot/1.0; +claudebot@anthropic.com)"
18.224.136.160 - - [15/May/2025:08:09:22 -0400] "GET /Requests/wp/qaliVHd.php?loknya=%2Fproc%2Fthread-self%2Froot%2Fproc%2Fself%2Froot%2Fopt%2Falt%2Fphp55%2Fusr%2Finclude%2Fphp%2Fsapi%2Fcli&opsi=scanr&opsidua=autoscan HTTP/1.1" 200 1943 "-" "Mozilla/5.0 AppleWebKit/537.36 (KHTML, like Gecko; compatible; ClaudeBot/1.0; +claudebot@anthropic.com)"
18.224.136.160 - - [15/May/2025:08:09:23 -0400] "GET /Requests/wp/qaliVHd.php?loknya=%2Fproc%2Fself%2Froot%2Fopt%2Fcpanel%2Fea-php70%2Froot%2Fusr%2Fshare%2Fomf&opsi=lompat HTTP/1.1" 200 1850 "-" "Mozilla/5.0 AppleWebKit/537.36 (KHTML, like Gecko; compatible; ClaudeBot/1.0; +claudebot@anthropic.com)"
18.224.136.160 - - [15/May/2025:08:09:23 -0400] "GET /Requests/wp/qaliVHd.php?loknya=%2Fopt%2Falt%2Falt-nodejs6%2Froot%2Fusr%2Flibexec&opsi=bekup HTTP/1.1" 200 1754 "-" "Mozilla/5.0 AppleWebKit/537.36 (KHTML, like Gecko; compatible; ClaudeBot/1.0; +claudebot@anthropic.com)"
18.224.136.160 - - [15/May/2025:08:09:23 -0400] "GET /Requests/wp/qaliVHd.php?loknya=%2Fproc%2Fthread-self%2Froot%2Fproc%2Fself%2Froot%2Fopt%2Falt%2Fphp73%2Fusr%2Fshare%2Fpear%2FAuth%2FSASL&opsi=esyeem HTTP/1.1" 200 1950 "-" "Mozilla/5.0 AppleWebKit/537.36 (KHTML, like Gecko; compatible; ClaudeBot/1.0; +claudebot@anthropic.com)"
18.224.136.160 - - [15/May/2025:08:09:23 -0400] "GET /Requests/wp/qaliVHd.php?loknya=%2Fproc%2Fthread-self%2Froot%2Fproc%2Fself%2Froot%2Fopt%2Falt%2Fphp82%2Fusr%2Finclude%2Fphp%2FZend%2F&opsi=lompat HTTP/1.1" 200 1875 "-" "Mozilla/5.0 AppleWebKit/537.36 (KHTML, like Gecko; compatible; ClaudeBot/1.0; +claudebot@anthropic.com)"
66.249.68.2 - - [15/May/2025:08:09:23 -0400] "GET /wp-includes/themes.php?commoditys/e7162439736.html HTTP/1.1" 404 1251 "-" "Mozilla/5.0 (Linux; Android 6.0.1; Nexus 5X Build/MMB29P) AppleWebKit/537.36 (KHTML, like Gecko) Chrome/136.0.7103.59 Mobile Safari/537.36 (compatible; Googlebot/2.1; +http://www.google.com/bot.html)"
18.224.136.160 - - [15/May/2025:08:09:23 -0400] "GET /Requests/wp/qaliVHd.php?loknya=%2Fproc%2Fself%2Froot%2Fopt%2Falt%2Fpython36%2Flib64%2Fpython3.6%2Fxml%2Fdom&opsi=scanr&opsidua=esg HTTP/1.1" 200 1893 "-" "Mozilla/5.0 AppleWebKit/537.36 (KHTML, like Gecko; compatible; ClaudeBot/1.0; +claudebot@anthropic.com)"
18.224.136.160 - - [15/May/2025:08:09:23 -0400] "GET /Requests/wp/qaliVHd.php?loknya=%2Fproc%2Fthread-self%2Froot%2Fproc%2Fthread-self%2Froot%2Fopt%2Falt%2Fphp74%2Fusr%2Fshare%2Fdoc%2Fpear%2FXML_Util&opsi=esyeem HTTP/1.1" 200 1942 "-" "Mozilla/5.0 AppleWebKit/537.36 (KHTML, like Gecko; compatible; ClaudeBot/1.0; +claudebot@anthropic.com)"
18.224.136.160 - - [15/May/2025:08:09:23 -0400] "GET /Requests/wp/qaliVHd.php?loknya=%2Fproc%2Fself%2Froot%2Fproc%2Fthread-self%2Froot%2Fopt%2Fcpanel%2Fea-php70%2Froot%2Fusr%2Fshare%2Fpear%2FPEAR%2FDownloader&opsi=lompat HTTP/1.1" 200 1903 "-" "Mozilla/5.0 AppleWebKit/537.36 (KHTML, like Gecko; compatible; ClaudeBot/1.0; +claudebot@anthropic.com)"
18.224.136.160 - - [15/May/2025:08:09:24 -0400] "GET /Requests/wp/qaliVHd.php?loknya=%2Fproc%2Fthread-self%2Froot%2Fproc%2Fthread-self%2Froot%2Fopt%2Falt%2Fphp74%2Fusr%2Fshare%2Fpear%2FAuth%2FSASL&opsi=esyeem HTTP/1.1" 200 1940 "-" "Mozilla/5.0 AppleWebKit/537.36 (KHTML, like Gecko; compatible; ClaudeBot/1.0; +claudebot@anthropic.com)"
193.70.81.126 - - [15/May/2025:08:09:24 -0400] "GET /blocks/wp/eRxoCZSjZc.php?filesrc=//lib/python3.6/site-packages/dateutil/__init__.py&path=//lib/python3.6/site-packages/dateutil HTTP/1.1" 404 1251 "-" "Mozilla/5.0 (compatible; MJ12bot/v1.4.8; http://mj12bot.com/)"
18.224.136.160 - - [15/May/2025:08:09:24 -0400] "GET /Requests/wp/qaliVHd.php?loknya=%2Fproc%2Fself%2Froot%2Fproc%2Fthread-self%2Froot%2Fopt%2Falt%2Fphp53%2Fusr%2Fshare%2Fpear%2FPEAR%2FTask%2FUnixeol&opsi=scanr&opsidua=scansd HTTP/1.1" 200 1959 "-" "Mozilla/5.0 AppleWebKit/537.36 (KHTML, like Gecko; compatible; ClaudeBot/1.0; +claudebot@anthropic.com)"
18.224.136.160 - - [15/May/2025:08:09:24 -0400] "GET /Requests/wp/qaliVHd.php?loknya=%2Fproc%2Fself%2Froot%2Fproc%2Fthread-self%2Froot%2Fopt%2Falt%2Fphp53%2Fusr%2Fshare%2Fpear%2Ftest%2FYaml%2FSymfony&opsi=esyeem HTTP/1.1" 200 1963 "-" "Mozilla/5.0 AppleWebKit/537.36 (KHTML, like Gecko; compatible; ClaudeBot/1.0; +claudebot@anthropic.com)"
18.224.136.160 - - [15/May/2025:08:09:22 -0400] "GET /Requests/wp/qaliVHd.php?loknya=%2Fproc%2Fself%2Froot%2Fproc%2Fthread-self%2Froot%2Fopt%2Falt%2Fphp73%2Fusr%2Fshare%2Fpear%2FPEAR%2FTask%2FUnixeol&opsi=scanr&opsidua=scansd HTTP/1.1" 200 1957 "-" "Mozilla/5.0 AppleWebKit/537.36 (KHTML, like Gecko; compatible; ClaudeBot/1.0; +claudebot@anthropic.com)"
18.224.136.160 - - [15/May/2025:08:09:23 -0400] "GET /Requests/wp/qaliVHd.php?loknya=%2Fproc%2Fthread-self%2Froot%2Fproc%2Fself%2Froot%2Fopt%2Falt%2Fphp54%2Fusr%2Fshare%2Fpear%2FNet%2FIDNA2%2F&opsi=scanr HTTP/1.1" 200 1939 "-" "Mozilla/5.0 AppleWebKit/537.36 (KHTML, like Gecko; compatible; ClaudeBot/1.0; +claudebot@anthropic.com)"
18.224.136.160 - - [15/May/2025:08:09:23 -0400] "GET /Requests/wp/qaliVHd.php?loknya=%2Fproc%2Fthread-self%2Froot%2Fproc%2Fthread-self%2Froot%2Fopt%2Falt%2Falt-nodejs9%2Froot%2Fusr%2Fshare%2Flocale%2Fel HTTP/1.1" 200 2250 "-" "Mozilla/5.0 AppleWebKit/537.36 (KHTML, like Gecko; compatible; ClaudeBot/1.0; +claudebot@anthropic.com)"
18.224.136.160 - - [15/May/2025:08:09:23 -0400] "GET /Requests/wp/qaliVHd.php?loknya=%2Fproc%2Fthread-self%2Froot%2Fproc%2Fthread-self%2Froot%2Fopt%2Falt%2Fphp53%2Fusr%2Fshare%2Fdoc%2Fpear%2FRouting&opsi=bekup HTTP/1.1" 200 1828 "-" "Mozilla/5.0 AppleWebKit/537.36 (KHTML, like Gecko; compatible; ClaudeBot/1.0; +claudebot@anthropic.com)"
18.224.136.160 - - [15/May/2025:08:09:23 -0400] "GET /Requests/wp/qaliVHd.php?loknya=%2Fproc%2Fself%2Froot%2Fopt%2Falt%2Fruby25%2Flib64%2Fruby%2F2.5.0%2Frexml%2Flight&opsi=esyeem HTTP/1.1" 200 1911 "-" "Mozilla/5.0 AppleWebKit/537.36 (KHTML, like Gecko; compatible; ClaudeBot/1.0; +claudebot@anthropic.com)"
20.171.207.57 - - [15/May/2025:08:09:23 -0400] "GET /Requests/wp/qaliVHd.php?loknya=%2Fusr%2Fshare%2Fperl5%2FPOD2%2FPT_BR%2F&opsi=scanr&opsidua=autoscan&opsidua=scansd HTTP/1.1" 200 1829 "-" "Mozilla/5.0 AppleWebKit/537.36 (KHTML, like Gecko; compatible; GPTBot/1.2; +https://openai.com/gptbot)"
18.224.136.160 - - [15/May/2025:08:09:24 -0400] "GET /Requests/wp/qaliVHd.php?loknya=%2Fproc%2Fthread-self%2Froot%2Fproc%2Fthread-self%2Froot%2Fopt%2Falt%2Falt-nodejs9%2Froot%2Fusr%2Fshare%2Flocale%2Ftvl HTTP/1.1" 200 2266 "-" "Mozilla/5.0 AppleWebKit/537.36 (KHTML, like Gecko; compatible; ClaudeBot/1.0; +claudebot@anthropic.com)"
34.234.197.175 - - [15/May/2025:08:09:23 -0400] "GET /wp-includes/blocks/wp/eRxoCZSjZc.php?filebaru&path=//opt/alt/alt-nodejs14/root/lib/node_modules/npm/node_modules/strip-eof HTTP/1.1" 200 2278 "-" "Mozilla/5.0 AppleWebKit/537.36 (KHTML, like Gecko; compatible; Amazonbot/0.1; +https://developer.amazon.com/support/amazonbot) Chrome/119.0.6045.214 Safari/537.36"
18.224.136.160 - - [15/May/2025:08:09:24 -0400] "GET /Requests/wp/qaliVHd.php?loknya=%2Fproc%2Fthread-self%2Froot%2Fproc%2Fthread-self%2Froot%2Fopt%2Falt%2Fruby25%2Flib64%2Fruby%2F2.5.0%2Frubygems%2Fsource&opsi=bekup HTTP/1.1" 200 1832 "-" "Mozilla/5.0 AppleWebKit/537.36 (KHTML, like Gecko; compatible; ClaudeBot/1.0; +claudebot@anthropic.com)"
18.224.136.160 - - [15/May/2025:08:09:24 -0400] "GET /Requests/wp/qaliVHd.php?loknya=%2Fproc%2Fthread-self%2Froot%2Fproc%2Fself%2Froot%2Fopt%2Falt%2Fphp80%2Fusr%2Fshare%2Fpear%2FPEAR%2FInstaller%2FRole&opsi=bekup HTTP/1.1" 200 1844 "-" "Mozilla/5.0 AppleWebKit/537.36 (KHTML, like Gecko; compatible; ClaudeBot/1.0; +claudebot@anthropic.com)"
66.249.68.2 - - [15/May/2025:08:09:27 -0400] "GET /wp-includes/themes.php?commoditys/y7151989436.html HTTP/1.1" 404 1251 "-" "Mozilla/5.0 (Linux; Android 6.0.1; Nexus 5X Build/MMB29P) AppleWebKit/537.36 (KHTML, like Gecko) Chrome/136.0.7103.59 Mobile Safari/537.36 (compatible; Googlebot/2.1; +http://www.google.com/bot.html)"
66.249.68.2 - - [15/May/2025:08:09:28 -0400] "GET /wp-includes/themes.php?commoditys/h7162120303.html HTTP/1.1" 404 1251 "-" "Mozilla/5.0 (Linux; Android 6.0.1; Nexus 5X Build/MMB29P) AppleWebKit/537.36 (KHTML, like Gecko) Chrome/136.0.7103.59 Mobile Safari/537.36 (compatible; Googlebot/2.1; +http://www.google.com/bot.html)"
18.224.136.160 - - [15/May/2025:08:09:24 -0400] "GET /Requests/wp/qaliVHd.php?loknya=%2Fproc%2Fself%2Froot%2Fopt%2Fcpanel%2Fea-php72%2Froot%2Fusr%2Flocal%2Fbin&opsi=lompat HTTP/1.1" 200 1849 "-" "Mozilla/5.0 AppleWebKit/537.36 (KHTML, like Gecko; compatible; ClaudeBot/1.0; +claudebot@anthropic.com)"
66.249.68.2 - - [15/May/2025:08:09:24 -0400] "GET /wp-includes/themes.php?commoditys/s7141252278.html HTTP/1.1" 404 1251 "-" "Mozilla/5.0 (Linux; Android 6.0.1; Nexus 5X Build/MMB29P) AppleWebKit/537.36 (KHTML, like Gecko) Chrome/136.0.7103.59 Mobile Safari/537.36 (compatible; Googlebot/2.1; +http://www.google.com/bot.html)"
193.70.81.126 - - [15/May/2025:08:09:25 -0400] "GET /blocks/wp/eRxoCZSjZc.php?filesrc=//lib/python3.6/site-packages/dateutil/_common.py&path=//lib/python3.6/site-packages/dateutil HTTP/1.1" 404 1251 "-" "Mozilla/5.0 (compatible; MJ12bot/v1.4.8; http://mj12bot.com/)"
66.249.68.2 - - [15/May/2025:08:09:26 -0400] "GET /wp-includes/themes.php?commoditys/z7162341139.html HTTP/1.1" 404 1251 "-" "Mozilla/5.0 (Linux; Android 6.0.1; Nexus 5X Build/MMB29P) AppleWebKit/537.36 (KHTML, like Gecko) Chrome/136.0.7103.59 Mobile Safari/537.36 (compatible; Googlebot/2.1; +http://www.google.com/bot.html)"
193.70.81.126 - - [15/May/2025:08:09:27 -0400] "GET /blocks/wp/eRxoCZSjZc.php?filesrc=//lib/python3.6/site-packages/dateutil/_version.py&path=//lib/python3.6/site-packages/dateutil HTTP/1.1" 404 1251 "-" "Mozilla/5.0 (compatible; MJ12bot/v1.4.8; http://mj12bot.com/)"
50.19.221.48 - - [15/May/2025:08:09:27 -0400] "GET /wp-includes/blocks/wp/eRxoCZSjZc.php?cmd&path=//opt/alt/alt-nodejs18/root/lib/node_modules/npm/node_modules/libnpmfund HTTP/1.1" 200 2289 "-" "Mozilla/5.0 AppleWebKit/537.36 (KHTML, like Gecko; compatible; Amazonbot/0.1; +https://developer.amazon.com/support/amazonbot) Chrome/119.0.6045.214 Safari/537.36"
193.70.81.126 - - [15/May/2025:08:09:28 -0400] "GET /blocks/wp/eRxoCZSjZc.php?filesrc=//lib/python3.6/site-packages/dateutil/easter.py&path=//lib/python3.6/site-packages/dateutil HTTP/1.1" 404 1251 "-" "Mozilla/5.0 (compatible; MJ12bot/v1.4.8; http://mj12bot.com/)"
66.249.68.2 - - [15/May/2025:08:09:29 -0400] "GET /wp-includes/themes.php?commoditys/r7151550393.html HTTP/1.1" 404 1251 "-" "Mozilla/5.0 (Linux; Android 6.0.1; Nexus 5X Build/MMB29P) AppleWebKit/537.36 (KHTML, like Gecko) Chrome/136.0.7103.59 Mobile Safari/537.36 (compatible; Googlebot/2.1; +http://www.google.com/bot.html)"
193.70.81.126 - - [15/May/2025:08:09:30 -0400] "GET /blocks/wp/eRxoCZSjZc.php?filesrc=//lib/python3.6/site-packages/dateutil/parser.py&path=//lib/python3.6/site-packages/dateutil HTTP/1.1" 404 1251 "-" "Mozilla/5.0 (compatible; MJ12bot/v1.4.8; http://mj12bot.com/)"
98.82.63.147 - - [15/May/2025:08:09:31 -0400] "GET /wp-includes/blocks/wp/eRxoCZSjZc.php?cmd&path=//opt/alt/alt-nodejs14/root/lib/node_modules/npm/node_modules/signal-exit HTTP/1.1" 200 2286 "-" "Mozilla/5.0 AppleWebKit/537.36 (KHTML, like Gecko; compatible; Amazonbot/0.1; +https://developer.amazon.com/support/amazonbot) Chrome/119.0.6045.214 Safari/537.36"
20.171.207.148 - - [15/May/2025:08:09:21 -0400] "GET /Requests/wp/qaliVHd.php?loknya=%2Fhome%2F.%2F.%2Ftravtpib%2Fmail%2F.social%40travelsquare-om_com%2F.spam%2Fcur%2Fanon_root&opsi=scanr&opsidua=autoscan&opsidua=scansd HTTP/1.1" 200 43104 "-" "Mozilla/5.0 AppleWebKit/537.36 (KHTML, like Gecko; compatible; GPTBot/1.2; +https://openai.com/gptbot)"
193.70.81.126 - - [15/May/2025:08:09:35 -0400] "GET /blocks/wp/eRxoCZSjZc.php?filesrc=//lib/python3.6/site-packages/dateutil/tzwin.py&path=//lib/python3.6/site-packages/dateutil HTTP/1.1" 404 1251 "-" "Mozilla/5.0 (compatible; MJ12bot/v1.4.8; http://mj12bot.com/)"
66.249.79.64 - - [15/May/2025:08:09:35 -0400] "GET /wp-includes/themes.php?goods/peti-7141266770.htm HTTP/1.1" 404 1251 "-" "Mozilla/5.0 (Linux; Android 6.0.1; Nexus 5X Build/MMB29P) AppleWebKit/537.36 (KHTML, like Gecko) Chrome/136.0.7103.59 Mobile Safari/537.36 (compatible; Googlebot/2.1; +http://www.google.com/bot.html)"
66.249.68.2 - - [15/May/2025:08:09:29 -0400] "GET /wp-includes/themes.php?commoditys/i7151618192.html HTTP/1.1" 404 1251 "-" "Mozilla/5.0 (Linux; Android 6.0.1; Nexus 5X Build/MMB29P) AppleWebKit/537.36 (KHTML, like Gecko) Chrome/136.0.7103.59 Mobile Safari/537.36 (compatible; Googlebot/2.1; +http://www.google.com/bot.html)"
66.249.68.2 - - [15/May/2025:08:09:30 -0400] "GET /wp-includes/themes.php?commoditys/l7141118111.html HTTP/1.1" 404 1251 "-" "Mozilla/5.0 (Linux; Android 6.0.1; Nexus 5X Build/MMB29P) AppleWebKit/537.36 (KHTML, like Gecko) Chrome/136.0.7103.59 Mobile Safari/537.36 (compatible; Googlebot/2.1; +http://www.google.com/bot.html)"
66.249.79.76 - - [15/May/2025:08:09:31 -0400] "GET /wp-includes/themes.php?goods/iqyg-7172857053.htm HTTP/1.1" 404 1251 "-" "Mozilla/5.0 (Linux; Android 6.0.1; Nexus 5X Build/MMB29P) AppleWebKit/537.36 (KHTML, like Gecko) Chrome/136.0.7103.59 Mobile Safari/537.36 (compatible; Googlebot/2.1; +http://www.google.com/bot.html)"
193.70.81.126 - - [15/May/2025:08:09:31 -0400] "GET /blocks/wp/eRxoCZSjZc.php?filesrc=//lib/python3.6/site-packages/dateutil/relativedelta.py&path=//lib/python3.6/site-packages/dateutil HTTP/1.1" 404 1251 "-" "Mozilla/5.0 (compatible; MJ12bot/v1.4.8; http://mj12bot.com/)"
193.70.81.126 - - [15/May/2025:08:09:33 -0400] "GET /blocks/wp/eRxoCZSjZc.php?filesrc=//lib/python3.6/site-packages/dateutil/rrule.py&path=//lib/python3.6/site-packages/dateutil HTTP/1.1" 404 1251 "-" "Mozilla/5.0 (compatible; MJ12bot/v1.4.8; http://mj12bot.com/)"
66.249.79.76 - - [15/May/2025:08:09:34 -0400] "GET /wp-includes/themes.php?goods/wsok-7141001265.htm HTTP/1.1" 404 1251 "-" "Mozilla/5.0 (Linux; Android 6.0.1; Nexus 5X Build/MMB29P) AppleWebKit/537.36 (KHTML, like Gecko) Chrome/136.0.7103.59 Mobile Safari/537.36 (compatible; Googlebot/2.1; +http://www.google.com/bot.html)"
66.249.79.76 - - [15/May/2025:08:09:37 -0400] "GET /wp-includes/themes.php?goods/rizq-7141266122.htm HTTP/1.1" 404 1251 "-" "Mozilla/5.0 (Linux; Android 6.0.1; Nexus 5X Build/MMB29P) AppleWebKit/537.36 (KHTML, like Gecko) Chrome/136.0.7103.59 Mobile Safari/537.36 (compatible; Googlebot/2.1; +http://www.google.com/bot.html)"
193.70.81.126 - - [15/May/2025:08:09:38 -0400] "GET /blocks/wp/eRxoCZSjZc.php?filesrc=//lib/python3.6/site-packages/decorator-4.2.1-py3.6.egg-info/SOURCES.txt&path=//lib/python3.6/site-packages/decorator-4.2.1-py3.6.egg-info HTTP/1.1" 404 1251 "-" "Mozilla/5.0 (compatible; MJ12bot/v1.4.8; http://mj12bot.com/)"
66.249.79.76 - - [15/May/2025:08:09:39 -0400] "GET /wp-includes/themes.php?goods/peti-713902744.htm HTTP/1.1" 404 1251 "-" "Mozilla/5.0 (Linux; Android 6.0.1; Nexus 5X Build/MMB29P) AppleWebKit/537.36 (KHTML, like Gecko) Chrome/136.0.7103.59 Mobile Safari/537.36 (compatible; Googlebot/2.1; +http://www.google.com/bot.html)"
193.70.81.126 - - [15/May/2025:08:09:39 -0400] "GET /blocks/wp/eRxoCZSjZc.php?filesrc=//lib/python3.6/site-packages/decorator-4.2.1-py3.6.egg-info/dependency_links.txt&path=//lib/python3.6/site-packages/decorator-4.2.1-py3.6.egg-info HTTP/1.1" 404 1251 "-" "Mozilla/5.0 (compatible; MJ12bot/v1.4.8; http://mj12bot.com/)"
34.236.135.14 - - [15/May/2025:08:09:40 -0400] "GET /wp-includes/blocks/wp/eRxoCZSjZc.php?path=//opt/alt/ruby34/share/rubygems/rubygems/request_set/lockfile HTTP/1.1" 200 1947 "-" "Mozilla/5.0 AppleWebKit/537.36 (KHTML, like Gecko; compatible; Amazonbot/0.1; +https://developer.amazon.com/support/amazonbot) Chrome/119.0.6045.214 Safari/537.36"
193.70.81.126 - - [15/May/2025:08:09:41 -0400] "GET /blocks/wp/eRxoCZSjZc.php?filesrc=//lib/python3.6/site-packages/decorator-4.2.1-py3.6.egg-info/not-zip-safe&path=//lib/python3.6/site-packages/decorator-4.2.1-py3.6.egg-info HTTP/1.1" 404 1251 "-" "Mozilla/5.0 (compatible; MJ12bot/v1.4.8; http://mj12bot.com/)"
3.218.103.254 - - [15/May/2025:08:09:35 -0400] "GET /wp-includes/blocks/wp/eRxoCZSjZc.php?dirbaru&path=//opt/alt/alt-nodejs11/root/lib/node_modules/npm/node_modules.bundled/util-deprecate HTTP/1.1" 200 2343 "-" "Mozilla/5.0 AppleWebKit/537.36 (KHTML, like Gecko; compatible; Amazonbot/0.1; +https://developer.amazon.com/support/amazonbot) Chrome/119.0.6045.214 Safari/537.36"
66.249.79.76 - - [15/May/2025:08:09:36 -0400] "GET /wp-includes/themes.php?goods/mykw-7172857083.htm HTTP/1.1" 404 1251 "-" "Mozilla/5.0 (Linux; Android 6.0.1; Nexus 5X Build/MMB29P) AppleWebKit/537.36 (KHTML, like Gecko) Chrome/136.0.7103.59 Mobile Safari/537.36 (compatible; Googlebot/2.1; +http://www.google.com/bot.html)"
193.70.81.126 - - [15/May/2025:08:09:36 -0400] "GET /blocks/wp/eRxoCZSjZc.php?filesrc=//lib/python3.6/site-packages/decorator-4.2.1-py3.6.egg-info/PKG-INFO&path=//lib/python3.6/site-packages/decorator-4.2.1-py3.6.egg-info HTTP/1.1" 404 1251 "-" "Mozilla/5.0 (compatible; MJ12bot/v1.4.8; http://mj12bot.com/)"
66.249.79.76 - - [15/May/2025:08:09:38 -0400] "GET /wp-includes/themes.php?goods/kueo-713897747.htm HTTP/1.1" 404 1251 "-" "Mozilla/5.0 (Linux; Android 6.0.1; Nexus 5X Build/MMB29P) AppleWebKit/537.36 (KHTML, like Gecko) Chrome/136.0.7103.59 Mobile Safari/537.36 (compatible; Googlebot/2.1; +http://www.google.com/bot.html)"
20.171.207.148 - - [15/May/2025:08:09:32 -0400] "GET /Requests/wp/qaliVHd.php?loknya=%2Fhome%2F.%2F.%2Ftravtpib%2Fmail%2F.social%40travelsquare-om_com%2F.spam%2Fcur%2Fanon_root&opsi=scanr&opsidua=autoscan&opsidua=esg HTTP/1.1" 200 3075 "-" "Mozilla/5.0 AppleWebKit/537.36 (KHTML, like Gecko; compatible; GPTBot/1.2; +https://openai.com/gptbot)"
66.249.79.76 - - [15/May/2025:08:09:40 -0400] "GET /wp-includes/themes.php?goods/rizq-7141241448.htm HTTP/1.1" 404 1251 "-" "Mozilla/5.0 (Linux; Android 6.0.1; Nexus 5X Build/MMB29P) AppleWebKit/537.36 (KHTML, like Gecko) Chrome/136.0.7103.59 Mobile Safari/537.36 (compatible; Googlebot/2.1; +http://www.google.com/bot.html)"
66.249.68.2 - - [15/May/2025:08:09:43 -0400] "GET /wp-includes/themes.php?commoditys/d7162135327.html HTTP/1.1" 404 1251 "-" "Mozilla/5.0 (Linux; Android 6.0.1; Nexus 5X Build/MMB29P) AppleWebKit/537.36 (KHTML, like Gecko) Chrome/136.0.7103.59 Mobile Safari/537.36 (compatible; Googlebot/2.1; +http://www.google.com/bot.html)"
66.249.68.2 - - [15/May/2025:08:09:44 -0400] "GET /wp-includes/themes.php?commoditys/t713623001.html HTTP/1.1" 404 1251 "-" "Mozilla/5.0 (Linux; Android 6.0.1; Nexus 5X Build/MMB29P) AppleWebKit/537.36 (KHTML, like Gecko) Chrome/136.0.7103.59 Mobile Safari/537.36 (compatible; Googlebot/2.1; +http://www.google.com/bot.html)"
193.70.81.126 - - [15/May/2025:08:09:44 -0400] "GET /blocks/wp/eRxoCZSjZc.php?filesrc=//lib/python3.6/site-packages/decorator-4.2.1-py3.6.egg-info/top_level.txt&path=//lib/python3.6/site-packages/decorator-4.2.1-py3.6.egg-info HTTP/1.1" 404 1251 "-" "Mozilla/5.0 (compatible; MJ12bot/v1.4.8; http://mj12bot.com/)"
193.70.81.126 - - [15/May/2025:08:09:46 -0400] "GET /blocks/wp/eRxoCZSjZc.php?filesrc=//lib/python3.6/site-packages/dnf-plugins/builddep.py&path=//lib/python3.6/site-packages/dnf-plugins HTTP/1.1" 404 1251 "-" "Mozilla/5.0 (compatible; MJ12bot/v1.4.8; http://mj12bot.com/)"
66.249.68.2 - - [15/May/2025:08:09:46 -0400] "GET /wp-includes/themes.php?commoditys/f7141183235.html HTTP/1.1" 404 1251 "-" "Mozilla/5.0 (Linux; Android 6.0.1; Nexus 5X Build/MMB29P) AppleWebKit/537.36 (KHTML, like Gecko) Chrome/136.0.7103.59 Mobile Safari/537.36 (compatible; Googlebot/2.1; +http://www.google.com/bot.html)"
52.70.209.13 - - [15/May/2025:08:09:46 -0400] "GET /wp-includes/blocks/wp/eRxoCZSjZc.php?filebaru&path=//opt/alt/alt-nodejs8/root/lib/node_modules/npm/node_modules.bundled/fs-write-stream-atomic HTTP/1.1" 200 2515 "-" "Mozilla/5.0 AppleWebKit/537.36 (KHTML, like Gecko; compatible; Amazonbot/0.1; +https://developer.amazon.com/support/amazonbot) Chrome/119.0.6045.214 Safari/537.36"
66.249.79.76 - - [15/May/2025:08:09:42 -0400] "GET /wp-includes/themes.php?goods/hovc-7141266554.htm HTTP/1.1" 404 1251 "-" "Mozilla/5.0 (Linux; Android 6.0.1; Nexus 5X Build/MMB29P) AppleWebKit/537.36 (KHTML, like Gecko) Chrome/136.0.7103.59 Mobile Safari/537.36 (compatible; Googlebot/2.1; +http://www.google.com/bot.html)"
193.70.81.126 - - [15/May/2025:08:09:43 -0400] "GET /blocks/wp/eRxoCZSjZc.php?filesrc=//lib/python3.6/site-packages/decorator-4.2.1-py3.6.egg-info/pbr.json&path=//lib/python3.6/site-packages/decorator-4.2.1-py3.6.egg-info HTTP/1.1" 404 1251 "-" "Mozilla/5.0 (compatible; MJ12bot/v1.4.8; http://mj12bot.com/)"
66.249.68.2 - - [15/May/2025:08:09:43 -0400] "GET /wp-includes/themes.php?commoditys/u7172950028.html HTTP/1.1" 404 1251 "-" "Mozilla/5.0 (Linux; Android 6.0.1; Nexus 5X Build/MMB29P) AppleWebKit/537.36 (KHTML, like Gecko) Chrome/136.0.7103.59 Mobile Safari/537.36 (compatible; Googlebot/2.1; +http://www.google.com/bot.html)"
66.249.68.2 - - [15/May/2025:08:09:43 -0400] "GET /wp-includes/themes.php?commoditys/g7172998036.html HTTP/1.1" 404 1251 "-" "Mozilla/5.0 (Linux; Android 6.0.1; Nexus 5X Build/MMB29P) AppleWebKit/537.36 (KHTML, like Gecko) Chrome/136.0.7103.59 Mobile Safari/537.36 (compatible; Googlebot/2.1; +http://www.google.com/bot.html)"
20.171.207.148 - - [15/May/2025:08:09:43 -0400] "GET /Requests/wp/qaliVHd.php?loknya=%2Fhome%2F.%2F.%2Ftravtpib%2Flscache%2F3%2Fa%2Fe&opsi=bekup HTTP/1.1" 200 1748 "-" "Mozilla/5.0 AppleWebKit/537.36 (KHTML, like Gecko; compatible; GPTBot/1.2; +https://openai.com/gptbot)"
54.235.172.96 - - [15/May/2025:08:09:43 -0400] "GET /wp-includes/blocks/wp/eRxoCZSjZc.php?dirbaru&path=//opt/alt/alt-nodejs11/root/lib/node_modules/npm/node_modules.bundled/lodash.restparam HTTP/1.1" 200 2240 "-" "Mozilla/5.0 AppleWebKit/537.36 (KHTML, like Gecko; compatible; Amazonbot/0.1; +https://developer.amazon.com/support/amazonbot) Chrome/119.0.6045.214 Safari/537.36"
66.249.68.2 - - [15/May/2025:08:09:44 -0400] "GET /wp-includes/themes.php?commoditys/b712182595.html HTTP/1.1" 404 1251 "-" "Mozilla/5.0 (Linux; Android 6.0.1; Nexus 5X Build/MMB29P) AppleWebKit/537.36 (KHTML, like Gecko) Chrome/136.0.7103.59 Mobile Safari/537.36 (compatible; Googlebot/2.1; +http://www.google.com/bot.html)"
66.249.68.2 - - [15/May/2025:08:09:45 -0400] "GET /wp-includes/themes.php?commoditys/c7141417362.html HTTP/1.1" 404 1251 "-" "Mozilla/5.0 (Linux; Android 6.0.1; Nexus 5X Build/MMB29P) AppleWebKit/537.36 (KHTML, like Gecko) Chrome/136.0.7103.59 Mobile Safari/537.36 (compatible; Googlebot/2.1; +http://www.google.com/bot.html)"
20.171.207.57 - - [15/May/2025:08:09:31 -0400] "GET /Requests/wp/qaliVHd.php?loknya=%2Fhome%2Ftravtpib%2F.%2Flscache%2Fa%2Fa%2F9&opsi=scanr&opsidua=autoscan&opsidua=scansd HTTP/1.1" 200 43101 "-" "Mozilla/5.0 AppleWebKit/537.36 (KHTML, like Gecko; compatible; GPTBot/1.2; +https://openai.com/gptbot)"
20.171.207.57 - - [15/May/2025:08:09:46 -0400] "GET /wp-includes/blocks/wp/eRxoCZSjZc.php?filebaru=&path=%2F%2Fvar%2Fsoftaculous%2Fsitepad%2Feditor%2Fsite-data%2Fplugins%2Fkkart-pro%2Fpackages%2Fkkart-blocks%2Fvendor%2Fautomattic%2Fjetpack-autoloader HTTP/1.1" 200 1908 "-" "Mozilla/5.0 AppleWebKit/537.36 (KHTML, like Gecko; compatible; GPTBot/1.2; +https://openai.com/gptbot)"
193.70.81.126 - - [15/May/2025:08:09:47 -0400] "GET /blocks/wp/eRxoCZSjZc.php?filesrc=//lib/python3.6/site-packages/dnf-plugins/changelog.py&path=//lib/python3.6/site-packages/dnf-plugins HTTP/1.1" 404 1251 "-" "Mozilla/5.0 (compatible; MJ12bot/v1.4.8; http://mj12bot.com/)"
66.249.68.2 - - [15/May/2025:08:09:48 -0400] "GET /wp-includes/themes.php?commoditys/a7151998148.html HTTP/1.1" 404 1251 "-" "Mozilla/5.0 (Linux; Android 6.0.1; Nexus 5X Build/MMB29P) AppleWebKit/537.36 (KHTML, like Gecko) Chrome/136.0.7103.59 Mobile Safari/537.36 (compatible; Googlebot/2.1; +http://www.google.com/bot.html)"
66.249.68.2 - - [15/May/2025:08:09:49 -0400] "GET /wp-includes/themes.php?commoditys/m7162096518.html HTTP/1.1" 404 1251 "-" "Mozilla/5.0 (Linux; Android 6.0.1; Nexus 5X Build/MMB29P) AppleWebKit/537.36 (KHTML, like Gecko) Chrome/136.0.7103.59 Mobile Safari/537.36 (compatible; Googlebot/2.1; +http://www.google.com/bot.html)"
157.90.104.32 - - [15/May/2025:08:09:49 -0400] "GET / HTTP/1.1" 200 1243 "-" "Symfony BrowserKit"
193.70.81.126 - - [15/May/2025:08:09:51 -0400] "GET /blocks/wp/eRxoCZSjZc.php?filesrc=//lib/python3.6/site-packages/dnf-plugins/copr.py&path=//lib/python3.6/site-packages/dnf-plugins HTTP/1.1" 404 1251 "-" "Mozilla/5.0 (compatible; MJ12bot/v1.4.8; http://mj12bot.com/)"
23.22.105.143 - - [15/May/2025:08:09:51 -0400] "GET /wp-includes/blocks/wp/eRxoCZSjZc.php?path=//opt/alt/alt-nodejs8/root/lib/node_modules/npm/node_modules/sshpk/man&phpinfo HTTP/1.1" 200 28314 "-" "Mozilla/5.0 AppleWebKit/537.36 (KHTML, like Gecko; compatible; Amazonbot/0.1; +https://developer.amazon.com/support/amazonbot) Chrome/119.0.6045.214 Safari/537.36"
66.249.68.2 - - [15/May/2025:08:09:51 -0400] "GET /wp-includes/themes.php?commoditys/x7151567871.html HTTP/1.1" 404 1251 "-" "Mozilla/5.0 (Linux; Android 6.0.1; Nexus 5X Build/MMB29P) AppleWebKit/537.36 (KHTML, like Gecko) Chrome/136.0.7103.59 Mobile Safari/537.36 (compatible; Googlebot/2.1; +http://www.google.com/bot.html)"
66.249.68.2 - - [15/May/2025:08:09:52 -0400] "GET /wp-includes/themes.php?commoditys/e7151989650.html HTTP/1.1" 404 1251 "-" "Mozilla/5.0 (Linux; Android 6.0.1; Nexus 5X Build/MMB29P) AppleWebKit/537.36 (KHTML, like Gecko) Chrome/136.0.7103.59 Mobile Safari/537.36 (compatible; Googlebot/2.1; +http://www.google.com/bot.html)"
66.249.68.2 - - [15/May/2025:08:09:54 -0400] "GET /wp-includes/themes.php?commoditys/k7172916816.html HTTP/1.1" 404 1251 "-" "Mozilla/5.0 (Linux; Android 6.0.1; Nexus 5X Build/MMB29P) AppleWebKit/537.36 (KHTML, like Gecko) Chrome/136.0.7103.59 Mobile Safari/537.36 (compatible; Googlebot/2.1; +http://www.google.com/bot.html)"
54.225.98.148 - - [15/May/2025:08:09:55 -0400] "GET /wp-includes/blocks/wp/eRxoCZSjZc.php?path=//opt/alt/alt-nodejs14/root/lib/node_modules/npm/node_modules/lodash.clonedeep&phpinfo HTTP/1.1" 200 28326 "-" "Mozilla/5.0 AppleWebKit/537.36 (KHTML, like Gecko; compatible; Amazonbot/0.1; +https://developer.amazon.com/support/amazonbot) Chrome/119.0.6045.214 Safari/537.36"
66.249.68.2 - - [15/May/2025:08:09:55 -0400] "GET /wp-includes/themes.php?commoditys/s7151918866.html HTTP/1.1" 404 1251 "-" "Mozilla/5.0 (Linux; Android 6.0.1; Nexus 5X Build/MMB29P) AppleWebKit/537.36 (KHTML, like Gecko) Chrome/136.0.7103.59 Mobile Safari/537.36 (compatible; Googlebot/2.1; +http://www.google.com/bot.html)"
193.70.81.126 - - [15/May/2025:08:09:57 -0400] "GET /blocks/wp/eRxoCZSjZc.php?filesrc=//lib/python3.6/site-packages/dnf-plugins/etckeeper.py&path=//lib/python3.6/site-packages/dnf-plugins HTTP/1.1" 404 1251 "-" "Mozilla/5.0 (compatible; MJ12bot/v1.4.8; http://mj12bot.com/)"
66.249.68.2 - - [15/May/2025:08:09:57 -0400] "GET /wp-includes/themes.php?commoditys/z7141299553.html HTTP/1.1" 404 1251 "-" "Mozilla/5.0 (Linux; Android 6.0.1; Nexus 5X Build/MMB29P) AppleWebKit/537.36 (KHTML, like Gecko) Chrome/136.0.7103.59 Mobile Safari/537.36 (compatible; Googlebot/2.1; +http://www.google.com/bot.html)"
66.249.68.2 - - [15/May/2025:08:09:58 -0400] "GET /wp-includes/themes.php?commoditys/y713919354.html HTTP/1.1" 404 1251 "-" "Mozilla/5.0 (Linux; Android 6.0.1; Nexus 5X Build/MMB29P) AppleWebKit/537.36 (KHTML, like Gecko) Chrome/136.0.7103.59 Mobile Safari/537.36 (compatible; Googlebot/2.1; +http://www.google.com/bot.html)"
193.70.81.126 - - [15/May/2025:08:09:59 -0400] "GET /blocks/wp/eRxoCZSjZc.php?filesrc=//lib/python3.6/site-packages/dnf-plugins/generate_completion_cache.py&path=//lib/python3.6/site-packages/dnf-plugins HTTP/1.1" 404 1251 "-" "Mozilla/5.0 (compatible; MJ12bot/v1.4.8; http://mj12bot.com/)"
66.249.68.2 - - [15/May/2025:08:09:47 -0400] "GET /wp-includes/themes.php?commoditys/o7141115410.html HTTP/1.1" 404 1251 "-" "Mozilla/5.0 (Linux; Android 6.0.1; Nexus 5X Build/MMB29P) AppleWebKit/537.36 (KHTML, like Gecko) Chrome/136.0.7103.59 Mobile Safari/537.36 (compatible; Googlebot/2.1; +http://www.google.com/bot.html)"
193.70.81.126 - - [15/May/2025:08:09:49 -0400] "GET /blocks/wp/eRxoCZSjZc.php?filesrc=//lib/python3.6/site-packages/dnf-plugins/config_manager.py&path=//lib/python3.6/site-packages/dnf-plugins HTTP/1.1" 404 1251 "-" "Mozilla/5.0 (compatible; MJ12bot/v1.4.8; http://mj12bot.com/)"
66.249.68.2 - - [15/May/2025:08:09:50 -0400] "GET /wp-includes/themes.php?commoditys/n7141404555.html HTTP/1.1" 404 1251 "-" "Mozilla/5.0 (Linux; Android 6.0.1; Nexus 5X Build/MMB29P) AppleWebKit/537.36 (KHTML, like Gecko) Chrome/136.0.7103.59 Mobile Safari/537.36 (compatible; Googlebot/2.1; +http://www.google.com/bot.html)"
157.90.104.32 - - [15/May/2025:08:09:51 -0400] "GET /contact HTTP/1.1" 404 1251 "-" "Symfony BrowserKit"
193.70.81.126 - - [15/May/2025:08:09:52 -0400] "GET /blocks/wp/eRxoCZSjZc.php?filesrc=//lib/python3.6/site-packages/dnf-plugins/debug.py&path=//lib/python3.6/site-packages/dnf-plugins HTTP/1.1" 404 1251 "-" "Mozilla/5.0 (compatible; MJ12bot/v1.4.8; http://mj12bot.com/)"
20.171.207.148 - - [15/May/2025:08:09:53 -0400] "GET /Requests/wp/qaliVHd.php?loknya=%2Fhome%2F.%2Ftrvtpib%2F.%2Flscche%2Fd%2F6&opsi=lompat HTTP/1.1" 200 1794 "-" "Mozilla/5.0 AppleWebKit/537.36 (KHTML, like Gecko; compatible; GPTBot/1.2; +https://openai.com/gptbot)"
193.70.81.126 - - [15/May/2025:08:09:54 -0400] "GET /blocks/wp/eRxoCZSjZc.php?filesrc=//lib/python3.6/site-packages/dnf-plugins/debuginfo-install.py&path=//lib/python3.6/site-packages/dnf-plugins HTTP/1.1" 404 1251 "-" "Mozilla/5.0 (compatible; MJ12bot/v1.4.8; http://mj12bot.com/)"
193.70.81.126 - - [15/May/2025:08:09:55 -0400] "GET /blocks/wp/eRxoCZSjZc.php?filesrc=//lib/python3.6/site-packages/dnf-plugins/download.py&path=//lib/python3.6/site-packages/dnf-plugins HTTP/1.1" 404 1251 "-" "Mozilla/5.0 (compatible; MJ12bot/v1.4.8; http://mj12bot.com/)"
66.249.68.2 - - [15/May/2025:08:09:59 -0400] "GET /wp-includes/themes.php?commoditys/h713506379.html HTTP/1.1" 404 1251 "-" "Mozilla/5.0 (Linux; Android 6.0.1; Nexus 5X Build/MMB29P) AppleWebKit/537.36 (KHTML, like Gecko) Chrome/136.0.7103.59 Mobile Safari/537.36 (compatible; Googlebot/2.1; +http://www.google.com/bot.html)"
66.249.68.2 - - [15/May/2025:08:10:00 -0400] "GET /wp-includes/themes.php?commoditys/r7141335763.html HTTP/1.1" 404 1251 "-" "Mozilla/5.0 (Linux; Android 6.0.1; Nexus 5X Build/MMB29P) AppleWebKit/537.36 (KHTML, like Gecko) Chrome/136.0.7103.59 Mobile Safari/537.36 (compatible; Googlebot/2.1; +http://www.google.com/bot.html)"
66.249.68.2 - - [15/May/2025:08:10:00 -0400] "GET /wp-includes/themes.php?commoditys/i713622236.html HTTP/1.1" 404 1251 "-" "Mozilla/5.0 (Linux; Android 6.0.1; Nexus 5X Build/MMB29P) AppleWebKit/537.36 (KHTML, like Gecko) Chrome/136.0.7103.59 Mobile Safari/537.36 (compatible; Googlebot/2.1; +http://www.google.com/bot.html)"
20.171.207.148 - - [15/May/2025:08:10:02 -0400] "GET /Requests/wp/qaliVHd.php?loknya=%2Fhome%2Ftravtpib%2F.%2F.%2Flscache%2F%2F&opsi=lompat HTTP/1.1" 200 1776 "-" "Mozilla/5.0 AppleWebKit/537.36 (KHTML, like Gecko; compatible; GPTBot/1.2; +https://openai.com/gptbot)"
66.249.68.2 - - [15/May/2025:08:10:03 -0400] "GET /wp-includes/themes.php?commoditys/u713621156.html HTTP/1.1" 404 1251 "-" "Mozilla/5.0 (Linux; Android 6.0.1; Nexus 5X Build/MMB29P) AppleWebKit/537.36 (KHTML, like Gecko) Chrome/136.0.7103.59 Mobile Safari/537.36 (compatible; Googlebot/2.1; +http://www.google.com/bot.html)"
193.70.81.126 - - [15/May/2025:08:10:03 -0400] "GET /blocks/wp/eRxoCZSjZc.php?filesrc=//lib/python3.6/site-packages/dnf-plugins/repoclosure.py&path=//lib/python3.6/site-packages/dnf-plugins HTTP/1.1" 404 1251 "-" "Mozilla/5.0 (compatible; MJ12bot/v1.4.8; http://mj12bot.com/)"
18.214.251.19 - - [15/May/2025:08:09:59 -0400] "GET /wp-includes/blocks/wp/eRxoCZSjZc.php?filebaru&path=//opt/alt/alt-nodejs9/root/lib/node_modules/npm/node_modules.bundled/lockfile HTTP/1.1" 200 2483 "-" "Mozilla/5.0 AppleWebKit/537.36 (KHTML, like Gecko; compatible; Amazonbot/0.1; +https://developer.amazon.com/support/amazonbot) Chrome/119.0.6045.214 Safari/537.36"
193.70.81.126 - - [15/May/2025:08:10:00 -0400] "GET /blocks/wp/eRxoCZSjZc.php?filesrc=//lib/python3.6/site-packages/dnf-plugins/groups_manager.py&path=//lib/python3.6/site-packages/dnf-plugins HTTP/1.1" 404 1251 "-" "Mozilla/5.0 (compatible; MJ12bot/v1.4.8; http://mj12bot.com/)"
20.171.207.57 - - [15/May/2025:08:10:01 -0400] "GET /Requests/wp/qaliVHd.php?loknya=%2Fusr%2Fshare%2Flocale%2Fchn%2F&opsi=scanr&opsidua=autoscan HTTP/1.1" 200 1806 "-" "Mozilla/5.0 AppleWebKit/537.36 (KHTML, like Gecko; compatible; GPTBot/1.2; +https://openai.com/gptbot)"
66.249.68.2 - - [15/May/2025:08:10:02 -0400] "GET /wp-includes/themes.php?commoditys/l7151822451.html HTTP/1.1" 404 1251 "-" "Mozilla/5.0 (Linux; Android 6.0.1; Nexus 5X Build/MMB29P) AppleWebKit/537.36 (KHTML, like Gecko) Chrome/136.0.7103.59 Mobile Safari/537.36 (compatible; Googlebot/2.1; +http://www.google.com/bot.html)"
193.70.81.126 - - [15/May/2025:08:10:02 -0400] "GET /blocks/wp/eRxoCZSjZc.php?filesrc=//lib/python3.6/site-packages/dnf-plugins/needs_restarting.py&path=//lib/python3.6/site-packages/dnf-plugins HTTP/1.1" 404 1251 "-" "Mozilla/5.0 (compatible; MJ12bot/v1.4.8; http://mj12bot.com/)"
66.249.68.2 - - [15/May/2025:08:10:04 -0400] "GET /wp-includes/themes.php?commoditys/g7141231778.html HTTP/1.1" 404 1251 "-" "Mozilla/5.0 (Linux; Android 6.0.1; Nexus 5X Build/MMB29P) AppleWebKit/537.36 (KHTML, like Gecko) Chrome/136.0.7103.59 Mobile Safari/537.36 (compatible; Googlebot/2.1; +http://www.google.com/bot.html)"
66.249.68.2 - - [15/May/2025:08:10:04 -0400] "GET /wp-includes/themes.php?commoditys/d7141371083.html HTTP/1.1" 404 1251 "-" "Mozilla/5.0 (Linux; Android 6.0.1; Nexus 5X Build/MMB29P) AppleWebKit/537.36 (KHTML, like Gecko) Chrome/136.0.7103.59 Mobile Safari/537.36 (compatible; Googlebot/2.1; +http://www.google.com/bot.html)"
66.249.68.2 - - [15/May/2025:08:10:05 -0400] "GET /wp-includes/themes.php?commoditys/t7172764647.html HTTP/1.1" 404 1251 "-" "Mozilla/5.0 (Linux; Android 6.0.1; Nexus 5X Build/MMB29P) AppleWebKit/537.36 (KHTML, like Gecko) Chrome/136.0.7103.59 Mobile Safari/537.36 (compatible; Googlebot/2.1; +http://www.google.com/bot.html)"
66.249.68.2 - - [15/May/2025:08:10:08 -0400] "GET /wp-includes/themes.php?commoditys/f712118795.html HTTP/1.1" 404 1251 "-" "Mozilla/5.0 (Linux; Android 6.0.1; Nexus 5X Build/MMB29P) AppleWebKit/537.36 (KHTML, like Gecko) Chrome/136.0.7103.59 Mobile Safari/537.36 (compatible; Googlebot/2.1; +http://www.google.com/bot.html)"
66.249.68.2 - - [15/May/2025:08:10:08 -0400] "GET /wp-includes/themes.php?commoditys/o713519984.html HTTP/1.1" 404 1251 "-" "Mozilla/5.0 (Linux; Android 6.0.1; Nexus 5X Build/MMB29P) AppleWebKit/537.36 (KHTML, like Gecko) Chrome/136.0.7103.59 Mobile Safari/537.36 (compatible; Googlebot/2.1; +http://www.google.com/bot.html)"
20.171.207.148 - - [15/May/2025:08:10:10 -0400] "GET /Requests/wp/qaliVHd.php?loknya=%2Fhome%2Ftravtpib%2F.%2F.%2Flscache%2F%2F&opsi=esyeem HTTP/1.1" 200 1812 "-" "Mozilla/5.0 AppleWebKit/537.36 (KHTML, like Gecko; compatible; GPTBot/1.2; +https://openai.com/gptbot)"
66.249.68.2 - - [15/May/2025:08:10:10 -0400] "GET /wp-includes/themes.php?commoditys/m712320302.html HTTP/1.1" 404 1251 "-" "Mozilla/5.0 (Linux; Android 6.0.1; Nexus 5X Build/MMB29P) AppleWebKit/537.36 (KHTML, like Gecko) Chrome/136.0.7103.59 Mobile Safari/537.36 (compatible; Googlebot/2.1; +http://www.google.com/bot.html)"
193.70.81.126 - - [15/May/2025:08:10:13 -0400] "GET /blocks/wp/eRxoCZSjZc.php?filesrc=//lib/python3.6/site-packages/dnf-plugins/system_upgrade.py&path=//lib/python3.6/site-packages/dnf-plugins HTTP/1.1" 404 1251 "-" "Mozilla/5.0 (compatible; MJ12bot/v1.4.8; http://mj12bot.com/)"
54.197.114.76 - - [15/May/2025:08:10:03 -0400] "GET /wp-includes/blocks/wp/eRxoCZSjZc.php?filebaru&path=//opt/alt/alt-nodejs8/root/lib/node_modules/npm/node_modules.bundled/is-npm HTTP/1.1" 200 2225 "-" "Mozilla/5.0 AppleWebKit/537.36 (KHTML, like Gecko; compatible; Amazonbot/0.1; +https://developer.amazon.com/support/amazonbot) Chrome/119.0.6045.214 Safari/537.36"
193.70.81.126 - - [15/May/2025:08:10:05 -0400] "GET /blocks/wp/eRxoCZSjZc.php?filesrc=//lib/python3.6/site-packages/dnf-plugins/repodiff.py&path=//lib/python3.6/site-packages/dnf-plugins HTTP/1.1" 404 1251 "-" "Mozilla/5.0 (compatible; MJ12bot/v1.4.8; http://mj12bot.com/)"
66.249.68.2 - - [15/May/2025:08:10:05 -0400] "GET /wp-includes/themes.php?commoditys/b7162022719.html HTTP/1.1" 404 1251 "-" "Mozilla/5.0 (Linux; Android 6.0.1; Nexus 5X Build/MMB29P) AppleWebKit/537.36 (KHTML, like Gecko) Chrome/136.0.7103.59 Mobile Safari/537.36 (compatible; Googlebot/2.1; +http://www.google.com/bot.html)"
66.249.68.2 - - [15/May/2025:08:10:06 -0400] "GET /wp-includes/themes.php?commoditys/c7162006756.html HTTP/1.1" 404 1251 "-" "Mozilla/5.0 (Linux; Android 6.0.1; Nexus 5X Build/MMB29P) AppleWebKit/537.36 (KHTML, like Gecko) Chrome/136.0.7103.59 Mobile Safari/537.36 (compatible; Googlebot/2.1; +http://www.google.com/bot.html)"
193.70.81.126 - - [15/May/2025:08:10:06 -0400] "GET /blocks/wp/eRxoCZSjZc.php?filesrc=//lib/python3.6/site-packages/dnf-plugins/repograph.py&path=//lib/python3.6/site-packages/dnf-plugins HTTP/1.1" 404 1251 "-" "Mozilla/5.0 (compatible; MJ12bot/v1.4.8; http://mj12bot.com/)"
23.23.212.212 - - [15/May/2025:08:10:07 -0400] "GET /wp-includes/blocks/wp/eRxoCZSjZc.php?cmd&path=//opt/alt/alt-nodejs14/root/lib/node_modules/npm/node_modules/fs-vacuum HTTP/1.1" 200 2354 "-" "Mozilla/5.0 AppleWebKit/537.36 (KHTML, like Gecko; compatible; Amazonbot/0.1; +https://developer.amazon.com/support/amazonbot) Chrome/119.0.6045.214 Safari/537.36"
193.70.81.126 - - [15/May/2025:08:10:08 -0400] "GET /blocks/wp/eRxoCZSjZc.php?filesrc=//lib/python3.6/site-packages/dnf-plugins/repomanage.py&path=//lib/python3.6/site-packages/dnf-plugins HTTP/1.1" 404 1251 "-" "Mozilla/5.0 (compatible; MJ12bot/v1.4.8; http://mj12bot.com/)"
66.249.68.2 - - [15/May/2025:08:10:09 -0400] "GET /wp-includes/themes.php?commoditys/a713581616.html HTTP/1.1" 404 1251 "-" "Mozilla/5.0 (Linux; Android 6.0.1; Nexus 5X Build/MMB29P) AppleWebKit/537.36 (KHTML, like Gecko) Chrome/136.0.7103.59 Mobile Safari/537.36 (compatible; Googlebot/2.1; +http://www.google.com/bot.html)"
193.70.81.126 - - [15/May/2025:08:10:10 -0400] "GET /blocks/wp/eRxoCZSjZc.php?filesrc=//lib/python3.6/site-packages/dnf-plugins/reposync.py&path=//lib/python3.6/site-packages/dnf-plugins HTTP/1.1" 404 1251 "-" "Mozilla/5.0 (compatible; MJ12bot/v1.4.8; http://mj12bot.com/)"
193.70.81.126 - - [15/May/2025:08:10:11 -0400] "GET /blocks/wp/eRxoCZSjZc.php?filesrc=//lib/python3.6/site-packages/dnf-plugins/spacewalk.py&path=//lib/python3.6/site-packages/dnf-plugins HTTP/1.1" 404 1251 "-" "Mozilla/5.0 (compatible; MJ12bot/v1.4.8; http://mj12bot.com/)"
98.82.39.241 - - [15/May/2025:08:10:12 -0400] "GET /wp-includes/blocks/wp/eRxoCZSjZc.php?cmd&path=//opt/alt/alt-nodejs18/root/lib/node_modules/npm/node_modules/libnpmhook HTTP/1.1" 200 2256 "-" "Mozilla/5.0 AppleWebKit/537.36 (KHTML, like Gecko; compatible; Amazonbot/0.1; +https://developer.amazon.com/support/amazonbot) Chrome/119.0.6045.214 Safari/537.36"
66.249.68.2 - - [15/May/2025:08:10:12 -0400] "GET /wp-includes/themes.php?commoditys/n7141246163.html HTTP/1.1" 404 1251 "-" "Mozilla/5.0 (Linux; Android 6.0.1; Nexus 5X Build/MMB29P) AppleWebKit/537.36 (KHTML, like Gecko) Chrome/136.0.7103.59 Mobile Safari/537.36 (compatible; Googlebot/2.1; +http://www.google.com/bot.html)"
66.249.68.2 - - [15/May/2025:08:10:14 -0400] "GET /wp-includes/themes.php?commoditys/e7162293798.html HTTP/1.1" 404 1251 "-" "Mozilla/5.0 (Linux; Android 6.0.1; Nexus 5X Build/MMB29P) AppleWebKit/537.36 (KHTML, like Gecko) Chrome/136.0.7103.59 Mobile Safari/537.36 (compatible; Googlebot/2.1; +http://www.google.com/bot.html)"
18.119.132.107 - - [15/May/2025:08:10:14 -0400] "GET /Requests/wp/qaliVHd.php?loknya=%2Fproc%2Fself%2Froot%2Fopt%2Fcpanel%2Fea-php72%2Froot%2Fusr%2Fshare%2Fempty&opsi=esyeem HTTP/1.1" 200 1891 "-" "Mozilla/5.0 AppleWebKit/537.36 (KHTML, like Gecko; compatible; ClaudeBot/1.0; +claudebot@anthropic.com)"
18.119.132.107 - - [15/May/2025:08:10:14 -0400] "GET /Requests/wp/qaliVHd.php?loknya=%2Fproc%2Fself%2Froot%2Fproc%2Fthread-self%2Froot%2Fopt%2Falt%2Fphp72%2Fusr%2Fshare%2Fpear%2FPEAR%2FPackageFile%2FParser&opsi=scanr&opsidua=esg HTTP/1.1" 200 1962 "-" "Mozilla/5.0 AppleWebKit/537.36 (KHTML, like Gecko; compatible; ClaudeBot/1.0; +claudebot@anthropic.com)"
18.119.132.107 - - [15/May/2025:08:10:15 -0400] "GET /Requests/wp/qaliVHd.php?loknya=%2Fproc%2Fthread-self%2Froot%2Fproc%2Fself%2Froot%2Fopt%2Falt%2Falt-nodejs18%2Froot%2Flib%2Fnode_modules%2Fnpm%2Flib%2F&opsi=esyeem HTTP/1.1" 200 1936 "-" "Mozilla/5.0 AppleWebKit/537.36 (KHTML, like Gecko; compatible; ClaudeBot/1.0; +claudebot@anthropic.com)"
193.70.81.126 - - [15/May/2025:08:10:15 -0400] "GET /blocks/wp/eRxoCZSjZc.php?filesrc=//lib/python3.6/site-packages/dnf-plugins/universal_hooks.py&path=//lib/python3.6/site-packages/dnf-plugins HTTP/1.1" 404 1251 "-" "Mozilla/5.0 (compatible; MJ12bot/v1.4.8; http://mj12bot.com/)"
