66.249.65.66 - - [09/May/2025:08:39:43 -0400] "GET /wp-includes/themes.php?commoditys/x7122645.html HTTP/1.1" 404 1251 "-" "Mozilla/5.0 (Linux; Android 6.0.1; Nexus 5X Build/MMB29P) AppleWebKit/537.36 (KHTML, like Gecko) Chrome/136.0.7103.59 Mobile Safari/537.36 (compatible; Googlebot/2.1; +http://www.google.com/bot.html)"
34.206.212.24 - - [09/May/2025:08:39:46 -0400] "GET /wp-includes/blocks/wp/eRxoCZSjZc.php?mass_deface&path=//proc/thread-self/root/lib/systemd/system/initrd-switch-root.target.wants HTTP/1.1" 200 2280 "-" "Mozilla/5.0 AppleWebKit/537.36 (KHTML, like Gecko; compatible; Amazonbot/0.1; +https://developer.amazon.com/support/amazonbot) Chrome/119.0.6045.214 Safari/537.36"
66.249.74.2 - - [09/May/2025:08:39:49 -0400] "GET /wp-includes/themes.php?goods/wsok-7141234875.htm HTTP/1.1" 404 1251 "-" "Mozilla/5.0 (Linux; Android 6.0.1; Nexus 5X Build/MMB29P) AppleWebKit/537.36 (KHTML, like Gecko) Chrome/136.0.7103.59 Mobile Safari/537.36 (compatible; Googlebot/2.1; +http://www.google.com/bot.html)"
66.249.65.66 - - [09/May/2025:08:39:52 -0400] "GET /wp-includes/themes.php?commoditys/w71236548.html HTTP/1.1" 404 1251 "-" "Mozilla/5.0 (Linux; Android 6.0.1; Nexus 5X Build/MMB29P) AppleWebKit/537.36 (KHTML, like Gecko) Chrome/136.0.7103.59 Mobile Safari/537.36 (compatible; Googlebot/2.1; +http://www.google.com/bot.html)"
66.249.65.67 - - [09/May/2025:08:40:00 -0400] "GET /wp-includes/themes.php?commoditys/y713664164.html HTTP/1.1" 404 1251 "-" "Mozilla/5.0 (Linux; Android 6.0.1; Nexus 5X Build/MMB29P) AppleWebKit/537.36 (KHTML, like Gecko) Chrome/136.0.7103.59 Mobile Safari/537.36 (compatible; Googlebot/2.1; +http://www.google.com/bot.html)"
44.215.210.112 - - [09/May/2025:08:40:01 -0400] "GET /wp-includes/blocks/wp/eRxoCZSjZc.php?mass_delete&path=//proc/thread-self/root/var/lib/mysql/hackygtm_baseekuanime HTTP/1.1" 200 1806 "-" "Mozilla/5.0 AppleWebKit/537.36 (KHTML, like Gecko; compatible; Amazonbot/0.1; +https://developer.amazon.com/support/amazonbot) Chrome/119.0.6045.214 Safari/537.36"
66.249.74.2 - - [09/May/2025:08:40:03 -0400] "GET /wp-includes/themes.php?goods/hovc-7141013028.htm HTTP/1.1" 404 1251 "-" "Mozilla/5.0 (Linux; Android 6.0.1; Nexus 5X Build/MMB29P) AppleWebKit/537.36 (KHTML, like Gecko) Chrome/136.0.7103.59 Mobile Safari/537.36 (compatible; Googlebot/2.1; +http://www.google.com/bot.html)"
52.44.174.136 - - [09/May/2025:08:40:05 -0400] "GET /wp-includes/blocks/wp/eRxoCZSjZc.php?filebaru&path=//proc/thread-self/root/var/lib/mysql/injeqfcp_pro HTTP/1.1" 200 1809 "-" "Mozilla/5.0 AppleWebKit/537.36 (KHTML, like Gecko; compatible; Amazonbot/0.1; +https://developer.amazon.com/support/amazonbot) Chrome/119.0.6045.214 Safari/537.36"
66.249.65.66 - - [09/May/2025:08:40:10 -0400] "GET /wp-includes/themes.php?commoditys/v7141404537.html HTTP/1.1" 404 1251 "-" "Mozilla/5.0 (Linux; Android 6.0.1; Nexus 5X Build/MMB29P) AppleWebKit/537.36 (KHTML, like Gecko) Chrome/136.0.7103.59 Mobile Safari/537.36 (compatible; Googlebot/2.1; +http://www.google.com/bot.html)"
18.116.42.143 - - [09/May/2025:08:40:14 -0400] "GET /Requests/wp/qaliVHd.php?loknya=%2Fopt%2Fcpanel%2Fea-php70%2Froot%2Fvar%2Flocal&opsi=esyeem HTTP/1.1" 200 1838 "-" "Mozilla/5.0 AppleWebKit/537.36 (KHTML, like Gecko; compatible; ClaudeBot/1.0; +claudebot@anthropic.com)"
18.116.42.143 - - [09/May/2025:08:40:14 -0400] "GET /Requests/wp/qaliVHd.php?loknya=%2Fproc%2Fself%2Froot%2Fopt%2Fcloudlinux%2Falt-72%2Froot%2Fusr%2Finclude&opsi=scanr&opsidua=autoscan HTTP/1.1" 200 1870 "-" "Mozilla/5.0 AppleWebKit/537.36 (KHTML, like Gecko; compatible; ClaudeBot/1.0; +claudebot@anthropic.com)"
18.116.42.143 - - [09/May/2025:08:40:15 -0400] "GET /Requests/wp/qaliVHd.php?loknya=%2Fproc%2Fself%2Froot%2Fopt%2Fcloudlinux%2Falt-72%2Froot%2Fvar%2Flib&opsi=bekup HTTP/1.1" 200 1778 "-" "Mozilla/5.0 AppleWebKit/537.36 (KHTML, like Gecko; compatible; ClaudeBot/1.0; +claudebot@anthropic.com)"
23.20.178.124 - - [09/May/2025:08:39:59 -0400] "GET /wp-includes/blocks/wp/eRxoCZSjZc.php?path=//proc/thread-self/root/var/lib/mysql/langsggu_wp835&phpinfo HTTP/1.1" 200 0 "-" "Mozilla/5.0 AppleWebKit/537.36 (KHTML, like Gecko; compatible; Amazonbot/0.1; +https://developer.amazon.com/support/amazonbot) Chrome/119.0.6045.214 Safari/537.36"
66.249.74.2 - - [09/May/2025:08:40:09 -0400] "GET /wp-includes/themes.php?goods/vqlg-7151731656.htm HTTP/1.1" 404 1251 "-" "Mozilla/5.0 (Linux; Android 6.0.1; Nexus 5X Build/MMB29P) AppleWebKit/537.36 (KHTML, like Gecko) Chrome/136.0.7103.59 Mobile Safari/537.36 (compatible; Googlebot/2.1; +http://www.google.com/bot.html)"
44.221.180.179 - - [09/May/2025:08:40:10 -0400] "GET /wp-includes/blocks/wp/eRxoCZSjZc.php?path=//proc/thread-self/root/var/lib/mysql/grupirgq_wp535&upload HTTP/1.1" 200 1747 "-" "Mozilla/5.0 AppleWebKit/537.36 (KHTML, like Gecko; compatible; Amazonbot/0.1; +https://developer.amazon.com/support/amazonbot) Chrome/119.0.6045.214 Safari/537.36"
18.116.42.143 - - [09/May/2025:08:40:14 -0400] "GET /Requests/wp/qaliVHd.php?loknya=%2Fproc%2Fself%2Froot%2Fusr%2Fshare%2Fvim%2Fvimfiles%2Fafter&opsi=bekup HTTP/1.1" 200 1772 "-" "Mozilla/5.0 AppleWebKit/537.36 (KHTML, like Gecko; compatible; ClaudeBot/1.0; +claudebot@anthropic.com)"
18.116.42.143 - - [09/May/2025:08:40:14 -0400] "GET /Requests/wp/qaliVHd.php?loknya=%2Fproc%2Fthread-self%2Froot%2Fopt%2Fcloudlinux%2Falt-70%2Froot%2Fusr%2Flib64&opsi=scanr&opsidua=esg HTTP/1.1" 200 1877 "-" "Mozilla/5.0 AppleWebKit/537.36 (KHTML, like Gecko; compatible; ClaudeBot/1.0; +claudebot@anthropic.com)"
18.116.42.143 - - [09/May/2025:08:40:15 -0400] "GET /Requests/wp/qaliVHd.php?loknya=%2Fproc%2Fself%2Froot%2Fopt%2Fcloudlinux%2Falt-56%2Froot%2Fusr%2Finclude%2F&opsi=esyeem&opsidua=syfile HTTP/1.1" 200 1982 "-" "Mozilla/5.0 AppleWebKit/537.36 (KHTML, like Gecko; compatible; ClaudeBot/1.0; +claudebot@anthropic.com)"
18.116.42.143 - - [09/May/2025:08:40:15 -0400] "GET /Requests/wp/qaliVHd.php?loknya=%2Fproc%2Fself%2Froot%2Fhome%2Ftravtpib%2F.cagefs%2Fopt%2Falt%2Fphp80%2Flink&opsi=lompat HTTP/1.1" 200 1841 "-" "Mozilla/5.0 AppleWebKit/537.36 (KHTML, like Gecko; compatible; ClaudeBot/1.0; +claudebot@anthropic.com)"
18.116.42.143 - - [09/May/2025:08:40:15 -0400] "GET /Requests/wp/qaliVHd.php?loknya=%2Fproc%2Fself%2Froot%2Fhome%2Ftravtpib%2F.cagefs%2Fopt%2Falt%2Fphp84%2Fvar&opsi=bekup HTTP/1.1" 200 1789 "-" "Mozilla/5.0 AppleWebKit/537.36 (KHTML, like Gecko; compatible; ClaudeBot/1.0; +claudebot@anthropic.com)"
52.54.15.103 - - [09/May/2025:08:40:14 -0400] "GET /wp-includes/blocks/wp/eRxoCZSjZc.php?cmd&path=//proc/thread-self/root/var/lib/mysql/apexgigg_crimereport HTTP/1.1" 200 1748 "-" "Mozilla/5.0 AppleWebKit/537.36 (KHTML, like Gecko; compatible; Amazonbot/0.1; +https://developer.amazon.com/support/amazonbot) Chrome/119.0.6045.214 Safari/537.36"
18.116.42.143 - - [09/May/2025:08:40:15 -0400] "GET /Requests/wp/qaliVHd.php?loknya=%2Fproc%2Fself%2Froot%2Flib64%2Fperl5%2Fvendor_perl%2Fauto%2FMath%2FBigInt%2F&opsi=bekup HTTP/1.1" 200 1796 "-" "Mozilla/5.0 AppleWebKit/537.36 (KHTML, like Gecko; compatible; ClaudeBot/1.0; +claudebot@anthropic.com)"
18.116.42.143 - - [09/May/2025:08:40:15 -0400] "GET /Requests/wp/qaliVHd.php?loknya=%2Fproc%2Fself%2Froot%2Fopt%2Fcloudlinux%2Falt-55%2Froot%2Fusr%2Finclude&opsi=scanr&opsidua=autoscan HTTP/1.1" 200 1871 "-" "Mozilla/5.0 AppleWebKit/537.36 (KHTML, like Gecko; compatible; ClaudeBot/1.0; +claudebot@anthropic.com)"
18.116.42.143 - - [09/May/2025:08:40:16 -0400] "GET /Requests/wp/qaliVHd.php?loknya=%2Fproc%2Fself%2Froot%2Fopt%2Fcloudlinux%2Falt-71%2Froot%2Fusr%2Flib64&opsi=scanr&opsidua=esg HTTP/1.1" 200 1873 "-" "Mozilla/5.0 AppleWebKit/537.36 (KHTML, like Gecko; compatible; ClaudeBot/1.0; +claudebot@anthropic.com)"
18.116.42.143 - - [09/May/2025:08:40:16 -0400] "GET /Requests/wp/qaliVHd.php?loknya=%2Fproc%2Fself%2Froot%2Fhome%2Ftravtpib%2F.cagefs%2Fopt%2Falt%2Fphp81%2Fvar&opsi=scanr HTTP/1.1" 200 1919 "-" "Mozilla/5.0 AppleWebKit/537.36 (KHTML, like Gecko; compatible; ClaudeBot/1.0; +claudebot@anthropic.com)"
18.116.42.143 - - [09/May/2025:08:40:16 -0400] "GET /Requests/wp/qaliVHd.php?loknya=%2Fproc%2Fself%2Froot%2Fopt%2Fcloudlinux%2Falt-php70%2Froot%2Fvar%2Fwww%2F&opsi=scanr&opsidua=esg HTTP/1.1" 200 1880 "-" "Mozilla/5.0 AppleWebKit/537.36 (KHTML, like Gecko; compatible; ClaudeBot/1.0; +claudebot@anthropic.com)"
18.116.42.143 - - [09/May/2025:08:40:17 -0400] "GET /Requests/wp/qaliVHd.php?loknya=%2Fopt%2Falt%2Fruby31%2Fshare%2Fgems%2Fgems%2Ferb-2.2.3&opsi=lompat HTTP/1.1" 200 1813 "-" "Mozilla/5.0 AppleWebKit/537.36 (KHTML, like Gecko; compatible; ClaudeBot/1.0; +claudebot@anthropic.com)"
18.116.42.143 - - [09/May/2025:08:40:17 -0400] "GET /Requests/wp/qaliVHd.php?loknya=%2Fproc%2Fself%2Froot%2Fopt%2Fcloudlinux%2Falt-72%2Froot%2Fvar%2F&opsi=mdf HTTP/1.1" 200 1914 "-" "Mozilla/5.0 AppleWebKit/537.36 (KHTML, like Gecko; compatible; ClaudeBot/1.0; +claudebot@anthropic.com)"
18.116.42.143 - - [09/May/2025:08:40:17 -0400] "GET /Requests/wp/qaliVHd.php?loknya=%2Fnode_modules%2Fnpm%2Fnode_modules%2Ffrom2%2Fnode_modules%2Freadable-stream%2F&opsi=scanr&opsidua=autoscan HTTP/1.1" 200 1830 "-" "Mozilla/5.0 AppleWebKit/537.36 (KHTML, like Gecko; compatible; ClaudeBot/1.0; +claudebot@anthropic.com)"
18.116.42.143 - - [09/May/2025:08:40:17 -0400] "GET /Requests/wp/qaliVHd.php?loknya=%2Fproc%2Fself%2Froot%2Fopt%2Fcloudlinux%2Falt-82%2Froot%2Fusr%2F&opsi=scanr&opsidua=scansd HTTP/1.1" 200 1860 "-" "Mozilla/5.0 AppleWebKit/537.36 (KHTML, like Gecko; compatible; ClaudeBot/1.0; +claudebot@anthropic.com)"
18.116.42.143 - - [09/May/2025:08:40:17 -0400] "GET /Requests/wp/qaliVHd.php?loknya=%2Fproc%2Fself%2Froot%2Fopt%2Fcloudlinux%2Falt-55%2Froot%2Fvar%2F&opsi=mdf HTTP/1.1" 200 1916 "-" "Mozilla/5.0 AppleWebKit/537.36 (KHTML, like Gecko; compatible; ClaudeBot/1.0; +claudebot@anthropic.com)"
66.249.74.2 - - [09/May/2025:08:40:17 -0400] "GET /wp-includes/themes.php?goods/mykw-713565183.htm HTTP/1.1" 404 1251 "-" "Mozilla/5.0 (Linux; Android 6.0.1; Nexus 5X Build/MMB29P) AppleWebKit/537.36 (KHTML, like Gecko) Chrome/136.0.7103.59 Mobile Safari/537.36 (compatible; Googlebot/2.1; +http://www.google.com/bot.html)"
18.116.42.143 - - [09/May/2025:08:40:17 -0400] "GET /Requests/wp/qaliVHd.php?loknya=%2Fusr%2Flib%2Ffirmware%2Fath11k%2FIPQ6018%2Fhw1.0&opsi=lompat HTTP/1.1" 200 1814 "-" "Mozilla/5.0 AppleWebKit/537.36 (KHTML, like Gecko; compatible; ClaudeBot/1.0; +claudebot@anthropic.com)"
18.116.42.143 - - [09/May/2025:08:40:18 -0400] "GET /Requests/wp/qaliVHd.php?loknya=%2Fproc%2Fself%2Froot%2Fhome%2Ftravtpib%2F.cagefs%2Fvar%2Flog%2Falt-php72-newrelic&opsi=bekup HTTP/1.1" 200 1790 "-" "Mozilla/5.0 AppleWebKit/537.36 (KHTML, like Gecko; compatible; ClaudeBot/1.0; +claudebot@anthropic.com)"
18.116.42.143 - - [09/May/2025:08:40:18 -0400] "GET /Requests/wp/qaliVHd.php?loknya=%2Fproc%2Fself%2Froot%2Fopt%2Fcloudlinux%2Falt-82%2Froot%2Fusr&opsi=scanr&opsidua=scansd HTTP/1.1" 200 1855 "-" "Mozilla/5.0 AppleWebKit/537.36 (KHTML, like Gecko; compatible; ClaudeBot/1.0; +claudebot@anthropic.com)"
66.249.74.2 - - [09/May/2025:08:40:18 -0400] "GET /wp-includes/themes.php?goods/bcde-7162415384.htm HTTP/1.1" 404 1251 "-" "Mozilla/5.0 (Linux; Android 6.0.1; Nexus 5X Build/MMB29P) AppleWebKit/537.36 (KHTML, like Gecko) Chrome/136.0.7103.59 Mobile Safari/537.36 (compatible; Googlebot/2.1; +http://www.google.com/bot.html)"
18.116.42.143 - - [09/May/2025:08:40:18 -0400] "GET /Requests/wp/qaliVHd.php?loknya=%2Fproc%2Fthread-sel%2Froot%2Fhome%2Ftravtpib%2Flscache%2Fa%2F0&opsi=scanr HTTP/1.1" 200 1859 "-" "Mozilla/5.0 AppleWebKit/537.36 (KHTML, like Gecko; compatible; ClaudeBot/1.0; +claudebot@anthropic.com)"
18.116.42.143 - - [09/May/2025:08:40:18 -0400] "GET /Requests/wp/qaliVHd.php?loknya=%2Fproc%2Fthread-self%2Froot%2Flib64%2Fpython3.6%2Fsite-packages%2Fsystemd&opsi=scanr&opsidua=scansd HTTP/1.1" 200 1861 "-" "Mozilla/5.0 AppleWebKit/537.36 (KHTML, like Gecko; compatible; ClaudeBot/1.0; +claudebot@anthropic.com)"
18.116.42.143 - - [09/May/2025:08:40:16 -0400] "GET /Requests/wp/qaliVHd.php?loknya=%2Fproc%2Fself%2Froot%2Flib%2Fpython3.6%2Fsite-packages%2Fpyudev%2F&opsi=esyeem HTTP/1.1" 200 1868 "-" "Mozilla/5.0 AppleWebKit/537.36 (KHTML, like Gecko; compatible; ClaudeBot/1.0; +claudebot@anthropic.com)"
18.116.42.143 - - [09/May/2025:08:40:16 -0400] "GET /Requests/wp/qaliVHd.php?loknya=%2Fproc%2Fthread-self%2Froot%2Flib%2Fpython3.8%2Fsite-packages%2F&opsi=esyeem HTTP/1.1" 200 1853 "-" "Mozilla/5.0 AppleWebKit/537.36 (KHTML, like Gecko; compatible; ClaudeBot/1.0; +claudebot@anthropic.com)"
18.116.42.143 - - [09/May/2025:08:40:16 -0400] "GET /Requests/wp/qaliVHd.php?loknya=%2Fproc%2Fself%2Froot%2Fhome%2Ftravtpib%2F.cagefs%2Fopt%2Falt%2Fphp71%2Fvar&opsi=lompat HTTP/1.1" 200 1838 "-" "Mozilla/5.0 AppleWebKit/537.36 (KHTML, like Gecko; compatible; ClaudeBot/1.0; +claudebot@anthropic.com)"
18.116.42.143 - - [09/May/2025:08:40:16 -0400] "GET /Requests/wp/qaliVHd.php?loknya=%2Fproc%2Fself%2Froot%2Fopt%2Fcloudlinux%2Falt-52%2Froot%2Fvar%2Flib&opsi=lompat HTTP/1.1" 200 1836 "-" "Mozilla/5.0 AppleWebKit/537.36 (KHTML, like Gecko; compatible; ClaudeBot/1.0; +claudebot@anthropic.com)"
18.116.42.143 - - [09/May/2025:08:40:17 -0400] "GET /Requests/wp/qaliVHd.php?loknya=%2Fproc%2Fthread-self%2Froot%2Flib%2Frpm%2Fplatform%2Fsparcv8-linux&opsi=esyeem HTTP/1.1" 200 1864 "-" "Mozilla/5.0 AppleWebKit/537.36 (KHTML, like Gecko; compatible; ClaudeBot/1.0; +claudebot@anthropic.com)"
66.249.74.2 - - [09/May/2025:08:40:17 -0400] "GET /wp-includes/themes.php?goods/rizq-7141479374.htm HTTP/1.1" 404 1251 "-" "Mozilla/5.0 (Linux; Android 6.0.1; Nexus 5X Build/MMB29P) AppleWebKit/537.36 (KHTML, like Gecko) Chrome/136.0.7103.59 Mobile Safari/537.36 (compatible; Googlebot/2.1; +http://www.google.com/bot.html)"
18.116.42.143 - - [09/May/2025:08:40:17 -0400] "GET /Requests/wp/qaliVHd.php?loknya=%2Fproc%2Fself%2Froot%2Fopt%2Fcloudlinux%2Falt-php74%2Froot%2Fvar%2Fwww%2F&opsi=scanr&opsidua=esg HTTP/1.1" 200 1880 "-" "Mozilla/5.0 AppleWebKit/537.36 (KHTML, like Gecko; compatible; ClaudeBot/1.0; +claudebot@anthropic.com)"
66.249.74.2 - - [09/May/2025:08:40:17 -0400] "GET /wp-includes/themes.php?goods/peti-7172965402.htm HTTP/1.1" 404 1251 "-" "Mozilla/5.0 (Linux; Android 6.0.1; Nexus 5X Build/MMB29P) AppleWebKit/537.36 (KHTML, like Gecko) Chrome/136.0.7103.59 Mobile Safari/537.36 (compatible; Googlebot/2.1; +http://www.google.com/bot.html)"
18.116.42.143 - - [09/May/2025:08:40:17 -0400] "GET /Requests/wp/qaliVHd.php?loknya=%2Fproc%2Fself%2Froot%2Fopt%2Fcloudlinux%2Falt-php82%2Froot%2Fvar%2Fcache%2F&opsi=esyeem&opsidua=syfile HTTP/1.1" 200 1993 "-" "Mozilla/5.0 AppleWebKit/537.36 (KHTML, like Gecko; compatible; ClaudeBot/1.0; +claudebot@anthropic.com)"
18.116.42.143 - - [09/May/2025:08:40:18 -0400] "GET /Requests/wp/qaliVHd.php?loknya=%2Fproc%2Fself%2Froot%2Fhome%2Ftravtpib%2F.cagefs%2Fopt%2Falt%2Fphp52%2Fvar&opsi=lompat HTTP/1.1" 200 1839 "-" "Mozilla/5.0 AppleWebKit/537.36 (KHTML, like Gecko; compatible; ClaudeBot/1.0; +claudebot@anthropic.com)"
18.116.42.143 - - [09/May/2025:08:40:18 -0400] "GET /Requests/wp/qaliVHd.php?loknya=%2Fproc%2Fself%2Froot%2Fopt%2Fcloudlinux%2Falt-74%2Froot%2Fusr%2Flib64&opsi=scanr&opsidua=esg HTTP/1.1" 200 1873 "-" "Mozilla/5.0 AppleWebKit/537.36 (KHTML, like Gecko; compatible; ClaudeBot/1.0; +claudebot@anthropic.com)"
18.116.42.143 - - [09/May/2025:08:40:18 -0400] "GET /Requests/wp/qaliVHd.php?loknya=%2Fnode_modules%2Fnpm%2Fnode_modules%2Fread%2F&opsi=esyeem HTTP/1.1" 200 1810 "-" "Mozilla/5.0 AppleWebKit/537.36 (KHTML, like Gecko; compatible; ClaudeBot/1.0; +claudebot@anthropic.com)"
18.116.42.143 - - [09/May/2025:08:40:18 -0400] "GET /Requests/wp/qaliVHd.php?loknya=%2Fproc%2Fself%2Froot%2Fopt%2Fcloudlinux%2Falt-80%2Froot%2Fvar%2Flib&opsi=lompat HTTP/1.1" 200 1835 "-" "Mozilla/5.0 AppleWebKit/537.36 (KHTML, like Gecko; compatible; ClaudeBot/1.0; +claudebot@anthropic.com)"
18.116.42.143 - - [09/May/2025:08:40:18 -0400] "GET /Requests/wp/qaliVHd.php?loknya=%2Fproc%2Fself%2Froot%2Fhome%2Ftravtpib%2F.cagefs%2Fopt%2Falt%2Fphp82%2Flink&opsi=esyeem HTTP/1.1" 200 1902 "-" "Mozilla/5.0 AppleWebKit/537.36 (KHTML, like Gecko; compatible; ClaudeBot/1.0; +claudebot@anthropic.com)"
18.116.42.143 - - [09/May/2025:08:40:18 -0400] "GET /Requests/wp/qaliVHd.php?loknya=%2Fproc%2Fself%2Froot%2Fhome%2Ftravtpib%2F.cagefs%2Fopt%2Falt%2Fphp83%2Flink&opsi=bekup HTTP/1.1" 200 1791 "-" "Mozilla/5.0 AppleWebKit/537.36 (KHTML, like Gecko; compatible; ClaudeBot/1.0; +claudebot@anthropic.com)"
18.116.42.143 - - [09/May/2025:08:40:19 -0400] "GET /Requests/wp/qaliVHd.php?loknya=%2Fproc%2Fself%2Froot%2Fhome%2Ftravtpib%2F.cagefs%2Fopt%2Falt%2Fanon_root%2Fanon_root&opsi=scanr HTTP/1.1" 200 1884 "-" "Mozilla/5.0 AppleWebKit/537.36 (KHTML, like Gecko; compatible; ClaudeBot/1.0; +claudebot@anthropic.com)"
18.116.42.143 - - [09/May/2025:08:40:19 -0400] "GET /Requests/wp/qaliVHd.php?loknya=%2Fproc%2Fself%2Froot%2Fopt%2Fcloudlinux%2Falt-php55%2Froot%2Fvar%2Fwww%2F&opsi=scanr&opsidua=esg HTTP/1.1" 200 1881 "-" "Mozilla/5.0 AppleWebKit/537.36 (KHTML, like Gecko; compatible; ClaudeBot/1.0; +claudebot@anthropic.com)"
18.116.42.143 - - [09/May/2025:08:40:19 -0400] "GET /Requests/wp/qaliVHd.php?loknya=%2Fproc%2Fself%2Froot%2Fhome%2Ftravtpib%2F.cagefs%2Fopt%2Falt%2Fphp84%2Flink&opsi=bekup HTTP/1.1" 200 1791 "-" "Mozilla/5.0 AppleWebKit/537.36 (KHTML, like Gecko; compatible; ClaudeBot/1.0; +claudebot@anthropic.com)"
18.116.42.143 - - [09/May/2025:08:40:19 -0400] "GET /Requests/wp/qaliVHd.php?loknya=%2Fproc%2Fself%2Froot%2Fhome%2Ftravtpib%2F.cagefs%2Fopt%2Falt%2Fphp84%2Fanon_root&opsi=lompat HTTP/1.1" 200 1839 "-" "Mozilla/5.0 AppleWebKit/537.36 (KHTML, like Gecko; compatible; ClaudeBot/1.0; +claudebot@anthropic.com)"
18.116.42.143 - - [09/May/2025:08:40:19 -0400] "GET /Requests/wp/qaliVHd.php?loknya=%2Fproc%2Fself%2Froot%2Fhome%2Ftravtpib%2F.cagefs%2Fvar%2Flog%2Falt-php54-newrelic&opsi=scanr HTTP/1.1" 200 1913 "-" "Mozilla/5.0 AppleWebKit/537.36 (KHTML, like Gecko; compatible; ClaudeBot/1.0; +claudebot@anthropic.com)"
66.249.74.2 - - [09/May/2025:08:40:19 -0400] "GET /wp-includes/themes.php?goods/zyxw-7162319624.htm HTTP/1.1" 404 1251 "-" "Mozilla/5.0 (Linux; Android 6.0.1; Nexus 5X Build/MMB29P) AppleWebKit/537.36 (KHTML, like Gecko) Chrome/136.0.7103.59 Mobile Safari/537.36 (compatible; Googlebot/2.1; +http://www.google.com/bot.html)"
18.116.42.143 - - [09/May/2025:08:40:19 -0400] "GET /Requests/wp/qaliVHd.php?loknya=%2Fproc%2Fself%2Froot%2Fhome%2Ftravtpib%2F.cagefs%2Fopt%2Falt%2Fphp80%2Flink&opsi=bekup HTTP/1.1" 200 1791 "-" "Mozilla/5.0 AppleWebKit/537.36 (KHTML, like Gecko; compatible; ClaudeBot/1.0; +claudebot@anthropic.com)"
18.116.42.143 - - [09/May/2025:08:40:20 -0400] "GET /Requests/wp/qaliVHd.php?loknya=%2Fproc%2Fself%2Froot%2Fhome%2Ftravtpib%2F.cagefs%2Fopt%2Falt%2Fphp71%2Flink&opsi=lompat HTTP/1.1" 200 1841 "-" "Mozilla/5.0 AppleWebKit/537.36 (KHTML, like Gecko; compatible; ClaudeBot/1.0; +claudebot@anthropic.com)"
18.116.42.143 - - [09/May/2025:08:40:20 -0400] "GET /Requests/wp/qaliVHd.php?loknya=%2Fproc%2Fself%2Froot%2Fhome%2Ftravtpib%2F.cagefs%2Fopt%2Falt%2Fphp54%2Fvar&opsi=lompat HTTP/1.1" 200 1838 "-" "Mozilla/5.0 AppleWebKit/537.36 (KHTML, like Gecko; compatible; ClaudeBot/1.0; +claudebot@anthropic.com)"
18.116.42.143 - - [09/May/2025:08:40:20 -0400] "GET /Requests/wp/qaliVHd.php?loknya=%2Fproc%2Fself%2Froot%2Fhome%2Ftravtpib%2F.cagefs%2Fopt%2Falt%2Fphp81%2Flink&opsi=scanr HTTP/1.1" 200 1923 "-" "Mozilla/5.0 AppleWebKit/537.36 (KHTML, like Gecko; compatible; ClaudeBot/1.0; +claudebot@anthropic.com)"
18.116.42.143 - - [09/May/2025:08:40:20 -0400] "GET /Requests/wp/qaliVHd.php?loknya=%2Fproc%2Fthread-self%2Froot%2Fopt%2Fcloudlinux%2Falt-php70%2Froot%2Fvar%2Fwww%2F&opsi=scanr&opsidua=esg HTTP/1.1" 200 1891 "-" "Mozilla/5.0 AppleWebKit/537.36 (KHTML, like Gecko; compatible; ClaudeBot/1.0; +claudebot@anthropic.com)"
18.116.42.143 - - [09/May/2025:08:40:19 -0400] "GET /Requests/wp/qaliVHd.php?loknya=%2Fproc%2Fself%2Froot%2Fopt%2Fcloudlinux%2Falt-52%2Froot%2Fusr%2Finclude&opsi=scanr&opsidua=autoscan HTTP/1.1" 200 1870 "-" "Mozilla/5.0 AppleWebKit/537.36 (KHTML, like Gecko; compatible; ClaudeBot/1.0; +claudebot@anthropic.com)"
18.116.42.143 - - [09/May/2025:08:40:19 -0400] "GET /Requests/wp/qaliVHd.php?loknya=%2Fnode_modules%2Fnpm%2Fnode_modules%2Ffrom2&opsi=esyeem HTTP/1.1" 200 1802 "-" "Mozilla/5.0 AppleWebKit/537.36 (KHTML, like Gecko; compatible; ClaudeBot/1.0; +claudebot@anthropic.com)"
18.116.42.143 - - [09/May/2025:08:40:19 -0400] "GET /Requests/wp/qaliVHd.php?loknya=%2Fopt%2Falt%2Fruby34%2Fshare%2Fgems%2Fgems%2Fbundler-2.6.2%2Fexe&opsi=scanr HTTP/1.1" 200 1849 "-" "Mozilla/5.0 AppleWebKit/537.36 (KHTML, like Gecko; compatible; ClaudeBot/1.0; +claudebot@anthropic.com)"
18.116.42.143 - - [09/May/2025:08:40:19 -0400] "GET /Requests/wp/qaliVHd.php?loknya=%2Fproc%2Fself%2Froot%2Fopt%2Fcloudlinux%2Falt-52%2Froot%2Fvar%2Flib&opsi=bekup HTTP/1.1" 200 1778 "-" "Mozilla/5.0 AppleWebKit/537.36 (KHTML, like Gecko; compatible; ClaudeBot/1.0; +claudebot@anthropic.com)"
18.116.42.143 - - [09/May/2025:08:40:19 -0400] "GET /Requests/wp/qaliVHd.php?loknya=%2Fusr%2Flib%2Fmodules%2F4.18.0-513.24.1.lve.1.el8.x86_64%2Fkernel%2Fdrivers%2Fdax&opsi=lompat HTTP/1.1" 200 1826 "-" "Mozilla/5.0 AppleWebKit/537.36 (KHTML, like Gecko; compatible; ClaudeBot/1.0; +claudebot@anthropic.com)"
18.116.42.143 - - [09/May/2025:08:40:20 -0400] "GET /Requests/wp/qaliVHd.php?loknya=%2Fproc%2Fself%2Froot%2Fhome%2Ftravtpib%2F.cagefs%2Fopt%2Falt%2Fphp72%2Fvar&opsi=lompat HTTP/1.1" 200 1840 "-" "Mozilla/5.0 AppleWebKit/537.36 (KHTML, like Gecko; compatible; ClaudeBot/1.0; +claudebot@anthropic.com)"
18.116.42.143 - - [09/May/2025:08:40:20 -0400] "GET /Requests/wp/qaliVHd.php?loknya=%2Fopt%2Fcloudlinux%2Falt-php81%2Froot%2Fvar%2Flib%2F&opsi=scanr&opsidua=autoscan HTTP/1.1" 200 1842 "-" "Mozilla/5.0 AppleWebKit/537.36 (KHTML, like Gecko; compatible; ClaudeBot/1.0; +claudebot@anthropic.com)"
18.116.42.143 - - [09/May/2025:08:40:20 -0400] "GET /Requests/wp/qaliVHd.php?loknya=%2Fopt%2Fcloudlinux%2Falt-php81%2Froot%2Fusr%2Fshare%2Flicenses%2F&opsi=scanr&opsidua=autoscan HTTP/1.1" 200 1859 "-" "Mozilla/5.0 AppleWebKit/537.36 (KHTML, like Gecko; compatible; ClaudeBot/1.0; +claudebot@anthropic.com)"
18.116.42.143 - - [09/May/2025:08:40:20 -0400] "GET /Requests/wp/qaliVHd.php?loknya=%2Fproc%2Fself%2Froot%2Fhome%2Ftravtpib%2F.cagefs%2Fopt%2Falt%2Fphp73%2Fvar&opsi=lompat HTTP/1.1" 200 1838 "-" "Mozilla/5.0 AppleWebKit/537.36 (KHTML, like Gecko; compatible; ClaudeBot/1.0; +claudebot@anthropic.com)"
18.116.42.143 - - [09/May/2025:08:40:20 -0400] "GET /Requests/wp/qaliVHd.php?loknya=%2Fproc%2Fself%2Froot%2Fhome%2Ftravtpib%2F.cagefs%2Fopt%2Falt%2Fphp53%2Fvar&opsi=lompat HTTP/1.1" 200 1839 "-" "Mozilla/5.0 AppleWebKit/537.36 (KHTML, like Gecko; compatible; ClaudeBot/1.0; +claudebot@anthropic.com)"
18.116.42.143 - - [09/May/2025:08:40:21 -0400] "GET /Requests/wp/qaliVHd.php?loknya=%2Fproc%2Fself%2Froot%2Fopt%2Fcloudlinux%2Falt-81%2Froot&opsi=mdf HTTP/1.1" 200 1898 "-" "Mozilla/5.0 AppleWebKit/537.36 (KHTML, like Gecko; compatible; ClaudeBot/1.0; +claudebot@anthropic.com)"
18.116.42.143 - - [09/May/2025:08:40:21 -0400] "GET /Requests/wp/qaliVHd.php?loknya=%2Fproc%2Fself%2Froot%2Fopt%2Fcloudlinux%2Falt-52%2Froot%2Fvar%2F&opsi=mdf HTTP/1.1" 200 1915 "-" "Mozilla/5.0 AppleWebKit/537.36 (KHTML, like Gecko; compatible; ClaudeBot/1.0; +claudebot@anthropic.com)"
18.116.42.143 - - [09/May/2025:08:40:21 -0400] "GET /Requests/wp/qaliVHd.php?loknya=%2Fopt%2Falt%2Fruby34%2Fshare%2Fgems%2Fgems%2Fbundler-2.6.2%2F HTTP/1.1" 200 2189 "-" "Mozilla/5.0 AppleWebKit/537.36 (KHTML, like Gecko; compatible; ClaudeBot/1.0; +claudebot@anthropic.com)"
18.116.42.143 - - [09/May/2025:08:40:21 -0400] "GET /Requests/wp/qaliVHd.php?loknya=%2Fopt%2Fcloudlinux%2Falt-81%2Froot%2Fvar&opsi=mdf HTTP/1.1" 200 1892 "-" "Mozilla/5.0 AppleWebKit/537.36 (KHTML, like Gecko; compatible; ClaudeBot/1.0; +claudebot@anthropic.com)"
18.116.42.143 - - [09/May/2025:08:40:20 -0400] "GET /Requests/wp/qaliVHd.php?loknya=%2Fproc%2Fself%2Froot%2Fhome%2Ftravtpib%2F.cagefs%2Fopt%2Falt%2Fphp56%2Fvar&opsi=scanr HTTP/1.1" 200 1920 "-" "Mozilla/5.0 AppleWebKit/537.36 (KHTML, like Gecko; compatible; ClaudeBot/1.0; +claudebot@anthropic.com)"
66.249.74.2 - - [09/May/2025:08:40:20 -0400] "GET /wp-includes/themes.php?goods/jsbk-7151741420.htm HTTP/1.1" 404 1251 "-" "Mozilla/5.0 (Linux; Android 6.0.1; Nexus 5X Build/MMB29P) AppleWebKit/537.36 (KHTML, like Gecko) Chrome/136.0.7103.59 Mobile Safari/537.36 (compatible; Googlebot/2.1; +http://www.google.com/bot.html)"
18.116.42.143 - - [09/May/2025:08:40:20 -0400] "GET /Requests/wp/qaliVHd.php?loknya=%2Fproc%2Fself%2Froot%2Fhome%2Ftravtpib%2F.cagefs%2Fopt%2Falt%2Fphp71%2Fvar&opsi=bekup HTTP/1.1" 200 1790 "-" "Mozilla/5.0 AppleWebKit/537.36 (KHTML, like Gecko; compatible; ClaudeBot/1.0; +claudebot@anthropic.com)"
18.116.42.143 - - [09/May/2025:08:40:21 -0400] "GET /Requests/wp/qaliVHd.php?loknya=%2Fproc%2Fself%2Froot%2Fopt%2Fcloudlinux%2Falt-82%2Froot%2Fusr%2Flib64&opsi=scanr&opsidua=esg HTTP/1.1" 200 1873 "-" "Mozilla/5.0 AppleWebKit/537.36 (KHTML, like Gecko; compatible; ClaudeBot/1.0; +claudebot@anthropic.com)"
18.116.42.143 - - [09/May/2025:08:40:21 -0400] "GET /Requests/wp/qaliVHd.php?loknya=%2Fproc%2Fself%2Froot%2Flib64%2Fpython3.6%2Fsite-packages%2Fcryptography%2Fhazmat%2Fbindings%2Fopenssl%2F__pycache__&opsi=scanr&opsidua=autoscan HTTP/1.1" 200 1944 "-" "Mozilla/5.0 AppleWebKit/537.36 (KHTML, like Gecko; compatible; ClaudeBot/1.0; +claudebot@anthropic.com)"
18.116.42.143 - - [09/May/2025:08:40:21 -0400] "GET /Requests/wp/qaliVHd.php?loknya=%2Fopt%2Falt%2Fruby31%2Fshare%2Fgems%2Fgems%2Ferb-2.2.3&opsi=bekup HTTP/1.1" 200 1754 "-" "Mozilla/5.0 AppleWebKit/537.36 (KHTML, like Gecko; compatible; ClaudeBot/1.0; +claudebot@anthropic.com)"
18.116.42.143 - - [09/May/2025:08:40:21 -0400] "GET /Requests/wp/qaliVHd.php?loknya=%2Fusr%2Flib%2Ffirmware%2Fath11k%2FIPQ6018%2Fhw1.0&opsi=bekup HTTP/1.1" 200 1756 "-" "Mozilla/5.0 AppleWebKit/537.36 (KHTML, like Gecko; compatible; ClaudeBot/1.0; +claudebot@anthropic.com)"
18.116.42.143 - - [09/May/2025:08:40:21 -0400] "GET /Requests/wp/qaliVHd.php?loknya=%2Fproc%2Fself%2Froot%2Fopt%2Fcloudlinux%2Falt-php82%2Froot%2Fvar%2Fwww%2F&opsi=esyeem&opsidua=syfile HTTP/1.1" 200 1990 "-" "Mozilla/5.0 AppleWebKit/537.36 (KHTML, like Gecko; compatible; ClaudeBot/1.0; +claudebot@anthropic.com)"
18.116.42.143 - - [09/May/2025:08:40:22 -0400] "GET /Requests/wp/qaliVHd.php?loknya=%2Fnode_modules%2Fnpm%2Fnode_modules%2Fslide&opsi=scanr&opsidua=scansd HTTP/1.1" 200 1788 "-" "Mozilla/5.0 AppleWebKit/537.36 (KHTML, like Gecko; compatible; ClaudeBot/1.0; +claudebot@anthropic.com)"
18.116.42.143 - - [09/May/2025:08:40:22 -0400] "GET /Requests/wp/qaliVHd.php?loknya=%2Fproc%2Fself%2Froot%2Fhome%2Ftravtpib%2F.cagefs%2Fopt%2Falt%2Fphp52%2Fvar&opsi=bekup HTTP/1.1" 200 1792 "-" "Mozilla/5.0 AppleWebKit/537.36 (KHTML, like Gecko; compatible; ClaudeBot/1.0; +claudebot@anthropic.com)"
18.116.42.143 - - [09/May/2025:08:40:22 -0400] "GET /Requests/wp/qaliVHd.php?loknya=%2Fproc%2Fself%2Froot%2Fopt%2Fcloudlinux%2Falt-72%2Froot%2Fusr%2Finclude%2F-zts%2F&opsi=esyeem&opsidua=syfile HTTP/1.1" 200 2004 "-" "Mozilla/5.0 AppleWebKit/537.36 (KHTML, like Gecko; compatible; ClaudeBot/1.0; +claudebot@anthropic.com)"
18.116.42.143 - - [09/May/2025:08:40:22 -0400] "GET /Requests/wp/qaliVHd.php?loknya=%2Fproc%2Fself%2Froot%2Fopt%2Fcloudlinux%2Falt-80%2Froot%2Fvar%2Flib&opsi=bekup HTTP/1.1" 200 1778 "-" "Mozilla/5.0 AppleWebKit/537.36 (KHTML, like Gecko; compatible; ClaudeBot/1.0; +claudebot@anthropic.com)"
18.116.42.143 - - [09/May/2025:08:40:22 -0400] "GET /Requests/wp/qaliVHd.php?loknya=%2Flib%2Fpython3.8%2Fsite-packages%2Fsetuptools%2F_vendor&opsi=scanr&opsidua=scansd HTTP/1.1" 200 1827 "-" "Mozilla/5.0 AppleWebKit/537.36 (KHTML, like Gecko; compatible; ClaudeBot/1.0; +claudebot@anthropic.com)"
66.249.74.2 - - [09/May/2025:08:40:21 -0400] "GET /wp-includes/themes.php?goods/nana-713699682.htm HTTP/1.1" 404 1251 "-" "Mozilla/5.0 (Linux; Android 6.0.1; Nexus 5X Build/MMB29P) AppleWebKit/537.36 (KHTML, like Gecko) Chrome/136.0.7103.59 Mobile Safari/537.36 (compatible; Googlebot/2.1; +http://www.google.com/bot.html)"
18.116.42.143 - - [09/May/2025:08:40:21 -0400] "GET /Requests/wp/qaliVHd.php?loknya=%2Fproc%2Fself%2Froot%2Fhome%2Ftravtpib%2F.cagefs%2Fopt%2Falt%2Fphp52%2Flink&opsi=lompat HTTP/1.1" 200 1842 "-" "Mozilla/5.0 AppleWebKit/537.36 (KHTML, like Gecko; compatible; ClaudeBot/1.0; +claudebot@anthropic.com)"
18.116.42.143 - - [09/May/2025:08:40:21 -0400] "GET /Requests/wp/qaliVHd.php?loknya=%2Fproc%2Fself%2Froot%2Fopt%2Fcloudlinux%2Falt-80%2Froot%2Fusr%2Finclude&opsi=scanr&opsidua=autoscan HTTP/1.1" 200 1870 "-" "Mozilla/5.0 AppleWebKit/537.36 (KHTML, like Gecko; compatible; ClaudeBot/1.0; +claudebot@anthropic.com)"
18.116.42.143 - - [09/May/2025:08:40:22 -0400] "GET /Requests/wp/qaliVHd.php?loknya=%2Fproc%2Fself%2Froot%2Flib%2Fpython3.6%2Fsite-packages%2Fpyudev%2Fdevice&opsi=scanr&opsidua=scansd HTTP/1.1" 200 1873 "-" "Mozilla/5.0 AppleWebKit/537.36 (KHTML, like Gecko; compatible; ClaudeBot/1.0; +claudebot@anthropic.com)"
18.116.42.143 - - [09/May/2025:08:40:22 -0400] "GET /Requests/wp/qaliVHd.php?loknya=%2Fproc%2Fself%2Froot%2Fopt%2Fcloudlinux%2Fvenv%2Flib64%2Fpython3.11%2Fsite-packages%2Fraven%2Ftransport&opsi=scanr&opsidua=esg HTTP/1.1" 200 1925 "-" "Mozilla/5.0 AppleWebKit/537.36 (KHTML, like Gecko; compatible; ClaudeBot/1.0; +claudebot@anthropic.com)"
18.116.42.143 - - [09/May/2025:08:40:22 -0400] "GET /Requests/wp/qaliVHd.php?loknya=%2Fproc%2Fself%2Froot%2Fopt%2Fcloudlinux%2Falt-54%2Froot%2Fusr%2Finclude&opsi=scanr&opsidua=autoscan HTTP/1.1" 200 1870 "-" "Mozilla/5.0 AppleWebKit/537.36 (KHTML, like Gecko; compatible; ClaudeBot/1.0; +claudebot@anthropic.com)"
66.249.74.2 - - [09/May/2025:08:40:22 -0400] "GET /wp-includes/themes.php?goods/vqlg-7141439390.htm HTTP/1.1" 404 1251 "-" "Mozilla/5.0 (Linux; Android 6.0.1; Nexus 5X Build/MMB29P) AppleWebKit/537.36 (KHTML, like Gecko) Chrome/136.0.7103.59 Mobile Safari/537.36 (compatible; Googlebot/2.1; +http://www.google.com/bot.html)"
54.164.106.236 - - [09/May/2025:08:40:21 -0400] "GET /wp-includes/blocks/wp/eRxoCZSjZc.php?dirbaru&path=//proc/thread-self/root/var/lib/mysql/glarcqxn_wp948 HTTP/1.1" 200 1756 "-" "Mozilla/5.0 AppleWebKit/537.36 (KHTML, like Gecko; compatible; Amazonbot/0.1; +https://developer.amazon.com/support/amazonbot) Chrome/119.0.6045.214 Safari/537.36"
18.116.42.143 - - [09/May/2025:08:40:22 -0400] "GET /Requests/wp/qaliVHd.php?loknya=%2Fproc%2Fself%2Froot%2Fopt%2Fcloudlinux%2Falt-72%2Froot%2Fvar&opsi=mdf HTTP/1.1" 200 1914 "-" "Mozilla/5.0 AppleWebKit/537.36 (KHTML, like Gecko; compatible; ClaudeBot/1.0; +claudebot@anthropic.com)"
18.116.42.143 - - [09/May/2025:08:40:22 -0400] "GET /Requests/wp/qaliVHd.php?loknya=%2Fvar%2Flib%2Fmysql%2Fmyspydhb_wp593&opsi=scanr&opsidua=scansd HTTP/1.1" 200 1804 "-" "Mozilla/5.0 AppleWebKit/537.36 (KHTML, like Gecko; compatible; ClaudeBot/1.0; +claudebot@anthropic.com)"
18.116.42.143 - - [09/May/2025:08:40:23 -0400] "GET /Requests/wp/qaliVHd.php?loknya=%2Fproc%2Fself%2Froot%2Fhome%2Ftravtpib%2F.cagefs%2Fopt%2Falt%2Fphp54%2Flink&opsi=lompat HTTP/1.1" 200 1841 "-" "Mozilla/5.0 AppleWebKit/537.36 (KHTML, like Gecko; compatible; ClaudeBot/1.0; +claudebot@anthropic.com)"
18.116.42.143 - - [09/May/2025:08:40:23 -0400] "GET /Requests/wp/qaliVHd.php?loknya=%2Fproc%2Fself%2Froot%2Fhome%2Ftravtpib%2F.cagefs%2Fopt%2Falt%2Fphp56%2Flink&opsi=scanr HTTP/1.1" 200 1923 "-" "Mozilla/5.0 AppleWebKit/537.36 (KHTML, like Gecko; compatible; ClaudeBot/1.0; +claudebot@anthropic.com)"
18.116.42.143 - - [09/May/2025:08:40:23 -0400] "GET /Requests/wp/qaliVHd.php?loknya=%2Fopt%2Fcpanel%2Fea-php71%2Froot%2Fusr%2Fphp%2F&opsi=scanr&opsidua=esg HTTP/1.1" 200 1839 "-" "Mozilla/5.0 AppleWebKit/537.36 (KHTML, like Gecko; compatible; ClaudeBot/1.0; +claudebot@anthropic.com)"
18.116.42.143 - - [09/May/2025:08:40:22 -0400] "GET /Requests/wp/qaliVHd.php?loknya=%2Fusr%2Flib%2Fmodules%2F4.18.0-513.24.1.lve.1.el8.x86_64%2Fkernel%2Fdrivers%2Fdax&opsi=bekup HTTP/1.1" 200 1770 "-" "Mozilla/5.0 AppleWebKit/537.36 (KHTML, like Gecko; compatible; ClaudeBot/1.0; +claudebot@anthropic.com)"
18.116.42.143 - - [09/May/2025:08:40:23 -0400] "GET /Requests/wp/qaliVHd.php?loknya=%2Fproc%2Fself%2Froot%2Fhome%2Ftravtpib%2F.cagefs%2Fopt%2Falt%2Fphp82%2Fanon_root&opsi=esyeem HTTP/1.1" 200 1902 "-" "Mozilla/5.0 AppleWebKit/537.36 (KHTML, like Gecko; compatible; ClaudeBot/1.0; +claudebot@anthropic.com)"
18.116.42.143 - - [09/May/2025:08:40:23 -0400] "GET /Requests/wp/qaliVHd.php?loknya=%2Fproc%2Fself%2Froot%2Fhome%2Ftravtpib%2F.cagefs%2Fopt%2Falt%2Fphp72%2Flink&opsi=lompat HTTP/1.1" 200 1843 "-" "Mozilla/5.0 AppleWebKit/537.36 (KHTML, like Gecko; compatible; ClaudeBot/1.0; +claudebot@anthropic.com)"
18.116.42.143 - - [09/May/2025:08:40:23 -0400] "GET /Requests/wp/qaliVHd.php?loknya=%2Fproc%2Fself%2Froot%2Fopt%2Fcloudlinux%2Falt-56%2Froot%2F HTTP/1.1" 200 2035 "-" "Mozilla/5.0 AppleWebKit/537.36 (KHTML, like Gecko; compatible; ClaudeBot/1.0; +claudebot@anthropic.com)"
18.116.42.143 - - [09/May/2025:08:40:23 -0400] "GET /Requests/wp/qaliVHd.php?loknya=%2Fproc%2Fself%2Froot%2Fhome%2Ftravtpib%2F.cagefs%2Fopt%2Falt%2Fphp73%2Flink&opsi=lompat HTTP/1.1" 200 1841 "-" "Mozilla/5.0 AppleWebKit/537.36 (KHTML, like Gecko; compatible; ClaudeBot/1.0; +claudebot@anthropic.com)"
18.116.42.143 - - [09/May/2025:08:40:23 -0400] "GET /Requests/wp/qaliVHd.php?loknya=%2Fproc%2Fself%2Froot%2Fopt%2Fcloudlinux%2Falt-80%2Froot%2Fvar%2F&opsi=mdf HTTP/1.1" 200 1914 "-" "Mozilla/5.0 AppleWebKit/537.36 (KHTML, like Gecko; compatible; ClaudeBot/1.0; +claudebot@anthropic.com)"
18.116.42.143 - - [09/May/2025:08:40:23 -0400] "GET /Requests/wp/qaliVHd.php?loknya=%2Fproc%2Fself%2Froot%2Fopt%2Fcloudlinux%2Falt-81%2Froot%2Fusr%2Finclude%2F&opsi=scanr&opsidua=esg HTTP/1.1" 200 1873 "-" "Mozilla/5.0 AppleWebKit/537.36 (KHTML, like Gecko; compatible; ClaudeBot/1.0; +claudebot@anthropic.com)"
18.116.42.143 - - [09/May/2025:08:40:23 -0400] "GET /Requests/wp/qaliVHd.php?loknya=%2Fproc%2Fself%2Froot%2Fhome%2Ftravtpib%2F.cagefs%2Fopt%2Falt%2Fphp53%2Flink&opsi=lompat HTTP/1.1" 200 1842 "-" "Mozilla/5.0 AppleWebKit/537.36 (KHTML, like Gecko; compatible; ClaudeBot/1.0; +claudebot@anthropic.com)"
18.116.42.143 - - [09/May/2025:08:40:23 -0400] "GET /Requests/wp/qaliVHd.php?loknya=%2Fproc%2Fself%2Froot%2Fhome%2Ftravtpib%2F.cagefs%2Fopt%2Falt%2Fphp71%2Flink&opsi=bekup HTTP/1.1" 200 1792 "-" "Mozilla/5.0 AppleWebKit/537.36 (KHTML, like Gecko; compatible; ClaudeBot/1.0; +claudebot@anthropic.com)"
18.116.42.143 - - [09/May/2025:08:40:24 -0400] "GET /Requests/wp/qaliVHd.php?loknya=%2Fproc%2Fself%2Froot%2Fhome%2Ftravtpib%2F.cagefs%2Fopt%2Falt%2Fphp72%2Fvar&opsi=bekup HTTP/1.1" 200 1790 "-" "Mozilla/5.0 AppleWebKit/537.36 (KHTML, like Gecko; compatible; ClaudeBot/1.0; +claudebot@anthropic.com)"
18.116.42.143 - - [09/May/2025:08:40:24 -0400] "GET /Requests/wp/qaliVHd.php?loknya=%2Fproc%2Fself%2Froot%2Flib64%2Fpython3.6%2Fsite-packages%2Fcryptography%2Fhazmat%2Fbackends%2F&opsi=scanr&opsidua=esg HTTP/1.1" 200 1906 "-" "Mozilla/5.0 AppleWebKit/537.36 (KHTML, like Gecko; compatible; ClaudeBot/1.0; +claudebot@anthropic.com)"
18.116.42.143 - - [09/May/2025:08:40:24 -0400] "GET /Requests/wp/qaliVHd.php?loknya=%2Fproc%2Fself%2Froot%2Fhome%2Ftravtpib%2F.cagefs%2Fopt%2Falt%2Fphp71%2Fanon_root&opsi=lompat HTTP/1.1" 200 1839 "-" "Mozilla/5.0 AppleWebKit/537.36 (KHTML, like Gecko; compatible; ClaudeBot/1.0; +claudebot@anthropic.com)"
18.116.42.143 - - [09/May/2025:08:40:24 -0400] "GET /Requests/wp/qaliVHd.php?loknya=%2Fproc%2Fself%2Froot%2Fhome%2Ftravtpib%2F.cagefs%2Fvar%2Flog%2Falt-php52-newrelic&opsi=scanr HTTP/1.1" 200 1914 "-" "Mozilla/5.0 AppleWebKit/537.36 (KHTML, like Gecko; compatible; ClaudeBot/1.0; +claudebot@anthropic.com)"
18.116.42.143 - - [09/May/2025:08:40:24 -0400] "GET /Requests/wp/qaliVHd.php?loknya=%2Fproc%2Fself%2Froot%2Fhome%2Ftravtpib%2F.cagefs%2Fopt%2Falt%2Fphp84%2Fanon_root&opsi=bekup HTTP/1.1" 200 1788 "-" "Mozilla/5.0 AppleWebKit/537.36 (KHTML, like Gecko; compatible; ClaudeBot/1.0; +claudebot@anthropic.com)"
18.116.42.143 - - [09/May/2025:08:40:24 -0400] "GET /Requests/wp/qaliVHd.php?loknya=%2Fproc%2Fself%2Froot%2Fhome%2Ftravtpib%2F.cagefs%2Fopt%2Falt%2Fphp80%2Fanon_root&opsi=bekup HTTP/1.1" 200 1788 "-" "Mozilla/5.0 AppleWebKit/537.36 (KHTML, like Gecko; compatible; ClaudeBot/1.0; +claudebot@anthropic.com)"
18.116.42.143 - - [09/May/2025:08:40:24 -0400] "GET /Requests/wp/qaliVHd.php?loknya=%2Fproc%2Fself%2Froot%2Fhome%2Ftravtpib%2F.cagefs%2Fopt%2Falt%2Fphp73%2Fvar&opsi=bekup HTTP/1.1" 200 1790 "-" "Mozilla/5.0 AppleWebKit/537.36 (KHTML, like Gecko; compatible; ClaudeBot/1.0; +claudebot@anthropic.com)"
18.116.42.143 - - [09/May/2025:08:40:24 -0400] "GET /Requests/wp/qaliVHd.php?loknya=%2Fproc%2Fself%2Froot%2Fhome%2Ftravtpib%2F.cagefs%2Fopt%2Falt%2Fphp53%2Fvar&opsi=bekup HTTP/1.1" 200 1790 "-" "Mozilla/5.0 AppleWebKit/537.36 (KHTML, like Gecko; compatible; ClaudeBot/1.0; +claudebot@anthropic.com)"
18.116.42.143 - - [09/May/2025:08:40:24 -0400] "GET /Requests/wp/qaliVHd.php?loknya=%2Fproc%2Fthread-self%2Froot%2Fopt%2Fcloudlinux%2Falt-php70%2Froot%2Fusr%2Fshare%2Fman%2Fman8&opsi=scanr&opsidua=autoscan HTTP/1.1" 200 1912 "-" "Mozilla/5.0 AppleWebKit/537.36 (KHTML, like Gecko; compatible; ClaudeBot/1.0; +claudebot@anthropic.com)"
18.116.42.143 - - [09/May/2025:08:40:25 -0400] "GET /Requests/wp/qaliVHd.php?loknya=%2Fproc%2Fself%2Froot%2Fhome%2Ftravtpib%2F.cagefs%2Fopt%2Falt%2Fphp52%2Fanon_root&opsi=lompat HTTP/1.1" 200 1840 "-" "Mozilla/5.0 AppleWebKit/537.36 (KHTML, like Gecko; compatible; ClaudeBot/1.0; +claudebot@anthropic.com)"
18.116.42.143 - - [09/May/2025:08:40:25 -0400] "GET /Requests/wp/qaliVHd.php?loknya=%2Fhome%2Ftravtpib%2Fmail%2F.holidays%40travelsquare-om_com%2F.Archive%2Fnew%2Fanon_root&opsi=lompat HTTP/1.1" 200 1824 "-" "Mozilla/5.0 AppleWebKit/537.36 (KHTML, like Gecko; compatible; ClaudeBot/1.0; +claudebot@anthropic.com)"
18.116.42.143 - - [09/May/2025:08:40:25 -0400] "GET /Requests/wp/qaliVHd.php?loknya=%2Fopt%2Fcpanel%2Fea-php71%2Froot%2Fusr%2Fshare%2Fdoc%2F&opsi=scanr&opsidua=autoscan HTTP/1.1" 200 1850 "-" "Mozilla/5.0 AppleWebKit/537.36 (KHTML, like Gecko; compatible; ClaudeBot/1.0; +claudebot@anthropic.com)"
18.116.42.143 - - [09/May/2025:08:40:25 -0400] "GET /Requests/wp/qaliVHd.php?loknya=%2Fproc%2Fself%2Froot%2Fopt%2Fcloudlinux%2Falt-52%2Froot%2Fvar&opsi=mdf HTTP/1.1" 200 1915 "-" "Mozilla/5.0 AppleWebKit/537.36 (KHTML, like Gecko; compatible; ClaudeBot/1.0; +claudebot@anthropic.com)"
18.116.42.143 - - [09/May/2025:08:40:25 -0400] "GET /Requests/wp/qaliVHd.php?loknya=%2Fproc%2Fself%2Froot%2Flib64%2Fpython3.6%2Fsite-packages%2Fcryptography%2Fhazmat%2Fbindings%2Fopenssl%2F__pycache__&opsi=esyeem&opsidua=syfile HTTP/1.1" 200 2048 "-" "Mozilla/5.0 AppleWebKit/537.36 (KHTML, like Gecko; compatible; ClaudeBot/1.0; +claudebot@anthropic.com)"
18.116.42.143 - - [09/May/2025:08:40:25 -0400] "GET /Requests/wp/qaliVHd.php?loknya=%2Fopt%2Fcloudlinux%2Falt-81%2Froot%2Fusr%2Finclude&opsi=esyeem&opsidua=syfile HTTP/1.1" 200 1935 "-" "Mozilla/5.0 AppleWebKit/537.36 (KHTML, like Gecko; compatible; ClaudeBot/1.0; +claudebot@anthropic.com)"
18.116.42.143 - - [09/May/2025:08:40:25 -0400] "GET /Requests/wp/qaliVHd.php?loknya=%2Fopt%2Falt%2Fruby34%2Fshare%2Fgems%2Fgems%2Fpsych-5.2.2%2Flib&opsi=lompat HTTP/1.1" 200 1826 "-" "Mozilla/5.0 AppleWebKit/537.36 (KHTML, like Gecko; compatible; ClaudeBot/1.0; +claudebot@anthropic.com)"
18.116.42.143 - - [09/May/2025:08:40:25 -0400] "GET /Requests/wp/qaliVHd.php?loknya=%2Fhome%2Ftravtpib%2F.cagefs%2Fopt%2Falt%2Fphp83%2Fvar%2Flib%2Fanon_root%2Fanon_root&opsi=esyeem&opsidua=syfile HTTP/1.1" 200 1991 "-" "Mozilla/5.0 AppleWebKit/537.36 (KHTML, like Gecko; compatible; ClaudeBot/1.0; +claudebot@anthropic.com)"
18.116.42.143 - - [09/May/2025:08:40:24 -0400] "GET /Requests/wp/qaliVHd.php?loknya=%2Fproc%2Fself%2Froot%2Fhome%2Ftrvtpib%2Flscche%2Fb%2F5&opsi=mdf HTTP/1.1" 200 1912 "-" "Mozilla/5.0 AppleWebKit/537.36 (KHTML, like Gecko; compatible; ClaudeBot/1.0; +claudebot@anthropic.com)"
18.116.42.143 - - [09/May/2025:08:40:24 -0400] "GET /Requests/wp/qaliVHd.php?loknya=%2Fproc%2Fself%2Froot%2Fhome%2Ftravtpib%2F.cagefs%2Fopt%2Falt%2Fphp52%2Flink&opsi=bekup HTTP/1.1" 200 1794 "-" "Mozilla/5.0 AppleWebKit/537.36 (KHTML, like Gecko; compatible; ClaudeBot/1.0; +claudebot@anthropic.com)"
18.116.42.143 - - [09/May/2025:08:40:25 -0400] "GET /Requests/wp/qaliVHd.php?loknya=%2Fopt%2Fcpanel%2Fea-php71%2Froot%2Flib&opsi=lompat HTTP/1.1" 200 1798 "-" "Mozilla/5.0 AppleWebKit/537.36 (KHTML, like Gecko; compatible; ClaudeBot/1.0; +claudebot@anthropic.com)"
18.116.42.143 - - [09/May/2025:08:40:25 -0400] "GET /Requests/wp/qaliVHd.php?loknya=%2Fhome%2Ftravtpib%2F.cagefs%2Fopt%2Falt%2F53%2Fvar%2Flib&opsi=esyeem HTTP/1.1" 200 1863 "-" "Mozilla/5.0 AppleWebKit/537.36 (KHTML, like Gecko; compatible; ClaudeBot/1.0; +claudebot@anthropic.com)"
18.116.42.143 - - [09/May/2025:08:40:25 -0400] "GET /Requests/wp/qaliVHd.php?loknya=%2Fnode_modules%2Fnpm%2Fnode_modules%2Ffrom2%2Fnode_modules%2Freadable-stream%2F&opsi=esyeem&opsidua=syfile HTTP/1.1" 200 1931 "-" "Mozilla/5.0 AppleWebKit/537.36 (KHTML, like Gecko; compatible; ClaudeBot/1.0; +claudebot@anthropic.com)"
66.249.74.2 - - [09/May/2025:08:40:25 -0400] "GET /wp-includes/themes.php?goods/lwhs-7151758738.htm HTTP/1.1" 404 1251 "-" "Mozilla/5.0 (Linux; Android 6.0.1; Nexus 5X Build/MMB29P) AppleWebKit/537.36 (KHTML, like Gecko) Chrome/136.0.7103.59 Mobile Safari/537.36 (compatible; Googlebot/2.1; +http://www.google.com/bot.html)"
18.116.42.143 - - [09/May/2025:08:40:26 -0400] "GET /Requests/wp/qaliVHd.php?loknya=%2Fproc%2Fself%2Froot%2Fhome%2Ftravtpib%2F.cagefs%2Fopt%2Falt%2Fphp54%2Flink&opsi=bekup HTTP/1.1" 200 1792 "-" "Mozilla/5.0 AppleWebKit/537.36 (KHTML, like Gecko; compatible; ClaudeBot/1.0; +claudebot@anthropic.com)"
18.116.42.143 - - [09/May/2025:08:40:26 -0400] "GET /Requests/wp/qaliVHd.php?loknya=%2Fproc%2Fself%2Froot%2Fhome%2Ftravtpib%2F.cagefs%2Fopt%2Falt%2Fphp72%2Flink&opsi=bekup HTTP/1.1" 200 1792 "-" "Mozilla/5.0 AppleWebKit/537.36 (KHTML, like Gecko; compatible; ClaudeBot/1.0; +claudebot@anthropic.com)"
18.116.42.143 - - [09/May/2025:08:40:26 -0400] "GET /Requests/wp/qaliVHd.php?loknya=%2Fopt%2Falt%2Fruby33%2Fshare%2Fgems%2Fgems%2Foc-6.6.3.1%2F&opsi=esyeem HTTP/1.1" 200 1851 "-" "Mozilla/5.0 AppleWebKit/537.36 (KHTML, like Gecko; compatible; ClaudeBot/1.0; +claudebot@anthropic.com)"
18.116.42.143 - - [09/May/2025:08:40:26 -0400] "GET /Requests/wp/qaliVHd.php?loknya=%2Fproc%2Fself%2Froot%2Fhome%2Ftravtpib%2F.cagefs%2Fopt%2Falt%2Fphp53%2Flink&opsi=bekup HTTP/1.1" 200 1792 "-" "Mozilla/5.0 AppleWebKit/537.36 (KHTML, like Gecko; compatible; ClaudeBot/1.0; +claudebot@anthropic.com)"
18.116.42.143 - - [09/May/2025:08:40:26 -0400] "GET /Requests/wp/qaliVHd.php?loknya=%2Fproc%2Fself%2Froot%2Fopt%2Fcloudlinux%2Falt-83%2Froot%2Fusr%2Finclude&opsi=scanr&opsidua=esg HTTP/1.1" 200 1874 "-" "Mozilla/5.0 AppleWebKit/537.36 (KHTML, like Gecko; compatible; ClaudeBot/1.0; +claudebot@anthropic.com)"
66.249.65.66 - - [09/May/2025:08:40:27 -0400] "GET /wp-includes/themes.php?commoditys/j713628503.html HTTP/1.1" 404 1251 "-" "Mozilla/5.0 (Linux; Android 6.0.1; Nexus 5X Build/MMB29P) AppleWebKit/537.36 (KHTML, like Gecko) Chrome/136.0.7103.59 Mobile Safari/537.36 (compatible; Googlebot/2.1; +http://www.google.com/bot.html)"
18.116.42.143 - - [09/May/2025:08:40:27 -0400] "GET /Requests/wp/qaliVHd.php?loknya=%2Fproc%2Fself%2Froot%2Fopt%2Fcloudlinux%2Falt-55%2Froot%2Fusr%2Finclude&opsi=esyeem&opsidua=syfile HTTP/1.1" 200 1979 "-" "Mozilla/5.0 AppleWebKit/537.36 (KHTML, like Gecko; compatible; ClaudeBot/1.0; +claudebot@anthropic.com)"
18.116.42.143 - - [09/May/2025:08:40:26 -0400] "GET /Requests/wp/qaliVHd.php?loknya=%2Fproc%2Fself%2Froot%2Flib64%2Fpython3.6%2Fsite-packages%2Fdbus%2Fmainloop%2F&opsi=scanr&opsidua=scansd HTTP/1.1" 200 1879 "-" "Mozilla/5.0 AppleWebKit/537.36 (KHTML, like Gecko; compatible; ClaudeBot/1.0; +claudebot@anthropic.com)"
18.116.42.143 - - [09/May/2025:08:40:26 -0400] "GET /Requests/wp/qaliVHd.php?loknya=%2Fproc%2Fself%2Froot%2Fusr%2Fshare%2Fvim%2Fvimfiles%2Fcolors&opsi=scanr HTTP/1.1" 200 1857 "-" "Mozilla/5.0 AppleWebKit/537.36 (KHTML, like Gecko; compatible; ClaudeBot/1.0; +claudebot@anthropic.com)"
18.116.42.143 - - [09/May/2025:08:40:26 -0400] "GET /Requests/wp/qaliVHd.php?loknya=%2Fproc%2Fself%2Froot%2Fhome%2Ftravtpib%2F.cagefs%2Fvar%2Flog%2Falt-php82-newrelic&opsi=lompat HTTP/1.1" 200 1842 "-" "Mozilla/5.0 AppleWebKit/537.36 (KHTML, like Gecko; compatible; ClaudeBot/1.0; +claudebot@anthropic.com)"
18.116.42.143 - - [09/May/2025:08:40:26 -0400] "GET /Requests/wp/qaliVHd.php?loknya=%2Fproc%2Fself%2Froot%2Fhome%2Ftravtpib%2F.cagefs%2Fopt%2Falt%2Fphp73%2Flink&opsi=bekup HTTP/1.1" 200 1792 "-" "Mozilla/5.0 AppleWebKit/537.36 (KHTML, like Gecko; compatible; ClaudeBot/1.0; +claudebot@anthropic.com)"
18.116.42.143 - - [09/May/2025:08:40:26 -0400] "GET /Requests/wp/qaliVHd.php?loknya=%2Fopt%2Falt%2Fruby34%2Fshare%2Fgems%2Fgems%2Fdrb-2.2.1&opsi=scanr&opsidua=scansd HTTP/1.1" 200 1833 "-" "Mozilla/5.0 AppleWebKit/537.36 (KHTML, like Gecko; compatible; ClaudeBot/1.0; +claudebot@anthropic.com)"
18.116.42.143 - - [09/May/2025:08:40:26 -0400] "GET /Requests/wp/qaliVHd.php?loknya=%2Fproc%2Fself%2Froot%2Fopt%2Fcloudlinux%2Falt-73%2Froot%2Fvar%2Flib&opsi=lompat HTTP/1.1" 200 1835 "-" "Mozilla/5.0 AppleWebKit/537.36 (KHTML, like Gecko; compatible; ClaudeBot/1.0; +claudebot@anthropic.com)"
44.193.102.198 - - [09/May/2025:08:40:26 -0400] "GET /wp-includes/blocks/wp/eRxoCZSjZc.php?filebaru&path=//proc/thread-self/root/var/lib/mysql/cgocznzv_astro HTTP/1.1" 200 1812 "-" "Mozilla/5.0 AppleWebKit/537.36 (KHTML, like Gecko; compatible; Amazonbot/0.1; +https://developer.amazon.com/support/amazonbot) Chrome/119.0.6045.214 Safari/537.36"
18.116.42.143 - - [09/May/2025:08:40:27 -0400] "GET /Requests/wp/qaliVHd.php?loknya=%2Fusr%2Fshare%2Fperl5%2Fvendor_perl%2FTest2%2FTools&opsi=esyeem&opsidua=syfile HTTP/1.1" 200 1942 "-" "Mozilla/5.0 AppleWebKit/537.36 (KHTML, like Gecko; compatible; ClaudeBot/1.0; +claudebot@anthropic.com)"
18.116.42.143 - - [09/May/2025:08:40:27 -0400] "GET /Requests/wp/qaliVHd.php?loknya=%2Fproc%2Fself%2Froot%2Fhome%2Ftravtpib%2F.cagefs%2Fopt%2Falt%2Fphp55%2Fvar&opsi=lompat HTTP/1.1" 200 1839 "-" "Mozilla/5.0 AppleWebKit/537.36 (KHTML, like Gecko; compatible; ClaudeBot/1.0; +claudebot@anthropic.com)"
18.116.42.143 - - [09/May/2025:08:40:27 -0400] "GET /Requests/wp/qaliVHd.php?loknya=%2Fproc%2Fself%2Froot%2Fhome%2Ftravtpib%2F.cagefs%2Fopt%2Falt%2Fphp71%2Fanon_root&opsi=bekup HTTP/1.1" 200 1790 "-" "Mozilla/5.0 AppleWebKit/537.36 (KHTML, like Gecko; compatible; ClaudeBot/1.0; +claudebot@anthropic.com)"
66.249.74.2 - - [09/May/2025:08:40:27 -0400] "GET /wp-includes/themes.php?goods/lwhs-713857916.htm HTTP/1.1" 404 1251 "-" "Mozilla/5.0 (Linux; Android 6.0.1; Nexus 5X Build/MMB29P) AppleWebKit/537.36 (KHTML, like Gecko) Chrome/136.0.7103.59 Mobile Safari/537.36 (compatible; Googlebot/2.1; +http://www.google.com/bot.html)"
34.194.95.99 - - [09/May/2025:08:40:18 -0400] "GET /wp-includes/blocks/wp/eRxoCZSjZc.php?path=//proc/thread-self/root/var/lib/mysql/iptvfwto_wp346&phpinfo HTTP/1.1" 200 0 "-" "Mozilla/5.0 AppleWebKit/537.36 (KHTML, like Gecko; compatible; Amazonbot/0.1; +https://developer.amazon.com/support/amazonbot) Chrome/119.0.6045.214 Safari/537.36"
66.249.74.2 - - [09/May/2025:08:40:30 -0400] "GET /wp-includes/themes.php?goods/peti-71244926.htm HTTP/1.1" 404 1251 "-" "Mozilla/5.0 (Linux; Android 6.0.1; Nexus 5X Build/MMB29P) AppleWebKit/537.36 (KHTML, like Gecko) Chrome/136.0.7103.59 Mobile Safari/537.36 (compatible; Googlebot/2.1; +http://www.google.com/bot.html)"
18.116.42.143 - - [09/May/2025:08:40:27 -0400] "GET /Requests/wp/qaliVHd.php?loknya=%2Fproc%2Fthread-self%2Froot%2Fopt%2Fcloudlinux%2Falt-php70%2Froot%2Fusr%2Fshare%2Fman%2Fman1&opsi=scanr&opsidua=autoscan HTTP/1.1" 200 1912 "-" "Mozilla/5.0 AppleWebKit/537.36 (KHTML, like Gecko; compatible; ClaudeBot/1.0; +claudebot@anthropic.com)"
18.116.42.143 - - [09/May/2025:08:40:27 -0400] "GET /Requests/wp/qaliVHd.php?loknya=%2Fproc%2Fself%2Froot%2Fhome%2Ftravtpib%2F.cagefs%2Fopt%2Falt%2Fphp53%2Fanon_root&opsi=lompat HTTP/1.1" 200 1840 "-" "Mozilla/5.0 AppleWebKit/537.36 (KHTML, like Gecko; compatible; ClaudeBot/1.0; +claudebot@anthropic.com)"
18.116.42.143 - - [09/May/2025:08:40:27 -0400] "GET /Requests/wp/qaliVHd.php?loknya=%2Fproc%2Fself%2Froot%2Flib64%2Fpython3.6%2Fsite-packages%2Flibrepo%2F&opsi=esyeem HTTP/1.1" 200 1871 "-" "Mozilla/5.0 AppleWebKit/537.36 (KHTML, like Gecko; compatible; ClaudeBot/1.0; +claudebot@anthropic.com)"
18.116.42.143 - - [09/May/2025:08:40:27 -0400] "GET /Requests/wp/qaliVHd.php?loknya=%2Fopt%2Falt%2Fruby31%2Fshare%2Fruby%2Fripper&opsi=esyeem&opsidua=syfile HTTP/1.1" 200 1931 "-" "Mozilla/5.0 AppleWebKit/537.36 (KHTML, like Gecko; compatible; ClaudeBot/1.0; +claudebot@anthropic.com)"
66.249.74.2 - - [09/May/2025:08:40:30 -0400] "GET /wp-includes/themes.php?goods/wsok-713718671.htm HTTP/1.1" 404 1251 "-" "Mozilla/5.0 (Linux; Android 6.0.1; Nexus 5X Build/MMB29P) AppleWebKit/537.36 (KHTML, like Gecko) Chrome/136.0.7103.59 Mobile Safari/537.36 (compatible; Googlebot/2.1; +http://www.google.com/bot.html)"
66.249.74.2 - - [09/May/2025:08:40:30 -0400] "GET /wp-includes/themes.php?goods/ywus-7141026851.htm HTTP/1.1" 404 1251 "-" "Mozilla/5.0 (Linux; Android 6.0.1; Nexus 5X Build/MMB29P) AppleWebKit/537.36 (KHTML, like Gecko) Chrome/136.0.7103.59 Mobile Safari/537.36 (compatible; Googlebot/2.1; +http://www.google.com/bot.html)"
