18.118.171.161 - - [09/May/2025:08:33:11 -0400] "GET /Requests/wp/qaliVHd.php?loknya=%2Fusr%2Flib%2Ffirmware%2Fmediatek%2Fmt7996&opsi=scanr HTTP/1.1" 200 1818 "-" "Mozilla/5.0 AppleWebKit/537.36 (KHTML, like Gecko; compatible; ClaudeBot/1.0; +claudebot@anthropic.com)"
18.118.171.161 - - [09/May/2025:08:33:11 -0400] "GET /Requests/wp/qaliVHd.php?loknya=%2Fproc%2Fself%2Froot%2Fopt%2Fcloudlinux%2Falt-php84%2Froot%2Fusr%2Fshare%2Fpecl%2F&opsi=esyeem&opsidua=syfile HTTP/1.1" 200 2002 "-" "Mozilla/5.0 AppleWebKit/537.36 (KHTML, like Gecko; compatible; ClaudeBot/1.0; +claudebot@anthropic.com)"
66.249.74.2 - - [09/May/2025:08:33:11 -0400] "GET /wp-includes/themes.php?goods/fkpu-7172752556.htm HTTP/1.1" 404 1251 "-" "Mozilla/5.0 (Linux; Android 6.0.1; Nexus 5X Build/MMB29P) AppleWebKit/537.36 (KHTML, like Gecko) Chrome/136.0.7103.59 Mobile Safari/537.36 (compatible; Googlebot/2.1; +http://www.google.com/bot.html)"
18.118.171.161 - - [09/May/2025:08:33:11 -0400] "GET /Requests/wp/qaliVHd.php?loknya=%2Fopt%2Fcpanel%2Fea-php71%2Froot%2Fusr%2Finclude%2Fphp%2F&opsi=scanr&opsidua=autoscan HTTP/1.1" 200 1853 "-" "Mozilla/5.0 AppleWebKit/537.36 (KHTML, like Gecko; compatible; ClaudeBot/1.0; +claudebot@anthropic.com)"
18.118.171.161 - - [09/May/2025:08:33:11 -0400] "GET /Requests/wp/qaliVHd.php?loknya=%2Fopt%2Fcloudlinux%2Falt-php81%2Froot%2Fusr%2Fphp%2F&opsi=scanr&opsidua=esg HTTP/1.1" 200 1842 "-" "Mozilla/5.0 AppleWebKit/537.36 (KHTML, like Gecko; compatible; ClaudeBot/1.0; +claudebot@anthropic.com)"
66.249.65.66 - - [09/May/2025:08:33:11 -0400] "GET /wp-includes/themes.php?commoditys/a713935944.html HTTP/1.1" 404 1251 "-" "Mozilla/5.0 (Linux; Android 6.0.1; Nexus 5X Build/MMB29P) AppleWebKit/537.36 (KHTML, like Gecko) Chrome/136.0.7103.59 Mobile Safari/537.36 (compatible; Googlebot/2.1; +http://www.google.com/bot.html)"
18.118.171.161 - - [09/May/2025:08:33:11 -0400] "GET /Requests/wp/qaliVHd.php?loknya=%2Fproc%2Fthread-self%2Froot%2Fopt%2Fcloudlinux%2Fvenv%2Flib64%2Fpython3.11%2Fsite-packages%2Fcertifi%2F__pycache__&opsi=scanr&opsidua=autoscan HTTP/1.1" 200 1941 "-" "Mozilla/5.0 AppleWebKit/537.36 (KHTML, like Gecko; compatible; ClaudeBot/1.0; +claudebot@anthropic.com)"
18.118.171.161 - - [09/May/2025:08:33:12 -0400] "GET /Requests/wp/qaliVHd.php?loknya=%2Fproc%2Fthread-self%2Froot%2Fopt%2Fcloudlinux%2Fvenv%2Flib64%2Fpython3.11%2Fsite-packages%2Ftoml%2F__pycache__&opsi=scanr&opsidua=esg HTTP/1.1" 200 1937 "-" "Mozilla/5.0 AppleWebKit/537.36 (KHTML, like Gecko; compatible; ClaudeBot/1.0; +claudebot@anthropic.com)"
18.118.171.161 - - [09/May/2025:08:33:12 -0400] "GET /Requests/wp/qaliVHd.php?loknya=%2Fproc%2Fself%2Froot%2Fopt%2Fcloudlinux%2Fvenv%2Flib64%2Fpython3.11%2Fsite-packages%2Fisort%2F__pycache__&opsi=esyeem&opsidua=syfile HTTP/1.1" 200 2034 "-" "Mozilla/5.0 AppleWebKit/537.36 (KHTML, like Gecko; compatible; ClaudeBot/1.0; +claudebot@anthropic.com)"
18.118.171.161 - - [09/May/2025:08:33:12 -0400] "GET /Requests/wp/qaliVHd.php?loknya=%2Fproc%2Fself%2Froot%2Fopt%2Fcloudlinux%2Falt-php82%2Froot%2Fusr%2Fshare%2Fman%2F&opsi=scanr&opsidua=esg HTTP/1.1" 200 1897 "-" "Mozilla/5.0 AppleWebKit/537.36 (KHTML, like Gecko; compatible; ClaudeBot/1.0; +claudebot@anthropic.com)"
18.118.171.161 - - [09/May/2025:08:33:12 -0400] "GET /Requests/wp/qaliVHd.php?loknya=%2Fproc%2Fself%2Froot%2Fproc%2Fthread-self%2Froot%2Fusr%2Flibexec%2Fmc HTTP/1.1" 200 2523 "-" "Mozilla/5.0 AppleWebKit/537.36 (KHTML, like Gecko; compatible; ClaudeBot/1.0; +claudebot@anthropic.com)"
18.118.171.161 - - [09/May/2025:08:33:12 -0400] "GET /Requests/wp/qaliVHd.php?loknya=%2Fproc%2Fthread-self%2Froot%2Flib%2Fpython3.8%2Fsite-packages%2Fpkg_resources%2Fextern&opsi=esyeem HTTP/1.1" 200 1889 "-" "Mozilla/5.0 AppleWebKit/537.36 (KHTML, like Gecko; compatible; ClaudeBot/1.0; +claudebot@anthropic.com)"
18.118.171.161 - - [09/May/2025:08:33:12 -0400] "GET /Requests/wp/qaliVHd.php?loknya=%2Fopt%2Fcpanel%2Fea-ruby27%2Fsrc%2Fpassenger-release-6.0.23%2Fbuild%2Fsupport%2Fvendor%2F&opsi=bekup HTTP/1.1" 200 1796 "-" "Mozilla/5.0 AppleWebKit/537.36 (KHTML, like Gecko; compatible; ClaudeBot/1.0; +claudebot@anthropic.com)"
66.249.65.66 - - [09/May/2025:08:33:13 -0400] "GET /wp-includes/themes.php?commoditys/a7141165524.html HTTP/1.1" 404 1251 "-" "Mozilla/5.0 (Linux; Android 6.0.1; Nexus 5X Build/MMB29P) AppleWebKit/537.36 (KHTML, like Gecko) Chrome/136.0.7103.59 Mobile Safari/537.36 (compatible; Googlebot/2.1; +http://www.google.com/bot.html)"
18.118.171.161 - - [09/May/2025:08:33:13 -0400] "GET /Requests/wp/qaliVHd.php?loknya=%2Fproc%2Fthread-self%2Froot%2Fopt%2Fcloudlinux%2Fvenv%2Flib64%2Fpython3.11%2Fsite-packages%2Fdill%2F__pycache__&opsi=scanr&opsidua=autoscan HTTP/1.1" 200 1937 "-" "Mozilla/5.0 AppleWebKit/537.36 (KHTML, like Gecko; compatible; ClaudeBot/1.0; +claudebot@anthropic.com)"
18.118.171.161 - - [09/May/2025:08:33:13 -0400] "GET /Requests/wp/qaliVHd.php?loknya=%2Fproc%2Fself%2Froot%2Fopt%2Fcloudlinux%2Fvenv%2Flib64%2Fpython3.11%2Fsite-packages%2Fcertifi%2F__pycache__&opsi=scanr&opsidua=autoscan HTTP/1.1" 200 1930 "-" "Mozilla/5.0 AppleWebKit/537.36 (KHTML, like Gecko; compatible; ClaudeBot/1.0; +claudebot@anthropic.com)"
18.118.171.161 - - [09/May/2025:08:33:11 -0400] "GET /Requests/wp/qaliVHd.php?loknya=%2Fproc%2Fself%2Froot%2Fopt%2Fcloudlinux%2Falt-php55%2Froot%2Fusr%2Fshare%2Fxcache_3%2Fdiagnosis%2Flang&opsi=scanr&opsidua=autoscan HTTP/1.1" 200 1929 "-" "Mozilla/5.0 AppleWebKit/537.36 (KHTML, like Gecko; compatible; ClaudeBot/1.0; +claudebot@anthropic.com)"
18.118.171.161 - - [09/May/2025:08:33:11 -0400] "GET /Requests/wp/qaliVHd.php?loknya=%2Fopt%2Falt%2Fruby34%2Fshare%2Fgems%2Fgems%2Frake-13.2.1%2Fdoc&opsi=bekup HTTP/1.1" 200 1768 "-" "Mozilla/5.0 AppleWebKit/537.36 (KHTML, like Gecko; compatible; ClaudeBot/1.0; +claudebot@anthropic.com)"
66.249.65.66 - - [09/May/2025:08:33:11 -0400] "GET /wp-includes/themes.php?commoditys/f7141285077.html HTTP/1.1" 404 1251 "-" "Mozilla/5.0 (Linux; Android 6.0.1; Nexus 5X Build/MMB29P) AppleWebKit/537.36 (KHTML, like Gecko) Chrome/136.0.7103.59 Mobile Safari/537.36 (compatible; Googlebot/2.1; +http://www.google.com/bot.html)"
18.118.171.161 - - [09/May/2025:08:33:11 -0400] "GET /Requests/wp/qaliVHd.php?loknya=%2Fopt%2Falt%2Fruby34%2Fshare%2Fgems%2Fgems%2F&opsi=mdf HTTP/1.1" 200 1890 "-" "Mozilla/5.0 AppleWebKit/537.36 (KHTML, like Gecko; compatible; ClaudeBot/1.0; +claudebot@anthropic.com)"
18.118.171.161 - - [09/May/2025:08:33:12 -0400] "GET /Requests/wp/qaliVHd.php?loknya=%2Fproc%2Fself%2Froot%2Fopt%2Fcloudlinux%2Fvenv%2Flib64%2Fpython3.11%2Fsite-packages%2Ftoml%2F__pycache__&opsi=esyeem&opsidua=syfile HTTP/1.1" 200 2034 "-" "Mozilla/5.0 AppleWebKit/537.36 (KHTML, like Gecko; compatible; ClaudeBot/1.0; +claudebot@anthropic.com)"
18.118.171.161 - - [09/May/2025:08:33:12 -0400] "GET /Requests/wp/qaliVHd.php?loknya=%2Fopt%2Falt%2Fphp73%2Fusr%2Finclude%2Fphp%2Fext%2Fdom&opsi=scanr&opsidua=autoscan HTTP/1.1" 200 1846 "-" "Mozilla/5.0 AppleWebKit/537.36 (KHTML, like Gecko; compatible; ClaudeBot/1.0; +claudebot@anthropic.com)"
18.118.171.161 - - [09/May/2025:08:33:12 -0400] "GET /Requests/wp/qaliVHd.php?loknya=%2Fproc%2Fself%2Froot%2Fopt%2Fcloudlinux%2Falt-php70%2Froot%2Fusr%2Fphp%2F&opsi=scanr&opsidua=autoscan HTTP/1.1" 200 1878 "-" "Mozilla/5.0 AppleWebKit/537.36 (KHTML, like Gecko; compatible; ClaudeBot/1.0; +claudebot@anthropic.com)"
18.118.171.161 - - [09/May/2025:08:33:12 -0400] "GET /Requests/wp/qaliVHd.php?loknya=%2Fproc%2Fself%2Froot%2Fopt%2Fhc_python%2Flib64%2Fpython3.12%2Fsite-packages%2Fwheel%2Fvendored%2F&opsi=esyeem&opsidua=syfile HTTP/1.1" 200 2018 "-" "Mozilla/5.0 AppleWebKit/537.36 (KHTML, like Gecko; compatible; ClaudeBot/1.0; +claudebot@anthropic.com)"
66.249.74.2 - - [09/May/2025:08:33:12 -0400] "GET /wp-includes/themes.php?goods/ywus-713633003.htm HTTP/1.1" 404 1251 "-" "Mozilla/5.0 (Linux; Android 6.0.1; Nexus 5X Build/MMB29P) AppleWebKit/537.36 (KHTML, like Gecko) Chrome/136.0.7103.59 Mobile Safari/537.36 (compatible; Googlebot/2.1; +http://www.google.com/bot.html)"
18.118.171.161 - - [09/May/2025:08:33:12 -0400] "GET /Requests/wp/qaliVHd.php?loknya=%2Fproc%2Fself%2Froot%2Fopt%2Fhc_python%2Flib64%2Fpython3.12%2Fsite-packages%2Fwheel%2Fvendored%2Fpackaging%2F__pycache__&opsi=esyeem&opsidua=syfile HTTP/1.1" 200 2054 "-" "Mozilla/5.0 AppleWebKit/537.36 (KHTML, like Gecko; compatible; ClaudeBot/1.0; +claudebot@anthropic.com)"
18.118.171.161 - - [09/May/2025:08:33:13 -0400] "GET /Requests/wp/qaliVHd.php?loknya=%2Fopt%2Falt%2Fphp73%2Fusr%2Finclude%2Fphp%2Fext%2Fapcu&opsi=scanr&opsidua=autoscan HTTP/1.1" 200 1848 "-" "Mozilla/5.0 AppleWebKit/537.36 (KHTML, like Gecko; compatible; ClaudeBot/1.0; +claudebot@anthropic.com)"
18.118.171.161 - - [09/May/2025:08:33:13 -0400] "GET /Requests/wp/qaliVHd.php?loknya=%2Fusr%2Flib64%2Fpython3.8%2Fsite-packages%2F__pycache__&opsi=esyeem HTTP/1.1" 200 1831 "-" "Mozilla/5.0 AppleWebKit/537.36 (KHTML, like Gecko; compatible; ClaudeBot/1.0; +claudebot@anthropic.com)"
18.118.171.161 - - [09/May/2025:08:33:13 -0400] "GET /Requests/wp/qaliVHd.php?loknya=%2Fproc%2Fself%2Froot%2Fopt%2Fcloudlinux%2Fvenv%2Flib64%2Fpython3.11%2Fsite-packages%2Ftoml%2F__pycache__&opsi=scanr&opsidua=esg HTTP/1.1" 200 1930 "-" "Mozilla/5.0 AppleWebKit/537.36 (KHTML, like Gecko; compatible; ClaudeBot/1.0; +claudebot@anthropic.com)"
184.73.195.18 - - [09/May/2025:08:33:13 -0400] "GET /wp-includes/blocks/wp/eRxoCZSjZc.php?path=//proc/thread-self/root/var/lib/mysql/manavwya_test1&phpinfo HTTP/1.1" 200 28274 "-" "Mozilla/5.0 AppleWebKit/537.36 (KHTML, like Gecko; compatible; Amazonbot/0.1; +https://developer.amazon.com/support/amazonbot) Chrome/119.0.6045.214 Safari/537.36"
18.118.171.161 - - [09/May/2025:08:33:13 -0400] "GET /Requests/wp/qaliVHd.php?loknya=%2Fusr%2Flib%2Fmodules%2F4.18.0-513.24.1.lve.1.el8.x86_64%2Fkernel%2Fdrivers%2Fdax&opsi=mdf HTTP/1.1" 200 1913 "-" "Mozilla/5.0 AppleWebKit/537.36 (KHTML, like Gecko; compatible; ClaudeBot/1.0; +claudebot@anthropic.com)"
18.118.171.161 - - [09/May/2025:08:33:14 -0400] "GET /Requests/wp/qaliVHd.php?loknya=%2Fopt%2Falt%2Fruby33%2Fshare%2Fgems%2Fgems%2Foc-6.6.3.1%2F&opsi=scanr HTTP/1.1" 200 1838 "-" "Mozilla/5.0 AppleWebKit/537.36 (KHTML, like Gecko; compatible; ClaudeBot/1.0; +claudebot@anthropic.com)"
18.118.171.161 - - [09/May/2025:08:33:14 -0400] "GET /Requests/wp/qaliVHd.php?loknya=%2Fproc%2Fself%2Froot%2Fopt%2Fcloudlinux%2Fvenv%2Flib64%2Fpython3.11%2Fsite-packages%2Fdill%2F__pycache__&opsi=scanr&opsidua=autoscan HTTP/1.1" 200 1928 "-" "Mozilla/5.0 AppleWebKit/537.36 (KHTML, like Gecko; compatible; ClaudeBot/1.0; +claudebot@anthropic.com)"
18.118.171.161 - - [09/May/2025:08:33:14 -0400] "GET /Requests/wp/qaliVHd.php?loknya=%2Fusr%2Flib%2Flocale%2Fen_US%40ampm%2F&opsi=lompat HTTP/1.1" 200 1790 "-" "Mozilla/5.0 AppleWebKit/537.36 (KHTML, like Gecko; compatible; ClaudeBot/1.0; +claudebot@anthropic.com)"
66.249.74.2 - - [09/May/2025:08:33:14 -0400] "GET /wp-includes/themes.php?goods/iqyg-713603035.htm HTTP/1.1" 404 1251 "-" "Mozilla/5.0 (Linux; Android 6.0.1; Nexus 5X Build/MMB29P) AppleWebKit/537.36 (KHTML, like Gecko) Chrome/136.0.7103.59 Mobile Safari/537.36 (compatible; Googlebot/2.1; +http://www.google.com/bot.html)"
18.118.171.161 - - [09/May/2025:08:33:14 -0400] "GET /Requests/wp/qaliVHd.php?loknya=%2Fproc%2Fthread-self%2Froot%2Fopt%2Fcloudlinux%2Fvenv%2Flib64%2Fpython3.11%2Fsite-packages%2Flvestats%2Fburstwatcher&opsi=scanr&opsidua=autoscan HTTP/1.1" 200 1935 "-" "Mozilla/5.0 AppleWebKit/537.36 (KHTML, like Gecko; compatible; ClaudeBot/1.0; +claudebot@anthropic.com)"
66.249.65.66 - - [09/May/2025:08:33:14 -0400] "GET /wp-includes/themes.php?commoditys/e713962364.html HTTP/1.1" 404 1251 "-" "Mozilla/5.0 (Linux; Android 6.0.1; Nexus 5X Build/MMB29P) AppleWebKit/537.36 (KHTML, like Gecko) Chrome/136.0.7103.59 Mobile Safari/537.36 (compatible; Googlebot/2.1; +http://www.google.com/bot.html)"
18.118.171.161 - - [09/May/2025:08:33:14 -0400] "GET /Requests/wp/qaliVHd.php?loknya=%2Fopt%2Falt%2Fruby34%2Fshare%2Fgems%2Fgems%2Ferb-4.0.4%2Flibexec&opsi=esyeem HTTP/1.1" 200 1863 "-" "Mozilla/5.0 AppleWebKit/537.36 (KHTML, like Gecko; compatible; ClaudeBot/1.0; +claudebot@anthropic.com)"
18.118.171.161 - - [09/May/2025:08:33:14 -0400] "GET /Requests/wp/qaliVHd.php?loknya=%2Fhome%2Ftravtpib%2F.cagefs%2Fopt%2Falt%2Fphp83%2Fvar%2Flib%2Fphp%2Fsession&opsi=esyeem&opsidua=syfile HTTP/1.1" 200 1984 "-" "Mozilla/5.0 AppleWebKit/537.36 (KHTML, like Gecko; compatible; ClaudeBot/1.0; +claudebot@anthropic.com)"
18.118.171.161 - - [09/May/2025:08:33:14 -0400] "GET /Requests/wp/qaliVHd.php?loknya=%2Fproc%2Fself%2Froot%2Fopt%2Fcloudlinux%2Falt-php54%2Froot%2Fusr%2Fshare%2Fxcache_3%2F&opsi=scanr&opsidua=autoscan HTTP/1.1" 200 1901 "-" "Mozilla/5.0 AppleWebKit/537.36 (KHTML, like Gecko; compatible; ClaudeBot/1.0; +claudebot@anthropic.com)"
18.118.171.161 - - [09/May/2025:08:33:13 -0400] "GET /Requests/wp/qaliVHd.php?loknya=%2Fproc%2Fself%2Froot%2Fopt%2Fcloudlinux%2Falt-php55%2Froot%2Fusr%2Fshare%2Fxcache_3%2Fcacher%2Fsub&opsi=scanr&opsidua=esg HTTP/1.1" 200 1923 "-" "Mozilla/5.0 AppleWebKit/537.36 (KHTML, like Gecko; compatible; ClaudeBot/1.0; +claudebot@anthropic.com)"
18.118.171.161 - - [09/May/2025:08:33:13 -0400] "GET /Requests/wp/qaliVHd.php?loknya=%2Fproc%2Fthread-self%2Froot%2Fopt%2Fcloudlinux%2Falt-70%2Froot%2Fusr%2Fshare&opsi=esyeem HTTP/1.1" 200 1883 "-" "Mozilla/5.0 AppleWebKit/537.36 (KHTML, like Gecko; compatible; ClaudeBot/1.0; +claudebot@anthropic.com)"
18.118.171.161 - - [09/May/2025:08:33:13 -0400] "GET /Requests/wp/qaliVHd.php?loknya=%2Fopt%2Falt%2Fphp73%2Fusr%2Finclude%2Fphp%2Fext%2Ficonv&opsi=scanr&opsidua=autoscan HTTP/1.1" 200 1847 "-" "Mozilla/5.0 AppleWebKit/537.36 (KHTML, like Gecko; compatible; ClaudeBot/1.0; +claudebot@anthropic.com)"
18.118.171.161 - - [09/May/2025:08:33:13 -0400] "GET /Requests/wp/qaliVHd.php?loknya=%2Fopt%2Falt%2Fruby31%2Fshare%2Fgems%2Fgems%2Frack-3.0.8&opsi=esyeem HTTP/1.1" 200 1841 "-" "Mozilla/5.0 AppleWebKit/537.36 (KHTML, like Gecko; compatible; ClaudeBot/1.0; +claudebot@anthropic.com)"
18.118.171.161 - - [09/May/2025:08:33:13 -0400] "GET /Requests/wp/qaliVHd.php?loknya=%2Fproc%2Fself%2Froot%2Fopt%2Fcloudlinux%2Fvenv%2Flib64%2Fpython3.11%2Fsite-packages%2Fcllimits_validator%2F__pycache__&opsi=scanr&opsidua=esg HTTP/1.1" 200 1938 "-" "Mozilla/5.0 AppleWebKit/537.36 (KHTML, like Gecko; compatible; ClaudeBot/1.0; +claudebot@anthropic.com)"
18.118.171.161 - - [09/May/2025:08:33:14 -0400] "GET /Requests/wp/qaliVHd.php?loknya=%2Fproc%2Fself%2Froot%2Fopt%2Fcloudlinux%2Falt-php74%2Froot%2Fusr%2Fshare%2Fpear%2F.registry%2F.channel.__uri&opsi=scanr&opsidua=esg HTTP/1.1" 200 1934 "-" "Mozilla/5.0 AppleWebKit/537.36 (KHTML, like Gecko; compatible; ClaudeBot/1.0; +claudebot@anthropic.com)"
18.118.171.161 - - [09/May/2025:08:33:14 -0400] "GET /Requests/wp/qaliVHd.php?loknya=%2Fproc%2Fself%2Froot%2Fopt%2Fcloudlinux%2Falt-56%2Froot%2Fusr%2Fshare&opsi=lompat HTTP/1.1" 200 1838 "-" "Mozilla/5.0 AppleWebKit/537.36 (KHTML, like Gecko; compatible; ClaudeBot/1.0; +claudebot@anthropic.com)"
18.118.171.161 - - [09/May/2025:08:33:14 -0400] "GET /Requests/wp/qaliVHd.php?loknya=%2Fopt%2Falt%2Fphp73%2Fusr%2Finclude%2Fphp%2Fext%2Fpsr&opsi=scanr&opsidua=autoscan HTTP/1.1" 200 1844 "-" "Mozilla/5.0 AppleWebKit/537.36 (KHTML, like Gecko; compatible; ClaudeBot/1.0; +claudebot@anthropic.com)"
23.21.148.226 - - [09/May/2025:08:33:05 -0400] "GET /wp-includes/blocks/wp/eRxoCZSjZc.php?filebaru&path=//usr/share/locale/sux HTTP/1.1" 200 0 "-" "Mozilla/5.0 AppleWebKit/537.36 (KHTML, like Gecko; compatible; Amazonbot/0.1; +https://developer.amazon.com/support/amazonbot) Chrome/119.0.6045.214 Safari/537.36"
18.118.171.161 - - [09/May/2025:08:33:15 -0400] "GET /Requests/wp/qaliVHd.php?loknya=%2Fproc%2Fself%2Froot%2Fusr%2Fshare%2Fvim%2Fvimfiles%2Ftutor&opsi=bekup HTTP/1.1" 200 1777 "-" "Mozilla/5.0 AppleWebKit/537.36 (KHTML, like Gecko; compatible; ClaudeBot/1.0; +claudebot@anthropic.com)"
18.118.171.161 - - [09/May/2025:08:33:15 -0400] "GET /Requests/wp/qaliVHd.php?loknya=%2Fhome%2Ftravtpib%2Ftmp%2Fpma_template_compiles_travtpib%2Ftwig%2Fc6%2F&opsi=mdf HTTP/1.1" 200 1907 "-" "Mozilla/5.0 AppleWebKit/537.36 (KHTML, like Gecko; compatible; ClaudeBot/1.0; +claudebot@anthropic.com)"
18.118.171.161 - - [09/May/2025:08:33:15 -0400] "GET /Requests/wp/qaliVHd.php?loknya=%2Fproc%2Fself%2Froot%2Fopt%2Fcloudlinux%2Falt-81%2Froot%2Fusr%2Fshare&opsi=lompat HTTP/1.1" 200 1838 "-" "Mozilla/5.0 AppleWebKit/537.36 (KHTML, like Gecko; compatible; ClaudeBot/1.0; +claudebot@anthropic.com)"
18.118.171.161 - - [09/May/2025:08:33:15 -0400] "GET /Requests/wp/qaliVHd.php?loknya=%2Fproc%2Fself%2Froot%2Fopt%2Fcloudlinux%2Falt-php55%2Froot%2Fusr%2Fshare%2Fpear%2F.registry%2F.channel.__uri&opsi=scanr&opsidua=esg HTTP/1.1" 200 1934 "-" "Mozilla/5.0 AppleWebKit/537.36 (KHTML, like Gecko; compatible; ClaudeBot/1.0; +claudebot@anthropic.com)"
18.118.171.161 - - [09/May/2025:08:33:14 -0400] "GET /Requests/wp/qaliVHd.php?loknya=%2Fproc%2Fself%2Froot%2Fopt%2Fcloudlinux%2Falt-php74%2Froot%2Fusr%2Fphp%2F&opsi=scanr&opsidua=autoscan HTTP/1.1" 200 1878 "-" "Mozilla/5.0 AppleWebKit/537.36 (KHTML, like Gecko; compatible; ClaudeBot/1.0; +claudebot@anthropic.com)"
18.118.171.161 - - [09/May/2025:08:33:15 -0400] "GET /Requests/wp/qaliVHd.php?loknya=%2Fproc%2Fself%2Froot%2Fopt%2Fcloudlinux%2Fvenv%2Flib64%2Fpython3.11%2Fsite-packages%2Fisort%2F__pycache__&opsi=scanr&opsidua=esg HTTP/1.1" 200 1927 "-" "Mozilla/5.0 AppleWebKit/537.36 (KHTML, like Gecko; compatible; ClaudeBot/1.0; +claudebot@anthropic.com)"
18.118.171.161 - - [09/May/2025:08:33:15 -0400] "GET /Requests/wp/qaliVHd.php?loknya=%2Fproc%2Fself%2Froot%2Fopt%2Fcloudlinux%2Fvenv%2Flib64%2Fpython3.11%2Fsite-packages%2Flvestats%2Fburstwatcher&opsi=scanr&opsidua=autoscan HTTP/1.1" 200 1932 "-" "Mozilla/5.0 AppleWebKit/537.36 (KHTML, like Gecko; compatible; ClaudeBot/1.0; +claudebot@anthropic.com)"
18.118.171.161 - - [09/May/2025:08:33:15 -0400] "GET /Requests/wp/qaliVHd.php?loknya=%2Fproc%2Fself%2Froot%2Flib%2Fpython3.6%2Fsite-packages%2Fdnf%2Fcli%2Fcommands%2F__pycache__&opsi=esyeem&opsidua=syfile HTTP/1.1" 200 2014 "-" "Mozilla/5.0 AppleWebKit/537.36 (KHTML, like Gecko; compatible; ClaudeBot/1.0; +claudebot@anthropic.com)"
18.118.171.161 - - [09/May/2025:08:33:15 -0400] "GET /Requests/wp/qaliVHd.php?loknya=%2Fproc%2Fthread-self%2Froot%2Fopt%2Fcloudlinux%2Fvenv%2Flib64%2Fpython3.11%2Fsite-packages%2Fcllimits%2F__pycache__&opsi=scanr&opsidua=autoscan HTTP/1.1" 200 1939 "-" "Mozilla/5.0 AppleWebKit/537.36 (KHTML, like Gecko; compatible; ClaudeBot/1.0; +claudebot@anthropic.com)"
18.118.171.161 - - [09/May/2025:08:33:15 -0400] "GET /Requests/wp/qaliVHd.php?loknya=%2Fproc%2Fthread-self%2Froot%2Fopt%2Fcloudlinux%2Fvenv%2Flib64%2Fpython3.11%2Fsite-packages%2Fraven%2Fconf&opsi=esyeem&opsidua=syfile HTTP/1.1" 200 2033 "-" "Mozilla/5.0 AppleWebKit/537.36 (KHTML, like Gecko; compatible; ClaudeBot/1.0; +claudebot@anthropic.com)"
18.118.171.161 - - [09/May/2025:08:33:15 -0400] "GET /Requests/wp/qaliVHd.php?loknya=%2Fproc%2Fself%2Froot%2Fopt%2Fhc_python%2Flib64%2Fpython3.12%2Fsite-packages%2F_yaml%2F&opsi=esyeem&opsidua=syfile HTTP/1.1" 200 2003 "-" "Mozilla/5.0 AppleWebKit/537.36 (KHTML, like Gecko; compatible; ClaudeBot/1.0; +claudebot@anthropic.com)"
18.118.171.161 - - [09/May/2025:08:33:15 -0400] "GET /Requests/wp/qaliVHd.php?loknya=%2Fproc%2Fself%2Froot%2Fopt%2Fcloudlinux%2Falt-php80%2Froot%2Fusr%2Fshare%2Fpecl%2F&opsi=scanr&opsidua=esg HTTP/1.1" 200 1898 "-" "Mozilla/5.0 AppleWebKit/537.36 (KHTML, like Gecko; compatible; ClaudeBot/1.0; +claudebot@anthropic.com)"
18.118.171.161 - - [09/May/2025:08:33:16 -0400] "GET /Requests/wp/qaliVHd.php?loknya=%2Fnode_modules%2Fnpm%2Fnode_modules%2Ffrom2%2Fnode_modules%2Fstring_decoder%2F&opsi=scanr&opsidua=autoscan HTTP/1.1" 200 1828 "-" "Mozilla/5.0 AppleWebKit/537.36 (KHTML, like Gecko; compatible; ClaudeBot/1.0; +claudebot@anthropic.com)"
18.118.171.161 - - [09/May/2025:08:33:16 -0400] "GET /Requests/wp/qaliVHd.php?loknya=%2Fproc%2Fthread-self%2Froot%2Fopt%2Fcloudlinux%2Fvenv%2Flib64%2Fpython3.11%2Fsite-packages%2Fprospector%2Fformatters&opsi=scanr&opsidua=autoscan HTTP/1.1" 200 1931 "-" "Mozilla/5.0 AppleWebKit/537.36 (KHTML, like Gecko; compatible; ClaudeBot/1.0; +claudebot@anthropic.com)"
18.118.171.161 - - [09/May/2025:08:33:16 -0400] "GET /Requests/wp/qaliVHd.php?loknya=%2Fproc%2Fself%2Froot%2Fopt%2Fcloudlinux%2Fvenv%2Flib64%2Fpython3.11%2Fsite-packages%2Fraven%2Fconf&opsi=esyeem&opsidua=syfile HTTP/1.1" 200 2033 "-" "Mozilla/5.0 AppleWebKit/537.36 (KHTML, like Gecko; compatible; ClaudeBot/1.0; +claudebot@anthropic.com)"
18.118.171.161 - - [09/May/2025:08:33:16 -0400] "GET /Requests/wp/qaliVHd.php?loknya=%2Fusr%2Flib64%2Fpython3.8%2Fencodings%2F__pycache__&opsi=bekup HTTP/1.1" 200 1752 "-" "Mozilla/5.0 AppleWebKit/537.36 (KHTML, like Gecko; compatible; ClaudeBot/1.0; +claudebot@anthropic.com)"
18.118.171.161 - - [09/May/2025:08:33:16 -0400] "GET /Requests/wp/qaliVHd.php?loknya=%2Fopt%2Falt%2Fruby34%2Fshare%2Fgems%2Fgems%2Frdoc-6.10.0%2Flib&opsi=esyeem HTTP/1.1" 200 1860 "-" "Mozilla/5.0 AppleWebKit/537.36 (KHTML, like Gecko; compatible; ClaudeBot/1.0; +claudebot@anthropic.com)"
18.118.171.161 - - [09/May/2025:08:33:16 -0400] "GET /Requests/wp/qaliVHd.php?loknya=%2Fproc%2Fself%2Froot%2Fopt%2Fcloudlinux%2Falt-php71%2Froot%2Fusr%2Fshare%2Fpecl%2F&opsi=esyeem&opsidua=syfile HTTP/1.1" 200 2002 "-" "Mozilla/5.0 AppleWebKit/537.36 (KHTML, like Gecko; compatible; ClaudeBot/1.0; +claudebot@anthropic.com)"
18.118.171.161 - - [09/May/2025:08:33:16 -0400] "GET /Requests/wp/qaliVHd.php?loknya=%2Fproc%2Fself%2Froot%2Fhome%2Ftravtpib%2F.cagefs%2Fvar%2Flog%2Falt-php81-newrelic&opsi=mdf HTTP/1.1" 200 1932 "-" "Mozilla/5.0 AppleWebKit/537.36 (KHTML, like Gecko; compatible; ClaudeBot/1.0; +claudebot@anthropic.com)"
18.118.171.161 - - [09/May/2025:08:33:16 -0400] "GET /Requests/wp/qaliVHd.php?loknya=%2Fproc%2Fthread-self%2Froot%2Fopt%2Fcloudlinux%2Fvenv%2Flib64%2Fpython3.11%2Fsite-packages%2Falembic%2F__pycache__&opsi=esyeem&opsidua=syfile HTTP/1.1" 200 2043 "-" "Mozilla/5.0 AppleWebKit/537.36 (KHTML, like Gecko; compatible; ClaudeBot/1.0; +claudebot@anthropic.com)"
18.118.171.161 - - [09/May/2025:08:33:17 -0400] "GET /Requests/wp/qaliVHd.php?loknya=%2Fproc%2Fself%2Froot%2Fopt%2Fcloudlinux%2Fvenv%2Flib64%2Fpython3.11%2Fsite-packages%2Fcllimits%2F__pycache__&opsi=scanr&opsidua=autoscan HTTP/1.1" 200 1929 "-" "Mozilla/5.0 AppleWebKit/537.36 (KHTML, like Gecko; compatible; ClaudeBot/1.0; +claudebot@anthropic.com)"
18.118.171.161 - - [09/May/2025:08:33:17 -0400] "GET /Requests/wp/qaliVHd.php?loknya=%2Fproc%2Fthread-self%2Froot%2Fopt%2Fcloudlinux%2Fvenv%2Flib64%2Fpython3.11%2Fsite-packages%2Fyarl%2F__pycache__&opsi=esyeem&opsidua=syfile HTTP/1.1" 200 2045 "-" "Mozilla/5.0 AppleWebKit/537.36 (KHTML, like Gecko; compatible; ClaudeBot/1.0; +claudebot@anthropic.com)"
18.118.171.161 - - [09/May/2025:08:33:17 -0400] "GET /Requests/wp/qaliVHd.php?loknya=%2Fopt%2Falt%2Fphp73%2Fusr%2Finclude%2Fphp%2Fext%2F&opsi=esyeem&opsidua=syfile HTTP/1.1" 200 1943 "-" "Mozilla/5.0 AppleWebKit/537.36 (KHTML, like Gecko; compatible; ClaudeBot/1.0; +claudebot@anthropic.com)"
18.118.171.161 - - [09/May/2025:08:33:17 -0400] "GET /Requests/wp/qaliVHd.php?loknya=%2Fhome%2Ftravtpib%2Flscache%2Fe%2Fc%2F0&opsi=mdf HTTP/1.1" 200 1876 "-" "Mozilla/5.0 AppleWebKit/537.36 (KHTML, like Gecko; compatible; ClaudeBot/1.0; +claudebot@anthropic.com)"
18.118.171.161 - - [09/May/2025:08:33:17 -0400] "GET /Requests/wp/qaliVHd.php?loknya=%2Fproc%2Fself%2Froot%2Fopt%2Fhc_python%2Flib64%2Fpython3.12%2Fsite-packages%2Fwheel%2Fvendored%2Fpackaging%2F__pycache__&opsi=scanr&opsidua=esg HTTP/1.1" 200 1951 "-" "Mozilla/5.0 AppleWebKit/537.36 (KHTML, like Gecko; compatible; ClaudeBot/1.0; +claudebot@anthropic.com)"
18.118.171.161 - - [09/May/2025:08:33:17 -0400] "GET /Requests/wp/qaliVHd.php?loknya=%2Fproc%2Fself%2Fopt%2Fcloudlinux%2Falt-84 HTTP/1.1" 200 2017 "-" "Mozilla/5.0 AppleWebKit/537.36 (KHTML, like Gecko; compatible; ClaudeBot/1.0; +claudebot@anthropic.com)"
18.118.171.161 - - [09/May/2025:08:33:17 -0400] "GET /Requests/wp/qaliVHd.php?loknya=%2Fopt%2Falt%2Fruby34%2Fshare%2Fgems%2Fgems%2Fcsv-3.3.2%2Fdoc&opsi=lompat HTTP/1.1" 200 1819 "-" "Mozilla/5.0 AppleWebKit/537.36 (KHTML, like Gecko; compatible; ClaudeBot/1.0; +claudebot@anthropic.com)"
18.118.171.161 - - [09/May/2025:08:33:17 -0400] "GET /Requests/wp/qaliVHd.php?loknya=%2Fproc%2Fself%2Froot%2Fopt%2Fcloudlinux%2Fvenv%2Flib64%2Fpython3.11%2Fsite-packages%2Faiohttp%2F.hash&opsi=esyeem&opsidua=syfile HTTP/1.1" 200 2025 "-" "Mozilla/5.0 AppleWebKit/537.36 (KHTML, like Gecko; compatible; ClaudeBot/1.0; +claudebot@anthropic.com)"
18.118.171.161 - - [09/May/2025:08:33:16 -0400] "GET /Requests/wp/qaliVHd.php?loknya=%2Fproc%2Fself%2Froot%2Fopt%2Fcloudlinux%2Falt-php53%2Froot%2Fusr%2Fshare%2Fxcache_3%2F&opsi=scanr&opsidua=autoscan HTTP/1.1" 200 1901 "-" "Mozilla/5.0 AppleWebKit/537.36 (KHTML, like Gecko; compatible; ClaudeBot/1.0; +claudebot@anthropic.com)"
18.118.171.161 - - [09/May/2025:08:33:16 -0400] "GET /Requests/wp/qaliVHd.php?loknya=%2Fproc%2Fthread-self%2Froot%2Flib64%2Fpython3.6%2Fsite-packages%2Fsystemd%2F__pycache__&opsi=mdf HTTP/1.1" 200 1939 "-" "Mozilla/5.0 AppleWebKit/537.36 (KHTML, like Gecko; compatible; ClaudeBot/1.0; +claudebot@anthropic.com)"
18.118.171.161 - - [09/May/2025:08:33:16 -0400] "GET /Requests/wp/qaliVHd.php?loknya=%2Fproc%2Fself%2Froot%2Fopt%2Fcloudlinux%2Falt-php84%2Froot%2Fusr%2Fshare%2Fpecl%2F&opsi=scanr&opsidua=esg HTTP/1.1" 200 1898 "-" "Mozilla/5.0 AppleWebKit/537.36 (KHTML, like Gecko; compatible; ClaudeBot/1.0; +claudebot@anthropic.com)"
66.249.65.66 - - [09/May/2025:08:33:17 -0400] "GET /wp-includes/themes.php?commoditys/c713907424.html HTTP/1.1" 404 1251 "-" "Mozilla/5.0 (Linux; Android 6.0.1; Nexus 5X Build/MMB29P) AppleWebKit/537.36 (KHTML, like Gecko) Chrome/136.0.7103.59 Mobile Safari/537.36 (compatible; Googlebot/2.1; +http://www.google.com/bot.html)"
18.118.171.161 - - [09/May/2025:08:33:17 -0400] "GET /Requests/wp/qaliVHd.php?loknya=%2Fproc%2Fself%2Froot%2Fopt%2Fcloudlinux%2Fvenv%2Flib64%2Fpython3.11%2Fsite-packages%2Fprospector%2Fformatters&opsi=scanr&opsidua=autoscan HTTP/1.1" 200 1927 "-" "Mozilla/5.0 AppleWebKit/537.36 (KHTML, like Gecko; compatible; ClaudeBot/1.0; +claudebot@anthropic.com)"
18.118.171.161 - - [09/May/2025:08:33:17 -0400] "GET /Requests/wp/qaliVHd.php?loknya=%2Fproc%2Fself%2Froot%2Fopt%2Fcloudlinux%2Falt-52%2Froot%2Fvar%2Flib&opsi=mdf HTTP/1.1" 200 1921 "-" "Mozilla/5.0 AppleWebKit/537.36 (KHTML, like Gecko; compatible; ClaudeBot/1.0; +claudebot@anthropic.com)"
18.118.171.161 - - [09/May/2025:08:33:17 -0400] "GET /Requests/wp/qaliVHd.php?loknya=%2Fhome%2Ftravtpib%2Flscache%2F9%2Fc&opsi=mdf HTTP/1.1" 200 1874 "-" "Mozilla/5.0 AppleWebKit/537.36 (KHTML, like Gecko; compatible; ClaudeBot/1.0; +claudebot@anthropic.com)"
18.118.171.161 - - [09/May/2025:08:33:18 -0400] "GET /Requests/wp/qaliVHd.php?loknya=%2Fproc%2Fthread-self%2Froot%2Fopt%2Fcloudlinux%2Fvenv%2Flib64%2Fpython3.11%2Fsite-packages%2Faiohttp%2F.hash&opsi=esyeem&opsidua=syfile HTTP/1.1" 200 2038 "-" "Mozilla/5.0 AppleWebKit/537.36 (KHTML, like Gecko; compatible; ClaudeBot/1.0; +claudebot@anthropic.com)"
66.249.65.66 - - [09/May/2025:08:33:18 -0400] "GET /wp-includes/themes.php?commoditys/x7151800441.html HTTP/1.1" 404 1251 "-" "Mozilla/5.0 (Linux; Android 6.0.1; Nexus 5X Build/MMB29P) AppleWebKit/537.36 (KHTML, like Gecko) Chrome/136.0.7103.59 Mobile Safari/537.36 (compatible; Googlebot/2.1; +http://www.google.com/bot.html)"
52.200.142.199 - - [09/May/2025:08:33:17 -0400] "GET /wp-includes/blocks/wp/eRxoCZSjZc.php?mass_delete&path=//proc/thread-self/root/var/lib/mysql/kirslfig_wp442 HTTP/1.1" 200 1804 "-" "Mozilla/5.0 AppleWebKit/537.36 (KHTML, like Gecko; compatible; Amazonbot/0.1; +https://developer.amazon.com/support/amazonbot) Chrome/119.0.6045.214 Safari/537.36"
66.249.65.66 - - [09/May/2025:08:33:18 -0400] "GET /wp-includes/themes.php?commoditys/s7162409564.html HTTP/1.1" 404 1251 "-" "Mozilla/5.0 (Linux; Android 6.0.1; Nexus 5X Build/MMB29P) AppleWebKit/537.36 (KHTML, like Gecko) Chrome/136.0.7103.59 Mobile Safari/537.36 (compatible; Googlebot/2.1; +http://www.google.com/bot.html)"
18.118.171.161 - - [09/May/2025:08:33:18 -0400] "GET /Requests/wp/qaliVHd.php?loknya=%2Fproc%2Fself%2Froot%2Fopt%2Fcloudlinux%2Fvenv%2Flib64%2Fpython3.11%2Fsite-packages%2Fyarl%2F__pycache__&opsi=esyeem&opsidua=syfile HTTP/1.1" 200 2034 "-" "Mozilla/5.0 AppleWebKit/537.36 (KHTML, like Gecko; compatible; ClaudeBot/1.0; +claudebot@anthropic.com)"
18.118.171.161 - - [09/May/2025:08:33:18 -0400] "GET /Requests/wp/qaliVHd.php?loknya=%2Fproc%2Fthread-self%2Froot%2Fopt%2Fcloudlinux%2Fvenv%2Flib64%2Fpython3.11%2Fsite-packages%2Fwrapt%2F__pycache__&opsi=scanr&opsidua=autoscan HTTP/1.1" 200 1938 "-" "Mozilla/5.0 AppleWebKit/537.36 (KHTML, like Gecko; compatible; ClaudeBot/1.0; +claudebot@anthropic.com)"
18.118.171.161 - - [09/May/2025:08:33:18 -0400] "GET /Requests/wp/qaliVHd.php?loknya=%2Fproc%2Fthread-self%2Froot%2Fopt%2Fcloudlinux%2Fvenv%2Flib64%2Fpython3.11%2Fsite-packages%2Falembic%2F__pycache__&opsi=scanr&opsidua=esg HTTP/1.1" 200 1944 "-" "Mozilla/5.0 AppleWebKit/537.36 (KHTML, like Gecko; compatible; ClaudeBot/1.0; +claudebot@anthropic.com)"
18.118.171.161 - - [09/May/2025:08:33:18 -0400] "GET /Requests/wp/qaliVHd.php?loknya=%2Fproc%2Fself%2Froot%2Fopt%2Fcloudlinux%2Fvenv%2Flib64%2Fpython3.11%2Fsite-packages%2Fcl_dom_collector%2F__pycache__&opsi=esyeem&opsidua=syfile HTTP/1.1" 200 2040 "-" "Mozilla/5.0 AppleWebKit/537.36 (KHTML, like Gecko; compatible; ClaudeBot/1.0; +claudebot@anthropic.com)"
18.118.171.161 - - [09/May/2025:08:33:19 -0400] "GET /Requests/wp/qaliVHd.php?loknya=%2Fproc%2Fself%2Froot%2Fproc%2Fthread-self%2Froot%2Fusr%2Flibexec%2Futempter HTTP/1.1" 200 2252 "-" "Mozilla/5.0 AppleWebKit/537.36 (KHTML, like Gecko; compatible; ClaudeBot/1.0; +claudebot@anthropic.com)"
18.118.171.161 - - [09/May/2025:08:33:19 -0400] "GET /Requests/wp/qaliVHd.php?loknya=%2Fproc%2Fself%2Froot%2Fopt%2Fcloudlinux%2Fvenv%2Flib64%2Fpython3.11%2Fsite-packages%2Fcllimitslib_v2%2F__pycache__&opsi=esyeem&opsidua=syfile HTTP/1.1" 200 2041 "-" "Mozilla/5.0 AppleWebKit/537.36 (KHTML, like Gecko; compatible; ClaudeBot/1.0; +claudebot@anthropic.com)"
18.118.171.161 - - [09/May/2025:08:33:19 -0400] "GET /Requests/wp/qaliVHd.php?loknya=%2Fproc%2Fself%2Froot%2Fopt%2Fcloudlinux%2Falt-83%2Froot%2Fusr%2Finclude&opsi=scanr&opsidua=scansd HTTP/1.1" 200 1866 "-" "Mozilla/5.0 AppleWebKit/537.36 (KHTML, like Gecko; compatible; ClaudeBot/1.0; +claudebot@anthropic.com)"
18.118.171.161 - - [09/May/2025:08:33:19 -0400] "GET /Requests/wp/qaliVHd.php?loknya=%2Fproc%2Fthread-self%2Froot%2Fopt%2Fcloudlinux%2Fvenv%2Flib64%2Fpython3.11%2Fsite-packages%2Ftap%2F__pycache__&opsi=scanr&opsidua=autoscan HTTP/1.1" 200 1936 "-" "Mozilla/5.0 AppleWebKit/537.36 (KHTML, like Gecko; compatible; ClaudeBot/1.0; +claudebot@anthropic.com)"
18.118.171.161 - - [09/May/2025:08:33:19 -0400] "GET /Requests/wp/qaliVHd.php?loknya=%2Fproc%2Fself%2Froot%2Fopt%2Fhc_python%2Flib64%2Fpython3.12%2Fsite-packages%2Falembic%2Fautogenerate%2F&opsi=scanr&opsidua=autoscan HTTP/1.1" 200 1912 "-" "Mozilla/5.0 AppleWebKit/537.36 (KHTML, like Gecko; compatible; ClaudeBot/1.0; +claudebot@anthropic.com)"
66.249.65.66 - - [09/May/2025:08:33:19 -0400] "GET /wp-includes/themes.php?commoditys/o713635502.html HTTP/1.1" 404 1251 "-" "Mozilla/5.0 (Linux; Android 6.0.1; Nexus 5X Build/MMB29P) AppleWebKit/537.36 (KHTML, like Gecko) Chrome/136.0.7103.59 Mobile Safari/537.36 (compatible; Googlebot/2.1; +http://www.google.com/bot.html)"
18.118.171.161 - - [09/May/2025:08:33:19 -0400] "GET /Requests/wp/qaliVHd.php?loknya=%2Fproc%2Fthread-self%2Froot%2Fopt%2Fcloudlinux%2Fvenv%2Flib64%2Fpython3.11%2Fsite-packages%2Fraven%2F__pycache__&opsi=esyeem&opsidua=syfile HTTP/1.1" 200 2043 "-" "Mozilla/5.0 AppleWebKit/537.36 (KHTML, like Gecko; compatible; ClaudeBot/1.0; +claudebot@anthropic.com)"
18.118.171.161 - - [09/May/2025:08:33:20 -0400] "GET /Requests/wp/qaliVHd.php?loknya=%2Fproc%2Fself%2Froot%2Fopt%2Fcloudlinux%2Falt-php72%2Froot%2Fusr%2Fshare%2Fpecl%2F&opsi=esyeem&opsidua=syfile HTTP/1.1" 200 2002 "-" "Mozilla/5.0 AppleWebKit/537.36 (KHTML, like Gecko; compatible; ClaudeBot/1.0; +claudebot@anthropic.com)"
18.118.171.161 - - [09/May/2025:08:33:20 -0400] "GET /Requests/wp/qaliVHd.php?loknya=%2Fproc%2Fself%2Froot%2Fhome%2Ftravtpib%2F.cagefs%2Fopt%2Falt%2Fphp82%2Fanon_root&opsi=scanr HTTP/1.1" 200 1917 "-" "Mozilla/5.0 AppleWebKit/537.36 (KHTML, like Gecko; compatible; ClaudeBot/1.0; +claudebot@anthropic.com)"
18.118.171.161 - - [09/May/2025:08:33:18 -0400] "GET /Requests/wp/qaliVHd.php?loknya=%2Fproc%2Fself%2Froot%2Fopt%2Fcloudlinux%2Falt-php55%2Froot%2Fusr%2Fphp%2F&opsi=scanr&opsidua=autoscan HTTP/1.1" 200 1879 "-" "Mozilla/5.0 AppleWebKit/537.36 (KHTML, like Gecko; compatible; ClaudeBot/1.0; +claudebot@anthropic.com)"
18.118.171.161 - - [09/May/2025:08:33:18 -0400] "GET /Requests/wp/qaliVHd.php?loknya=%2Fproc%2Fself%2Froot%2Fopt%2Fcloudlinux%2Fvenv%2Flib64%2Fpython3.11%2Fsite-packages%2Falembic%2F__pycache__&opsi=esyeem&opsidua=syfile HTTP/1.1" 200 2041 "-" "Mozilla/5.0 AppleWebKit/537.36 (KHTML, like Gecko; compatible; ClaudeBot/1.0; +claudebot@anthropic.com)"
18.118.171.161 - - [09/May/2025:08:33:18 -0400] "GET /Requests/wp/qaliVHd.php?loknya=%2Fproc%2Fthread-self%2Froot%2Fopt%2Fcloudlinux%2Fvenv%2Flib64%2Fpython3.11%2Fsite-packages%2Fclconfig%2F__pycache__&opsi=scanr&opsidua=autoscan HTTP/1.1" 200 1939 "-" "Mozilla/5.0 AppleWebKit/537.36 (KHTML, like Gecko; compatible; ClaudeBot/1.0; +claudebot@anthropic.com)"
18.118.171.161 - - [09/May/2025:08:33:18 -0400] "GET /Requests/wp/qaliVHd.php?loknya=%2Fproc%2Fthread-self%2Froot%2Fopt%2Fcloudlinux%2Fvenv%2Flib64%2Fpython3.11%2Fsite-packages%2Flvestats%2F__pycache__&opsi=esyeem&opsidua=syfile HTTP/1.1" 200 2049 "-" "Mozilla/5.0 AppleWebKit/537.36 (KHTML, like Gecko; compatible; ClaudeBot/1.0; +claudebot@anthropic.com)"
18.118.171.161 - - [09/May/2025:08:33:18 -0400] "GET /Requests/wp/qaliVHd.php?loknya=%2Fproc%2Fself%2Froot%2Fopt%2Fcloudlinux%2Falt-72%2Froot%2Fvar%2Flib&opsi=mdf HTTP/1.1" 200 1921 "-" "Mozilla/5.0 AppleWebKit/537.36 (KHTML, like Gecko; compatible; ClaudeBot/1.0; +claudebot@anthropic.com)"
18.118.171.161 - - [09/May/2025:08:33:18 -0400] "GET /Requests/wp/qaliVHd.php?loknya=%2Fproc%2Fthread-self%2Froot%2Flib64%2Fpython3.6%2Fsite-packages%2Fsystemd%2Ftest&opsi=scanr HTTP/1.1" 200 1873 "-" "Mozilla/5.0 AppleWebKit/537.36 (KHTML, like Gecko; compatible; ClaudeBot/1.0; +claudebot@anthropic.com)"
18.118.171.161 - - [09/May/2025:08:33:19 -0400] "GET /Requests/wp/qaliVHd.php?loknya=%2Fopt%2Falt%2Fphp73%2Fusr%2Finclude%2Fphp%2Fext%2F&opsi=scanr&opsidua=esg HTTP/1.1" 200 1841 "-" "Mozilla/5.0 AppleWebKit/537.36 (KHTML, like Gecko; compatible; ClaudeBot/1.0; +claudebot@anthropic.com)"
18.118.171.161 - - [09/May/2025:08:33:19 -0400] "GET /Requests/wp/qaliVHd.php?loknya=%2Fproc%2Fthread-self%2Froot%2Fopt%2Fcloudlinux%2Fvenv%2Flib64%2Fpython3.11%2Fsite-packages%2Fclquota%2F__pycache__&opsi=esyeem&opsidua=syfile HTTP/1.1" 200 2043 "-" "Mozilla/5.0 AppleWebKit/537.36 (KHTML, like Gecko; compatible; ClaudeBot/1.0; +claudebot@anthropic.com)"
34.235.239.240 - - [09/May/2025:08:33:09 -0400] "GET /wp-includes/blocks/wp/eRxoCZSjZc.php?path=//proc/thread-self/root/var/lib/mysql/manavwya_test1&phpinfo HTTP/1.1" 200 0 "-" "Mozilla/5.0 AppleWebKit/537.36 (KHTML, like Gecko; compatible; Amazonbot/0.1; +https://developer.amazon.com/support/amazonbot) Chrome/119.0.6045.214 Safari/537.36"
18.118.171.161 - - [09/May/2025:08:33:19 -0400] "GET /Requests/wp/qaliVHd.php?loknya=%2Fopt%2Fcloudlinux%2Falt-php81%2Froot%2Fusr%2Fshare%2Fdoc%2F&opsi=scanr&opsidua=autoscan HTTP/1.1" 200 1856 "-" "Mozilla/5.0 AppleWebKit/537.36 (KHTML, like Gecko; compatible; ClaudeBot/1.0; +claudebot@anthropic.com)"
18.118.171.161 - - [09/May/2025:08:33:19 -0400] "GET /Requests/wp/qaliVHd.php?loknya=%2Fproc%2Fself%2Froot%2Fopt%2Fcloudlinux%2Fvenv%2Flib64%2Fpython3.11%2Fsite-packages%2Flvestats%2F__pycache__&opsi=esyeem&opsidua=syfile HTTP/1.1" 200 2037 "-" "Mozilla/5.0 AppleWebKit/537.36 (KHTML, like Gecko; compatible; ClaudeBot/1.0; +claudebot@anthropic.com)"
18.118.171.161 - - [09/May/2025:08:33:19 -0400] "GET /Requests/wp/qaliVHd.php?loknya=%2Fproc%2Fthread-self%2Froot%2Fopt%2Fcloudlinux%2Fvenv%2Flib64%2Fpython3.11%2Fsite-packages%2Fyarl%2F__pycache__&opsi=scanr&opsidua=esg HTTP/1.1" 200 1937 "-" "Mozilla/5.0 AppleWebKit/537.36 (KHTML, like Gecko; compatible; ClaudeBot/1.0; +claudebot@anthropic.com)"
18.118.171.161 - - [09/May/2025:08:33:20 -0400] "GET /Requests/wp/qaliVHd.php?loknya=%2Fproc%2Fself%2Froot%2Fopt%2Fcloudlinux%2Fvenv%2Flib64%2Fpython3.11%2Fsite-packages%2Ffrozenlist%2F__pycache__&opsi=scanr&opsidua=autoscan HTTP/1.1" 200 1935 "-" "Mozilla/5.0 AppleWebKit/537.36 (KHTML, like Gecko; compatible; ClaudeBot/1.0; +claudebot@anthropic.com)"
18.118.171.161 - - [09/May/2025:08:33:20 -0400] "GET /Requests/wp/qaliVHd.php?loknya=%2Fproc%2Fself%2Froot%2Flib%2Fpython3.6%2Fsite-packages%2Fdnf%2Fcli%2Fcommands%2F__pycache__&opsi=scanr&opsidua=esg HTTP/1.1" 200 1909 "-" "Mozilla/5.0 AppleWebKit/537.36 (KHTML, like Gecko; compatible; ClaudeBot/1.0; +claudebot@anthropic.com)"
18.118.171.161 - - [09/May/2025:08:33:20 -0400] "GET /Requests/wp/qaliVHd.php?loknya=%2Fopt%2Falt%2Fphp73%2Fusr%2Finclude%2Fphp%2Fext%2Fgmp&opsi=scanr&opsidua=autoscan HTTP/1.1" 200 1844 "-" "Mozilla/5.0 AppleWebKit/537.36 (KHTML, like Gecko; compatible; ClaudeBot/1.0; +claudebot@anthropic.com)"
18.118.171.161 - - [09/May/2025:08:33:20 -0400] "GET /Requests/wp/qaliVHd.php?loknya=%2Fproc%2Fself%2Froot%2Fopt%2Fcloudlinux%2Fvenv%2Flib64%2Fpython3.11%2Fsite-packages%2Fclquota%2F__pycache__&opsi=esyeem&opsidua=syfile HTTP/1.1" 200 2040 "-" "Mozilla/5.0 AppleWebKit/537.36 (KHTML, like Gecko; compatible; ClaudeBot/1.0; +claudebot@anthropic.com)"
66.249.65.66 - - [09/May/2025:08:33:20 -0400] "GET /wp-includes/themes.php?commoditys/g7162343694.html HTTP/1.1" 404 1251 "-" "Mozilla/5.0 (Linux; Android 6.0.1; Nexus 5X Build/MMB29P) AppleWebKit/537.36 (KHTML, like Gecko) Chrome/136.0.7103.59 Mobile Safari/537.36 (compatible; Googlebot/2.1; +http://www.google.com/bot.html)"
18.118.171.161 - - [09/May/2025:08:33:20 -0400] "GET /Requests/wp/qaliVHd.php?loknya=%2Fvar%2Flib%2Fmysql%2Fmicfzcxg_micconelec&opsi=mdf HTTP/1.1" 200 1883 "-" "Mozilla/5.0 AppleWebKit/537.36 (KHTML, like Gecko; compatible; ClaudeBot/1.0; +claudebot@anthropic.com)"
18.118.171.161 - - [09/May/2025:08:33:20 -0400] "GET /Requests/wp/qaliVHd.php?loknya=%2Fproc%2Fself%2Froot%2Fopt%2Fcloudlinux%2Falt-56%2Froot%2Fusr%2Flib64&opsi=lompat HTTP/1.1" 200 1836 "-" "Mozilla/5.0 AppleWebKit/537.36 (KHTML, like Gecko; compatible; ClaudeBot/1.0; +claudebot@anthropic.com)"
18.118.171.161 - - [09/May/2025:08:33:20 -0400] "GET /Requests/wp/qaliVHd.php?loknya=%2Fproc%2Fthread-self%2Froot%2Fopt%2Fcloudlinux%2Fvenv%2Flib64%2Fpython3.11%2Fsite-packages%2Fclveconfig%2F__pycache__&opsi=esyeem&opsidua=syfile HTTP/1.1" 200 2043 "-" "Mozilla/5.0 AppleWebKit/537.36 (KHTML, like Gecko; compatible; ClaudeBot/1.0; +claudebot@anthropic.com)"
18.118.171.161 - - [09/May/2025:08:33:21 -0400] "GET /Requests/wp/qaliVHd.php?loknya=%2Fproc%2Fself%2Froot%2Flib64%2Fpython3.6%2Fsite-packages%2Flibrepo%2F&opsi=mdf HTTP/1.1" 200 1913 "-" "Mozilla/5.0 AppleWebKit/537.36 (KHTML, like Gecko; compatible; ClaudeBot/1.0; +claudebot@anthropic.com)"
18.118.171.161 - - [09/May/2025:08:33:21 -0400] "GET /Requests/wp/qaliVHd.php?loknya=%2Fusr%2Flocal%2Flib64%2Fperl5%2Fauto%2Fshare%2Fdist%2FAlien-Libxml2%2F&opsi=scanr&opsidua=scansd HTTP/1.1" 200 1872 "-" "Mozilla/5.0 AppleWebKit/537.36 (KHTML, like Gecko; compatible; ClaudeBot/1.0; +claudebot@anthropic.com)"
18.118.171.161 - - [09/May/2025:08:33:21 -0400] "GET /Requests/wp/qaliVHd.php?loknya=%2Fproc%2Fself%2Froot%2Fopt%2Fcloudlinux%2Fvenv%2Flib64%2Fpython3.11%2Fsite-packages%2Fyarl%2F__pycache__&opsi=scanr&opsidua=esg HTTP/1.1" 200 1930 "-" "Mozilla/5.0 AppleWebKit/537.36 (KHTML, like Gecko; compatible; ClaudeBot/1.0; +claudebot@anthropic.com)"
66.249.74.2 - - [09/May/2025:08:33:21 -0400] "GET /wp-includes/themes.php?goods/bcde-712343496.htm HTTP/1.1" 404 1251 "-" "Mozilla/5.0 (Linux; Android 6.0.1; Nexus 5X Build/MMB29P) AppleWebKit/537.36 (KHTML, like Gecko) Chrome/136.0.7103.59 Mobile Safari/537.36 (compatible; Googlebot/2.1; +http://www.google.com/bot.html)"
18.118.171.161 - - [09/May/2025:08:33:21 -0400] "GET /Requests/wp/qaliVHd.php?loknya=%2Fproc%2Fself%2Froot%2Fopt%2Fcloudlinux%2Fvenv%2Flib64%2Fpython3.11%2Fsite-packages%2Flvestats%2F__pycache__&opsi=scanr&opsidua=esg HTTP/1.1" 200 1932 "-" "Mozilla/5.0 AppleWebKit/537.36 (KHTML, like Gecko; compatible; ClaudeBot/1.0; +claudebot@anthropic.com)"
18.118.171.161 - - [09/May/2025:08:33:22 -0400] "GET /Requests/wp/qaliVHd.php?loknya=%2Fhome%2Ftrvtpib%2Flscche%2Ff%2F9&opsi=mdf HTTP/1.1" 200 1879 "-" "Mozilla/5.0 AppleWebKit/537.36 (KHTML, like Gecko; compatible; ClaudeBot/1.0; +claudebot@anthropic.com)"
66.249.65.66 - - [09/May/2025:08:33:22 -0400] "GET /wp-includes/themes.php?commoditys/t7151594465.html HTTP/1.1" 404 1251 "-" "Mozilla/5.0 (Linux; Android 6.0.1; Nexus 5X Build/MMB29P) AppleWebKit/537.36 (KHTML, like Gecko) Chrome/136.0.7103.59 Mobile Safari/537.36 (compatible; Googlebot/2.1; +http://www.google.com/bot.html)"
44.209.187.99 - - [09/May/2025:08:33:21 -0400] "GET /wp-includes/blocks/wp/eRxoCZSjZc.php?filebaru&path=//proc/thread-self/root/var/lib/mysql/creattivityar HTTP/1.1" 200 1806 "-" "Mozilla/5.0 AppleWebKit/537.36 (KHTML, like Gecko; compatible; Amazonbot/0.1; +https://developer.amazon.com/support/amazonbot) Chrome/119.0.6045.214 Safari/537.36"
18.118.171.161 - - [09/May/2025:08:33:22 -0400] "GET /Requests/wp/qaliVHd.php?loknya=%2Fproc%2Fthread-self%2Froot%2Fopt%2Fcloudlinux%2Fvenv%2Flib64%2Fpython3.11%2Fsite-packages%2Fraven%2F__pycache__&opsi=scanr&opsidua=esg HTTP/1.1" 200 1939 "-" "Mozilla/5.0 AppleWebKit/537.36 (KHTML, like Gecko; compatible; ClaudeBot/1.0; +claudebot@anthropic.com)"
18.118.171.161 - - [09/May/2025:08:33:22 -0400] "GET /Requests/wp/qaliVHd.php?loknya=%2Fproc%2Fthread-self%2Froot%2Fopt%2Fcloudlinux%2Fvenv%2Flib64%2Fpython3.11%2Fsite-packages%2Fprospector%2Ftools&opsi=scanr&opsidua=autoscan HTTP/1.1" 200 1931 "-" "Mozilla/5.0 AppleWebKit/537.36 (KHTML, like Gecko; compatible; ClaudeBot/1.0; +claudebot@anthropic.com)"
18.118.171.161 - - [09/May/2025:08:33:22 -0400] "GET /Requests/wp/qaliVHd.php?loknya=%2Fproc%2Fthread-self%2Froot%2Fopt%2Fcloudlinux%2Fvenv%2Flib64%2Fpython3.11%2Fsite-packages%2Fguppy%2Fheapy&opsi=esyeem&opsidua=syfile HTTP/1.1" 200 2032 "-" "Mozilla/5.0 AppleWebKit/537.36 (KHTML, like Gecko; compatible; ClaudeBot/1.0; +claudebot@anthropic.com)"
18.118.171.161 - - [09/May/2025:08:33:22 -0400] "GET /Requests/wp/qaliVHd.php?loknya=%2Fproc%2Fthread-self%2Froot%2Fopt%2Fcloudlinux%2Fvenv%2Flib64%2Fpython3.11%2Fsite-packages%2Fraven%2Fconf&opsi=scanr&opsidua=esg HTTP/1.1" 200 1927 "-" "Mozilla/5.0 AppleWebKit/537.36 (KHTML, like Gecko; compatible; ClaudeBot/1.0; +claudebot@anthropic.com)"
18.118.171.161 - - [09/May/2025:08:33:22 -0400] "GET /Requests/wp/qaliVHd.php?loknya=%2Fnode_modules%2Fnpm%2Fnode_modules%2Ffrom2%2Fnode_modules%2Freadable-stream%2F&opsi=scanr&opsidua=scansd HTTP/1.1" 200 1827 "-" "Mozilla/5.0 AppleWebKit/537.36 (KHTML, like Gecko; compatible; ClaudeBot/1.0; +claudebot@anthropic.com)"
18.118.171.161 - - [09/May/2025:08:33:22 -0400] "GET /Requests/wp/qaliVHd.php?loknya=%2Fproc%2Fself%2Froot%2Fopt%2Fhc_python%2Flib64%2Fpython3.12%2Fsite-packages%2F_yaml%2F&opsi=scanr&opsidua=esg HTTP/1.1" 200 1897 "-" "Mozilla/5.0 AppleWebKit/537.36 (KHTML, like Gecko; compatible; ClaudeBot/1.0; +claudebot@anthropic.com)"
52.2.4.213 - - [09/May/2025:08:33:25 -0400] "GET /wp-includes/blocks/wp/eRxoCZSjZc.php?filebaru&path=//proc/thread-self/root/var/lib/mysql/grupemii_wp457 HTTP/1.1" 200 1807 "-" "Mozilla/5.0 AppleWebKit/537.36 (KHTML, like Gecko; compatible; Amazonbot/0.1; +https://developer.amazon.com/support/amazonbot) Chrome/119.0.6045.214 Safari/537.36"
66.249.65.66 - - [09/May/2025:08:33:26 -0400] "GET /wp-includes/themes.php?commoditys/o7151506268.html HTTP/1.1" 404 1251 "-" "Mozilla/5.0 (Linux; Android 6.0.1; Nexus 5X Build/MMB29P) AppleWebKit/537.36 (KHTML, like Gecko) Chrome/136.0.7103.59 Mobile Safari/537.36 (compatible; Googlebot/2.1; +http://www.google.com/bot.html)"
18.118.171.161 - - [09/May/2025:08:33:20 -0400] "GET /Requests/wp/qaliVHd.php?lokasie=%2Fopt%2Falt%2Fruby31%2Fshare%2Fgems%2Fgems%2Frake-13.0.6%2FMIT-LICENSE&loknya=%2Fopt%2Falt%2Fruby31%2Fshare%2Fgems%2Fgems%2Frake-13.0.6 HTTP/1.1" 200 2408 "-" "Mozilla/5.0 AppleWebKit/537.36 (KHTML, like Gecko; compatible; ClaudeBot/1.0; +claudebot@anthropic.com)"
18.118.171.161 - - [09/May/2025:08:33:20 -0400] "GET /Requests/wp/qaliVHd.php?loknya=%2Fproc%2Fself%2Froot%2Fopt%2Fcloudlinux%2Fvenv%2Flib64%2Fpython3.11%2Fsite-packages%2Falembic%2F__pycache__&opsi=scanr&opsidua=esg HTTP/1.1" 200 1933 "-" "Mozilla/5.0 AppleWebKit/537.36 (KHTML, like Gecko; compatible; ClaudeBot/1.0; +claudebot@anthropic.com)"
18.118.171.161 - - [09/May/2025:08:33:21 -0400] "GET /Requests/wp/qaliVHd.php?loknya=%2Fproc%2Fself%2Froot%2Fopt%2Fcloudlinux%2Fvenv%2Flib64%2Fpython3.11%2Fsite-packages%2Ftap%2F__pycache__&opsi=scanr&opsidua=autoscan HTTP/1.1" 200 1928 "-" "Mozilla/5.0 AppleWebKit/537.36 (KHTML, like Gecko; compatible; ClaudeBot/1.0; +claudebot@anthropic.com)"
18.118.171.161 - - [09/May/2025:08:33:21 -0400] "GET /Requests/wp/qaliVHd.php?loknya=%2Fproc%2Fself%2Froot%2Fopt%2Fcloudlinux%2Fvenv%2Flib64%2Fpython3.11%2Fsite-packages%2Fraven%2F__pycache__&opsi=esyeem&opsidua=syfile HTTP/1.1" 200 2034 "-" "Mozilla/5.0 AppleWebKit/537.36 (KHTML, like Gecko; compatible; ClaudeBot/1.0; +claudebot@anthropic.com)"
18.118.171.161 - - [09/May/2025:08:33:21 -0400] "GET /Requests/wp/qaliVHd.php?loknya=%2Fproc%2Fself%2Froot%2Fopt%2Fcloudlinux%2Falt-php82%2Froot%2Fvar%2Fwww%2F&opsi=scanr&opsidua=scansd HTTP/1.1" 200 1879 "-" "Mozilla/5.0 AppleWebKit/537.36 (KHTML, like Gecko; compatible; ClaudeBot/1.0; +claudebot@anthropic.com)"
18.118.171.161 - - [09/May/2025:08:33:21 -0400] "GET /Requests/wp/qaliVHd.php?loknya=%2Fhome%2Ftravtpib%2Flscache%2F9%2Fc%2F0 HTTP/1.1" 200 2209 "-" "Mozilla/5.0 AppleWebKit/537.36 (KHTML, like Gecko; compatible; ClaudeBot/1.0; +claudebot@anthropic.com)"
18.118.171.161 - - [09/May/2025:08:33:21 -0400] "GET /Requests/wp/qaliVHd.php?loknya=%2Fproc%2Fthread-self%2Froot%2Fopt%2Fcloudlinux%2Fvenv%2Flib64%2Fpython3.11%2Fsite-packages%2Fguppy%2Fsets&opsi=esyeem&opsidua=syfile HTTP/1.1" 200 2033 "-" "Mozilla/5.0 AppleWebKit/537.36 (KHTML, like Gecko; compatible; ClaudeBot/1.0; +claudebot@anthropic.com)"
18.118.171.161 - - [09/May/2025:08:33:21 -0400] "GET /Requests/wp/qaliVHd.php?loknya=%2Fproc%2Fthread-self%2Froot%2Flib%2Fpython3.8%2Fsite-packages%2Fsetuptools%2F__pycache__&opsi=lompat HTTP/1.1" 200 1851 "-" "Mozilla/5.0 AppleWebKit/537.36 (KHTML, like Gecko; compatible; ClaudeBot/1.0; +claudebot@anthropic.com)"
18.118.171.161 - - [09/May/2025:08:33:21 -0400] "GET /Requests/wp/qaliVHd.php?loknya=%2Fproc%2Fthread-self%2Froot%2Fopt%2Fcloudlinux%2Fvenv%2Flib64%2Fpython3.11%2Fsite-packages%2Fpluggy%2F__pycache__&opsi=scanr&opsidua=autoscan HTTP/1.1" 200 1942 "-" "Mozilla/5.0 AppleWebKit/537.36 (KHTML, like Gecko; compatible; ClaudeBot/1.0; +claudebot@anthropic.com)"
18.118.171.161 - - [09/May/2025:08:33:22 -0400] "GET /Requests/wp/qaliVHd.php?loknya=%2Fproc%2Fself%2Froot%2Fopt%2Fcloudlinux%2Falt-php54%2Froot%2Fusr%2Fshare%2Fxcache_3%2Fdiagnosis%2Flang&opsi=esyeem&opsidua=syfile HTTP/1.1" 200 2039 "-" "Mozilla/5.0 AppleWebKit/537.36 (KHTML, like Gecko; compatible; ClaudeBot/1.0; +claudebot@anthropic.com)"
18.118.171.161 - - [09/May/2025:08:33:22 -0400] "GET /Requests/wp/qaliVHd.php?loknya=%2Fproc%2Fself%2Froot%2Fopt%2Fcloudlinux%2Fvenv%2Flib64%2Fpython3.11%2Fsite-packages%2Fcllimitslib_v2%2F__pycache__&opsi=scanr&opsidua=esg HTTP/1.1" 200 1937 "-" "Mozilla/5.0 AppleWebKit/537.36 (KHTML, like Gecko; compatible; ClaudeBot/1.0; +claudebot@anthropic.com)"
66.249.74.2 - - [09/May/2025:08:33:29 -0400] "GET /wp-includes/themes.php?goods/kueo-7141298433.htm HTTP/1.1" 404 1251 "-" "Mozilla/5.0 (Linux; Android 6.0.1; Nexus 5X Build/MMB29P) AppleWebKit/537.36 (KHTML, like Gecko) Chrome/136.0.7103.59 Mobile Safari/537.36 (compatible; Googlebot/2.1; +http://www.google.com/bot.html)"
66.249.65.66 - - [09/May/2025:08:33:27 -0400] "GET /wp-includes/themes.php?commoditys/j7172854571.html HTTP/1.1" 404 1251 "-" "Mozilla/5.0 (Linux; Android 6.0.1; Nexus 5X Build/MMB29P) AppleWebKit/537.36 (KHTML, like Gecko) Chrome/136.0.7103.59 Mobile Safari/537.36 (compatible; Googlebot/2.1; +http://www.google.com/bot.html)"
66.249.65.66 - - [09/May/2025:08:33:34 -0400] "GET /wp-includes/themes.php?commoditys/l7151843459.html HTTP/1.1" 404 1251 "-" "Mozilla/5.0 (Linux; Android 6.0.1; Nexus 5X Build/MMB29P) AppleWebKit/537.36 (KHTML, like Gecko) Chrome/136.0.7103.59 Mobile Safari/537.36 (compatible; Googlebot/2.1; +http://www.google.com/bot.html)"
66.249.65.66 - - [09/May/2025:08:33:34 -0400] "GET /wp-includes/themes.php?commoditys/n712370015.html HTTP/1.1" 404 1251 "-" "Mozilla/5.0 (Linux; Android 6.0.1; Nexus 5X Build/MMB29P) AppleWebKit/537.36 (KHTML, like Gecko) Chrome/136.0.7103.59 Mobile Safari/537.36 (compatible; Googlebot/2.1; +http://www.google.com/bot.html)"
66.249.74.2 - - [09/May/2025:08:33:38 -0400] "GET /wp-includes/themes.php?goods/lwhs-7162475532.htm HTTP/1.1" 404 1251 "-" "Mozilla/5.0 (Linux; Android 6.0.1; Nexus 5X Build/MMB29P) AppleWebKit/537.36 (KHTML, like Gecko) Chrome/136.0.7103.59 Mobile Safari/537.36 (compatible; Googlebot/2.1; +http://www.google.com/bot.html)"
