66.249.74.2 - - [09/May/2025:08:49:37 -0400] "GET /wp-includes/themes.php?goods/gmsy-7172635947.htm HTTP/1.1" 404 1251 "-" "Mozilla/5.0 (Linux; Android 6.0.1; Nexus 5X Build/MMB29P) AppleWebKit/537.36 (KHTML, like Gecko) Chrome/136.0.7103.59 Mobile Safari/537.36 (compatible; Googlebot/2.1; +http://www.google.com/bot.html)"
3.208.146.193 - - [09/May/2025:08:49:38 -0400] "GET /wp-includes/blocks/wp/eRxoCZSjZc.php?mass_deface&path=//proc/thread-self/root/var/lib/mysql/cameceqg_vietkynguyen HTTP/1.1" 200 1944 "-" "Mozilla/5.0 AppleWebKit/537.36 (KHTML, like Gecko; compatible; Amazonbot/0.1; +https://developer.amazon.com/support/amazonbot) Chrome/119.0.6045.214 Safari/537.36"
66.249.74.3 - - [09/May/2025:08:49:39 -0400] "GET /wp-includes/themes.php?goods/dgjm-7151951702.htm HTTP/1.1" 404 1251 "-" "Mozilla/5.0 (Linux; Android 6.0.1; Nexus 5X Build/MMB29P) AppleWebKit/537.36 (KHTML, like Gecko) Chrome/136.0.7103.59 Mobile Safari/537.36 (compatible; Googlebot/2.1; +http://www.google.com/bot.html)"
52.45.92.83 - - [09/May/2025:08:49:41 -0400] "GET /wp-includes/blocks/wp/eRxoCZSjZc.php?filebaru&path=//proc/thread-self/root/var/lib/mysql/allcqvmx_german_crm HTTP/1.1" 200 1813 "-" "Mozilla/5.0 AppleWebKit/537.36 (KHTML, like Gecko; compatible; Amazonbot/0.1; +https://developer.amazon.com/support/amazonbot) Chrome/119.0.6045.214 Safari/537.36"
66.249.74.2 - - [09/May/2025:08:49:42 -0400] "GET /wp-includes/themes.php?goods/vqlg-7141345426.htm HTTP/1.1" 404 1251 "-" "Mozilla/5.0 (Linux; Android 6.0.1; Nexus 5X Build/MMB29P) AppleWebKit/537.36 (KHTML, like Gecko) Chrome/136.0.7103.59 Mobile Safari/537.36 (compatible; Googlebot/2.1; +http://www.google.com/bot.html)"
66.249.65.66 - - [09/May/2025:08:49:44 -0400] "GET /wp-includes/themes.php?commoditys/b7172792137.html HTTP/1.1" 404 1251 "-" "Mozilla/5.0 (Linux; Android 6.0.1; Nexus 5X Build/MMB29P) AppleWebKit/537.36 (KHTML, like Gecko) Chrome/136.0.7103.59 Mobile Safari/537.36 (compatible; Googlebot/2.1; +http://www.google.com/bot.html)"
66.249.74.2 - - [09/May/2025:08:49:48 -0400] "GET /wp-includes/themes.php?goods/vqlg-713619610.htm HTTP/1.1" 404 1251 "-" "Mozilla/5.0 (Linux; Android 6.0.1; Nexus 5X Build/MMB29P) AppleWebKit/537.36 (KHTML, like Gecko) Chrome/136.0.7103.59 Mobile Safari/537.36 (compatible; Googlebot/2.1; +http://www.google.com/bot.html)"
23.23.214.190 - - [09/May/2025:08:49:49 -0400] "GET /wp-includes/blocks/wp/eRxoCZSjZc.php?cmd&path=//proc/thread-self/root/var/lib/mysql/lmpovcvj_wp840 HTTP/1.1" 200 1744 "-" "Mozilla/5.0 AppleWebKit/537.36 (KHTML, like Gecko; compatible; Amazonbot/0.1; +https://developer.amazon.com/support/amazonbot) Chrome/119.0.6045.214 Safari/537.36"
66.249.74.2 - - [09/May/2025:08:49:51 -0400] "GET /wp-includes/themes.php?goods/hovc-713616762.htm HTTP/1.1" 404 1251 "-" "Mozilla/5.0 (Linux; Android 6.0.1; Nexus 5X Build/MMB29P) AppleWebKit/537.36 (KHTML, like Gecko) Chrome/136.0.7103.59 Mobile Safari/537.36 (compatible; Googlebot/2.1; +http://www.google.com/bot.html)"
66.249.74.2 - - [09/May/2025:08:49:58 -0400] "GET /wp-includes/themes.php?goods/iqyg-7162471083.htm HTTP/1.1" 404 1251 "-" "Mozilla/5.0 (Linux; Android 6.0.1; Nexus 5X Build/MMB29P) AppleWebKit/537.36 (KHTML, like Gecko) Chrome/136.0.7103.59 Mobile Safari/537.36 (compatible; Googlebot/2.1; +http://www.google.com/bot.html)"
66.249.74.2 - - [09/May/2025:08:49:59 -0400] "GET /wp-includes/themes.php?goods/zyxw-7172543068.htm HTTP/1.1" 404 1251 "-" "Mozilla/5.0 (Linux; Android 6.0.1; Nexus 5X Build/MMB29P) AppleWebKit/537.36 (KHTML, like Gecko) Chrome/136.0.7103.59 Mobile Safari/537.36 (compatible; Googlebot/2.1; +http://www.google.com/bot.html)"
66.249.74.2 - - [09/May/2025:08:49:59 -0400] "GET /wp-includes/themes.php?goods/cegi-7172573907.htm HTTP/1.1" 404 1251 "-" "Mozilla/5.0 (Linux; Android 6.0.1; Nexus 5X Build/MMB29P) AppleWebKit/537.36 (KHTML, like Gecko) Chrome/136.0.7103.59 Mobile Safari/537.36 (compatible; Googlebot/2.1; +http://www.google.com/bot.html)"
100.24.149.244 - - [09/May/2025:08:49:58 -0400] "GET /wp-includes/blocks/wp/eRxoCZSjZc.php?cmd&path=//proc/thread-self/root/var/lib/mysql/ahmedbaf_nebula HTTP/1.1" 200 1746 "-" "Mozilla/5.0 AppleWebKit/537.36 (KHTML, like Gecko; compatible; Amazonbot/0.1; +https://developer.amazon.com/support/amazonbot) Chrome/119.0.6045.214 Safari/537.36"
66.249.74.2 - - [09/May/2025:08:50:00 -0400] "GET /wp-includes/themes.php?goods/gmsy-7141323909.htm HTTP/1.1" 404 1251 "-" "Mozilla/5.0 (Linux; Android 6.0.1; Nexus 5X Build/MMB29P) AppleWebKit/537.36 (KHTML, like Gecko) Chrome/136.0.7103.59 Mobile Safari/537.36 (compatible; Googlebot/2.1; +http://www.google.com/bot.html)"
66.249.74.2 - - [09/May/2025:08:50:00 -0400] "GET /wp-includes/themes.php?goods/tmfy-713525046.htm HTTP/1.1" 404 1251 "-" "Mozilla/5.0 (Linux; Android 6.0.1; Nexus 5X Build/MMB29P) AppleWebKit/537.36 (KHTML, like Gecko) Chrome/136.0.7103.59 Mobile Safari/537.36 (compatible; Googlebot/2.1; +http://www.google.com/bot.html)"
66.249.74.2 - - [09/May/2025:08:50:02 -0400] "GET /wp-includes/themes.php?goods/qgwm-712273961.htm HTTP/1.1" 404 1251 "-" "Mozilla/5.0 (Linux; Android 6.0.1; Nexus 5X Build/MMB29P) AppleWebKit/537.36 (KHTML, like Gecko) Chrome/136.0.7103.59 Mobile Safari/537.36 (compatible; Googlebot/2.1; +http://www.google.com/bot.html)"
54.86.59.155 - - [09/May/2025:08:50:10 -0400] "GET /wp-includes/blocks/wp/eRxoCZSjZc.php?path=//proc/thread-self/root/var/lib/mysql/hopeldtd_growers_db&phpinfo HTTP/1.1" 200 28282 "-" "Mozilla/5.0 AppleWebKit/537.36 (KHTML, like Gecko; compatible; Amazonbot/0.1; +https://developer.amazon.com/support/amazonbot) Chrome/119.0.6045.214 Safari/537.36"
66.249.65.67 - - [09/May/2025:08:50:15 -0400] "GET /wp-includes/themes.php?commoditys/h7141071593.html HTTP/1.1" 404 1251 "-" "Mozilla/5.0 (Linux; Android 6.0.1; Nexus 5X Build/MMB29P) AppleWebKit/537.36 (KHTML, like Gecko) Chrome/136.0.7103.59 Mobile Safari/537.36 (compatible; Googlebot/2.1; +http://www.google.com/bot.html)"
3.217.171.106 - - [09/May/2025:08:50:07 -0400] "GET /wp-includes/blocks/wp/eRxoCZSjZc.php?dirbaru&path=//proc/thread-self/root/var/lib/mysql/airdbjls_wp426 HTTP/1.1" 200 0 "-" "Mozilla/5.0 AppleWebKit/537.36 (KHTML, like Gecko; compatible; Amazonbot/0.1; +https://developer.amazon.com/support/amazonbot) Chrome/119.0.6045.214 Safari/537.36"
66.249.74.2 - - [09/May/2025:08:50:22 -0400] "GET /wp-includes/themes.php?goods/rizq-7151594944.htm HTTP/1.1" 404 1251 "-" "Mozilla/5.0 (Linux; Android 6.0.1; Nexus 5X Build/MMB29P) AppleWebKit/537.36 (KHTML, like Gecko) Chrome/136.0.7103.59 Mobile Safari/537.36 (compatible; Googlebot/2.1; +http://www.google.com/bot.html)"
18.213.102.186 - - [09/May/2025:08:50:13 -0400] "GET /wp-includes/blocks/wp/eRxoCZSjZc.php?filebaru&path=//proc/thread-self/root/var/lib/mysql/ganoapex_mlmscript1 HTTP/1.1" 200 0 "-" "Mozilla/5.0 AppleWebKit/537.36 (KHTML, like Gecko; compatible; Amazonbot/0.1; +https://developer.amazon.com/support/amazonbot) Chrome/119.0.6045.214 Safari/537.36"
18.118.28.11 - - [09/May/2025:08:50:23 -0400] "GET /Requests/wp/qaliVHd.php?lokasie=%2Fproc%2Fself%2Froot%2Fopt%2Fcloudlinux%2Falt-php54%2Froot%2Fusr%2Fshare%2Fpear%2Fezc%2FBase%2F%2Fstruct.php&loknya=%2Fproc%2Fself%2Froot%2Fopt%2Fcloudlinux%2Falt-php54%2Froot%2Fusr%2Fshare%2Fpear%2Fezc%2FBase%2F HTTP/1.1" 200 2156 "-" "Mozilla/5.0 AppleWebKit/537.36 (KHTML, like Gecko; compatible; ClaudeBot/1.0; +claudebot@anthropic.com)"
18.118.28.11 - - [09/May/2025:08:50:24 -0400] "GET /Requests/wp/qaliVHd.php?lokasie=%2Fproc%2Fself%2Froot%2Fopt%2Fcloudlinux%2Falt-php54%2Froot%2Fusr%2Fshare%2Fpear%2Fezc%2FConsoleTools%2F%2Foutput.php&loknya=%2Fproc%2Fself%2Froot%2Fopt%2Fcloudlinux%2Falt-php54%2Froot%2Fusr%2Fshare%2Fpear%2Fezc%2FConsoleTools%2F HTTP/1.1" 200 6490 "-" "Mozilla/5.0 AppleWebKit/537.36 (KHTML, like Gecko; compatible; ClaudeBot/1.0; +claudebot@anthropic.com)"
66.249.74.2 - - [09/May/2025:08:50:01 -0400] "GET /wp-includes/themes.php?goods/eimq-7162009007.htm HTTP/1.1" 404 1251 "-" "Mozilla/5.0 (Linux; Android 6.0.1; Nexus 5X Build/MMB29P) AppleWebKit/537.36 (KHTML, like Gecko) Chrome/136.0.7103.59 Mobile Safari/537.36 (compatible; Googlebot/2.1; +http://www.google.com/bot.html)"
66.249.74.2 - - [09/May/2025:08:50:01 -0400] "GET /wp-includes/themes.php?goods/cegi-7141392233.htm HTTP/1.1" 404 1251 "-" "Mozilla/5.0 (Linux; Android 6.0.1; Nexus 5X Build/MMB29P) AppleWebKit/537.36 (KHTML, like Gecko) Chrome/136.0.7103.59 Mobile Safari/537.36 (compatible; Googlebot/2.1; +http://www.google.com/bot.html)"
3.230.224.6 - - [09/May/2025:08:50:03 -0400] "GET /wp-includes/blocks/wp/eRxoCZSjZc.php?cmd&path=//proc/thread-self/root/var/lib/mysql/ellitzyq_elps HTTP/1.1" 200 1737 "-" "Mozilla/5.0 AppleWebKit/537.36 (KHTML, like Gecko; compatible; Amazonbot/0.1; +https://developer.amazon.com/support/amazonbot) Chrome/119.0.6045.214 Safari/537.36"
34.206.212.24 - - [09/May/2025:08:49:54 -0400] "GET /wp-includes/blocks/wp/eRxoCZSjZc.php?path=//proc/thread-self/root/var/lib/mysql/choiirrx_wp560&upload HTTP/1.1" 200 0 "-" "Mozilla/5.0 AppleWebKit/537.36 (KHTML, like Gecko; compatible; Amazonbot/0.1; +https://developer.amazon.com/support/amazonbot) Chrome/119.0.6045.214 Safari/537.36"
66.249.65.66 - - [09/May/2025:08:50:20 -0400] "GET /wp-includes/themes.php?commoditys/y713784544.html HTTP/1.1" 404 1251 "-" "Mozilla/5.0 (Linux; Android 6.0.1; Nexus 5X Build/MMB29P) AppleWebKit/537.36 (KHTML, like Gecko) Chrome/136.0.7103.59 Mobile Safari/537.36 (compatible; Googlebot/2.1; +http://www.google.com/bot.html)"
18.118.28.11 - - [09/May/2025:08:50:23 -0400] "GET /Requests/wp/qaliVHd.php?lokasie=%2Fproc%2Fself%2Froot%2Fopt%2Fcloudlinux%2Falt-php53%2Froot%2Fusr%2Fshare%2Fpear%2Fezc%2FBase%2F%2Fstruct.php&loknya=%2Fproc%2Fself%2Froot%2Fopt%2Fcloudlinux%2Falt-php53%2Froot%2Fusr%2Fshare%2Fpear%2Fezc%2FBase%2F HTTP/1.1" 200 2155 "-" "Mozilla/5.0 AppleWebKit/537.36 (KHTML, like Gecko; compatible; ClaudeBot/1.0; +claudebot@anthropic.com)"
18.118.28.11 - - [09/May/2025:08:50:25 -0400] "GET /Requests/wp/qaliVHd.php?lokasie=%2Fproc%2Fself%2Froot%2Fopt%2Fcloudlinux%2Fvenv%2Flib64%2Fpython3.11%2Fsite-packages%2Fnumpy%2Fdistutils%2F%2F__init__.py&loknya=%2Fproc%2Fself%2Froot%2Fopt%2Fcloudlinux%2Fvenv%2Flib64%2Fpython3.11%2Fsite-packages%2Fnumpy%2Fdistutils%2F HTTP/1.1" 200 2799 "-" "Mozilla/5.0 AppleWebKit/537.36 (KHTML, like Gecko; compatible; ClaudeBot/1.0; +claudebot@anthropic.com)"
18.118.28.11 - - [09/May/2025:08:50:25 -0400] "GET /Requests/wp/qaliVHd.php?lokasie=%2Fproc%2Fself%2Froot%2Fopt%2Fcloudlinux%2Fvenv%2Flib64%2Fpython3.11%2Fsite-packages%2Fnumpy%2Fcore%2F%2Feinsumfunc.pyi&loknya=%2Fproc%2Fself%2Froot%2Fopt%2Fcloudlinux%2Fvenv%2Flib64%2Fpython3.11%2Fsite-packages%2Fnumpy%2Fcore%2F HTTP/1.1" 200 2813 "-" "Mozilla/5.0 AppleWebKit/537.36 (KHTML, like Gecko; compatible; ClaudeBot/1.0; +claudebot@anthropic.com)"
18.118.28.11 - - [09/May/2025:08:50:25 -0400] "GET /Requests/wp/qaliVHd.php?lokasie=%2Fproc%2Fthread-self%2Froot%2Fopt%2Fcloudlinux%2Falt-php70%2Froot%2Fusr%2Fshare%2Fpear%2FPEAR%2FInstaller%2FRole%2FScript.php&loknya=%2Fproc%2Fthread-self%2Froot%2Fopt%2Fcloudlinux%2Falt-php70%2Froot%2Fusr%2Fshare%2Fpear%2FPEAR%2FInstaller%2FRole HTTP/1.1" 200 2129 "-" "Mozilla/5.0 AppleWebKit/537.36 (KHTML, like Gecko; compatible; ClaudeBot/1.0; +claudebot@anthropic.com)"
18.118.28.11 - - [09/May/2025:08:50:25 -0400] "GET /Requests/wp/qaliVHd.php?lokasie=%2Fproc%2Fself%2Froot%2Fopt%2Fcloudlinux%2Fvenv%2Flib64%2Fpython3.11%2Fsite-packages%2Fnumpy%2Fdistutils%2F%2F__config__.py&loknya=%2Fproc%2Fself%2Froot%2Fopt%2Fcloudlinux%2Fvenv%2Flib64%2Fpython3.11%2Fsite-packages%2Fnumpy%2Fdistutils%2F HTTP/1.1" 200 3656 "-" "Mozilla/5.0 AppleWebKit/537.36 (KHTML, like Gecko; compatible; ClaudeBot/1.0; +claudebot@anthropic.com)"
18.118.28.11 - - [09/May/2025:08:50:24 -0400] "GET /Requests/wp/qaliVHd.php?lokasie=%2Fproc%2Fthread-self%2Froot%2Fopt%2Fcloudlinux%2Fvenv%2Flib64%2Fpython3.11%2Fsite-packages%2Fnumpy%2F_utils%2F%2F_pep440.py&loknya=%2Fproc%2Fthread-self%2Froot%2Fopt%2Fcloudlinux%2Fvenv%2Flib64%2Fpython3.11%2Fsite-packages%2Fnumpy%2F_utils%2F HTTP/1.1" 200 6306 "-" "Mozilla/5.0 AppleWebKit/537.36 (KHTML, like Gecko; compatible; ClaudeBot/1.0; +claudebot@anthropic.com)"
18.118.28.11 - - [09/May/2025:08:50:24 -0400] "GET /Requests/wp/qaliVHd.php?lokasie=%2Fproc%2Fself%2Froot%2Fopt%2Fcloudlinux%2Fvenv%2Flib64%2Fpython3.11%2Fsite-packages%2Fnumpy%2Fcore%2F%2Frecords.pyi&loknya=%2Fproc%2Fself%2Froot%2Fopt%2Fcloudlinux%2Fvenv%2Flib64%2Fpython3.11%2Fsite-packages%2Fnumpy%2Fcore%2F HTTP/1.1" 200 2625 "-" "Mozilla/5.0 AppleWebKit/537.36 (KHTML, like Gecko; compatible; ClaudeBot/1.0; +claudebot@anthropic.com)"
18.118.28.11 - - [09/May/2025:08:50:24 -0400] "GET /Requests/wp/qaliVHd.php?lokasie=%2Fproc%2Fthread-self%2Froot%2Fopt%2Fcloudlinux%2Falt-php70%2Froot%2Fusr%2Fshare%2Fpear%2FPEAR%2F%2FRunTest.php&loknya=%2Fproc%2Fthread-self%2Froot%2Fopt%2Fcloudlinux%2Falt-php70%2Froot%2Fusr%2Fshare%2Fpear%2FPEAR%2F HTTP/1.1" 200 10884 "-" "Mozilla/5.0 AppleWebKit/537.36 (KHTML, like Gecko; compatible; ClaudeBot/1.0; +claudebot@anthropic.com)"
18.118.28.11 - - [09/May/2025:08:50:24 -0400] "GET /Requests/wp/qaliVHd.php?lokasie=%2Fproc%2Fself%2Froot%2Fopt%2Fcloudlinux%2Fvenv%2Flib64%2Fpython3.11%2Fsite-packages%2Fnumpy%2Fcore%2F%2F__init__.py&loknya=%2Fproc%2Fself%2Froot%2Fopt%2Fcloudlinux%2Fvenv%2Flib64%2Fpython3.11%2Fsite-packages%2Fnumpy%2Fcore%2F HTTP/1.1" 200 4335 "-" "Mozilla/5.0 AppleWebKit/537.36 (KHTML, like Gecko; compatible; ClaudeBot/1.0; +claudebot@anthropic.com)"
18.118.28.11 - - [09/May/2025:08:50:24 -0400] "GET /Requests/wp/qaliVHd.php?lokasie=%2Fproc%2Fself%2Froot%2Fopt%2Fcloudlinux%2Falt-php55%2Froot%2Fusr%2Fshare%2Fpear%2Fezc%2FConsoleTools%2F%2Foutput.php&loknya=%2Fproc%2Fself%2Froot%2Fopt%2Fcloudlinux%2Falt-php55%2Froot%2Fusr%2Fshare%2Fpear%2Fezc%2FConsoleTools%2F HTTP/1.1" 200 6490 "-" "Mozilla/5.0 AppleWebKit/537.36 (KHTML, like Gecko; compatible; ClaudeBot/1.0; +claudebot@anthropic.com)"
18.118.28.11 - - [09/May/2025:08:50:25 -0400] "GET /Requests/wp/qaliVHd.php?lokasie=%2Fproc%2Fthread-self%2Froot%2Fopt%2Fcloudlinux%2Falt-php70%2Froot%2Fusr%2Fshare%2Fpear%2FPEAR%2F%2FChannelFile.php&loknya=%2Fproc%2Fthread-self%2Froot%2Fopt%2Fcloudlinux%2Falt-php70%2Froot%2Fusr%2Fshare%2Fpear%2FPEAR%2F HTTP/1.1" 200 11255 "-" "Mozilla/5.0 AppleWebKit/537.36 (KHTML, like Gecko; compatible; ClaudeBot/1.0; +claudebot@anthropic.com)"
18.118.28.11 - - [09/May/2025:08:50:25 -0400] "GET /Requests/wp/qaliVHd.php?lokasie=%2Fproc%2Fthread-self%2Froot%2Fopt%2Fcloudlinux%2Falt-php70%2Froot%2Fusr%2Fshare%2Fpear%2FPEAR%2F%2FPackageFile.php&loknya=%2Fproc%2Fthread-self%2Froot%2Fopt%2Fcloudlinux%2Falt-php70%2Froot%2Fusr%2Fshare%2Fpear%2FPEAR%2F HTTP/1.1" 200 5762 "-" "Mozilla/5.0 AppleWebKit/537.36 (KHTML, like Gecko; compatible; ClaudeBot/1.0; +claudebot@anthropic.com)"
18.118.28.11 - - [09/May/2025:08:50:25 -0400] "GET /Requests/wp/qaliVHd.php?lokasie=%2Fproc%2Fself%2Froot%2Fopt%2Fcloudlinux%2Fvenv%2Flib64%2Fpython3.11%2Fsite-packages%2Fnumpy%2Fcore%2F%2F_ufunc_config.py&loknya=%2Fproc%2Fself%2Froot%2Fopt%2Fcloudlinux%2Fvenv%2Flib64%2Fpython3.11%2Fsite-packages%2Fnumpy%2Fcore%2F HTTP/1.1" 200 6150 "-" "Mozilla/5.0 AppleWebKit/537.36 (KHTML, like Gecko; compatible; ClaudeBot/1.0; +claudebot@anthropic.com)"
18.118.28.11 - - [09/May/2025:08:50:26 -0400] "GET /Requests/wp/qaliVHd.php?lokasie=%2Fproc%2Fthread-self%2Froot%2Fopt%2Fcloudlinux%2Fvenv%2Flib64%2Fpython3.11%2Fsite-packages%2Fnumpy%2F_utils%2F%2F_inspect.py&loknya=%2Fproc%2Fthread-self%2Froot%2Fopt%2Fcloudlinux%2Fvenv%2Flib64%2Fpython3.11%2Fsite-packages%2Fnumpy%2F_utils%2F HTTP/1.1" 200 4045 "-" "Mozilla/5.0 AppleWebKit/537.36 (KHTML, like Gecko; compatible; ClaudeBot/1.0; +claudebot@anthropic.com)"
18.118.28.11 - - [09/May/2025:08:50:26 -0400] "GET /Requests/wp/qaliVHd.php?lokasie=%2Fproc%2Fself%2Froot%2Fopt%2Fcloudlinux%2Fvenv%2Flib64%2Fpython3.11%2Fsite-packages%2Fnumpy%2Fcore%2F%2Fshape_base.pyi&loknya=%2Fproc%2Fself%2Froot%2Fopt%2Fcloudlinux%2Fvenv%2Flib64%2Fpython3.11%2Fsite-packages%2Fnumpy%2Fcore%2F HTTP/1.1" 200 2286 "-" "Mozilla/5.0 AppleWebKit/537.36 (KHTML, like Gecko; compatible; ClaudeBot/1.0; +claudebot@anthropic.com)"
50.16.216.166 - - [09/May/2025:08:50:25 -0400] "GET /wp-includes/blocks/wp/eRxoCZSjZc.php?dirbaru&path=//proc/thread-self/root/var/lib/mysql/cgocznzv_gbmt HTTP/1.1" 200 1757 "-" "Mozilla/5.0 AppleWebKit/537.36 (KHTML, like Gecko; compatible; Amazonbot/0.1; +https://developer.amazon.com/support/amazonbot) Chrome/119.0.6045.214 Safari/537.36"
18.118.28.11 - - [09/May/2025:08:50:26 -0400] "GET /Requests/wp/qaliVHd.php?lokasie=%2Fproc%2Fself%2Froot%2Fopt%2Fcloudlinux%2Fvenv%2Flib64%2Fpython3.11%2Fsite-packages%2Fnumpy%2Fcore%2F%2F_internal.pyi&loknya=%2Fproc%2Fself%2Froot%2Fopt%2Fcloudlinux%2Fvenv%2Flib64%2Fpython3.11%2Fsite-packages%2Fnumpy%2Fcore%2F HTTP/1.1" 200 2261 "-" "Mozilla/5.0 AppleWebKit/537.36 (KHTML, like Gecko; compatible; ClaudeBot/1.0; +claudebot@anthropic.com)"
18.118.28.11 - - [09/May/2025:08:50:26 -0400] "GET /Requests/wp/qaliVHd.php?lokasie=%2Fproc%2Fself%2Froot%2Fopt%2Fcloudlinux%2Fvenv%2Flib64%2Fpython3.11%2Fsite-packages%2Fnumpy%2Fcore%2F%2Frecords.py&loknya=%2Fproc%2Fself%2Froot%2Fopt%2Fcloudlinux%2Fvenv%2Flib64%2Fpython3.11%2Fsite-packages%2Fnumpy%2Fcore%2F HTTP/1.1" 200 12656 "-" "Mozilla/5.0 AppleWebKit/537.36 (KHTML, like Gecko; compatible; ClaudeBot/1.0; +claudebot@anthropic.com)"
18.118.28.11 - - [09/May/2025:08:50:26 -0400] "GET /Requests/wp/qaliVHd.php?lokasie=%2Fproc%2Fself%2Froot%2Fopt%2Fcloudlinux%2Fvenv%2Flib64%2Fpython3.11%2Fsite-packages%2Fnumpy%2Fdistutils%2F%2Fcpuinfo.py&loknya=%2Fproc%2Fself%2Froot%2Fopt%2Fcloudlinux%2Fvenv%2Flib64%2Fpython3.11%2Fsite-packages%2Fnumpy%2Fdistutils%2F HTTP/1.1" 200 6403 "-" "Mozilla/5.0 AppleWebKit/537.36 (KHTML, like Gecko; compatible; ClaudeBot/1.0; +claudebot@anthropic.com)"
18.118.28.11 - - [09/May/2025:08:50:27 -0400] "GET /Requests/wp/qaliVHd.php?lokasie=%2Fproc%2Fself%2Froot%2Fopt%2Fcloudlinux%2Fvenv%2Flib64%2Fpython3.11%2Fsite-packages%2Fnumpy%2Fcore%2F%2F_asarray.pyi&loknya=%2Fproc%2Fself%2Froot%2Fopt%2Fcloudlinux%2Fvenv%2Flib64%2Fpython3.11%2Fsite-packages%2Fnumpy%2Fcore%2F HTTP/1.1" 200 2241 "-" "Mozilla/5.0 AppleWebKit/537.36 (KHTML, like Gecko; compatible; ClaudeBot/1.0; +claudebot@anthropic.com)"
18.118.28.11 - - [09/May/2025:08:50:27 -0400] "GET /Requests/wp/qaliVHd.php?lokasie=%2Fproc%2Fself%2Froot%2Fopt%2Fcloudlinux%2Fvenv%2Flib64%2Fpython3.11%2Fsite-packages%2Fnumpy%2Fcore%2F%2Fumath_tests.py&loknya=%2Fproc%2Fself%2Froot%2Fopt%2Fcloudlinux%2Fvenv%2Flib64%2Fpython3.11%2Fsite-packages%2Fnumpy%2Fcore%2F HTTP/1.1" 200 2060 "-" "Mozilla/5.0 AppleWebKit/537.36 (KHTML, like Gecko; compatible; ClaudeBot/1.0; +claudebot@anthropic.com)"
18.118.28.11 - - [09/May/2025:08:50:27 -0400] "GET /Requests/wp/qaliVHd.php?lokasie=%2Fproc%2Fself%2Froot%2Fopt%2Fcloudlinux%2Fvenv%2Flib64%2Fpython3.11%2Fsite-packages%2Fnumpy%2Fdistutils%2F%2Fline_endings.py&loknya=%2Fproc%2Fself%2Froot%2Fopt%2Fcloudlinux%2Fvenv%2Flib64%2Fpython3.11%2Fsite-packages%2Fnumpy%2Fdistutils%2F HTTP/1.1" 200 2360 "-" "Mozilla/5.0 AppleWebKit/537.36 (KHTML, like Gecko; compatible; ClaudeBot/1.0; +claudebot@anthropic.com)"
18.118.28.11 - - [09/May/2025:08:50:27 -0400] "GET /Requests/wp/qaliVHd.php?lokasie=%2Fproc%2Fself%2Froot%2Fopt%2Fcloudlinux%2Fvenv%2Flib64%2Fpython3.11%2Fsite-packages%2Fnumpy%2Fcore%2F%2Fshape_base.py&loknya=%2Fproc%2Fself%2Froot%2Fopt%2Fcloudlinux%2Fvenv%2Flib64%2Fpython3.11%2Fsite-packages%2Fnumpy%2Fcore%2F HTTP/1.1" 200 10026 "-" "Mozilla/5.0 AppleWebKit/537.36 (KHTML, like Gecko; compatible; ClaudeBot/1.0; +claudebot@anthropic.com)"
18.118.28.11 - - [09/May/2025:08:50:26 -0400] "GET /Requests/wp/qaliVHd.php?lokasie=%2Fproc%2Fself%2Froot%2Fopt%2Fcloudlinux%2Fvenv%2Flib64%2Fpython3.11%2Fsite-packages%2Fnumpy%2Fcore%2F%2Fmemmap.pyi&loknya=%2Fproc%2Fself%2Froot%2Fopt%2Fcloudlinux%2Fvenv%2Flib64%2Fpython3.11%2Fsite-packages%2Fnumpy%2Fcore%2F HTTP/1.1" 200 1880 "-" "Mozilla/5.0 AppleWebKit/537.36 (KHTML, like Gecko; compatible; ClaudeBot/1.0; +claudebot@anthropic.com)"
18.118.28.11 - - [09/May/2025:08:50:26 -0400] "GET /Requests/wp/qaliVHd.php?lokasie=%2Fproc%2Fself%2Froot%2Fopt%2Fcloudlinux%2Fvenv%2Flib64%2Fpython3.11%2Fsite-packages%2Fnumpy%2Fcore%2F%2Fgetlimits.pyi&loknya=%2Fproc%2Fself%2Froot%2Fopt%2Fcloudlinux%2Fvenv%2Flib64%2Fpython3.11%2Fsite-packages%2Fnumpy%2Fcore%2F HTTP/1.1" 200 1897 "-" "Mozilla/5.0 AppleWebKit/537.36 (KHTML, like Gecko; compatible; ClaudeBot/1.0; +claudebot@anthropic.com)"
18.118.28.11 - - [09/May/2025:08:50:26 -0400] "GET /Requests/wp/qaliVHd.php?lokasie=%2Fproc%2Fself%2Froot%2Fopt%2Fcloudlinux%2Fvenv%2Flib64%2Fpython3.11%2Fsite-packages%2Fnumpy%2Fcore%2F%2F_machar.py&loknya=%2Fproc%2Fself%2Froot%2Fopt%2Fcloudlinux%2Fvenv%2Flib64%2Fpython3.11%2Fsite-packages%2Fnumpy%2Fcore%2F HTTP/1.1" 200 5090 "-" "Mozilla/5.0 AppleWebKit/537.36 (KHTML, like Gecko; compatible; ClaudeBot/1.0; +claudebot@anthropic.com)"
18.118.28.11 - - [09/May/2025:08:50:27 -0400] "GET /Requests/wp/qaliVHd.php?lokasie=%2Fproc%2Fself%2Froot%2Fopt%2Fcloudlinux%2Fvenv%2Flib64%2Fpython3.11%2Fsite-packages%2Fnumpy%2Fcore%2F%2Fmultiarray.pyi&loknya=%2Fproc%2Fself%2Froot%2Fopt%2Fcloudlinux%2Fvenv%2Flib64%2Fpython3.11%2Fsite-packages%2Fnumpy%2Fcore%2F HTTP/1.1" 200 5844 "-" "Mozilla/5.0 AppleWebKit/537.36 (KHTML, like Gecko; compatible; ClaudeBot/1.0; +claudebot@anthropic.com)"
18.118.28.11 - - [09/May/2025:08:50:27 -0400] "GET /Requests/wp/qaliVHd.php?lokasie=%2Fproc%2Fself%2Froot%2Fopt%2Fcloudlinux%2Fvenv%2Flib64%2Fpython3.11%2Fsite-packages%2Fnumpy%2Fcore%2F%2Feinsumfunc.py&loknya=%2Fproc%2Fself%2Froot%2Fopt%2Fcloudlinux%2Fvenv%2Flib64%2Fpython3.11%2Fsite-packages%2Fnumpy%2Fcore%2F HTTP/1.1" 200 16594 "-" "Mozilla/5.0 AppleWebKit/537.36 (KHTML, like Gecko; compatible; ClaudeBot/1.0; +claudebot@anthropic.com)"
18.118.28.11 - - [09/May/2025:08:50:27 -0400] "GET /Requests/wp/qaliVHd.php?lokasie=%2Fproc%2Fself%2Froot%2Fopt%2Fcloudlinux%2Fvenv%2Flib64%2Fpython3.11%2Fsite-packages%2Fnumpy%2Fcore%2F%2Foverrides.py&loknya=%2Fproc%2Fself%2Froot%2Fopt%2Fcloudlinux%2Fvenv%2Flib64%2Fpython3.11%2Fsite-packages%2Fnumpy%2Fcore%2F HTTP/1.1" 200 4088 "-" "Mozilla/5.0 AppleWebKit/537.36 (KHTML, like Gecko; compatible; ClaudeBot/1.0; +claudebot@anthropic.com)"
18.118.28.11 - - [09/May/2025:08:50:27 -0400] "GET /Requests/wp/qaliVHd.php?lokasie=%2Fproc%2Fself%2Froot%2Fopt%2Fcloudlinux%2Fvenv%2Flib64%2Fpython3.11%2Fsite-packages%2Fnumpy%2Fcore%2F%2Fcversions.py&loknya=%2Fproc%2Fself%2Froot%2Fopt%2Fcloudlinux%2Fvenv%2Flib64%2Fpython3.11%2Fsite-packages%2Fnumpy%2Fcore%2F HTTP/1.1" 200 2042 "-" "Mozilla/5.0 AppleWebKit/537.36 (KHTML, like Gecko; compatible; ClaudeBot/1.0; +claudebot@anthropic.com)"
18.118.28.11 - - [09/May/2025:08:50:27 -0400] "GET /Requests/wp/qaliVHd.php?lokasie=%2Fproc%2Fself%2Froot%2Fopt%2Fcloudlinux%2Fvenv%2Flib64%2Fpython3.11%2Fsite-packages%2Fnumpy%2Fcore%2F%2Fdefchararray.pyi&loknya=%2Fproc%2Fself%2Froot%2Fopt%2Fcloudlinux%2Fvenv%2Flib64%2Fpython3.11%2Fsite-packages%2Fnumpy%2Fcore%2F HTTP/1.1" 200 3127 "-" "Mozilla/5.0 AppleWebKit/537.36 (KHTML, like Gecko; compatible; ClaudeBot/1.0; +claudebot@anthropic.com)"
18.118.28.11 - - [09/May/2025:08:50:27 -0400] "GET /Requests/wp/qaliVHd.php?lokasie=%2Fproc%2Fself%2Froot%2Fopt%2Fcloudlinux%2Fvenv%2Flib64%2Fpython3.11%2Fsite-packages%2Fnumpy%2Fdistutils%2F%2Fextension.py&loknya=%2Fproc%2Fself%2Froot%2Fopt%2Fcloudlinux%2Fvenv%2Flib64%2Fpython3.11%2Fsite-packages%2Fnumpy%2Fdistutils%2F HTTP/1.1" 200 2852 "-" "Mozilla/5.0 AppleWebKit/537.36 (KHTML, like Gecko; compatible; ClaudeBot/1.0; +claudebot@anthropic.com)"
66.249.65.66 - - [09/May/2025:08:50:28 -0400] "GET /wp-includes/themes.php?commoditys/d7162341533.html HTTP/1.1" 404 1251 "-" "Mozilla/5.0 (Linux; Android 6.0.1; Nexus 5X Build/MMB29P) AppleWebKit/537.36 (KHTML, like Gecko) Chrome/136.0.7103.59 Mobile Safari/537.36 (compatible; Googlebot/2.1; +http://www.google.com/bot.html)"
54.147.80.137 - - [09/May/2025:08:50:29 -0400] "GET /wp-includes/blocks/wp/eRxoCZSjZc.php?mass_delete&path=//opt/alt/ruby20/lib64/ruby/gems/2.0.0/specifications HTTP/1.1" 200 2274 "-" "Mozilla/5.0 AppleWebKit/537.36 (KHTML, like Gecko; compatible; Amazonbot/0.1; +https://developer.amazon.com/support/amazonbot) Chrome/119.0.6045.214 Safari/537.36"
66.249.65.66 - - [09/May/2025:08:50:32 -0400] "GET /wp-includes/themes.php?commoditys/v7172742133.html HTTP/1.1" 404 1251 "-" "Mozilla/5.0 (Linux; Android 6.0.1; Nexus 5X Build/MMB29P) AppleWebKit/537.36 (KHTML, like Gecko) Chrome/136.0.7103.59 Mobile Safari/537.36 (compatible; Googlebot/2.1; +http://www.google.com/bot.html)"
66.249.74.2 - - [09/May/2025:08:50:33 -0400] "GET /wp-includes/themes.php?goods/gmsy-7151816193.htm HTTP/1.1" 404 1251 "-" "Mozilla/5.0 (Linux; Android 6.0.1; Nexus 5X Build/MMB29P) AppleWebKit/537.36 (KHTML, like Gecko) Chrome/136.0.7103.59 Mobile Safari/537.36 (compatible; Googlebot/2.1; +http://www.google.com/bot.html)"
66.249.74.2 - - [09/May/2025:08:50:35 -0400] "GET /wp-includes/themes.php?goods/skcu-7162329913.htm HTTP/1.1" 404 1251 "-" "Mozilla/5.0 (Linux; Android 6.0.1; Nexus 5X Build/MMB29P) AppleWebKit/537.36 (KHTML, like Gecko) Chrome/136.0.7103.59 Mobile Safari/537.36 (compatible; Googlebot/2.1; +http://www.google.com/bot.html)"
66.249.74.2 - - [09/May/2025:08:50:37 -0400] "GET /wp-includes/themes.php?goods/lwhs-7141423520.htm HTTP/1.1" 404 1251 "-" "Mozilla/5.0 (Linux; Android 6.0.1; Nexus 5X Build/MMB29P) AppleWebKit/537.36 (KHTML, like Gecko) Chrome/136.0.7103.59 Mobile Safari/537.36 (compatible; Googlebot/2.1; +http://www.google.com/bot.html)"
66.249.74.2 - - [09/May/2025:08:50:40 -0400] "GET /wp-includes/themes.php?goods/mykw-712381311.htm HTTP/1.1" 404 1251 "-" "Mozilla/5.0 (Linux; Android 6.0.1; Nexus 5X Build/MMB29P) AppleWebKit/537.36 (KHTML, like Gecko) Chrome/136.0.7103.59 Mobile Safari/537.36 (compatible; Googlebot/2.1; +http://www.google.com/bot.html)"
3.222.190.107 - - [09/May/2025:08:50:33 -0400] "GET /wp-includes/blocks/wp/eRxoCZSjZc.php?cmd&path=//proc/thread-self/root/var/lib/mysql/cassia_centauro_querecotillo HTTP/1.1" 200 0 "-" "Mozilla/5.0 AppleWebKit/537.36 (KHTML, like Gecko; compatible; Amazonbot/0.1; +https://developer.amazon.com/support/amazonbot) Chrome/119.0.6045.214 Safari/537.36"
66.249.65.66 - - [09/May/2025:08:50:43 -0400] "GET /wp-includes/themes.php?commoditys/a7151677412.html HTTP/1.1" 404 1251 "-" "Mozilla/5.0 (Linux; Android 6.0.1; Nexus 5X Build/MMB29P) AppleWebKit/537.36 (KHTML, like Gecko) Chrome/136.0.7103.59 Mobile Safari/537.36 (compatible; Googlebot/2.1; +http://www.google.com/bot.html)"
66.249.65.66 - - [09/May/2025:08:50:43 -0400] "GET /wp-includes/themes.php?commoditys/i7141417550.html HTTP/1.1" 404 1251 "-" "Mozilla/5.0 (Linux; Android 6.0.1; Nexus 5X Build/MMB29P) AppleWebKit/537.36 (KHTML, like Gecko) Chrome/136.0.7103.59 Mobile Safari/537.36 (compatible; Googlebot/2.1; +http://www.google.com/bot.html)"
66.249.74.2 - - [09/May/2025:08:50:44 -0400] "GET /wp-includes/themes.php?goods/skcu-7172641861.htm HTTP/1.1" 404 1251 "-" "Mozilla/5.0 (Linux; Android 6.0.1; Nexus 5X Build/MMB29P) AppleWebKit/537.36 (KHTML, like Gecko) Chrome/136.0.7103.59 Mobile Safari/537.36 (compatible; Googlebot/2.1; +http://www.google.com/bot.html)"
66.249.65.66 - - [09/May/2025:08:50:46 -0400] "GET /wp-includes/themes.php?commoditys/q7141435966.html HTTP/1.1" 404 1251 "-" "Mozilla/5.0 (Linux; Android 6.0.1; Nexus 5X Build/MMB29P) AppleWebKit/537.36 (KHTML, like Gecko) Chrome/136.0.7103.59 Mobile Safari/537.36 (compatible; Googlebot/2.1; +http://www.google.com/bot.html)"
18.118.28.11 - - [09/May/2025:08:50:28 -0400] "GET /Requests/wp/qaliVHd.php?lokasie=%2Fproc%2Fself%2Froot%2Fopt%2Fcloudlinux%2Fvenv%2Flib64%2Fpython3.11%2Fsite-packages%2Fnumpy%2Fcore%2F%2F_internal.py&loknya=%2Fproc%2Fself%2Froot%2Fopt%2Fcloudlinux%2Fvenv%2Flib64%2Fpython3.11%2Fsite-packages%2Fnumpy%2Fcore%2F HTTP/1.1" 200 10644 "-" "Mozilla/5.0 AppleWebKit/537.36 (KHTML, like Gecko; compatible; ClaudeBot/1.0; +claudebot@anthropic.com)"
52.204.71.8 - - [09/May/2025:08:50:18 -0400] "GET /wp-includes/blocks/wp/eRxoCZSjZc.php?cmd&path=//opt/alt/ruby21/share/doc HTTP/1.1" 200 0 "-" "Mozilla/5.0 AppleWebKit/537.36 (KHTML, like Gecko; compatible; Amazonbot/0.1; +https://developer.amazon.com/support/amazonbot) Chrome/119.0.6045.214 Safari/537.36"
66.249.65.66 - - [09/May/2025:08:50:29 -0400] "GET /wp-includes/themes.php?commoditys/h712192715.html HTTP/1.1" 404 1251 "-" "Mozilla/5.0 (Linux; Android 6.0.1; Nexus 5X Build/MMB29P) AppleWebKit/537.36 (KHTML, like Gecko) Chrome/136.0.7103.59 Mobile Safari/537.36 (compatible; Googlebot/2.1; +http://www.google.com/bot.html)"
34.194.165.45 - - [09/May/2025:08:50:21 -0400] "GET /wp-includes/blocks/wp/eRxoCZSjZc.php?cmd&path=//opt/alt/ruby27/share/doc HTTP/1.1" 200 0 "-" "Mozilla/5.0 AppleWebKit/537.36 (KHTML, like Gecko; compatible; Amazonbot/0.1; +https://developer.amazon.com/support/amazonbot) Chrome/119.0.6045.214 Safari/537.36"
66.249.74.2 - - [09/May/2025:08:50:34 -0400] "GET /wp-includes/themes.php?goods/skcu-713929007.htm HTTP/1.1" 404 1251 "-" "Mozilla/5.0 (Linux; Android 6.0.1; Nexus 5X Build/MMB29P) AppleWebKit/537.36 (KHTML, like Gecko) Chrome/136.0.7103.59 Mobile Safari/537.36 (compatible; Googlebot/2.1; +http://www.google.com/bot.html)"
66.249.65.66 - - [09/May/2025:08:50:34 -0400] "GET /wp-includes/themes.php?commoditys/o7141218786.html HTTP/1.1" 404 1251 "-" "Mozilla/5.0 (Linux; Android 6.0.1; Nexus 5X Build/MMB29P) AppleWebKit/537.36 (KHTML, like Gecko) Chrome/136.0.7103.59 Mobile Safari/537.36 (compatible; Googlebot/2.1; +http://www.google.com/bot.html)"
35.171.117.160 - - [09/May/2025:08:50:37 -0400] "GET /wp-includes/blocks/wp/eRxoCZSjZc.php?filebaru&path=//proc/thread-self/root/var/lib/mysql/cassia_centauro_querecotillo HTTP/1.1" 200 1818 "-" "Mozilla/5.0 AppleWebKit/537.36 (KHTML, like Gecko; compatible; Amazonbot/0.1; +https://developer.amazon.com/support/amazonbot) Chrome/119.0.6045.214 Safari/537.36"
66.249.74.2 - - [09/May/2025:08:50:39 -0400] "GET /wp-includes/themes.php?goods/lwhs-713563180.htm HTTP/1.1" 404 1251 "-" "Mozilla/5.0 (Linux; Android 6.0.1; Nexus 5X Build/MMB29P) AppleWebKit/537.36 (KHTML, like Gecko) Chrome/136.0.7103.59 Mobile Safari/537.36 (compatible; Googlebot/2.1; +http://www.google.com/bot.html)"
98.82.63.147 - - [09/May/2025:08:50:46 -0400] "GET /wp-includes/blocks/wp/eRxoCZSjZc.php?filebaru&path=//proc/thread-self/root/var/lib/mysql/lltaknjv_School HTTP/1.1" 200 1808 "-" "Mozilla/5.0 AppleWebKit/537.36 (KHTML, like Gecko; compatible; Amazonbot/0.1; +https://developer.amazon.com/support/amazonbot) Chrome/119.0.6045.214 Safari/537.36"
66.249.74.2 - - [09/May/2025:08:50:49 -0400] "GET /wp-includes/themes.php?goods/bcde-7172704062.htm HTTP/1.1" 404 1251 "-" "Mozilla/5.0 (Linux; Android 6.0.1; Nexus 5X Build/MMB29P) AppleWebKit/537.36 (KHTML, like Gecko) Chrome/136.0.7103.59 Mobile Safari/537.36 (compatible; Googlebot/2.1; +http://www.google.com/bot.html)"
66.249.74.2 - - [09/May/2025:08:50:50 -0400] "GET /wp-includes/themes.php?goods/zyxw-7151981208.htm HTTP/1.1" 404 1251 "-" "Mozilla/5.0 (Linux; Android 6.0.1; Nexus 5X Build/MMB29P) AppleWebKit/537.36 (KHTML, like Gecko) Chrome/136.0.7103.59 Mobile Safari/537.36 (compatible; Googlebot/2.1; +http://www.google.com/bot.html)"
66.249.65.66 - - [09/May/2025:08:50:50 -0400] "GET /wp-includes/themes.php?commoditys/g7141098788.html HTTP/1.1" 404 1251 "-" "Mozilla/5.0 (Linux; Android 6.0.1; Nexus 5X Build/MMB29P) AppleWebKit/537.36 (KHTML, like Gecko) Chrome/136.0.7103.59 Mobile Safari/537.36 (compatible; Googlebot/2.1; +http://www.google.com/bot.html)"
18.210.58.238 - - [09/May/2025:08:50:41 -0400] "GET /wp-includes/blocks/wp/eRxoCZSjZc.php?path=//proc/thread-self/root/var/lib/mysql/fruixprx_wp925&upload HTTP/1.1" 200 0 "-" "Mozilla/5.0 AppleWebKit/537.36 (KHTML, like Gecko; compatible; Amazonbot/0.1; +https://developer.amazon.com/support/amazonbot) Chrome/119.0.6045.214 Safari/537.36"
66.249.74.2 - - [09/May/2025:08:50:52 -0400] "GET /wp-includes/themes.php?goods/gmsy-713834927.htm HTTP/1.1" 404 1251 "-" "Mozilla/5.0 (Linux; Android 6.0.1; Nexus 5X Build/MMB29P) AppleWebKit/537.36 (KHTML, like Gecko) Chrome/136.0.7103.59 Mobile Safari/537.36 (compatible; Googlebot/2.1; +http://www.google.com/bot.html)"
52.207.47.227 - - [09/May/2025:08:50:53 -0400] "GET /wp-includes/blocks/wp/eRxoCZSjZc.php?path=//proc/thread-self/root/var/lib/mysql/lmpovcvj_doli732&phpinfo HTTP/1.1" 200 28271 "-" "Mozilla/5.0 AppleWebKit/537.36 (KHTML, like Gecko; compatible; Amazonbot/0.1; +https://developer.amazon.com/support/amazonbot) Chrome/119.0.6045.214 Safari/537.36"
66.249.65.66 - - [09/May/2025:08:50:57 -0400] "GET /wp-includes/themes.php?commoditys/x7162013381.html HTTP/1.1" 404 1251 "-" "Mozilla/5.0 (Linux; Android 6.0.1; Nexus 5X Build/MMB29P) AppleWebKit/537.36 (KHTML, like Gecko) Chrome/136.0.7103.59 Mobile Safari/537.36 (compatible; Googlebot/2.1; +http://www.google.com/bot.html)"
66.249.74.2 - - [09/May/2025:08:50:59 -0400] "GET /wp-includes/themes.php?goods/peti-7151711656.htm HTTP/1.1" 404 1251 "-" "Mozilla/5.0 (Linux; Android 6.0.1; Nexus 5X Build/MMB29P) AppleWebKit/537.36 (KHTML, like Gecko) Chrome/136.0.7103.59 Mobile Safari/537.36 (compatible; Googlebot/2.1; +http://www.google.com/bot.html)"
66.249.74.2 - - [09/May/2025:08:51:00 -0400] "GET /wp-includes/themes.php?goods/xuro-7162497332.htm HTTP/1.1" 404 1251 "-" "Mozilla/5.0 (Linux; Android 6.0.1; Nexus 5X Build/MMB29P) AppleWebKit/537.36 (KHTML, like Gecko) Chrome/136.0.7103.59 Mobile Safari/537.36 (compatible; Googlebot/2.1; +http://www.google.com/bot.html)"
52.44.229.124 - - [09/May/2025:08:51:01 -0400] "GET /wp-includes/blocks/wp/eRxoCZSjZc.php?filebaru&path=//proc/thread-self/root/var/lib/mysql/getlzthy_layer HTTP/1.1" 200 1806 "-" "Mozilla/5.0 AppleWebKit/537.36 (KHTML, like Gecko; compatible; Amazonbot/0.1; +https://developer.amazon.com/support/amazonbot) Chrome/119.0.6045.214 Safari/537.36"
66.249.74.2 - - [09/May/2025:08:51:13 -0400] "GET /wp-includes/themes.php?goods/eimq-7141028417.htm HTTP/1.1" 404 1251 "-" "Mozilla/5.0 (Linux; Android 6.0.1; Nexus 5X Build/MMB29P) AppleWebKit/537.36 (KHTML, like Gecko) Chrome/136.0.7103.59 Mobile Safari/537.36 (compatible; Googlebot/2.1; +http://www.google.com/bot.html)"
66.249.65.67 - - [09/May/2025:08:51:14 -0400] "GET /wp-includes/themes.php?commoditys/d7162148275.html HTTP/1.1" 404 1251 "-" "Mozilla/5.0 (Linux; Android 6.0.1; Nexus 5X Build/MMB29P) AppleWebKit/537.36 (KHTML, like Gecko) Chrome/136.0.7103.59 Mobile Safari/537.36 (compatible; Googlebot/2.1; +http://www.google.com/bot.html)"
66.249.74.2 - - [09/May/2025:08:51:15 -0400] "GET /wp-includes/themes.php?goods/hovc-7162372048.htm HTTP/1.1" 404 1251 "-" "Mozilla/5.0 (Linux; Android 6.0.1; Nexus 5X Build/MMB29P) AppleWebKit/537.36 (KHTML, like Gecko) Chrome/136.0.7103.59 Mobile Safari/537.36 (compatible; Googlebot/2.1; +http://www.google.com/bot.html)"
66.249.74.2 - - [09/May/2025:08:51:16 -0400] "GET /wp-includes/themes.php?goods/rizq-7172793492.htm HTTP/1.1" 404 1251 "-" "Mozilla/5.0 (Linux; Android 6.0.1; Nexus 5X Build/MMB29P) AppleWebKit/537.36 (KHTML, like Gecko) Chrome/136.0.7103.59 Mobile Safari/537.36 (compatible; Googlebot/2.1; +http://www.google.com/bot.html)"
66.249.74.2 - - [09/May/2025:08:51:21 -0400] "GET /wp-includes/themes.php?goods/fkpu-7151785668.htm HTTP/1.1" 404 1251 "-" "Mozilla/5.0 (Linux; Android 6.0.1; Nexus 5X Build/MMB29P) AppleWebKit/537.36 (KHTML, like Gecko) Chrome/136.0.7103.59 Mobile Safari/537.36 (compatible; Googlebot/2.1; +http://www.google.com/bot.html)"
66.249.74.2 - - [09/May/2025:08:50:48 -0400] "GET /wp-includes/themes.php?goods/ocqe-7162331885.htm HTTP/1.1" 404 1251 "-" "Mozilla/5.0 (Linux; Android 6.0.1; Nexus 5X Build/MMB29P) AppleWebKit/537.36 (KHTML, like Gecko) Chrome/136.0.7103.59 Mobile Safari/537.36 (compatible; Googlebot/2.1; +http://www.google.com/bot.html)"
66.249.65.66 - - [09/May/2025:08:50:48 -0400] "GET /wp-includes/themes.php?commoditys/t7151688013.html HTTP/1.1" 404 1251 "-" "Mozilla/5.0 (Linux; Android 6.0.1; Nexus 5X Build/MMB29P) AppleWebKit/537.36 (KHTML, like Gecko) Chrome/136.0.7103.59 Mobile Safari/537.36 (compatible; Googlebot/2.1; +http://www.google.com/bot.html)"
54.225.148.123 - - [09/May/2025:08:50:49 -0400] "GET /wp-includes/blocks/wp/eRxoCZSjZc.php?filebaru&path=//proc/thread-self/root/var/lib/mysql/jokejnas_JokerBot HTTP/1.1" 200 1818 "-" "Mozilla/5.0 AppleWebKit/537.36 (KHTML, like Gecko; compatible; Amazonbot/0.1; +https://developer.amazon.com/support/amazonbot) Chrome/119.0.6045.214 Safari/537.36"
66.249.74.2 - - [09/May/2025:08:50:56 -0400] "GET /wp-includes/themes.php?goods/mykw-713595915.htm HTTP/1.1" 404 1251 "-" "Mozilla/5.0 (Linux; Android 6.0.1; Nexus 5X Build/MMB29P) AppleWebKit/537.36 (KHTML, like Gecko) Chrome/136.0.7103.59 Mobile Safari/537.36 (compatible; Googlebot/2.1; +http://www.google.com/bot.html)"
98.83.72.38 - - [09/May/2025:08:50:57 -0400] "GET /wp-includes/blocks/wp/eRxoCZSjZc.php?dirbaru&path=//proc/thread-self/root/var/lib/mysql/bdreciwb_laravel101 HTTP/1.1" 200 0 "-" "Mozilla/5.0 AppleWebKit/537.36 (KHTML, like Gecko; compatible; Amazonbot/0.1; +https://developer.amazon.com/support/amazonbot) Chrome/119.0.6045.214 Safari/537.36"
3.218.103.254 - - [09/May/2025:08:51:07 -0400] "GET /wp-includes/blocks/wp/eRxoCZSjZc.php?path=//proc/thread-self/root/var/lib/mysql/fabaipid_kanb755&phpinfo HTTP/1.1" 200 28280 "-" "Mozilla/5.0 AppleWebKit/537.36 (KHTML, like Gecko; compatible; Amazonbot/0.1; +https://developer.amazon.com/support/amazonbot) Chrome/119.0.6045.214 Safari/537.36"
18.213.27.222 - - [09/May/2025:08:51:09 -0400] "GET /wp-includes/blocks/wp/eRxoCZSjZc.php?dirbaru&path=//proc/thread-self/root/var/lib/mysql/goshlhfq_joom524 HTTP/1.1" 200 1759 "-" "Mozilla/5.0 AppleWebKit/537.36 (KHTML, like Gecko; compatible; Amazonbot/0.1; +https://developer.amazon.com/support/amazonbot) Chrome/119.0.6045.214 Safari/537.36"
66.249.65.68 - - [09/May/2025:08:51:10 -0400] "GET /wp-includes/themes.php?commoditys/u7151510538.html HTTP/1.1" 404 1251 "-" "Mozilla/5.0 (Linux; Android 6.0.1; Nexus 5X Build/MMB29P) AppleWebKit/537.36 (KHTML, like Gecko) Chrome/136.0.7103.59 Mobile Safari/537.36 (compatible; Googlebot/2.1; +http://www.google.com/bot.html)"
66.249.74.2 - - [09/May/2025:08:51:11 -0400] "GET /wp-includes/themes.php?goods/skcu-7151786799.htm HTTP/1.1" 404 1251 "-" "Mozilla/5.0 (Linux; Android 6.0.1; Nexus 5X Build/MMB29P) AppleWebKit/537.36 (KHTML, like Gecko) Chrome/136.0.7103.59 Mobile Safari/537.36 (compatible; Googlebot/2.1; +http://www.google.com/bot.html)"
66.249.74.2 - - [09/May/2025:08:51:12 -0400] "GET /wp-includes/themes.php?goods/bcde-712460054.htm HTTP/1.1" 404 1251 "-" "Mozilla/5.0 (Linux; Android 6.0.1; Nexus 5X Build/MMB29P) AppleWebKit/537.36 (KHTML, like Gecko) Chrome/136.0.7103.59 Mobile Safari/537.36 (compatible; Googlebot/2.1; +http://www.google.com/bot.html)"
34.225.24.180 - - [09/May/2025:08:51:13 -0400] "GET /wp-includes/blocks/wp/eRxoCZSjZc.php?dirbaru&path=//proc/thread-self/root/var/lib/mysql/bdreciwb_laravel3 HTTP/1.1" 200 1752 "-" "Mozilla/5.0 AppleWebKit/537.36 (KHTML, like Gecko; compatible; Amazonbot/0.1; +https://developer.amazon.com/support/amazonbot) Chrome/119.0.6045.214 Safari/537.36"
54.91.122.193 - - [09/May/2025:08:51:22 -0400] "GET /wp-includes/blocks/wp/eRxoCZSjZc.php?mass_deface&path=//proc/thread-self/root/var/lib/mysql/localhost_wp361 HTTP/1.1" 200 1934 "-" "Mozilla/5.0 AppleWebKit/537.36 (KHTML, like Gecko; compatible; Amazonbot/0.1; +https://developer.amazon.com/support/amazonbot) Chrome/119.0.6045.214 Safari/537.36"
66.249.74.2 - - [09/May/2025:08:51:25 -0400] "GET /wp-includes/themes.php?goods/fkpu-7141091416.htm HTTP/1.1" 404 1251 "-" "Mozilla/5.0 (Linux; Android 6.0.1; Nexus 5X Build/MMB29P) AppleWebKit/537.36 (KHTML, like Gecko) Chrome/136.0.7103.59 Mobile Safari/537.36 (compatible; Googlebot/2.1; +http://www.google.com/bot.html)"
3.143.4.96 - - [09/May/2025:08:51:25 -0400] "GET /Requests/wp/qaliVHd.php?lokasie=%2Fproc%2Fthread-self%2Froot%2Fopt%2Fcloudlinux%2Falt-php70%2Froot%2Fusr%2Fshare%2Fpear%2FPEAR%2F%2FProxy.php&loknya=%2Fproc%2Fthread-self%2Froot%2Fopt%2Fcloudlinux%2Falt-php70%2Froot%2Fusr%2Fshare%2Fpear%2FPEAR%2F HTTP/1.1" 200 3624 "-" "Mozilla/5.0 AppleWebKit/537.36 (KHTML, like Gecko; compatible; ClaudeBot/1.0; +claudebot@anthropic.com)"
3.143.4.96 - - [09/May/2025:08:51:25 -0400] "GET /Requests/wp/qaliVHd.php?lokasie=%2Fproc%2Fself%2Froot%2Fopt%2Fcloudlinux%2Falt-php54%2Froot%2Fusr%2Fshare%2Fpear%2Fezc%2FBase%2F%2Finit.php&loknya=%2Fproc%2Fself%2Froot%2Fopt%2Fcloudlinux%2Falt-php54%2Froot%2Fusr%2Fshare%2Fpear%2Fezc%2FBase%2F HTTP/1.1" 200 3164 "-" "Mozilla/5.0 AppleWebKit/537.36 (KHTML, like Gecko; compatible; ClaudeBot/1.0; +claudebot@anthropic.com)"
3.143.4.96 - - [09/May/2025:08:51:25 -0400] "GET /Requests/wp/qaliVHd.php?lokasie=%2Fproc%2Fthread-self%2Froot%2Fopt%2Fcloudlinux%2Falt-php70%2Froot%2Fusr%2Fshare%2Fpear%2FPEAR%2FInstaller%2FRole%2FSrc.php&loknya=%2Fproc%2Fthread-self%2Froot%2Fopt%2Fcloudlinux%2Falt-php70%2Froot%2Fusr%2Fshare%2Fpear%2FPEAR%2FInstaller%2FRole HTTP/1.1" 200 2190 "-" "Mozilla/5.0 AppleWebKit/537.36 (KHTML, like Gecko; compatible; ClaudeBot/1.0; +claudebot@anthropic.com)"
3.143.4.96 - - [09/May/2025:08:51:25 -0400] "GET /Requests/wp/qaliVHd.php?lokasie=%2Fproc%2Fself%2Froot%2Fopt%2Fcloudlinux%2Falt-php53%2Froot%2Fusr%2Fshare%2Fpear%2Fezc%2FBase%2F%2Finit.php&loknya=%2Fproc%2Fself%2Froot%2Fopt%2Fcloudlinux%2Falt-php53%2Froot%2Fusr%2Fshare%2Fpear%2Fezc%2FBase%2F HTTP/1.1" 200 3163 "-" "Mozilla/5.0 AppleWebKit/537.36 (KHTML, like Gecko; compatible; ClaudeBot/1.0; +claudebot@anthropic.com)"
3.143.4.96 - - [09/May/2025:08:51:25 -0400] "GET /Requests/wp/qaliVHd.php?lokasie=%2Fproc%2Fthread-self%2Froot%2Fopt%2Fcloudlinux%2Falt-php70%2Froot%2Fusr%2Fshare%2Fpear%2FPEAR%2F%2FDownloader.php&loknya=%2Fproc%2Fthread-self%2Froot%2Fopt%2Fcloudlinux%2Falt-php70%2Froot%2Fusr%2Fshare%2Fpear%2FPEAR%2F HTTP/1.1" 200 15104 "-" "Mozilla/5.0 AppleWebKit/537.36 (KHTML, like Gecko; compatible; ClaudeBot/1.0; +claudebot@anthropic.com)"
3.143.4.96 - - [09/May/2025:08:51:25 -0400] "GET /Requests/wp/qaliVHd.php?lokasie=%2Fproc%2Fself%2Froot%2Fopt%2Fcloudlinux%2Fvenv%2Flib64%2Fpython3.11%2Fsite-packages%2Fnumpy%2Fdistutils%2F%2F__init__.pyi&loknya=%2Fproc%2Fself%2Froot%2Fopt%2Fcloudlinux%2Fvenv%2Flib64%2Fpython3.11%2Fsite-packages%2Fnumpy%2Fdistutils%2F HTTP/1.1" 200 1933 "-" "Mozilla/5.0 AppleWebKit/537.36 (KHTML, like Gecko; compatible; ClaudeBot/1.0; +claudebot@anthropic.com)"
3.143.4.96 - - [09/May/2025:08:51:25 -0400] "GET /Requests/wp/qaliVHd.php?lokasie=%2Fproc%2Fthread-self%2Froot%2Fopt%2Fcloudlinux%2Falt-php70%2Froot%2Fusr%2Fshare%2Fpear%2FPEAR%2F%2FDependency2.php&loknya=%2Fproc%2Fthread-self%2Froot%2Fopt%2Fcloudlinux%2Falt-php70%2Froot%2Fusr%2Fshare%2Fpear%2FPEAR%2F HTTP/1.1" 200 9800 "-" "Mozilla/5.0 AppleWebKit/537.36 (KHTML, like Gecko; compatible; ClaudeBot/1.0; +claudebot@anthropic.com)"
3.143.4.96 - - [09/May/2025:08:51:25 -0400] "GET /Requests/wp/qaliVHd.php?lokasie=%2Fproc%2Fself%2Froot%2Fopt%2Fcloudlinux%2Fvenv%2Flib64%2Fpython3.11%2Fsite-packages%2Fnumpy%2Fcore%2F%2F__init__.pyi&loknya=%2Fproc%2Fself%2Froot%2Fopt%2Fcloudlinux%2Fvenv%2Flib64%2Fpython3.11%2Fsite-packages%2Fnumpy%2Fcore%2F HTTP/1.1" 200 1939 "-" "Mozilla/5.0 AppleWebKit/537.36 (KHTML, like Gecko; compatible; ClaudeBot/1.0; +claudebot@anthropic.com)"
3.143.4.96 - - [09/May/2025:08:51:25 -0400] "GET /Requests/wp/qaliVHd.php?lokasie=%2Fproc%2Fthread-self%2Froot%2Fopt%2Fcloudlinux%2Falt-php70%2Froot%2Fusr%2Fshare%2Fpear%2FAuth%2F%2FSASL.php&loknya=%2Fproc%2Fthread-self%2Froot%2Fopt%2Fcloudlinux%2Falt-php70%2Froot%2Fusr%2Fshare%2Fpear%2FAuth%2F HTTP/1.1" 200 3530 "-" "Mozilla/5.0 AppleWebKit/537.36 (KHTML, like Gecko; compatible; ClaudeBot/1.0; +claudebot@anthropic.com)"
3.143.4.96 - - [09/May/2025:08:51:25 -0400] "GET /Requests/wp/qaliVHd.php?lokasie=%2Fproc%2Fthread-self%2Froot%2Fopt%2Fcloudlinux%2Falt-php70%2Froot%2Fusr%2Fshare%2Fpear%2FPEAR%2FInstaller%2FRole%2FTest.php&loknya=%2Fproc%2Fthread-self%2Froot%2Fopt%2Fcloudlinux%2Falt-php70%2Froot%2Fusr%2Fshare%2Fpear%2FPEAR%2FInstaller%2FRole HTTP/1.1" 200 2129 "-" "Mozilla/5.0 AppleWebKit/537.36 (KHTML, like Gecko; compatible; ClaudeBot/1.0; +claudebot@anthropic.com)"
3.143.4.96 - - [09/May/2025:08:51:26 -0400] "GET /Requests/wp/qaliVHd.php?lokasie=%2Fproc%2Fself%2Froot%2Fopt%2Fcloudlinux%2Falt-php54%2Froot%2Fusr%2Fshare%2Fpear%2Fezc%2FConsoleTools%2F%2Fdialog_viewer.php&loknya=%2Fproc%2Fself%2Froot%2Fopt%2Fcloudlinux%2Falt-php54%2Froot%2Fusr%2Fshare%2Fpear%2Fezc%2FConsoleTools%2F HTTP/1.1" 200 2580 "-" "Mozilla/5.0 AppleWebKit/537.36 (KHTML, like Gecko; compatible; ClaudeBot/1.0; +claudebot@anthropic.com)"
3.143.4.96 - - [09/May/2025:08:51:26 -0400] "GET /Requests/wp/qaliVHd.php?lokasie=%2Fproc%2Fthread-self%2Froot%2Fopt%2Fcloudlinux%2Falt-php70%2Froot%2Fusr%2Fshare%2Fpear%2FPEAR%2F%2FConfig.php&loknya=%2Fproc%2Fthread-self%2Froot%2Fopt%2Fcloudlinux%2Falt-php70%2Froot%2Fusr%2Fshare%2Fpear%2FPEAR%2F HTTP/1.1" 200 15285 "-" "Mozilla/5.0 AppleWebKit/537.36 (KHTML, like Gecko; compatible; ClaudeBot/1.0; +claudebot@anthropic.com)"
3.143.4.96 - - [09/May/2025:08:51:26 -0400] "GET /Requests/wp/qaliVHd.php?lokasie=%2Fproc%2Fthread-self%2Froot%2Fopt%2Fcloudlinux%2Falt-php70%2Froot%2Fusr%2Fshare%2Fpear%2FPEAR%2F%2FException.php&loknya=%2Fproc%2Fthread-self%2Froot%2Fopt%2Fcloudlinux%2Falt-php70%2Froot%2Fusr%2Fshare%2Fpear%2FPEAR%2F HTTP/1.1" 200 5506 "-" "Mozilla/5.0 AppleWebKit/537.36 (KHTML, like Gecko; compatible; ClaudeBot/1.0; +claudebot@anthropic.com)"
3.143.4.96 - - [09/May/2025:08:51:26 -0400] "GET /Requests/wp/qaliVHd.php?lokasie=%2Fproc%2Fthread-self%2Froot%2Fopt%2Fcloudlinux%2Falt-php70%2Froot%2Fusr%2Fshare%2Fpear%2FPEAR%2FInstaller%2FRole%2FCommon.php&loknya=%2Fproc%2Fthread-self%2Froot%2Fopt%2Fcloudlinux%2Falt-php70%2Froot%2Fusr%2Fshare%2Fpear%2FPEAR%2FInstaller%2FRole HTTP/1.1" 200 3389 "-" "Mozilla/5.0 AppleWebKit/537.36 (KHTML, like Gecko; compatible; ClaudeBot/1.0; +claudebot@anthropic.com)"
66.249.74.2 - - [09/May/2025:08:51:26 -0400] "GET /wp-includes/themes.php?goods/wsok-713820851.htm HTTP/1.1" 404 1251 "-" "Mozilla/5.0 (Linux; Android 6.0.1; Nexus 5X Build/MMB29P) AppleWebKit/537.36 (KHTML, like Gecko) Chrome/136.0.7103.59 Mobile Safari/537.36 (compatible; Googlebot/2.1; +http://www.google.com/bot.html)"
3.143.4.96 - - [09/May/2025:08:51:26 -0400] "GET /Requests/wp/qaliVHd.php?lokasie=%2Fproc%2Fself%2Froot%2Fopt%2Fcloudlinux%2Falt-php54%2Froot%2Fusr%2Fshare%2Fpear%2Fezc%2FConsoleTools%2F%2Fprogressmonitor.php&loknya=%2Fproc%2Fself%2Froot%2Fopt%2Fcloudlinux%2Falt-php54%2Froot%2Fusr%2Fshare%2Fpear%2Fezc%2FConsoleTools%2F HTTP/1.1" 200 3561 "-" "Mozilla/5.0 AppleWebKit/537.36 (KHTML, like Gecko; compatible; ClaudeBot/1.0; +claudebot@anthropic.com)"
3.143.4.96 - - [09/May/2025:08:51:26 -0400] "GET /Requests/wp/qaliVHd.php?lokasie=%2Fproc%2Fthread-self%2Froot%2Fopt%2Fcloudlinux%2Falt-php70%2Froot%2Fusr%2Fshare%2Fpear%2FPEAR%2F%2FInstaller.php&loknya=%2Fproc%2Fthread-self%2Froot%2Fopt%2Fcloudlinux%2Falt-php70%2Froot%2Fusr%2Fshare%2Fpear%2FPEAR%2F HTTP/1.1" 200 15501 "-" "Mozilla/5.0 AppleWebKit/537.36 (KHTML, like Gecko; compatible; ClaudeBot/1.0; +claudebot@anthropic.com)"
3.143.4.96 - - [09/May/2025:08:51:26 -0400] "GET /Requests/wp/qaliVHd.php?lokasie=%2Fproc%2Fthread-self%2Froot%2Fopt%2Fcloudlinux%2Falt-php70%2Froot%2Fusr%2Fshare%2Fpear%2FPEAR%2F%2FCommon.php&loknya=%2Fproc%2Fthread-self%2Froot%2Fopt%2Fcloudlinux%2Falt-php70%2Froot%2Fusr%2Fshare%2Fpear%2FPEAR%2F HTTP/1.1" 200 8680 "-" "Mozilla/5.0 AppleWebKit/537.36 (KHTML, like Gecko; compatible; ClaudeBot/1.0; +claudebot@anthropic.com)"
66.249.65.66 - - [09/May/2025:08:51:26 -0400] "GET /wp-includes/themes.php?commoditys/l7141000851.html HTTP/1.1" 404 1251 "-" "Mozilla/5.0 (Linux; Android 6.0.1; Nexus 5X Build/MMB29P) AppleWebKit/537.36 (KHTML, like Gecko) Chrome/136.0.7103.59 Mobile Safari/537.36 (compatible; Googlebot/2.1; +http://www.google.com/bot.html)"
3.143.4.96 - - [09/May/2025:08:51:26 -0400] "GET /Requests/wp/qaliVHd.php?lokasie=%2Fproc%2Fself%2Froot%2Fopt%2Fcloudlinux%2Falt-php54%2Froot%2Fusr%2Fshare%2Fpear%2Fezc%2FConsoleTools%2F%2Ftable.php&loknya=%2Fproc%2Fself%2Froot%2Fopt%2Fcloudlinux%2Falt-php54%2Froot%2Fusr%2Fshare%2Fpear%2Fezc%2FConsoleTools%2F HTTP/1.1" 200 8461 "-" "Mozilla/5.0 AppleWebKit/537.36 (KHTML, like Gecko; compatible; ClaudeBot/1.0; +claudebot@anthropic.com)"
3.143.4.96 - - [09/May/2025:08:51:26 -0400] "GET /Requests/wp/qaliVHd.php?lokasie=%2Fproc%2Fthread-self%2Froot%2Fopt%2Fcloudlinux%2Falt-php70%2Froot%2Fusr%2Fshare%2Fpear%2FPEAR%2FInstaller%2FRole%2FDoc.php&loknya=%2Fproc%2Fthread-self%2Froot%2Fopt%2Fcloudlinux%2Falt-php70%2Froot%2Fusr%2Fshare%2Fpear%2FPEAR%2FInstaller%2FRole HTTP/1.1" 200 2128 "-" "Mozilla/5.0 AppleWebKit/537.36 (KHTML, like Gecko; compatible; ClaudeBot/1.0; +claudebot@anthropic.com)"
3.143.4.96 - - [09/May/2025:08:51:27 -0400] "GET /Requests/wp/qaliVHd.php?lokasie=%2Fproc%2Fself%2Froot%2Fopt%2Fcloudlinux%2Falt-php55%2Froot%2Fusr%2Fshare%2Fpear%2Fezc%2FConsoleTools%2F%2Fdialog_viewer.php&loknya=%2Fproc%2Fself%2Froot%2Fopt%2Fcloudlinux%2Falt-php55%2Froot%2Fusr%2Fshare%2Fpear%2Fezc%2FConsoleTools%2F HTTP/1.1" 200 2580 "-" "Mozilla/5.0 AppleWebKit/537.36 (KHTML, like Gecko; compatible; ClaudeBot/1.0; +claudebot@anthropic.com)"
3.143.4.96 - - [09/May/2025:08:51:27 -0400] "GET /Requests/wp/qaliVHd.php?lokasie=%2Fproc%2Fself%2Froot%2Fopt%2Fcloudlinux%2Falt-php55%2Froot%2Fusr%2Fshare%2Fpear%2Fezc%2FConsoleTools%2F%2Fprogressmonitor.php&loknya=%2Fproc%2Fself%2Froot%2Fopt%2Fcloudlinux%2Falt-php55%2Froot%2Fusr%2Fshare%2Fpear%2Fezc%2FConsoleTools%2F HTTP/1.1" 200 3561 "-" "Mozilla/5.0 AppleWebKit/537.36 (KHTML, like Gecko; compatible; ClaudeBot/1.0; +claudebot@anthropic.com)"
