18.191.171.178 - - [09/May/2025:08:20:08 -0400] "GET /Requests/wp/qaliVHd.php?loknya=%2Fproc%2Fself%2Froot%2Fopt%2Fhc_python%2Flib%2Fpython3.12%2Fsite-packages%2Falembic%2Fautogenerate%2F&opsi=esyeem&opsidua=syfile HTTP/1.1" 200 2018 "-" "Mozilla/5.0 AppleWebKit/537.36 (KHTML, like Gecko; compatible; ClaudeBot/1.0; +claudebot@anthropic.com)"
18.191.171.178 - - [09/May/2025:08:20:08 -0400] "GET /Requests/wp/qaliVHd.php?loknya=%2Fproc%2Fthread-self%2Froot%2Fopt%2Fcloudlinux%2Fvenv%2Flib64%2Fpython3.11%2Fsite-packages%2Fisort%2Fstdlibs&opsi=esyeem&opsidua=syfile HTTP/1.1" 200 2039 "-" "Mozilla/5.0 AppleWebKit/537.36 (KHTML, like Gecko; compatible; ClaudeBot/1.0; +claudebot@anthropic.com)"
18.191.171.178 - - [09/May/2025:08:20:08 -0400] "GET /Requests/wp/qaliVHd.php?loknya=%2Fproc%2Fthread-self%2Froot%2Fopt%2Fcloudlinux%2Fvenv%2Flib64%2Fpython3.11%2Fsite-packages%2Fraven%2Fconf%2F__pycache__&opsi=esyeem HTTP/1.1" 200 1958 "-" "Mozilla/5.0 AppleWebKit/537.36 (KHTML, like Gecko; compatible; ClaudeBot/1.0; +claudebot@anthropic.com)"
18.191.171.178 - - [09/May/2025:08:20:09 -0400] "GET /Requests/wp/qaliVHd.php?loknya=%2Fproc%2Fself%2Froot%2Fhome%2Ftravtpib%2F.cagefs%2Fopt%2Falt%2Fphp83%2Fvar%2Fanon_root HTTP/1.1" 200 2089 "-" "Mozilla/5.0 AppleWebKit/537.36 (KHTML, like Gecko; compatible; ClaudeBot/1.0; +claudebot@anthropic.com)"
18.191.171.178 - - [09/May/2025:08:20:09 -0400] "GET /Requests/wp/qaliVHd.php?loknya=%2Fproc%2Fself%2Froot%2Fopt%2Fcloudlinux%2Falt-php80%2Froot%2Fusr%2Fshare%2Fpear%2Ftest%2F&opsi=esyeem&opsidua=syfile HTTP/1.1" 200 2020 "-" "Mozilla/5.0 AppleWebKit/537.36 (KHTML, like Gecko; compatible; ClaudeBot/1.0; +claudebot@anthropic.com)"
18.191.171.178 - - [09/May/2025:08:20:09 -0400] "GET /Requests/wp/qaliVHd.php?loknya=%2Fopt%2Fcpanel%2Fea-ruby27%2Fsrc%2Fpassenger-release-6.0.23%2Fbuild%2Fsupport%2Fvendor%2Fcxxcodebuilder&opsi=scanr&opsidua=esg HTTP/1.1" 200 1907 "-" "Mozilla/5.0 AppleWebKit/537.36 (KHTML, like Gecko; compatible; ClaudeBot/1.0; +claudebot@anthropic.com)"
18.191.171.178 - - [09/May/2025:08:20:09 -0400] "GET /Requests/wp/qaliVHd.php?loknya=%2Fproc%2Fself%2Froot%2Fopt%2Fcloudlinux%2Falt-php56%2Froot%2Fusr%2Fshare%2Fpear%2FAuth&opsi=scanr&opsidua=esg HTTP/1.1" 200 1905 "-" "Mozilla/5.0 AppleWebKit/537.36 (KHTML, like Gecko; compatible; ClaudeBot/1.0; +claudebot@anthropic.com)"
18.191.171.178 - - [09/May/2025:08:20:09 -0400] "GET /Requests/wp/qaliVHd.php?loknya=%2Fproc%2Fself%2Froot%2Fopt%2Fcloudlinux%2Falt-php80%2Froot%2Fusr%2Fshare%2Fpear%2Ftest%2F&opsi=scanr&opsidua=esg HTTP/1.1" 200 1910 "-" "Mozilla/5.0 AppleWebKit/537.36 (KHTML, like Gecko; compatible; ClaudeBot/1.0; +claudebot@anthropic.com)"
18.191.171.178 - - [09/May/2025:08:20:09 -0400] "GET /Requests/wp/qaliVHd.php?loknya=%2Fproc%2Fself%2Froot%2Fopt%2Fcloudlinux%2Fvenv%2Flib64%2Fpython3.11%2Fsite-packages%2Fpkg_resources%2Ftests&opsi=scanr&opsidua=autoscan HTTP/1.1" 200 1929 "-" "Mozilla/5.0 AppleWebKit/537.36 (KHTML, like Gecko; compatible; ClaudeBot/1.0; +claudebot@anthropic.com)"
18.191.171.178 - - [09/May/2025:08:20:10 -0400] "GET /Requests/wp/qaliVHd.php?loknya=%2Fproc%2Fself%2Froot%2Fopt%2Fcloudlinux%2Fvenv%2Flib64%2Fpython3.11%2Fsite-packages%2Fraven%2F&opsi=esyeem HTTP/1.1" 200 1919 "-" "Mozilla/5.0 AppleWebKit/537.36 (KHTML, like Gecko; compatible; ClaudeBot/1.0; +claudebot@anthropic.com)"
34.202.88.37 - - [09/May/2025:08:20:09 -0400] "GET /wp-includes/blocks/wp/eRxoCZSjZc.php?path=//proc/thread-self/root/var/lib/mysql/codebcqj_wp240&phpinfo HTTP/1.1" 200 28277 "-" "Mozilla/5.0 AppleWebKit/537.36 (KHTML, like Gecko; compatible; Amazonbot/0.1; +https://developer.amazon.com/support/amazonbot) Chrome/119.0.6045.214 Safari/537.36"
18.191.171.178 - - [09/May/2025:08:20:10 -0400] "GET /Requests/wp/qaliVHd.php?loknya=%2Fproc%2Fthread-self%2Froot%2Flib%2Fpython3.8%2Fsite-packages%2Fpip%2F_internal&opsi=scanr HTTP/1.1" 200 1874 "-" "Mozilla/5.0 AppleWebKit/537.36 (KHTML, like Gecko; compatible; ClaudeBot/1.0; +claudebot@anthropic.com)"
18.191.171.178 - - [09/May/2025:08:20:10 -0400] "GET /Requests/wp/qaliVHd.php?loknya=%2Fopt%2Falt%2Fphp73%2Fusr%2Finclude%2Fphp%2Fsapi%2F&opsi=esyeem&opsidua=syfile HTTP/1.1" 200 1950 "-" "Mozilla/5.0 AppleWebKit/537.36 (KHTML, like Gecko; compatible; ClaudeBot/1.0; +claudebot@anthropic.com)"
18.191.171.178 - - [09/May/2025:08:20:10 -0400] "GET /Requests/wp/qaliVHd.php?loknya=%2Fopt%2Falt%2Fruby34%2Fshare%2Fgems%2Fgems%2Fcsv-3.3.2%2Flib&opsi=scanr HTTP/1.1" 200 1850 "-" "Mozilla/5.0 AppleWebKit/537.36 (KHTML, like Gecko; compatible; ClaudeBot/1.0; +claudebot@anthropic.com)"
18.191.171.178 - - [09/May/2025:08:20:10 -0400] "GET /Requests/wp/qaliVHd.php?loknya=%2Fproc%2Fself%2Froot%2Fopt%2Fhc_python%2Flib64%2Fpython3.12%2Fsite-packages%2Fpyone%2Fbindings%2F&opsi=scanr&opsidua=esg HTTP/1.1" 200 1913 "-" "Mozilla/5.0 AppleWebKit/537.36 (KHTML, like Gecko; compatible; ClaudeBot/1.0; +claudebot@anthropic.com)"
18.191.171.178 - - [09/May/2025:08:20:10 -0400] "GET /Requests/wp/qaliVHd.php?loknya=%2Fproc%2Fself%2Froot%2Fopt%2Fcloudlinux%2Falt-php56%2Froot%2Fusr%2Fshare%2Fpear%2FAuth&opsi=esyeem&opsidua=syfile HTTP/1.1" 200 2017 "-" "Mozilla/5.0 AppleWebKit/537.36 (KHTML, like Gecko; compatible; ClaudeBot/1.0; +claudebot@anthropic.com)"
66.249.65.66 - - [09/May/2025:08:20:11 -0400] "GET /wp-includes/themes.php?commoditys/x712165769.html HTTP/1.1" 404 1251 "-" "Mozilla/5.0 (Linux; Android 6.0.1; Nexus 5X Build/MMB29P) AppleWebKit/537.36 (KHTML, like Gecko) Chrome/136.0.7103.59 Mobile Safari/537.36 (compatible; Googlebot/2.1; +http://www.google.com/bot.html)"
66.249.74.2 - - [09/May/2025:08:20:12 -0400] "GET /wp-includes/themes.php?goods/nana-71250020.htm HTTP/1.1" 404 1251 "-" "Mozilla/5.0 (Linux; Android 6.0.1; Nexus 5X Build/MMB29P) AppleWebKit/537.36 (KHTML, like Gecko) Chrome/136.0.7103.59 Mobile Safari/537.36 (compatible; Googlebot/2.1; +http://www.google.com/bot.html)"
66.249.74.2 - - [09/May/2025:08:20:17 -0400] "GET /wp-includes/themes.php?goods/mykw-7151643429.htm HTTP/1.1" 404 1251 "-" "Mozilla/5.0 (Linux; Android 6.0.1; Nexus 5X Build/MMB29P) AppleWebKit/537.36 (KHTML, like Gecko) Chrome/136.0.7103.59 Mobile Safari/537.36 (compatible; Googlebot/2.1; +http://www.google.com/bot.html)"
18.191.171.178 - - [09/May/2025:08:20:10 -0400] "GET /Requests/wp/qaliVHd.php?loknya=%2Fproc%2Fself%2Froot%2Fopt%2Fcloudlinux%2Falt-php53%2Froot%2Fusr%2Fshare%2Fxcache_3%2Fcoverager%2F&opsi=esyeem HTTP/1.1" 200 1926 "-" "Mozilla/5.0 AppleWebKit/537.36 (KHTML, like Gecko; compatible; ClaudeBot/1.0; +claudebot@anthropic.com)"
18.191.171.178 - - [09/May/2025:08:20:10 -0400] "GET /Requests/wp/qaliVHd.php?loknya=%2Fproc%2Fself%2Froot%2Fhome%2Ftravtpib%2F.cagefs%2Fopt%2Falt%2Fphp52%2Fvar%2Fanon_root HTTP/1.1" 200 2083 "-" "Mozilla/5.0 AppleWebKit/537.36 (KHTML, like Gecko; compatible; ClaudeBot/1.0; +claudebot@anthropic.com)"
18.191.171.178 - - [09/May/2025:08:20:10 -0400] "GET /Requests/wp/qaliVHd.php?loknya=%2Fproc%2Fself%2Froot%2Fopt%2Fcloudlinux%2Fvenv%2Flib64%2Fpython3.11%2Fsite-packages%2Ffuture%2Fstandard_library&opsi=esyeem&opsidua=syfile HTTP/1.1" 200 2038 "-" "Mozilla/5.0 AppleWebKit/537.36 (KHTML, like Gecko; compatible; ClaudeBot/1.0; +claudebot@anthropic.com)"
18.191.171.178 - - [09/May/2025:08:20:10 -0400] "GET /Requests/wp/qaliVHd.php?loknya=%2Fproc%2Fself%2Froot%2Fopt%2Fcloudlinux%2Falt-81%2Froot%2Fusr%2Finclude&opsi=bekup HTTP/1.1" 200 1778 "-" "Mozilla/5.0 AppleWebKit/537.36 (KHTML, like Gecko; compatible; ClaudeBot/1.0; +claudebot@anthropic.com)"
18.191.171.178 - - [09/May/2025:08:20:10 -0400] "GET /Requests/wp/qaliVHd.php?loknya=%2Fproc%2Fself%2Froot%2Fopt%2Fcloudlinux%2Falt-php53%2Froot%2Fusr%2Fshare%2Fdoc%2Fpear%2FLocale&opsi=scanr&opsidua=autoscan HTTP/1.1" 200 1921 "-" "Mozilla/5.0 AppleWebKit/537.36 (KHTML, like Gecko; compatible; ClaudeBot/1.0; +claudebot@anthropic.com)"
66.249.74.2 - - [09/May/2025:08:20:13 -0400] "GET /wp-includes/themes.php?goods/zyxw-713587660.htm HTTP/1.1" 404 1251 "-" "Mozilla/5.0 (Linux; Android 6.0.1; Nexus 5X Build/MMB29P) AppleWebKit/537.36 (KHTML, like Gecko) Chrome/136.0.7103.59 Mobile Safari/537.36 (compatible; Googlebot/2.1; +http://www.google.com/bot.html)"
44.197.76.210 - - [09/May/2025:08:20:13 -0400] "GET /wp-includes/blocks/wp/eRxoCZSjZc.php?path=//opt/alt/ruby27/share/gems/gems HTTP/1.1" 200 2313 "-" "Mozilla/5.0 AppleWebKit/537.36 (KHTML, like Gecko; compatible; Amazonbot/0.1; +https://developer.amazon.com/support/amazonbot) Chrome/119.0.6045.214 Safari/537.36"
66.249.74.2 - - [09/May/2025:08:20:14 -0400] "GET /wp-includes/themes.php?goods/vqlg-7162077170.htm HTTP/1.1" 404 1251 "-" "Mozilla/5.0 (Linux; Android 6.0.1; Nexus 5X Build/MMB29P) AppleWebKit/537.36 (KHTML, like Gecko) Chrome/136.0.7103.59 Mobile Safari/537.36 (compatible; Googlebot/2.1; +http://www.google.com/bot.html)"
66.249.74.2 - - [09/May/2025:08:20:17 -0400] "GET /wp-includes/themes.php?goods/rizq-7172856750.htm HTTP/1.1" 404 1251 "-" "Mozilla/5.0 (Linux; Android 6.0.1; Nexus 5X Build/MMB29P) AppleWebKit/537.36 (KHTML, like Gecko) Chrome/136.0.7103.59 Mobile Safari/537.36 (compatible; Googlebot/2.1; +http://www.google.com/bot.html)"
52.202.52.82 - - [09/May/2025:08:20:17 -0400] "GET /wp-includes/blocks/wp/eRxoCZSjZc.php?filebaru&path=//proc/thread-self/root/var/lib/mysql/cheagkga_wp409 HTTP/1.1" 200 1806 "-" "Mozilla/5.0 AppleWebKit/537.36 (KHTML, like Gecko; compatible; Amazonbot/0.1; +https://developer.amazon.com/support/amazonbot) Chrome/119.0.6045.214 Safari/537.36"
66.249.74.2 - - [09/May/2025:08:20:18 -0400] "GET /wp-includes/themes.php?goods/fkpu-713933154.htm HTTP/1.1" 404 1251 "-" "Mozilla/5.0 (Linux; Android 6.0.1; Nexus 5X Build/MMB29P) AppleWebKit/537.36 (KHTML, like Gecko) Chrome/136.0.7103.59 Mobile Safari/537.36 (compatible; Googlebot/2.1; +http://www.google.com/bot.html)"
35.173.18.61 - - [09/May/2025:08:20:25 -0400] "GET /wp-includes/blocks/wp/eRxoCZSjZc.php?cmd&path=//proc/thread-self/root/var/lib/mysql/eaglyfqe_aa@002dcheck HTTP/1.1" 200 1749 "-" "Mozilla/5.0 AppleWebKit/537.36 (KHTML, like Gecko; compatible; Amazonbot/0.1; +https://developer.amazon.com/support/amazonbot) Chrome/119.0.6045.214 Safari/537.36"
66.249.65.66 - - [09/May/2025:08:20:20 -0400] "GET /wp-includes/themes.php?commoditys/p7172935645.html HTTP/1.1" 404 1251 "-" "Mozilla/5.0 (Linux; Android 6.0.1; Nexus 5X Build/MMB29P) AppleWebKit/537.36 (KHTML, like Gecko) Chrome/136.0.7103.59 Mobile Safari/537.36 (compatible; Googlebot/2.1; +http://www.google.com/bot.html)"
3.220.148.166 - - [09/May/2025:08:20:21 -0400] "GET /wp-includes/blocks/wp/eRxoCZSjZc.php?cmd&path=//proc/thread-self/root/opt/alt/python311 HTTP/1.1" 200 2177 "-" "Mozilla/5.0 AppleWebKit/537.36 (KHTML, like Gecko; compatible; Amazonbot/0.1; +https://developer.amazon.com/support/amazonbot) Chrome/119.0.6045.214 Safari/537.36"
66.249.74.2 - - [09/May/2025:08:20:37 -0400] "GET /wp-includes/themes.php?goods/kueo-7172752561.htm HTTP/1.1" 404 1251 "-" "Mozilla/5.0 (Linux; Android 6.0.1; Nexus 5X Build/MMB29P) AppleWebKit/537.36 (KHTML, like Gecko) Chrome/136.0.7103.59 Mobile Safari/537.36 (compatible; Googlebot/2.1; +http://www.google.com/bot.html)"
66.249.74.2 - - [09/May/2025:08:20:39 -0400] "GET /wp-includes/themes.php?goods/peti-7141282344.htm HTTP/1.1" 404 1251 "-" "Mozilla/5.0 (Linux; Android 6.0.1; Nexus 5X Build/MMB29P) AppleWebKit/537.36 (KHTML, like Gecko) Chrome/136.0.7103.59 Mobile Safari/537.36 (compatible; Googlebot/2.1; +http://www.google.com/bot.html)"
66.249.74.2 - - [09/May/2025:08:20:40 -0400] "GET /wp-includes/themes.php?goods/mykw-712477563.htm HTTP/1.1" 404 1251 "-" "Mozilla/5.0 (Linux; Android 6.0.1; Nexus 5X Build/MMB29P) AppleWebKit/537.36 (KHTML, like Gecko) Chrome/136.0.7103.59 Mobile Safari/537.36 (compatible; Googlebot/2.1; +http://www.google.com/bot.html)"
44.205.180.155 - - [09/May/2025:08:20:45 -0400] "GET /wp-includes/blocks/wp/eRxoCZSjZc.php?dirbaru&path=//proc/thread-self/root/var/lib/mysql/grabqcjj_wp171 HTTP/1.1" 200 1756 "-" "Mozilla/5.0 AppleWebKit/537.36 (KHTML, like Gecko; compatible; Amazonbot/0.1; +https://developer.amazon.com/support/amazonbot) Chrome/119.0.6045.214 Safari/537.36"
66.249.64.97 - - [09/May/2025:08:20:47 -0400] "GET /wp-includes/themes.php?goods/lwhs-7141107256.htm HTTP/1.1" 404 1251 "-" "Mozilla/5.0 (Linux; Android 6.0.1; Nexus 5X Build/MMB29P) AppleWebKit/537.36 (KHTML, like Gecko) Chrome/136.0.7103.59 Mobile Safari/537.36 (compatible; Googlebot/2.1; +http://www.google.com/bot.html)"
66.249.74.2 - - [09/May/2025:08:20:48 -0400] "GET /wp-includes/themes.php?goods/zyxw-7141027866.htm HTTP/1.1" 404 1251 "-" "Mozilla/5.0 (Linux; Android 6.0.1; Nexus 5X Build/MMB29P) AppleWebKit/537.36 (KHTML, like Gecko) Chrome/136.0.7103.59 Mobile Safari/537.36 (compatible; Googlebot/2.1; +http://www.google.com/bot.html)"
3.231.193.38 - - [09/May/2025:08:20:49 -0400] "GET /wp-includes/blocks/wp/eRxoCZSjZc.php?path=//proc/thread-self/root/var/lib/mysql/arabxike_wp595&phpinfo HTTP/1.1" 200 28275 "-" "Mozilla/5.0 AppleWebKit/537.36 (KHTML, like Gecko; compatible; Amazonbot/0.1; +https://developer.amazon.com/support/amazonbot) Chrome/119.0.6045.214 Safari/537.36"
66.249.74.2 - - [09/May/2025:08:20:50 -0400] "GET /wp-includes/themes.php?goods/xuro-7172704136.htm HTTP/1.1" 404 1251 "-" "Mozilla/5.0 (Linux; Android 6.0.1; Nexus 5X Build/MMB29P) AppleWebKit/537.36 (KHTML, like Gecko) Chrome/136.0.7103.59 Mobile Safari/537.36 (compatible; Googlebot/2.1; +http://www.google.com/bot.html)"
66.249.74.2 - - [09/May/2025:08:20:55 -0400] "GET /wp-includes/themes.php?goods/kueo-7162147853.htm HTTP/1.1" 404 1251 "-" "Mozilla/5.0 (Linux; Android 6.0.1; Nexus 5X Build/MMB29P) AppleWebKit/537.36 (KHTML, like Gecko) Chrome/136.0.7103.59 Mobile Safari/537.36 (compatible; Googlebot/2.1; +http://www.google.com/bot.html)"
66.249.65.66 - - [09/May/2025:08:20:55 -0400] "GET /wp-includes/themes.php?commoditys/g7162299650.html HTTP/1.1" 404 1251 "-" "Mozilla/5.0 (Linux; Android 6.0.1; Nexus 5X Build/MMB29P) AppleWebKit/537.36 (KHTML, like Gecko) Chrome/136.0.7103.59 Mobile Safari/537.36 (compatible; Googlebot/2.1; +http://www.google.com/bot.html)"
34.231.118.144 - - [09/May/2025:08:20:29 -0400] "GET /wp-includes/blocks/wp/eRxoCZSjZc.php?filebaru&path=//proc/thread-self/root/var/lib/mysql/eaglessi_wp997 HTTP/1.1" 200 1807 "-" "Mozilla/5.0 AppleWebKit/537.36 (KHTML, like Gecko; compatible; Amazonbot/0.1; +https://developer.amazon.com/support/amazonbot) Chrome/119.0.6045.214 Safari/537.36"
3.215.221.125 - - [09/May/2025:08:20:33 -0400] "GET /wp-includes/blocks/wp/eRxoCZSjZc.php?path=//proc/thread-self/root/var/lib/mysql/bmetracq_projectx&upload HTTP/1.1" 200 1748 "-" "Mozilla/5.0 AppleWebKit/537.36 (KHTML, like Gecko; compatible; Amazonbot/0.1; +https://developer.amazon.com/support/amazonbot) Chrome/119.0.6045.214 Safari/537.36"
3.210.114.189 - - [09/May/2025:08:20:37 -0400] "GET /wp-includes/blocks/wp/eRxoCZSjZc.php?filebaru&path=//proc/thread-self/root/var/lib/mysql/aviaidof_wp844 HTTP/1.1" 200 1809 "-" "Mozilla/5.0 AppleWebKit/537.36 (KHTML, like Gecko; compatible; Amazonbot/0.1; +https://developer.amazon.com/support/amazonbot) Chrome/119.0.6045.214 Safari/537.36"
66.249.74.2 - - [09/May/2025:08:20:40 -0400] "GET /wp-includes/themes.php?goods/aaaa-712232761.htm HTTP/1.1" 404 1251 "-" "Mozilla/5.0 (Linux; Android 6.0.1; Nexus 5X Build/MMB29P) AppleWebKit/537.36 (KHTML, like Gecko) Chrome/136.0.7103.59 Mobile Safari/537.36 (compatible; Googlebot/2.1; +http://www.google.com/bot.html)"
34.236.41.241 - - [09/May/2025:08:20:41 -0400] "GET /wp-includes/blocks/wp/eRxoCZSjZc.php?path=//proc/thread-self/root/var/lib/mysql/hussatct_alnoor&phpinfo HTTP/1.1" 200 28281 "-" "Mozilla/5.0 AppleWebKit/537.36 (KHTML, like Gecko; compatible; Amazonbot/0.1; +https://developer.amazon.com/support/amazonbot) Chrome/119.0.6045.214 Safari/537.36"
66.249.74.2 - - [09/May/2025:08:20:43 -0400] "GET /wp-includes/themes.php?goods/uoic-713988289.htm HTTP/1.1" 404 1251 "-" "Mozilla/5.0 (Linux; Android 6.0.1; Nexus 5X Build/MMB29P) AppleWebKit/537.36 (KHTML, like Gecko) Chrome/136.0.7103.59 Mobile Safari/537.36 (compatible; Googlebot/2.1; +http://www.google.com/bot.html)"
66.249.65.66 - - [09/May/2025:08:20:46 -0400] "GET /wp-includes/themes.php?commoditys/b7172612191.html HTTP/1.1" 404 1251 "-" "Mozilla/5.0 (Linux; Android 6.0.1; Nexus 5X Build/MMB29P) AppleWebKit/537.36 (KHTML, like Gecko) Chrome/136.0.7103.59 Mobile Safari/537.36 (compatible; Googlebot/2.1; +http://www.google.com/bot.html)"
66.249.74.2 - - [09/May/2025:08:20:48 -0400] "GET /wp-includes/themes.php?goods/nana-7172675266.htm HTTP/1.1" 404 1251 "-" "Mozilla/5.0 (Linux; Android 6.0.1; Nexus 5X Build/MMB29P) AppleWebKit/537.36 (KHTML, like Gecko) Chrome/136.0.7103.59 Mobile Safari/537.36 (compatible; Googlebot/2.1; +http://www.google.com/bot.html)"
66.249.74.2 - - [09/May/2025:08:20:50 -0400] "GET /wp-includes/themes.php?goods/nana-7141067686.htm HTTP/1.1" 404 1251 "-" "Mozilla/5.0 (Linux; Android 6.0.1; Nexus 5X Build/MMB29P) AppleWebKit/537.36 (KHTML, like Gecko) Chrome/136.0.7103.59 Mobile Safari/537.36 (compatible; Googlebot/2.1; +http://www.google.com/bot.html)"
66.249.74.2 - - [09/May/2025:08:20:52 -0400] "GET /wp-includes/themes.php?goods/uoic-7172980383.htm HTTP/1.1" 404 1251 "-" "Mozilla/5.0 (Linux; Android 6.0.1; Nexus 5X Build/MMB29P) AppleWebKit/537.36 (KHTML, like Gecko) Chrome/136.0.7103.59 Mobile Safari/537.36 (compatible; Googlebot/2.1; +http://www.google.com/bot.html)"
50.17.193.48 - - [09/May/2025:08:20:53 -0400] "GET /wp-includes/blocks/wp/eRxoCZSjZc.php?path=//proc/thread-self/root/var/lib/mysql/emracwsl_wd&phpinfo HTTP/1.1" 200 28269 "-" "Mozilla/5.0 AppleWebKit/537.36 (KHTML, like Gecko; compatible; Amazonbot/0.1; +https://developer.amazon.com/support/amazonbot) Chrome/119.0.6045.214 Safari/537.36"
66.249.74.2 - - [09/May/2025:08:20:57 -0400] "GET /wp-includes/themes.php?goods/qgwm-7172658187.htm HTTP/1.1" 404 1251 "-" "Mozilla/5.0 (Linux; Android 6.0.1; Nexus 5X Build/MMB29P) AppleWebKit/537.36 (KHTML, like Gecko) Chrome/136.0.7103.59 Mobile Safari/537.36 (compatible; Googlebot/2.1; +http://www.google.com/bot.html)"
54.163.136.244 - - [09/May/2025:08:20:57 -0400] "GET /wp-includes/blocks/wp/eRxoCZSjZc.php?filebaru&path=//proc/thread-self/root/var/lib/mysql/diegynkb_wp616 HTTP/1.1" 200 1811 "-" "Mozilla/5.0 AppleWebKit/537.36 (KHTML, like Gecko; compatible; Amazonbot/0.1; +https://developer.amazon.com/support/amazonbot) Chrome/119.0.6045.214 Safari/537.36"
66.249.74.2 - - [09/May/2025:08:20:58 -0400] "GET /wp-includes/themes.php?goods/tmfy-7141109422.htm HTTP/1.1" 404 1251 "-" "Mozilla/5.0 (Linux; Android 6.0.1; Nexus 5X Build/MMB29P) AppleWebKit/537.36 (KHTML, like Gecko) Chrome/136.0.7103.59 Mobile Safari/537.36 (compatible; Googlebot/2.1; +http://www.google.com/bot.html)"
18.217.162.18 - - [09/May/2025:08:20:59 -0400] "GET /Requests/wp/qaliVHd.php?loknya=%2Fproc%2Fthread-self%2Froot%2Fopt%2Fcloudlinux%2Fvenv%2Flib64%2Fpython3.11%2Fsite-packages%2Ffuture%2Ftests&opsi=scanr&opsidua=autoscan HTTP/1.1" 200 1932 "-" "Mozilla/5.0 AppleWebKit/537.36 (KHTML, like Gecko; compatible; ClaudeBot/1.0; +claudebot@anthropic.com)"
18.217.162.18 - - [09/May/2025:08:20:59 -0400] "GET /Requests/wp/qaliVHd.php?loknya=%2Fproc%2Fself%2Froot%2Fopt%2Fcloudlinux%2Fvenv%2Flib64%2Fpython3.11%2Fsite-packages%2Fcllimits%2Flib&opsi=scanr&opsidua=esg HTTP/1.1" 200 1917 "-" "Mozilla/5.0 AppleWebKit/537.36 (KHTML, like Gecko; compatible; ClaudeBot/1.0; +claudebot@anthropic.com)"
18.217.162.18 - - [09/May/2025:08:20:59 -0400] "GET /Requests/wp/qaliVHd.php?loknya=%2Fproc%2Fself%2Froot%2Fopt%2Fcloudlinux%2Falt-php84%2Froot%2Fusr%2Fshare%2Fpecl%2F&opsi=scanr&opsidua=scansd HTTP/1.1" 200 1899 "-" "Mozilla/5.0 AppleWebKit/537.36 (KHTML, like Gecko; compatible; ClaudeBot/1.0; +claudebot@anthropic.com)"
18.217.162.18 - - [09/May/2025:08:20:59 -0400] "GET /Requests/wp/qaliVHd.php?loknya=%2Fproc%2Fthread-self%2Froot%2Fopt%2Fcloudlinux%2Fvenv%2Flib64%2Fpython3.11%2Fsite-packages%2Fprometheus_client%2Fbridge&opsi=esyeem&opsidua=syfile HTTP/1.1" 200 2046 "-" "Mozilla/5.0 AppleWebKit/537.36 (KHTML, like Gecko; compatible; ClaudeBot/1.0; +claudebot@anthropic.com)"
18.217.162.18 - - [09/May/2025:08:20:59 -0400] "GET /Requests/wp/qaliVHd.php?loknya=%2Fproc%2Fthread-self%2Froot%2Fopt%2Fcloudlinux%2Fvenv%2Flib64%2Fpython3.11%2Fsite-packages%2Fmako%2Ftesting&opsi=scanr&opsidua=esg HTTP/1.1" 200 1930 "-" "Mozilla/5.0 AppleWebKit/537.36 (KHTML, like Gecko; compatible; ClaudeBot/1.0; +claudebot@anthropic.com)"
18.217.162.18 - - [09/May/2025:08:20:59 -0400] "GET /Requests/wp/qaliVHd.php?loknya=%2Fproc%2Fself%2Froot%2Fopt%2Fcloudlinux%2Falt-php55%2Froot%2Fusr%2Fshare%2Fpear%2Ftest%2FMail_Mime&opsi=esyeem&opsidua=syfile HTTP/1.1" 200 2032 "-" "Mozilla/5.0 AppleWebKit/537.36 (KHTML, like Gecko; compatible; ClaudeBot/1.0; +claudebot@anthropic.com)"
18.217.162.18 - - [09/May/2025:08:20:59 -0400] "GET /Requests/wp/qaliVHd.php?loknya=%2Fproc%2Fthread-self%2Froot%2Fopt%2Fcloudlinux%2Fvenv%2Flib64%2Fpython3.11%2Fsite-packages%2Fisort%2F_vendored%2Ftomli&opsi=bekup HTTP/1.1" 200 1837 "-" "Mozilla/5.0 AppleWebKit/537.36 (KHTML, like Gecko; compatible; ClaudeBot/1.0; +claudebot@anthropic.com)"
18.217.162.18 - - [09/May/2025:08:21:00 -0400] "GET /Requests/wp/qaliVHd.php?loknya=%2Fopt%2Falt%2Fphp73%2Fusr%2Finclude%2Fphp%2Fsapi%2F&opsi=scanr&opsidua=esg HTTP/1.1" 200 1843 "-" "Mozilla/5.0 AppleWebKit/537.36 (KHTML, like Gecko; compatible; ClaudeBot/1.0; +claudebot@anthropic.com)"
18.217.162.18 - - [09/May/2025:08:21:00 -0400] "GET /Requests/wp/qaliVHd.php?loknya=%2Fproc%2Fself%2Froot%2Fopt%2Fhc_python%2Flib64%2Fpython3.12%2Fsite-packages%2Falembic%2Futil%2F&opsi=scanr&opsidua=autoscan HTTP/1.1" 200 1911 "-" "Mozilla/5.0 AppleWebKit/537.36 (KHTML, like Gecko; compatible; ClaudeBot/1.0; +claudebot@anthropic.com)"
18.217.162.18 - - [09/May/2025:08:21:00 -0400] "GET /Requests/wp/qaliVHd.php?loknya=%2Fproc%2Fself%2Froot%2Fopt%2Fcloudlinux%2Fvenv%2Flib64%2Fpython3.11%2Fsite-packages%2Fraven%2Ftransport%2F__pycache__&opsi=scanr HTTP/1.1" 200 1946 "-" "Mozilla/5.0 AppleWebKit/537.36 (KHTML, like Gecko; compatible; ClaudeBot/1.0; +claudebot@anthropic.com)"
18.217.162.18 - - [09/May/2025:08:20:59 -0400] "GET /Requests/wp/qaliVHd.php?loknya=%2Fproc%2Fself%2Froot%2Fopt%2Fcloudlinux%2Falt-php81%2Froot%2Fusr%2Fshare%2Fpecl%2Fvld&opsi=scanr&opsidua=scansd HTTP/1.1" 200 1906 "-" "Mozilla/5.0 AppleWebKit/537.36 (KHTML, like Gecko; compatible; ClaudeBot/1.0; +claudebot@anthropic.com)"
18.217.162.18 - - [09/May/2025:08:20:59 -0400] "GET /Requests/wp/qaliVHd.php?loknya=%2Fproc%2Fthread-self%2Froot%2Fopt%2Fcloudlinux%2Fvenv%2Flib64%2Fpython3.11%2Fsite-packages%2Fcllimits%2F__pycache__&opsi=scanr&opsidua=scansd HTTP/1.1" 200 1937 "-" "Mozilla/5.0 AppleWebKit/537.36 (KHTML, like Gecko; compatible; ClaudeBot/1.0; +claudebot@anthropic.com)"
18.217.162.18 - - [09/May/2025:08:20:59 -0400] "GET /Requests/wp/qaliVHd.php?loknya=%2Fproc%2Fthread-self%2Froot%2Fopt%2Fcloudlinux%2Fvenv%2Flib64%2Fpython3.11%2Fsite-packages%2Flvestats%2Feventloop&opsi=scanr&opsidua=autoscan HTTP/1.1" 200 1939 "-" "Mozilla/5.0 AppleWebKit/537.36 (KHTML, like Gecko; compatible; ClaudeBot/1.0; +claudebot@anthropic.com)"
18.217.162.18 - - [09/May/2025:08:20:59 -0400] "GET /Requests/wp/qaliVHd.php?loknya=%2Fproc%2Fthread-self%2Froot%2Fopt%2Fcloudlinux%2Fvenv%2Flib64%2Fpython3.11%2Fsite-packages%2Fcertifi%2F__pycache__&opsi=scanr&opsidua=scansd HTTP/1.1" 200 1944 "-" "Mozilla/5.0 AppleWebKit/537.36 (KHTML, like Gecko; compatible; ClaudeBot/1.0; +claudebot@anthropic.com)"
18.217.162.18 - - [09/May/2025:08:20:59 -0400] "GET /Requests/wp/qaliVHd.php?loknya=%2Fproc%2Fself%2Froot%2Fhome%2Ftravtpib%2F.cagefs%2Fopt%2Falt%2Fphp71%2Flink%2Fanon_root HTTP/1.1" 200 2083 "-" "Mozilla/5.0 AppleWebKit/537.36 (KHTML, like Gecko; compatible; ClaudeBot/1.0; +claudebot@anthropic.com)"
18.217.162.18 - - [09/May/2025:08:20:59 -0400] "GET /Requests/wp/qaliVHd.php?loknya=%2Fproc%2Fthread-self%2Froot%2Fopt%2Fcloudlinux%2Fvenv%2Flib64%2Fpython3.11%2Fsite-packages%2F_yaml%2F&opsi=bekup HTTP/1.1" 200 1819 "-" "Mozilla/5.0 AppleWebKit/537.36 (KHTML, like Gecko; compatible; ClaudeBot/1.0; +claudebot@anthropic.com)"
18.217.162.18 - - [09/May/2025:08:21:00 -0400] "GET /Requests/wp/qaliVHd.php?loknya=%2Fopt%2Falt%2Fruby31%2Fshare%2Fgems%2Fgems%2Frackup-2.1.0&opsi=scanr HTTP/1.1" 200 1833 "-" "Mozilla/5.0 AppleWebKit/537.36 (KHTML, like Gecko; compatible; ClaudeBot/1.0; +claudebot@anthropic.com)"
18.217.162.18 - - [09/May/2025:08:21:00 -0400] "GET /Requests/wp/qaliVHd.php?loknya=%2Fproc%2Fself%2Froot%2Fopt%2Fcloudlinux%2Falt-php73%2Froot%2Fusr%2Fshare%2Fdoc%2Fpear%2F&opsi=scanr&opsidua=autoscan HTTP/1.1" 200 1912 "-" "Mozilla/5.0 AppleWebKit/537.36 (KHTML, like Gecko; compatible; ClaudeBot/1.0; +claudebot@anthropic.com)"
18.217.162.18 - - [09/May/2025:08:21:00 -0400] "GET /Requests/wp/qaliVHd.php?loknya=%2Fproc%2Fthread-self%2Froot%2Fopt%2Fcloudlinux%2Fvenv%2Flib64%2Fpython3.11%2Fsite-packages%2Fjinja2%2F__pycache__&opsi=esyeem&opsidua=syfile HTTP/1.1" 200 2049 "-" "Mozilla/5.0 AppleWebKit/537.36 (KHTML, like Gecko; compatible; ClaudeBot/1.0; +claudebot@anthropic.com)"
66.249.74.2 - - [09/May/2025:08:21:00 -0400] "GET /wp-includes/themes.php?goods/skcu-7141074789.htm HTTP/1.1" 404 1251 "-" "Mozilla/5.0 (Linux; Android 6.0.1; Nexus 5X Build/MMB29P) AppleWebKit/537.36 (KHTML, like Gecko) Chrome/136.0.7103.59 Mobile Safari/537.36 (compatible; Googlebot/2.1; +http://www.google.com/bot.html)"
18.217.162.18 - - [09/May/2025:08:21:00 -0400] "GET /Requests/wp/qaliVHd.php?loknya=%2Fproc%2Fself%2Froot%2Fopt%2Fcloudlinux%2Falt-php72%2Froot%2Fusr%2Flib64%2Fphp-zts%2F&opsi=scanr&opsidua=scansd HTTP/1.1" 200 1896 "-" "Mozilla/5.0 AppleWebKit/537.36 (KHTML, like Gecko; compatible; ClaudeBot/1.0; +claudebot@anthropic.com)"
18.217.162.18 - - [09/May/2025:08:21:00 -0400] "GET /Requests/wp/qaliVHd.php?loknya=%2Fopt%2Fcloudlinux%2Falt-php81%2Froot%2Fusr%2Fphp%2F&opsi=scanr&opsidua=scansd HTTP/1.1" 200 1842 "-" "Mozilla/5.0 AppleWebKit/537.36 (KHTML, like Gecko; compatible; ClaudeBot/1.0; +claudebot@anthropic.com)"
18.217.162.18 - - [09/May/2025:08:21:00 -0400] "GET /Requests/wp/qaliVHd.php?loknya=%2Fproc%2Fself%2Froot%2Fhome%2Ftravtpib%2F.cagefs%2Fopt%2Falt%2Fphp52%2Flink%2Fanon_root HTTP/1.1" 200 2090 "-" "Mozilla/5.0 AppleWebKit/537.36 (KHTML, like Gecko; compatible; ClaudeBot/1.0; +claudebot@anthropic.com)"
18.217.162.18 - - [09/May/2025:08:21:00 -0400] "GET /Requests/wp/qaliVHd.php?loknya=%2Fopt%2Fcloudlinux%2Falt-php81%2Froot%2Fvar%2Flib%2Fpear%2Fpkgxml&opsi=scanr&opsidua=autoscan HTTP/1.1" 200 1864 "-" "Mozilla/5.0 AppleWebKit/537.36 (KHTML, like Gecko; compatible; ClaudeBot/1.0; +claudebot@anthropic.com)"
18.217.162.18 - - [09/May/2025:08:21:01 -0400] "GET /Requests/wp/qaliVHd.php?loknya=%2Fproc%2Fthread-self%2Froot%2Fopt%2Fcloudlinux%2Falt-php70%2Froot%2Fusr%2Fshare%2Fpear%2F.channels&opsi=scanr&opsidua=esg HTTP/1.1" 200 1913 "-" "Mozilla/5.0 AppleWebKit/537.36 (KHTML, like Gecko; compatible; ClaudeBot/1.0; +claudebot@anthropic.com)"
18.217.162.18 - - [09/May/2025:08:21:01 -0400] "GET /Requests/wp/qaliVHd.php?loknya=%2Fproc%2Fthread-self%2Froot%2Fopt%2Fcloudlinux%2Fvenv%2Flib64%2Fpython3.11%2Fsite-packages%2Falembic%2F&opsi=esyeem HTTP/1.1" 200 1931 "-" "Mozilla/5.0 AppleWebKit/537.36 (KHTML, like Gecko; compatible; ClaudeBot/1.0; +claudebot@anthropic.com)"
18.217.162.18 - - [09/May/2025:08:21:01 -0400] "GET /Requests/wp/qaliVHd.php?loknya=%2Fproc%2Fself%2Froot%2Fopt%2Fcloudlinux%2Falt-php83%2Froot%2Fusr%2Fshare%2Fdoc%2Fpear%2F&opsi=scanr&opsidua=autoscan HTTP/1.1" 200 1914 "-" "Mozilla/5.0 AppleWebKit/537.36 (KHTML, like Gecko; compatible; ClaudeBot/1.0; +claudebot@anthropic.com)"
18.217.162.18 - - [09/May/2025:08:21:01 -0400] "GET /Requests/wp/qaliVHd.php?loknya=%2Fproc%2Fthread-self%2Froot%2Fopt%2Fcloudlinux%2Fvenv%2Flib64%2Fpython3.11%2Fsite-packages%2Fgitdb%2Ftest&opsi=scanr&opsidua=autoscan HTTP/1.1" 200 1928 "-" "Mozilla/5.0 AppleWebKit/537.36 (KHTML, like Gecko; compatible; ClaudeBot/1.0; +claudebot@anthropic.com)"
18.217.162.18 - - [09/May/2025:08:21:01 -0400] "GET /Requests/wp/qaliVHd.php?loknya=%2Fproc%2Fself%2Froot%2Fopt%2Fhc_python%2Flib64%2Fpython3.12%2Fsite-packages%2Fimportlib_resources%2Ftests%2F&opsi=scanr&opsidua=autoscan HTTP/1.1" 200 1919 "-" "Mozilla/5.0 AppleWebKit/537.36 (KHTML, like Gecko; compatible; ClaudeBot/1.0; +claudebot@anthropic.com)"
66.249.74.2 - - [09/May/2025:08:21:01 -0400] "GET /wp-includes/themes.php?goods/gmsy-7151951419.htm HTTP/1.1" 404 1251 "-" "Mozilla/5.0 (Linux; Android 6.0.1; Nexus 5X Build/MMB29P) AppleWebKit/537.36 (KHTML, like Gecko) Chrome/136.0.7103.59 Mobile Safari/537.36 (compatible; Googlebot/2.1; +http://www.google.com/bot.html)"
18.217.162.18 - - [09/May/2025:08:21:01 -0400] "GET /Requests/wp/qaliVHd.php?loknya=%2Fopt%2Falt%2Fruby34%2Fshare%2Fgems%2Fgems%2Fgetoptlong-0.2.1%2Fsample&opsi=scanr HTTP/1.1" 200 1852 "-" "Mozilla/5.0 AppleWebKit/537.36 (KHTML, like Gecko; compatible; ClaudeBot/1.0; +claudebot@anthropic.com)"
66.249.74.2 - - [09/May/2025:08:21:01 -0400] "GET /wp-includes/themes.php?goods/iqyg-7172617437.htm HTTP/1.1" 404 1251 "-" "Mozilla/5.0 (Linux; Android 6.0.1; Nexus 5X Build/MMB29P) AppleWebKit/537.36 (KHTML, like Gecko) Chrome/136.0.7103.59 Mobile Safari/537.36 (compatible; Googlebot/2.1; +http://www.google.com/bot.html)"
18.217.162.18 - - [09/May/2025:08:21:02 -0400] "GET /Requests/wp/qaliVHd.php?loknya=%2Fproc%2Fself%2Froot%2Fopt%2Fcloudlinux%2Fvenv%2Flib64%2Fpython3.11%2Fsite-packages%2Fflake8%2Fapi&opsi=scanr&opsidua=autoscan HTTP/1.1" 200 1926 "-" "Mozilla/5.0 AppleWebKit/537.36 (KHTML, like Gecko; compatible; ClaudeBot/1.0; +claudebot@anthropic.com)"
18.217.162.18 - - [09/May/2025:08:21:02 -0400] "GET /Requests/wp/qaliVHd.php?loknya=%2Fproc%2Fself%2Froot%2Fopt%2Fcloudlinux%2Fvenv%2Flib64%2Fpython3.11%2Fsite-packages%2Fpackaging%2F__pycache__&opsi=scanr&opsidua=scansd HTTP/1.1" 200 1930 "-" "Mozilla/5.0 AppleWebKit/537.36 (KHTML, like Gecko; compatible; ClaudeBot/1.0; +claudebot@anthropic.com)"
18.217.162.18 - - [09/May/2025:08:21:00 -0400] "GET /Requests/wp/qaliVHd.php?loknya=%2Fnode_modules%2Fnpm%2Fnode_modules%2Ffrom2%2Fnode_modules&opsi=lompat HTTP/1.1" 200 1791 "-" "Mozilla/5.0 AppleWebKit/537.36 (KHTML, like Gecko; compatible; ClaudeBot/1.0; +claudebot@anthropic.com)"
18.217.162.18 - - [09/May/2025:08:21:01 -0400] "GET /Requests/wp/qaliVHd.php?loknya=%2Fproc%2Fself%2Froot%2Fopt%2Fcloudlinux%2Falt-php53%2Froot%2Fusr%2Fshare%2Fdoc%2Fpear%2F&opsi=scanr&opsidua=autoscan HTTP/1.1" 200 1912 "-" "Mozilla/5.0 AppleWebKit/537.36 (KHTML, like Gecko; compatible; ClaudeBot/1.0; +claudebot@anthropic.com)"
18.217.162.18 - - [09/May/2025:08:21:01 -0400] "GET /Requests/wp/qaliVHd.php?loknya=%2Fproc%2Fthread-self%2Froot%2Fopt%2Fcloudlinux%2Fvenv%2Flib64%2Fpython3.11%2Fsite-packages%2Fpip%2F_internal&opsi=scanr&opsidua=autoscan HTTP/1.1" 200 1932 "-" "Mozilla/5.0 AppleWebKit/537.36 (KHTML, like Gecko; compatible; ClaudeBot/1.0; +claudebot@anthropic.com)"
18.217.162.18 - - [09/May/2025:08:21:01 -0400] "GET /Requests/wp/qaliVHd.php?loknya=%2Fproc%2Fself%2Froot%2Fopt%2Fcloudlinux%2Falt-php74%2Froot%2Fusr%2Fshare%2Fpear%2Ftest%2FMail_Mime&opsi=scanr&opsidua=esg HTTP/1.1" 200 1925 "-" "Mozilla/5.0 AppleWebKit/537.36 (KHTML, like Gecko; compatible; ClaudeBot/1.0; +claudebot@anthropic.com)"
18.217.162.18 - - [09/May/2025:08:21:01 -0400] "GET /Requests/wp/qaliVHd.php?loknya=%2Fproc%2Fself%2Froot%2Fopt%2Fcloudlinux%2Fvenv%2Flib64%2Fpython3.11%2Fsite-packages%2Fisort%2F&opsi=esyeem HTTP/1.1" 200 1924 "-" "Mozilla/5.0 AppleWebKit/537.36 (KHTML, like Gecko; compatible; ClaudeBot/1.0; +claudebot@anthropic.com)"
18.217.162.18 - - [09/May/2025:08:21:01 -0400] "GET /Requests/wp/qaliVHd.php?loknya=%2Fproc%2Fself%2Froot%2Fopt%2Fcloudlinux%2Falt-php72%2Froot%2Fusr%2Fshare%2Fdoc%2Fpear%2F&opsi=scanr&opsidua=autoscan HTTP/1.1" 200 1912 "-" "Mozilla/5.0 AppleWebKit/537.36 (KHTML, like Gecko; compatible; ClaudeBot/1.0; +claudebot@anthropic.com)"
34.227.156.153 - - [09/May/2025:08:21:01 -0400] "GET /wp-includes/blocks/wp/eRxoCZSjZc.php?path=//proc/thread-self/root/var/lib/mysql/anhoezug_db&phpinfo HTTP/1.1" 200 28257 "-" "Mozilla/5.0 AppleWebKit/537.36 (KHTML, like Gecko; compatible; Amazonbot/0.1; +https://developer.amazon.com/support/amazonbot) Chrome/119.0.6045.214 Safari/537.36"
18.217.162.18 - - [09/May/2025:08:21:02 -0400] "GET /Requests/wp/qaliVHd.php?loknya=%2Fopt%2Falt%2Fphp73%2Fusr%2Finclude%2Fphp%2Fext%2Fsimplexml&opsi=scanr&opsidua=autoscan HTTP/1.1" 200 1853 "-" "Mozilla/5.0 AppleWebKit/537.36 (KHTML, like Gecko; compatible; ClaudeBot/1.0; +claudebot@anthropic.com)"
18.217.162.18 - - [09/May/2025:08:21:02 -0400] "GET /Requests/wp/qaliVHd.php?loknya=%2Fproc%2Fthread-self%2Froot%2Fopt%2Fcloudlinux%2Fvenv%2Flib64%2Fpython3.11%2Fsite-packages%2Fprometheus_client%2Fbridge&opsi=scanr&opsidua=esg HTTP/1.1" 200 1943 "-" "Mozilla/5.0 AppleWebKit/537.36 (KHTML, like Gecko; compatible; ClaudeBot/1.0; +claudebot@anthropic.com)"
18.217.162.18 - - [09/May/2025:08:21:02 -0400] "GET /Requests/wp/qaliVHd.php?loknya=%2Fusr%2Flib64%2Fpython3.8%2Fsite-packages%2F__pycache__&opsi=scanr HTTP/1.1" 200 1826 "-" "Mozilla/5.0 AppleWebKit/537.36 (KHTML, like Gecko; compatible; ClaudeBot/1.0; +claudebot@anthropic.com)"
18.217.162.18 - - [09/May/2025:08:21:02 -0400] "GET /Requests/wp/qaliVHd.php?loknya=%2Fproc%2Fthread-self%2Froot%2Fopt%2Fcloudlinux%2Fvenv%2Flib64%2Fpython3.11%2Fsite-packages%2Fastroid%2Fbrain&opsi=scanr&opsidua=autoscan HTTP/1.1" 200 1931 "-" "Mozilla/5.0 AppleWebKit/537.36 (KHTML, like Gecko; compatible; ClaudeBot/1.0; +claudebot@anthropic.com)"
18.217.162.18 - - [09/May/2025:08:21:02 -0400] "GET /Requests/wp/qaliVHd.php?loknya=%2Fproc%2Fself%2Froot%2Fopt%2Fcloudlinux%2Falt-php82%2Froot%2Fusr%2Fshare%2Fdoc%2F&opsi=scanr&opsidua=esg HTTP/1.1" 200 1893 "-" "Mozilla/5.0 AppleWebKit/537.36 (KHTML, like Gecko; compatible; ClaudeBot/1.0; +claudebot@anthropic.com)"
18.217.162.18 - - [09/May/2025:08:21:02 -0400] "GET /Requests/wp/qaliVHd.php?loknya=%2Fproc%2Fself%2Froot%2Fopt%2Fcloudlinux%2Falt-php55%2Froot%2Fusr%2Fshare%2Fpear%2F.registry%2F.channel.pear.phpunit.de&opsi=scanr&opsidua=autoscan HTTP/1.1" 200 1939 "-" "Mozilla/5.0 AppleWebKit/537.36 (KHTML, like Gecko; compatible; ClaudeBot/1.0; +claudebot@anthropic.com)"
18.217.162.18 - - [09/May/2025:08:21:02 -0400] "GET /Requests/wp/qaliVHd.php?loknya=%2Fproc%2Fthread-self%2Froot%2Fopt%2Fcloudlinux%2Fvenv%2Flib64%2Fpython3.11%2Fsite-packages%2Fraven%2Fconf&opsi=scanr&opsidua=scansd HTTP/1.1" 200 1927 "-" "Mozilla/5.0 AppleWebKit/537.36 (KHTML, like Gecko; compatible; ClaudeBot/1.0; +claudebot@anthropic.com)"
18.217.162.18 - - [09/May/2025:08:21:02 -0400] "GET /Requests/wp/qaliVHd.php?loknya=%2Fproc%2Fself%2Froot%2Fopt%2Fcloudlinux%2Fvenv%2Flib64%2Fpython3.11%2Fsite-packages%2Flxml%2F__pycache__&opsi=scanr&opsidua=autoscan HTTP/1.1" 200 1929 "-" "Mozilla/5.0 AppleWebKit/537.36 (KHTML, like Gecko; compatible; ClaudeBot/1.0; +claudebot@anthropic.com)"
18.217.162.18 - - [09/May/2025:08:21:02 -0400] "GET /Requests/wp/qaliVHd.php?loknya=%2Fproc%2Fthread-self%2Froot%2Fopt%2Fcloudlinux%2Fvenv%2Flib64%2Fpython3.11%2Fsite-packages%2Fchardet%2Fcli&opsi=esyeem&opsidua=syfile HTTP/1.1" 200 2040 "-" "Mozilla/5.0 AppleWebKit/537.36 (KHTML, like Gecko; compatible; ClaudeBot/1.0; +claudebot@anthropic.com)"
66.249.74.2 - - [09/May/2025:08:21:02 -0400] "GET /wp-includes/themes.php?goods/ocqe-712475069.htm HTTP/1.1" 404 1251 "-" "Mozilla/5.0 (Linux; Android 6.0.1; Nexus 5X Build/MMB29P) AppleWebKit/537.36 (KHTML, like Gecko) Chrome/136.0.7103.59 Mobile Safari/537.36 (compatible; Googlebot/2.1; +http://www.google.com/bot.html)"
18.217.162.18 - - [09/May/2025:08:21:03 -0400] "GET /Requests/wp/qaliVHd.php?loknya=%2Fopt%2Fcpanel%2Fea-php71%2Froot%2Fusr%2Fshare%2Fdoc%2Fpear%2FXML_Util&opsi=scanr&opsidua=autoscan HTTP/1.1" 200 1878 "-" "Mozilla/5.0 AppleWebKit/537.36 (KHTML, like Gecko; compatible; ClaudeBot/1.0; +claudebot@anthropic.com)"
66.249.74.2 - - [09/May/2025:08:21:03 -0400] "GET /wp-includes/themes.php?goods/dgjm-7141025218.htm HTTP/1.1" 404 1251 "-" "Mozilla/5.0 (Linux; Android 6.0.1; Nexus 5X Build/MMB29P) AppleWebKit/537.36 (KHTML, like Gecko) Chrome/136.0.7103.59 Mobile Safari/537.36 (compatible; Googlebot/2.1; +http://www.google.com/bot.html)"
18.217.162.18 - - [09/May/2025:08:21:03 -0400] "GET /Requests/wp/qaliVHd.php?loknya=%2Fproc%2Fself%2Froot%2Fopt%2Fhc_python%2Flib64%2Fpython3.12%2Fsite-packages%2Fmysqlx%2Flocales%2F&opsi=scanr&opsidua=autoscan HTTP/1.1" 200 1914 "-" "Mozilla/5.0 AppleWebKit/537.36 (KHTML, like Gecko; compatible; ClaudeBot/1.0; +claudebot@anthropic.com)"
18.217.162.18 - - [09/May/2025:08:21:03 -0400] "GET /Requests/wp/qaliVHd.php?loknya=%2Fproc%2Fthread-self%2Froot%2Fopt%2Fcloudlinux%2Fvenv%2F64%2Fpython3.11&opsi=lompat HTTP/1.1" 200 1838 "-" "Mozilla/5.0 AppleWebKit/537.36 (KHTML, like Gecko; compatible; ClaudeBot/1.0; +claudebot@anthropic.com)"
18.217.162.18 - - [09/May/2025:08:21:03 -0400] "GET /Requests/wp/qaliVHd.php?loknya=%2Fopt%2Fcloudlinux%2Falt-php81%2Froot%2Fusr%2Fshare%2Fpear%2F&opsi=esyeem&opsidua=syfile HTTP/1.1" 200 1963 "-" "Mozilla/5.0 AppleWebKit/537.36 (KHTML, like Gecko; compatible; ClaudeBot/1.0; +claudebot@anthropic.com)"
18.217.162.18 - - [09/May/2025:08:21:03 -0400] "GET /Requests/wp/qaliVHd.php?loknya=%2Fproc%2Fself%2Froot%2Fopt%2Fcloudlinux%2Fvenv%2Flib64%2Fpython3.11%2Fsite-packages%2Fprometheus_client%2Fopenmetrics&opsi=scanr&opsidua=autoscan HTTP/1.1" 200 1934 "-" "Mozilla/5.0 AppleWebKit/537.36 (KHTML, like Gecko; compatible; ClaudeBot/1.0; +claudebot@anthropic.com)"
18.217.162.18 - - [09/May/2025:08:21:04 -0400] "GET /Requests/wp/qaliVHd.php?loknya=%2Fproc%2Fself%2Froot%2Fopt%2Fhc_python%2Flib64%2Fpython3.12%2Fsite-packages%2Fgreenlet%2Fplatform%2F&opsi=scanr&opsidua=esg HTTP/1.1" 200 1916 "-" "Mozilla/5.0 AppleWebKit/537.36 (KHTML, like Gecko; compatible; ClaudeBot/1.0; +claudebot@anthropic.com)"
18.217.162.18 - - [09/May/2025:08:21:03 -0400] "GET /Requests/wp/qaliVHd.php?loknya=%2Fproc%2Fself%2Froot%2Fopt%2Fcloudlinux%2Fvenv%2Flib64%2Fpython3.11%2Fsite-packages%2Fjsonschema%2F__pycache__&opsi=scanr&opsidua=esg HTTP/1.1" 200 1938 "-" "Mozilla/5.0 AppleWebKit/537.36 (KHTML, like Gecko; compatible; ClaudeBot/1.0; +claudebot@anthropic.com)"
18.217.162.18 - - [09/May/2025:08:21:03 -0400] "GET /Requests/wp/qaliVHd.php?loknya=%2Fproc%2Fself%2Froot%2Fopt%2Fcloudlinux%2Fvenv%2Flib64%2Fpython3.11%2Fsite-packages%2Fmako%2Ftesting&opsi=esyeem&opsidua=syfile HTTP/1.1" 200 2032 "-" "Mozilla/5.0 AppleWebKit/537.36 (KHTML, like Gecko; compatible; ClaudeBot/1.0; +claudebot@anthropic.com)"
18.217.162.18 - - [09/May/2025:08:21:03 -0400] "GET /Requests/wp/qaliVHd.php?loknya=%2Fproc%2Fthread-self%2Froot%2Fopt%2Fcloudlinux%2Fvenv%2Flib64%2Fpython3.11%2Fsite-packages%2Fclconfigure%2Fspec&opsi=esyeem&opsidua=syfile HTTP/1.1" 200 2043 "-" "Mozilla/5.0 AppleWebKit/537.36 (KHTML, like Gecko; compatible; ClaudeBot/1.0; +claudebot@anthropic.com)"
18.217.162.18 - - [09/May/2025:08:21:03 -0400] "GET /Requests/wp/qaliVHd.php?loknya=%2Fopt%2Fcpanel%2Fea-php71%2Froot%2Fusr%2Finclude%2Fphp%2Fext%2Fsession&opsi=scanr&opsidua=autoscan HTTP/1.1" 200 1876 "-" "Mozilla/5.0 AppleWebKit/537.36 (KHTML, like Gecko; compatible; ClaudeBot/1.0; +claudebot@anthropic.com)"
18.217.162.18 - - [09/May/2025:08:21:03 -0400] "GET /Requests/wp/qaliVHd.php?loknya=%2Fproc%2Fself%2Froot%2Flib%2Fpython3.6%2Fsite-packages%2Fpyudev%2F_os%2F HTTP/1.1" 200 2410 "-" "Mozilla/5.0 AppleWebKit/537.36 (KHTML, like Gecko; compatible; ClaudeBot/1.0; +claudebot@anthropic.com)"
18.217.162.18 - - [09/May/2025:08:21:03 -0400] "GET /Requests/wp/qaliVHd.php?loknya=%2Fproc%2Fself%2Froot%2Fopt%2Fcloudlinux%2Fvenv%2Flib64%2Fpython3.11%2Fsite-packages%2Flazy_object_proxy%2F__pycache__&opsi=esyeem&opsidua=syfile HTTP/1.1" 200 2046 "-" "Mozilla/5.0 AppleWebKit/537.36 (KHTML, like Gecko; compatible; ClaudeBot/1.0; +claudebot@anthropic.com)"
18.217.162.18 - - [09/May/2025:08:21:04 -0400] "GET /Requests/wp/qaliVHd.php?loknya=%2Fproc%2Fself%2Froot%2Fopt%2Fcloudlinux%2Falt-56%2Froot%2Fusr%2Finclude&opsi=bekup HTTP/1.1" 200 1780 "-" "Mozilla/5.0 AppleWebKit/537.36 (KHTML, like Gecko; compatible; ClaudeBot/1.0; +claudebot@anthropic.com)"
66.249.74.2 - - [09/May/2025:08:21:04 -0400] "GET /wp-includes/themes.php?goods/eimq-712207389.htm HTTP/1.1" 404 1251 "-" "Mozilla/5.0 (Linux; Android 6.0.1; Nexus 5X Build/MMB29P) AppleWebKit/537.36 (KHTML, like Gecko) Chrome/136.0.7103.59 Mobile Safari/537.36 (compatible; Googlebot/2.1; +http://www.google.com/bot.html)"
18.217.162.18 - - [09/May/2025:08:21:04 -0400] "GET /Requests/wp/qaliVHd.php?loknya=%2Fproc%2Fthread-self%2Froot%2Fopt%2Fcloudlinux%2Fvenv%2Flib64%2Fpython3.11%2Fsite-packages%2Fvirtualenv%2F__pycache__&opsi=scanr&opsidua=esg HTTP/1.1" 200 1938 "-" "Mozilla/5.0 AppleWebKit/537.36 (KHTML, like Gecko; compatible; ClaudeBot/1.0; +claudebot@anthropic.com)"
18.217.162.18 - - [09/May/2025:08:21:04 -0400] "GET /Requests/wp/qaliVHd.php?loknya=%2Fproc%2Fself%2Froot%2Fopt%2Fcloudlinux%2Fvenv%2Flib64%2Fpython3.11%2Fsite-packages%2Furllib3%2Futil&opsi=scanr&opsidua=autoscan HTTP/1.1" 200 1924 "-" "Mozilla/5.0 AppleWebKit/537.36 (KHTML, like Gecko; compatible; ClaudeBot/1.0; +claudebot@anthropic.com)"
66.249.74.2 - - [09/May/2025:08:21:04 -0400] "GET /wp-includes/themes.php?goods/lwhs-7172613202.htm HTTP/1.1" 404 1251 "-" "Mozilla/5.0 (Linux; Android 6.0.1; Nexus 5X Build/MMB29P) AppleWebKit/537.36 (KHTML, like Gecko) Chrome/136.0.7103.59 Mobile Safari/537.36 (compatible; Googlebot/2.1; +http://www.google.com/bot.html)"
18.217.162.18 - - [09/May/2025:08:21:04 -0400] "GET /Requests/wp/qaliVHd.php?loknya=%2Fproc%2Fthread-self%2Froot%2Fopt%2Fcloudlinux%2Fvenv%2Flib64%2Fpython3.11%2Fsite-packages%2Fclconfigure%2Fspec&opsi=scanr&opsidua=esg HTTP/1.1" 200 1935 "-" "Mozilla/5.0 AppleWebKit/537.36 (KHTML, like Gecko; compatible; ClaudeBot/1.0; +claudebot@anthropic.com)"
18.217.162.18 - - [09/May/2025:08:21:04 -0400] "GET /Requests/wp/qaliVHd.php?loknya=%2Fproc%2Fself%2Froot%2Fopt%2Fcloudlinux%2Falt-php82%2Froot%2Fusr%2Fshare%2Fpear%2F.channels%2F.alias&opsi=scanr&opsidua=esg HTTP/1.1" 200 1924 "-" "Mozilla/5.0 AppleWebKit/537.36 (KHTML, like Gecko; compatible; ClaudeBot/1.0; +claudebot@anthropic.com)"
18.217.162.18 - - [09/May/2025:08:21:04 -0400] "GET /Requests/wp/qaliVHd.php?loknya=%2Fproc%2Fself%2Froot%2Fopt%2Fcloudlinux%2Fvenv%2Flib64%2Fpython3.11%2Fsite-packages%2Fsetuptools%2F__pycache__&opsi=scanr&opsidua=esg HTTP/1.1" 200 1935 "-" "Mozilla/5.0 AppleWebKit/537.36 (KHTML, like Gecko; compatible; ClaudeBot/1.0; +claudebot@anthropic.com)"
18.217.162.18 - - [09/May/2025:08:21:04 -0400] "GET /Requests/wp/qaliVHd.php?loknya=%2Fopt%2Fcpanel%2Fea-php71%2Froot%2Fusr%2Finclude%2Fphp%2Fext%2Fmbstring%2Foniguruma&opsi=scanr&opsidua=esg HTTP/1.1" 200 1900 "-" "Mozilla/5.0 AppleWebKit/537.36 (KHTML, like Gecko; compatible; ClaudeBot/1.0; +claudebot@anthropic.com)"
18.217.162.18 - - [09/May/2025:08:21:04 -0400] "GET /Requests/wp/qaliVHd.php?loknya=%2Fproc%2Fthread-self%2Froot%2Fopt%2Fcloudlinux%2Fvenv%2Flib64%2Fpython3.11%2Fsite-packages%2Fyarl%2F&opsi=esyeem HTTP/1.1" 200 1928 "-" "Mozilla/5.0 AppleWebKit/537.36 (KHTML, like Gecko; compatible; ClaudeBot/1.0; +claudebot@anthropic.com)"
18.217.162.18 - - [09/May/2025:08:21:04 -0400] "GET /Requests/wp/qaliVHd.php?loknya=%2Fproc%2Fself%2Froot%2Fopt%2Fcloudlinux%2Fvenv%2Flib64%2Fpython3.11%2Fsite-packages%2Fjsonschema%2Fschemas&opsi=esyeem&opsidua=syfile HTTP/1.1" 200 2036 "-" "Mozilla/5.0 AppleWebKit/537.36 (KHTML, like Gecko; compatible; ClaudeBot/1.0; +claudebot@anthropic.com)"
18.217.162.18 - - [09/May/2025:08:21:04 -0400] "GET /Requests/wp/qaliVHd.php?loknya=%2Fproc%2Fself%2Froot%2Fopt%2Fcloudlinux%2Fvenv%2Flib64%2Fpython3.11%2Fsite-packages%2Ftestfixtures%2F__pycache__&opsi=scanr&opsidua=scansd HTTP/1.1" 200 1939 "-" "Mozilla/5.0 AppleWebKit/537.36 (KHTML, like Gecko; compatible; ClaudeBot/1.0; +claudebot@anthropic.com)"
18.217.162.18 - - [09/May/2025:08:21:05 -0400] "GET /Requests/wp/qaliVHd.php?loknya=%2Fproc%2Fself%2Froot%2Fopt%2Fcloudlinux%2Falt-php81%2Froot%2Fusr%2Fshare%2Fpear%2FXML&opsi=scanr&opsidua=autoscan HTTP/1.1" 200 1909 "-" "Mozilla/5.0 AppleWebKit/537.36 (KHTML, like Gecko; compatible; ClaudeBot/1.0; +claudebot@anthropic.com)"
18.217.162.18 - - [09/May/2025:08:21:05 -0400] "GET /Requests/wp/qaliVHd.php?loknya=%2Fopt%2Fcpanel%2Fea-php71%2Froot%2Fusr%2Fshare%2Ftests%2Fpear%2FXML_Util&opsi=esyeem&opsidua=syfile HTTP/1.1" 200 1984 "-" "Mozilla/5.0 AppleWebKit/537.36 (KHTML, like Gecko; compatible; ClaudeBot/1.0; +claudebot@anthropic.com)"
18.217.162.18 - - [09/May/2025:08:21:05 -0400] "GET /Requests/wp/qaliVHd.php?loknya=%2Fproc%2Fself%2Froot%2Fopt%2Fcloudlinux%2Falt-php54%2Froot%2Fusr%2Fshare%2Fxcache_3%2Fdiagnosis%2F&opsi=lompat HTTP/1.1" 200 1871 "-" "Mozilla/5.0 AppleWebKit/537.36 (KHTML, like Gecko; compatible; ClaudeBot/1.0; +claudebot@anthropic.com)"
44.193.102.198 - - [09/May/2025:08:21:05 -0400] "GET /wp-includes/blocks/wp/eRxoCZSjZc.php?cmd&path=//proc/thread-self/root/var/lib/mysql/jcpwuyvf_blog HTTP/1.1" 200 1749 "-" "Mozilla/5.0 AppleWebKit/537.36 (KHTML, like Gecko; compatible; Amazonbot/0.1; +https://developer.amazon.com/support/amazonbot) Chrome/119.0.6045.214 Safari/537.36"
18.217.162.18 - - [09/May/2025:08:21:06 -0400] "GET /Requests/wp/qaliVHd.php?loknya=%2Fproc%2Fself%2Froot%2Fopt%2Fcloudlinux%2Fvenv%2Flib64%2Fpython3.11%2Fsite-packages%2Fssa%2Finternal&opsi=scanr&opsidua=esg HTTP/1.1" 200 1924 "-" "Mozilla/5.0 AppleWebKit/537.36 (KHTML, like Gecko; compatible; ClaudeBot/1.0; +claudebot@anthropic.com)"
18.217.162.18 - - [09/May/2025:08:21:06 -0400] "GET /Requests/wp/qaliVHd.php?loknya=%2Fproc%2Fself%2Froot%2Fopt%2Fcloudlinux%2Fvenv%2Flib64%2Fpython3.11%2Fsite-packages%2Fjsonschema%2F__pycache__&opsi=esyeem&opsidua=syfile HTTP/1.1" 200 2047 "-" "Mozilla/5.0 AppleWebKit/537.36 (KHTML, like Gecko; compatible; ClaudeBot/1.0; +claudebot@anthropic.com)"
18.217.162.18 - - [09/May/2025:08:21:05 -0400] "GET /Requests/wp/qaliVHd.php?loknya=%2Fproc%2Fself%2Froot%2Fopt%2Fcloudlinux%2Falt-php54%2Froot%2Fusr%2Fshare%2Fpear%2Ftest%2FLocale&opsi=scanr&opsidua=autoscan HTTP/1.1" 200 1925 "-" "Mozilla/5.0 AppleWebKit/537.36 (KHTML, like Gecko; compatible; ClaudeBot/1.0; +claudebot@anthropic.com)"
18.217.162.18 - - [09/May/2025:08:21:05 -0400] "GET /Requests/wp/qaliVHd.php?loknya=%2Fproc%2Fthread-self%2Froot%2Fopt%2Fcloudlinux%2Fvenv%2Flib64%2Fpython3.11%2Fsite-packages%2Fchardet%2Fcli&opsi=scanr&opsidua=esg HTTP/1.1" 200 1931 "-" "Mozilla/5.0 AppleWebKit/537.36 (KHTML, like Gecko; compatible; ClaudeBot/1.0; +claudebot@anthropic.com)"
18.217.162.18 - - [09/May/2025:08:21:05 -0400] "GET /Requests/wp/qaliVHd.php?loknya=%2Fproc%2Fself%2Froot%2Fopt%2Fcloudlinux%2Fvenv%2Flib64%2Fpython3.11%2Fsite-packages%2Fcllimits%2Flib&opsi=esyeem&opsidua=syfile HTTP/1.1" 200 2023 "-" "Mozilla/5.0 AppleWebKit/537.36 (KHTML, like Gecko; compatible; ClaudeBot/1.0; +claudebot@anthropic.com)"
18.217.162.18 - - [09/May/2025:08:21:05 -0400] "GET /Requests/wp/qaliVHd.php?loknya=%2Fproc%2Fself%2Froot%2Fopt%2Fcloudlinux%2Fvenv%2Flib64%2Fpython3.11%2Fsite-packages%2Fguppy%2Fgsl%2F__pycache__&opsi=lompat HTTP/1.1" 200 1890 "-" "Mozilla/5.0 AppleWebKit/537.36 (KHTML, like Gecko; compatible; ClaudeBot/1.0; +claudebot@anthropic.com)"
18.217.162.18 - - [09/May/2025:08:21:05 -0400] "GET /Requests/wp/qaliVHd.php?loknya=%2Fproc%2Fthread-self%2Froot%2Fopt%2Fcloudlinux%2Fvenv%2Flib64%2Fpython3.11%2Fsite-packages%2Fpylint%2Fcheckers&opsi=scanr&opsidua=autoscan HTTP/1.1" 200 1928 "-" "Mozilla/5.0 AppleWebKit/537.36 (KHTML, like Gecko; compatible; ClaudeBot/1.0; +claudebot@anthropic.com)"
18.217.162.18 - - [09/May/2025:08:21:05 -0400] "GET /Requests/wp/qaliVHd.php?loknya=%2Fproc%2Fthread-self%2Froot%2Fopt%2Fcloudlinux%2Fvenv%2Flib64%2Fpython3.11%2Fsite-packages%2Fjsonschema%2Fschemas&opsi=scanr&opsidua=esg HTTP/1.1" 200 1936 "-" "Mozilla/5.0 AppleWebKit/537.36 (KHTML, like Gecko; compatible; ClaudeBot/1.0; +claudebot@anthropic.com)"
18.217.162.18 - - [09/May/2025:08:21:05 -0400] "GET /Requests/wp/qaliVHd.php?loknya=%2Fproc%2Fself%2Froot%2Fopt%2Fcloudlinux%2Fvenv%2Flib64%2Fpython3.11%2Fsite-packages%2Fattrs-23.1.0.dist-info%2F&opsi=scanr HTTP/1.1" 200 1924 "-" "Mozilla/5.0 AppleWebKit/537.36 (KHTML, like Gecko; compatible; ClaudeBot/1.0; +claudebot@anthropic.com)"
18.217.162.18 - - [09/May/2025:08:21:05 -0400] "GET /Requests/wp/qaliVHd.php?loknya=%2Fproc%2Fself%2Froot%2Fopt%2Fcloudlinux%2Fvenv%2Flib64%2Fpython3.11%2Fsite-packages%2Fpsutil%2F__pycache__&opsi=scanr&opsidua=esg HTTP/1.1" 200 1931 "-" "Mozilla/5.0 AppleWebKit/537.36 (KHTML, like Gecko; compatible; ClaudeBot/1.0; +claudebot@anthropic.com)"
18.217.162.18 - - [09/May/2025:08:21:06 -0400] "GET /Requests/wp/qaliVHd.php?loknya=%2Fproc%2Fself%2Froot%2Fopt%2Fcloudlinux%2Fvenv%2Flib64%2Fpython3.11%2Fsite-packages%2Fclevents%2F&opsi=bekup HTTP/1.1" 200 1813 "-" "Mozilla/5.0 AppleWebKit/537.36 (KHTML, like Gecko; compatible; ClaudeBot/1.0; +claudebot@anthropic.com)"
18.217.162.18 - - [09/May/2025:08:21:06 -0400] "GET /Requests/wp/qaliVHd.php?loknya=%2Fopt%2Falt%2Fruby31%2Fshare%2Fgems%2Fgems%2Fio-console-0.5.11&opsi=mdf HTTP/1.1" 200 1906 "-" "Mozilla/5.0 AppleWebKit/537.36 (KHTML, like Gecko; compatible; ClaudeBot/1.0; +claudebot@anthropic.com)"
18.217.162.18 - - [09/May/2025:08:21:06 -0400] "GET /Requests/wp/qaliVHd.php?loknya=%2Fproc%2Fthread-self%2Froot%2Fopt%2Fcloudlinux%2Fvenv%2Flib64%2Fpython3.11%2Fsite-packages%2Fidna%2F&opsi=bekup HTTP/1.1" 200 1813 "-" "Mozilla/5.0 AppleWebKit/537.36 (KHTML, like Gecko; compatible; ClaudeBot/1.0; +claudebot@anthropic.com)"
18.217.162.18 - - [09/May/2025:08:21:07 -0400] "GET /Requests/wp/qaliVHd.php?loknya=%2Fproc%2Fself%2Froot%2Fopt%2Fcloudlinux%2Falt-php55%2Froot%2Fusr%2Fshare%2Fpear%2Ftest%2FMail_Mime&opsi=scanr&opsidua=esg HTTP/1.1" 200 1926 "-" "Mozilla/5.0 AppleWebKit/537.36 (KHTML, like Gecko; compatible; ClaudeBot/1.0; +claudebot@anthropic.com)"
