3.139.55.72 - - [09/May/2025:08:34:18 -0400] "GET /Requests/wp/qaliVHd.php?loknya=%2Fhome%2Ftravtpib%2Flscache%2Fa%2F0%2Fc&opsi=scanr HTTP/1.1" 200 1839 "-" "Mozilla/5.0 AppleWebKit/537.36 (KHTML, like Gecko; compatible; ClaudeBot/1.0; +claudebot@anthropic.com)"
3.139.55.72 - - [09/May/2025:08:34:18 -0400] "GET /Requests/wp/qaliVHd.php?loknya=%2Fopt%2Fcloudlinux%2Falt-php81%2Froot%2Fusr%2Fphp%2F&opsi=esyeem&opsidua=syfile HTTP/1.1" 200 1940 "-" "Mozilla/5.0 AppleWebKit/537.36 (KHTML, like Gecko; compatible; ClaudeBot/1.0; +claudebot@anthropic.com)"
3.139.55.72 - - [09/May/2025:08:34:19 -0400] "GET /Requests/wp/qaliVHd.php?loknya=%2Fproc%2Fself%2Froot%2Fopt%2Fcloudlinux%2Fvenv%2Flib64%2Fpython3.11%2Fsite-packages%2Fpackaging%2F__pycache__&opsi=scanr&opsidua=autoscan HTTP/1.1" 200 1928 "-" "Mozilla/5.0 AppleWebKit/537.36 (KHTML, like Gecko; compatible; ClaudeBot/1.0; +claudebot@anthropic.com)"
3.139.55.72 - - [09/May/2025:08:34:19 -0400] "GET /Requests/wp/qaliVHd.php?loknya=%2Fhome%2Ftravtpib%2F.cagefs%2Fopt%2Falt%2F53%2F HTTP/1.1" 200 2024 "-" "Mozilla/5.0 AppleWebKit/537.36 (KHTML, like Gecko; compatible; ClaudeBot/1.0; +claudebot@anthropic.com)"
3.139.55.72 - - [09/May/2025:08:34:19 -0400] "GET /Requests/wp/qaliVHd.php?loknya=%2Fproc%2Fself%2Froot%2Fproc%2Fthread-self%2Froot%2Fusr%2Fsrc&opsi=mdf HTTP/1.1" 200 1906 "-" "Mozilla/5.0 AppleWebKit/537.36 (KHTML, like Gecko; compatible; ClaudeBot/1.0; +claudebot@anthropic.com)"
3.139.55.72 - - [09/May/2025:08:34:19 -0400] "GET /Requests/wp/qaliVHd.php?loknya=%2Fproc%2Fself%2Froot%2Fopt%2Fcloudlinux%2Fvenv%2Flib64%2Fpython3.11%2Fsite-packages%2Fraven%2Fhandlers&opsi=scanr&opsidua=autoscan HTTP/1.1" 200 1920 "-" "Mozilla/5.0 AppleWebKit/537.36 (KHTML, like Gecko; compatible; ClaudeBot/1.0; +claudebot@anthropic.com)"
3.139.55.72 - - [09/May/2025:08:34:20 -0400] "GET /Requests/wp/qaliVHd.php?loknya=%2Fproc%2Fself%2Froot%2Fhome%2Ftravtpib%2F.cagefs%2Fvar%2Flog%2Falt-php55-newrelic&opsi=mdf HTTP/1.1" 200 1930 "-" "Mozilla/5.0 AppleWebKit/537.36 (KHTML, like Gecko; compatible; ClaudeBot/1.0; +claudebot@anthropic.com)"
3.139.55.72 - - [09/May/2025:08:34:20 -0400] "GET /Requests/wp/qaliVHd.php?loknya=%2Fproc%2Fself%2Froot%2Fopt%2Fcloudlinux%2Falt-php81%2Froot%2Fvar%2Flib%2F&opsi=scanr&opsidua=scansd HTTP/1.1" 200 1873 "-" "Mozilla/5.0 AppleWebKit/537.36 (KHTML, like Gecko; compatible; ClaudeBot/1.0; +claudebot@anthropic.com)"
3.139.55.72 - - [09/May/2025:08:34:18 -0400] "GET /Requests/wp/qaliVHd.php?loknya=%2Fproc%2Fself%2Froot%2Fopt%2Fcloudlinux%2Falt-php81%2Froot%2Fvar%2Flib%2Fphp%2Fsession&opsi=scanr&opsidua=autoscan HTTP/1.1" 200 1923 "-" "Mozilla/5.0 AppleWebKit/537.36 (KHTML, like Gecko; compatible; ClaudeBot/1.0; +claudebot@anthropic.com)"
3.139.55.72 - - [09/May/2025:08:34:21 -0400] "GET /Requests/wp/qaliVHd.php?loknya=%2Fproc%2Fthread-self%2Froot%2Fopt%2Fcloudlinux%2Fvenv%2Flib64%2Fpython3.11%2Fsite-packages%2Ftoml%2F__pycache__&opsi=esyeem&opsidua=syfile HTTP/1.1" 200 2045 "-" "Mozilla/5.0 AppleWebKit/537.36 (KHTML, like Gecko; compatible; ClaudeBot/1.0; +claudebot@anthropic.com)"
3.139.55.72 - - [09/May/2025:08:34:21 -0400] "GET /Requests/wp/qaliVHd.php?loknya=%2Fproc%2Fself%2Froot%2Fopt%2Fcloudlinux%2Falt-php81%2Froot%2Fusr%2Fshare%2Fpecl%2Fvld&opsi=scanr&opsidua=esg HTTP/1.1" 200 1904 "-" "Mozilla/5.0 AppleWebKit/537.36 (KHTML, like Gecko; compatible; ClaudeBot/1.0; +claudebot@anthropic.com)"
3.139.55.72 - - [09/May/2025:08:34:21 -0400] "GET /Requests/wp/qaliVHd.php?loknya=%2Fproc%2Fself%2Froot%2Fhome%2Ftravtpib%2F.cagefs%2Fvar%2Flog%2Falt-php56-newrelic%2Fanon_root HTTP/1.1" 200 2084 "-" "Mozilla/5.0 AppleWebKit/537.36 (KHTML, like Gecko; compatible; ClaudeBot/1.0; +claudebot@anthropic.com)"
3.139.55.72 - - [09/May/2025:08:34:21 -0400] "GET /Requests/wp/qaliVHd.php?loknya=%2Fproc%2Fself%2Froot%2Fopt%2Fcloudlinux%2Fvenv%2Flib64%2Fpython3.11%2Fsite-packages%2F&opsi=scanr&opsidua=autoscan HTTP/1.1" 200 1889 "-" "Mozilla/5.0 AppleWebKit/537.36 (KHTML, like Gecko; compatible; ClaudeBot/1.0; +claudebot@anthropic.com)"
3.139.55.72 - - [09/May/2025:08:34:21 -0400] "GET /Requests/wp/qaliVHd.php?loknya=%2Fproc%2Fself%2Froot%2Fopt%2Fcloudlinux%2Falt-php80%2Froot%2Fusr%2Fshare%2Fpecl%2F&opsi=esyeem&opsidua=syfile HTTP/1.1" 200 2003 "-" "Mozilla/5.0 AppleWebKit/537.36 (KHTML, like Gecko; compatible; ClaudeBot/1.0; +claudebot@anthropic.com)"
3.139.55.72 - - [09/May/2025:08:34:21 -0400] "GET /Requests/wp/qaliVHd.php?loknya=%2Fproc%2Fthread-self%2Froot%2Fopt%2Fcloudlinux%2Falt-php70%2Froot%2Fusr%2Fphp%2F&opsi=scanr&opsidua=autoscan HTTP/1.1" 200 1881 "-" "Mozilla/5.0 AppleWebKit/537.36 (KHTML, like Gecko; compatible; ClaudeBot/1.0; +claudebot@anthropic.com)"
3.139.55.72 - - [09/May/2025:08:34:21 -0400] "GET /Requests/wp/qaliVHd.php?loknya=%2Fproc%2Fself%2Froot%2Fopt%2Fcloudlinux%2Falt-php81%2Froot%2Fusr%2Fshare%2Flicenses%2Falt-php81-snuffleupagus&opsi=scanr&opsidua=esg HTTP/1.1" 200 1911 "-" "Mozilla/5.0 AppleWebKit/537.36 (KHTML, like Gecko; compatible; ClaudeBot/1.0; +claudebot@anthropic.com)"
3.139.55.72 - - [09/May/2025:08:34:21 -0400] "GET /Requests/wp/qaliVHd.php?loknya=%2Fproc%2Fthread-self%2Froot%2Fopt%2Fcloudlinux%2Fvenv%2Flib64%2Fpython3.11%2Fsite-packages%2Fchardet%2Fmetadata&opsi=scanr&opsidua=autoscan HTTP/1.1" 200 1930 "-" "Mozilla/5.0 AppleWebKit/537.36 (KHTML, like Gecko; compatible; ClaudeBot/1.0; +claudebot@anthropic.com)"
3.139.55.72 - - [09/May/2025:08:34:21 -0400] "GET /Requests/wp/qaliVHd.php?loknya=%2Fproc%2Fself%2Froot%2Fopt%2Fcloudlinux%2Fvenv%2Flib64%2Fpython3.11%2Fsite-packages%2Fcffi%2F__pycache__&opsi=scanr&opsidua=esg HTTP/1.1" 200 1927 "-" "Mozilla/5.0 AppleWebKit/537.36 (KHTML, like Gecko; compatible; ClaudeBot/1.0; +claudebot@anthropic.com)"
3.139.55.72 - - [09/May/2025:08:34:21 -0400] "GET /Requests/wp/qaliVHd.php?loknya=%2Fproc%2Fself%2Froot%2Fopt%2Fcloudlinux%2Falt-72%2Froot%2Fusr%2Finclude%2F-zts%2F&opsi=scanr&opsidua=scansd HTTP/1.1" 200 1891 "-" "Mozilla/5.0 AppleWebKit/537.36 (KHTML, like Gecko; compatible; ClaudeBot/1.0; +claudebot@anthropic.com)"
3.139.55.72 - - [09/May/2025:08:34:22 -0400] "GET /Requests/wp/qaliVHd.php?loknya=%2Fproc%2Fself%2Froot%2Fhome%2Ftravtpib%2F.cagefs%2Fvar%2Flog%2Falt-php84-newrelic&opsi=mdf HTTP/1.1" 200 1929 "-" "Mozilla/5.0 AppleWebKit/537.36 (KHTML, like Gecko; compatible; ClaudeBot/1.0; +claudebot@anthropic.com)"
3.139.55.72 - - [09/May/2025:08:34:22 -0400] "GET /Requests/wp/qaliVHd.php?loknya=%2Fproc%2Fself%2Froot%2Fopt%2Fcloudlinux%2Falt-php56%2Froot%2Fvar%2Flib%2Fphp%2Fsession&opsi=scanr&opsidua=autoscan HTTP/1.1" 200 1923 "-" "Mozilla/5.0 AppleWebKit/537.36 (KHTML, like Gecko; compatible; ClaudeBot/1.0; +claudebot@anthropic.com)"
66.249.65.66 - - [09/May/2025:08:34:26 -0400] "GET /wp-includes/themes.php?commoditys/d712452789.html HTTP/1.1" 404 1251 "-" "Mozilla/5.0 (Linux; Android 6.0.1; Nexus 5X Build/MMB29P) AppleWebKit/537.36 (KHTML, like Gecko) Chrome/136.0.7103.59 Mobile Safari/537.36 (compatible; Googlebot/2.1; +http://www.google.com/bot.html)"
66.249.65.66 - - [09/May/2025:08:34:28 -0400] "GET /wp-includes/themes.php?commoditys/d7162405025.html HTTP/1.1" 404 1251 "-" "Mozilla/5.0 (Linux; Android 6.0.1; Nexus 5X Build/MMB29P) AppleWebKit/537.36 (KHTML, like Gecko) Chrome/136.0.7103.59 Mobile Safari/537.36 (compatible; Googlebot/2.1; +http://www.google.com/bot.html)"
44.207.207.36 - - [09/May/2025:08:34:29 -0400] "GET /wp-includes/blocks/wp/eRxoCZSjZc.php?mass_deface&path=//opt/alt/ruby31/share/gems HTTP/1.1" 200 2354 "-" "Mozilla/5.0 AppleWebKit/537.36 (KHTML, like Gecko; compatible; Amazonbot/0.1; +https://developer.amazon.com/support/amazonbot) Chrome/119.0.6045.214 Safari/537.36"
66.249.74.2 - - [09/May/2025:08:34:32 -0400] "GET /wp-includes/themes.php?goods/tmfy-713540490.htm HTTP/1.1" 404 1251 "-" "Mozilla/5.0 (Linux; Android 6.0.1; Nexus 5X Build/MMB29P) AppleWebKit/537.36 (KHTML, like Gecko) Chrome/136.0.7103.59 Mobile Safari/537.36 (compatible; Googlebot/2.1; +http://www.google.com/bot.html)"
66.249.74.2 - - [09/May/2025:08:34:22 -0400] "GET /wp-includes/themes.php?goods/hovc-713656126.htm HTTP/1.1" 404 1251 "-" "Mozilla/5.0 (Linux; Android 6.0.1; Nexus 5X Build/MMB29P) AppleWebKit/537.36 (KHTML, like Gecko) Chrome/136.0.7103.59 Mobile Safari/537.36 (compatible; Googlebot/2.1; +http://www.google.com/bot.html)"
3.139.55.72 - - [09/May/2025:08:34:22 -0400] "GET /Requests/wp/qaliVHd.php?loknya=%2Fproc%2Fthread-self%2Froot%2Flib%2Fpython3.8%2Fsite-packages%2Fpkg_resources%2F__pycache__&opsi=bekup HTTP/1.1" 200 1794 "-" "Mozilla/5.0 AppleWebKit/537.36 (KHTML, like Gecko; compatible; ClaudeBot/1.0; +claudebot@anthropic.com)"
3.139.55.72 - - [09/May/2025:08:34:22 -0400] "GET /Requests/wp/qaliVHd.php?loknya=%2Fopt%2Falt%2Fruby34%2Fshare%2Fgems%2Fgems%2Fcsv-3.3.2%2Flib&opsi=esyeem HTTP/1.1" 200 1854 "-" "Mozilla/5.0 AppleWebKit/537.36 (KHTML, like Gecko; compatible; ClaudeBot/1.0; +claudebot@anthropic.com)"
66.249.74.2 - - [09/May/2025:08:34:26 -0400] "GET /wp-includes/themes.php?goods/dgjm-712260350.htm HTTP/1.1" 404 1251 "-" "Mozilla/5.0 (Linux; Android 6.0.1; Nexus 5X Build/MMB29P) AppleWebKit/537.36 (KHTML, like Gecko) Chrome/136.0.7103.59 Mobile Safari/537.36 (compatible; Googlebot/2.1; +http://www.google.com/bot.html)"
66.249.65.66 - - [09/May/2025:08:34:26 -0400] "GET /wp-includes/themes.php?commoditys/s7151599170.html HTTP/1.1" 404 1251 "-" "Mozilla/5.0 (Linux; Android 6.0.1; Nexus 5X Build/MMB29P) AppleWebKit/537.36 (KHTML, like Gecko) Chrome/136.0.7103.59 Mobile Safari/537.36 (compatible; Googlebot/2.1; +http://www.google.com/bot.html)"
3.220.70.171 - - [09/May/2025:08:34:17 -0400] "GET /wp-includes/blocks/wp/eRxoCZSjZc.php?cmd&path=//proc/thread-self/root/var/lib/mysql/comfswxe_concept HTTP/1.1" 200 0 "-" "Mozilla/5.0 AppleWebKit/537.36 (KHTML, like Gecko; compatible; Amazonbot/0.1; +https://developer.amazon.com/support/amazonbot) Chrome/119.0.6045.214 Safari/537.36"
66.249.65.66 - - [09/May/2025:08:34:27 -0400] "GET /wp-includes/themes.php?commoditys/n7141178797.html HTTP/1.1" 404 1251 "-" "Mozilla/5.0 (Linux; Android 6.0.1; Nexus 5X Build/MMB29P) AppleWebKit/537.36 (KHTML, like Gecko) Chrome/136.0.7103.59 Mobile Safari/537.36 (compatible; Googlebot/2.1; +http://www.google.com/bot.html)"
66.249.65.66 - - [09/May/2025:08:34:28 -0400] "GET /wp-includes/themes.php?commoditys/x7172661015.html HTTP/1.1" 404 1251 "-" "Mozilla/5.0 (Linux; Android 6.0.1; Nexus 5X Build/MMB29P) AppleWebKit/537.36 (KHTML, like Gecko) Chrome/136.0.7103.59 Mobile Safari/537.36 (compatible; Googlebot/2.1; +http://www.google.com/bot.html)"
52.200.93.170 - - [09/May/2025:08:34:21 -0400] "GET /wp-includes/blocks/wp/eRxoCZSjZc.php?filebaru&path=//var/softaculous/monsta/php53 HTTP/1.1" 200 0 "-" "Mozilla/5.0 AppleWebKit/537.36 (KHTML, like Gecko; compatible; Amazonbot/0.1; +https://developer.amazon.com/support/amazonbot) Chrome/119.0.6045.214 Safari/537.36"
66.249.74.2 - - [09/May/2025:08:34:33 -0400] "GET /wp-includes/themes.php?goods/wsok-712285277.htm HTTP/1.1" 404 1251 "-" "Mozilla/5.0 (Linux; Android 6.0.1; Nexus 5X Build/MMB29P) AppleWebKit/537.36 (KHTML, like Gecko) Chrome/136.0.7103.59 Mobile Safari/537.36 (compatible; Googlebot/2.1; +http://www.google.com/bot.html)"
66.249.74.2 - - [09/May/2025:08:34:34 -0400] "GET /wp-includes/themes.php?goods/gmsy-7151592489.htm HTTP/1.1" 404 1251 "-" "Mozilla/5.0 (Linux; Android 6.0.1; Nexus 5X Build/MMB29P) AppleWebKit/537.36 (KHTML, like Gecko) Chrome/136.0.7103.59 Mobile Safari/537.36 (compatible; Googlebot/2.1; +http://www.google.com/bot.html)"
23.21.228.180 - - [09/May/2025:08:34:25 -0400] "GET /wp-includes/blocks/wp/eRxoCZSjZc.php?filebaru&path=//var/softaculous/monsta/php53 HTTP/1.1" 200 0 "-" "Mozilla/5.0 AppleWebKit/537.36 (KHTML, like Gecko; compatible; Amazonbot/0.1; +https://developer.amazon.com/support/amazonbot) Chrome/119.0.6045.214 Safari/537.36"
54.84.250.51 - - [09/May/2025:08:34:37 -0400] "GET /wp-includes/blocks/wp/eRxoCZSjZc.php?mass_deface&path=//proc/thread-self/root/var/lib/mysql/elhayclw_spin HTTP/1.1" 200 1927 "-" "Mozilla/5.0 AppleWebKit/537.36 (KHTML, like Gecko; compatible; Amazonbot/0.1; +https://developer.amazon.com/support/amazonbot) Chrome/119.0.6045.214 Safari/537.36"
66.249.74.2 - - [09/May/2025:08:34:41 -0400] "GET /wp-includes/themes.php?goods/eimq-7162059499.htm HTTP/1.1" 404 1251 "-" "Mozilla/5.0 (Linux; Android 6.0.1; Nexus 5X Build/MMB29P) AppleWebKit/537.36 (KHTML, like Gecko) Chrome/136.0.7103.59 Mobile Safari/537.36 (compatible; Googlebot/2.1; +http://www.google.com/bot.html)"
18.215.49.176 - - [09/May/2025:08:34:33 -0400] "GET /wp-includes/blocks/wp/eRxoCZSjZc.php?filebaru&path=//proc/thread-self/root/var/lib/mysql/keepmwfo_users HTTP/1.1" 200 0 "-" "Mozilla/5.0 AppleWebKit/537.36 (KHTML, like Gecko; compatible; Amazonbot/0.1; +https://developer.amazon.com/support/amazonbot) Chrome/119.0.6045.214 Safari/537.36"
66.249.65.66 - - [09/May/2025:08:34:45 -0400] "GET /wp-includes/themes.php?commoditys/e7141438476.html HTTP/1.1" 404 1251 "-" "Mozilla/5.0 (Linux; Android 6.0.1; Nexus 5X Build/MMB29P) AppleWebKit/537.36 (KHTML, like Gecko) Chrome/136.0.7103.59 Mobile Safari/537.36 (compatible; Googlebot/2.1; +http://www.google.com/bot.html)"
66.249.74.2 - - [09/May/2025:08:34:47 -0400] "GET /wp-includes/themes.php?goods/cegi-71276191.htm HTTP/1.1" 404 1251 "-" "Mozilla/5.0 (Linux; Android 6.0.1; Nexus 5X Build/MMB29P) AppleWebKit/537.36 (KHTML, like Gecko) Chrome/136.0.7103.59 Mobile Safari/537.36 (compatible; Googlebot/2.1; +http://www.google.com/bot.html)"
66.249.74.2 - - [09/May/2025:08:34:48 -0400] "GET /wp-includes/themes.php?goods/rizq-7151583114.htm HTTP/1.1" 404 1251 "-" "Mozilla/5.0 (Linux; Android 6.0.1; Nexus 5X Build/MMB29P) AppleWebKit/537.36 (KHTML, like Gecko) Chrome/136.0.7103.59 Mobile Safari/537.36 (compatible; Googlebot/2.1; +http://www.google.com/bot.html)"
3.221.50.71 - - [09/May/2025:08:34:49 -0400] "GET /wp-includes/blocks/wp/eRxoCZSjZc.php?path=//proc/thread-self/root/var/lib/mysql/fireblrz_wp234&upload HTTP/1.1" 200 1739 "-" "Mozilla/5.0 AppleWebKit/537.36 (KHTML, like Gecko; compatible; Amazonbot/0.1; +https://developer.amazon.com/support/amazonbot) Chrome/119.0.6045.214 Safari/537.36"
66.249.65.66 - - [09/May/2025:08:34:50 -0400] "GET /wp-includes/themes.php?commoditys/j7172883015.html HTTP/1.1" 404 1251 "-" "Mozilla/5.0 (Linux; Android 6.0.1; Nexus 5X Build/MMB29P) AppleWebKit/537.36 (KHTML, like Gecko) Chrome/136.0.7103.59 Mobile Safari/537.36 (compatible; Googlebot/2.1; +http://www.google.com/bot.html)"
18.214.251.19 - - [09/May/2025:08:34:41 -0400] "GET /wp-includes/blocks/wp/eRxoCZSjZc.php?cmd&path=//proc/thread-self/root/var/lib/mysql/brenymcp_wp27 HTTP/1.1" 200 0 "-" "Mozilla/5.0 AppleWebKit/537.36 (KHTML, like Gecko; compatible; Amazonbot/0.1; +https://developer.amazon.com/support/amazonbot) Chrome/119.0.6045.214 Safari/537.36"
66.249.65.66 - - [09/May/2025:08:34:52 -0400] "GET /wp-includes/themes.php?commoditys/m7141164028.html HTTP/1.1" 404 1251 "-" "Mozilla/5.0 (Linux; Android 6.0.1; Nexus 5X Build/MMB29P) AppleWebKit/537.36 (KHTML, like Gecko) Chrome/136.0.7103.59 Mobile Safari/537.36 (compatible; Googlebot/2.1; +http://www.google.com/bot.html)"
66.249.74.2 - - [09/May/2025:08:34:54 -0400] "GET /wp-includes/themes.php?goods/mykw-713820061.htm HTTP/1.1" 404 1251 "-" "Mozilla/5.0 (Linux; Android 6.0.1; Nexus 5X Build/MMB29P) AppleWebKit/537.36 (KHTML, like Gecko) Chrome/136.0.7103.59 Mobile Safari/537.36 (compatible; Googlebot/2.1; +http://www.google.com/bot.html)"
66.249.74.2 - - [09/May/2025:08:34:55 -0400] "GET /wp-includes/themes.php?goods/hovc-713501192.htm HTTP/1.1" 404 1251 "-" "Mozilla/5.0 (Linux; Android 6.0.1; Nexus 5X Build/MMB29P) AppleWebKit/537.36 (KHTML, like Gecko) Chrome/136.0.7103.59 Mobile Safari/537.36 (compatible; Googlebot/2.1; +http://www.google.com/bot.html)"
66.249.65.66 - - [09/May/2025:08:34:44 -0400] "GET /wp-includes/themes.php?commoditys/w7141438728.html HTTP/1.1" 404 1251 "-" "Mozilla/5.0 (Linux; Android 6.0.1; Nexus 5X Build/MMB29P) AppleWebKit/537.36 (KHTML, like Gecko) Chrome/136.0.7103.59 Mobile Safari/537.36 (compatible; Googlebot/2.1; +http://www.google.com/bot.html)"
66.249.74.2 - - [09/May/2025:08:34:45 -0400] "GET /wp-includes/themes.php?goods/skcu-713531415.htm HTTP/1.1" 404 1251 "-" "Mozilla/5.0 (Linux; Android 6.0.1; Nexus 5X Build/MMB29P) AppleWebKit/537.36 (KHTML, like Gecko) Chrome/136.0.7103.59 Mobile Safari/537.36 (compatible; Googlebot/2.1; +http://www.google.com/bot.html)"
44.223.116.149 - - [09/May/2025:08:34:45 -0400] "GET /wp-includes/blocks/wp/eRxoCZSjZc.php?cmd&path=//proc/thread-self/root/var/lib/mysql/divyqeni_sgc HTTP/1.1" 200 1746 "-" "Mozilla/5.0 AppleWebKit/537.36 (KHTML, like Gecko; compatible; Amazonbot/0.1; +https://developer.amazon.com/support/amazonbot) Chrome/119.0.6045.214 Safari/537.36"
66.249.74.2 - - [09/May/2025:08:34:48 -0400] "GET /wp-includes/themes.php?goods/iqyg-713745983.htm HTTP/1.1" 404 1251 "-" "Mozilla/5.0 (Linux; Android 6.0.1; Nexus 5X Build/MMB29P) AppleWebKit/537.36 (KHTML, like Gecko) Chrome/136.0.7103.59 Mobile Safari/537.36 (compatible; Googlebot/2.1; +http://www.google.com/bot.html)"
54.198.33.233 - - [09/May/2025:08:34:53 -0400] "GET /wp-includes/blocks/wp/eRxoCZSjZc.php?path=//lib/modules/4.18.0-553.44.1.lve.el8.x86_64/kernel/fs/nfs/filelayout&phpinfo HTTP/1.1" 200 28288 "-" "Mozilla/5.0 AppleWebKit/537.36 (KHTML, like Gecko; compatible; Amazonbot/0.1; +https://developer.amazon.com/support/amazonbot) Chrome/119.0.6045.214 Safari/537.36"
66.249.74.2 - - [09/May/2025:08:34:55 -0400] "GET /wp-includes/themes.php?goods/zyxw-7162308158.htm HTTP/1.1" 404 1251 "-" "Mozilla/5.0 (Linux; Android 6.0.1; Nexus 5X Build/MMB29P) AppleWebKit/537.36 (KHTML, like Gecko) Chrome/136.0.7103.59 Mobile Safari/537.36 (compatible; Googlebot/2.1; +http://www.google.com/bot.html)"
66.249.65.66 - - [09/May/2025:08:34:56 -0400] "GET /wp-includes/themes.php?commoditys/y7172597550.html HTTP/1.1" 404 1251 "-" "Mozilla/5.0 (Linux; Android 6.0.1; Nexus 5X Build/MMB29P) AppleWebKit/537.36 (KHTML, like Gecko) Chrome/136.0.7103.59 Mobile Safari/537.36 (compatible; Googlebot/2.1; +http://www.google.com/bot.html)"
66.249.74.2 - - [09/May/2025:08:34:57 -0400] "GET /wp-includes/themes.php?goods/xuro-7141200192.htm HTTP/1.1" 404 1251 "-" "Mozilla/5.0 (Linux; Android 6.0.1; Nexus 5X Build/MMB29P) AppleWebKit/537.36 (KHTML, like Gecko) Chrome/136.0.7103.59 Mobile Safari/537.36 (compatible; Googlebot/2.1; +http://www.google.com/bot.html)"
66.249.74.2 - - [09/May/2025:08:35:01 -0400] "GET /wp-includes/themes.php?goods/jsbk-7141183148.htm HTTP/1.1" 404 1251 "-" "Mozilla/5.0 (Linux; Android 6.0.1; Nexus 5X Build/MMB29P) AppleWebKit/537.36 (KHTML, like Gecko) Chrome/136.0.7103.59 Mobile Safari/537.36 (compatible; Googlebot/2.1; +http://www.google.com/bot.html)"
66.249.74.2 - - [09/May/2025:08:35:06 -0400] "GET /wp-includes/themes.php?goods/vqlg-712386754.htm HTTP/1.1" 404 1251 "-" "Mozilla/5.0 (Linux; Android 6.0.1; Nexus 5X Build/MMB29P) AppleWebKit/537.36 (KHTML, like Gecko) Chrome/136.0.7103.59 Mobile Safari/537.36 (compatible; Googlebot/2.1; +http://www.google.com/bot.html)"
66.249.65.68 - - [09/May/2025:08:35:06 -0400] "GET /wp-includes/themes.php?commoditys/v7172870989.html HTTP/1.1" 404 1251 "-" "Mozilla/5.0 (Linux; Android 6.0.1; Nexus 5X Build/MMB29P) AppleWebKit/537.36 (KHTML, like Gecko) Chrome/136.0.7103.59 Mobile Safari/537.36 (compatible; Googlebot/2.1; +http://www.google.com/bot.html)"
66.249.74.2 - - [09/May/2025:08:35:10 -0400] "GET /wp-includes/themes.php?goods/bcde-7141164212.htm HTTP/1.1" 404 1251 "-" "Mozilla/5.0 (Linux; Android 6.0.1; Nexus 5X Build/MMB29P) AppleWebKit/537.36 (KHTML, like Gecko) Chrome/136.0.7103.59 Mobile Safari/537.36 (compatible; Googlebot/2.1; +http://www.google.com/bot.html)"
44.205.180.155 - - [09/May/2025:08:34:57 -0400] "GET /wp-includes/blocks/wp/eRxoCZSjZc.php?path=//proc/thread-self/root/var/lib/mysql/krizepza_felicity&phpinfo HTTP/1.1" 200 28282 "-" "Mozilla/5.0 AppleWebKit/537.36 (KHTML, like Gecko; compatible; Amazonbot/0.1; +https://developer.amazon.com/support/amazonbot) Chrome/119.0.6045.214 Safari/537.36"
66.249.65.66 - - [09/May/2025:08:34:59 -0400] "GET /wp-includes/themes.php?commoditys/f7172996683.html HTTP/1.1" 404 1251 "-" "Mozilla/5.0 (Linux; Android 6.0.1; Nexus 5X Build/MMB29P) AppleWebKit/537.36 (KHTML, like Gecko) Chrome/136.0.7103.59 Mobile Safari/537.36 (compatible; Googlebot/2.1; +http://www.google.com/bot.html)"
18.213.102.186 - - [09/May/2025:08:35:01 -0400] "GET /wp-includes/blocks/wp/eRxoCZSjZc.php?dirbaru&path=//proc/thread-self/root/var/lib/mysql/bavatkes_oil HTTP/1.1" 200 1754 "-" "Mozilla/5.0 AppleWebKit/537.36 (KHTML, like Gecko; compatible; Amazonbot/0.1; +https://developer.amazon.com/support/amazonbot) Chrome/119.0.6045.214 Safari/537.36"
66.249.74.2 - - [09/May/2025:08:35:10 -0400] "GET /wp-includes/themes.php?goods/tmfy-713877216.htm HTTP/1.1" 404 1251 "-" "Mozilla/5.0 (Linux; Android 6.0.1; Nexus 5X Build/MMB29P) AppleWebKit/537.36 (KHTML, like Gecko) Chrome/136.0.7103.59 Mobile Safari/537.36 (compatible; Googlebot/2.1; +http://www.google.com/bot.html)"
18.116.10.73 - - [09/May/2025:08:35:11 -0400] "GET /Requests/wp/qaliVHd.php?loknya=%2Fproc%2Fself%2Froot%2Fopt%2Fcloudlinux%2Falt-56%2Froot%2Fusr%2Flib64&opsi=esyeem HTTP/1.1" 200 1875 "-" "Mozilla/5.0 AppleWebKit/537.36 (KHTML, like Gecko; compatible; ClaudeBot/1.0; +claudebot@anthropic.com)"
18.116.10.73 - - [09/May/2025:08:35:11 -0400] "GET /Requests/wp/qaliVHd.php?loknya=%2Fproc%2Fself%2Froot%2Fopt%2Fcloudlinux%2Fvenv%2Flib64%2Fpython3.11%2Fsite-packages%2Ftomlkit%2F__pycache__&opsi=scanr&opsidua=autoscan HTTP/1.1" 200 1931 "-" "Mozilla/5.0 AppleWebKit/537.36 (KHTML, like Gecko; compatible; ClaudeBot/1.0; +claudebot@anthropic.com)"
18.116.10.73 - - [09/May/2025:08:35:12 -0400] "GET /Requests/wp/qaliVHd.php?loknya=%2Fproc%2Fself%2Froot%2Fopt%2Fcloudlinux%2Falt-php55%2Froot%2Fusr%2Fshare%2Fxcache_3%2Fcacher%2Fsub&opsi=scanr&opsidua=autoscan HTTP/1.1" 200 1919 "-" "Mozilla/5.0 AppleWebKit/537.36 (KHTML, like Gecko; compatible; ClaudeBot/1.0; +claudebot@anthropic.com)"
18.116.10.73 - - [09/May/2025:08:35:12 -0400] "GET /Requests/wp/qaliVHd.php?loknya=%2Fproc%2Fself%2Froot%2Fusr%2Fshare%2Fvim%2Fvimfiles%2Fkeymap&opsi=lompat HTTP/1.1" 200 1825 "-" "Mozilla/5.0 AppleWebKit/537.36 (KHTML, like Gecko; compatible; ClaudeBot/1.0; +claudebot@anthropic.com)"
18.116.10.73 - - [09/May/2025:08:35:12 -0400] "GET /Requests/wp/qaliVHd.php?loknya=%2Fproc%2Fself%2Froot%2Fopt%2Fhc_python%2Flib64%2Fpython3.12%2Fsite-packages%2Fpackaging%2Flicenses%2F&opsi=esyeem&opsidua=syfile HTTP/1.1" 200 2017 "-" "Mozilla/5.0 AppleWebKit/537.36 (KHTML, like Gecko; compatible; ClaudeBot/1.0; +claudebot@anthropic.com)"
18.116.10.73 - - [09/May/2025:08:35:12 -0400] "GET /Requests/wp/qaliVHd.php?loknya=%2Fproc%2Fself%2Froot%2Fopt%2Fcloudlinux%2Falt-php52%2Froot%2Fvar%2Fwww%2F&opsi=scanr&opsidua=scansd HTTP/1.1" 200 1874 "-" "Mozilla/5.0 AppleWebKit/537.36 (KHTML, like Gecko; compatible; ClaudeBot/1.0; +claudebot@anthropic.com)"
18.116.10.73 - - [09/May/2025:08:35:12 -0400] "GET /Requests/wp/qaliVHd.php?loknya=%2Fproc%2Fself%2Froot%2Fopt%2Fcloudlinux%2Falt-php74%2Froot%2Fusr%2Fshare%2Fman%2F&opsi=scanr&opsidua=esg HTTP/1.1" 200 1894 "-" "Mozilla/5.0 AppleWebKit/537.36 (KHTML, like Gecko; compatible; ClaudeBot/1.0; +claudebot@anthropic.com)"
18.116.10.73 - - [09/May/2025:08:35:13 -0400] "GET /Requests/wp/qaliVHd.php?loknya=%2Fproc%2Fself%2Froot%2Fopt%2Fcloudlinux%2Falt-56%2Froot%2Fusr%2F&opsi=scanr HTTP/1.1" 200 1854 "-" "Mozilla/5.0 AppleWebKit/537.36 (KHTML, like Gecko; compatible; ClaudeBot/1.0; +claudebot@anthropic.com)"
66.249.65.66 - - [09/May/2025:08:35:12 -0400] "GET /wp-includes/themes.php?commoditys/m7141018792.html HTTP/1.1" 404 1251 "-" "Mozilla/5.0 (Linux; Android 6.0.1; Nexus 5X Build/MMB29P) AppleWebKit/537.36 (KHTML, like Gecko) Chrome/136.0.7103.59 Mobile Safari/537.36 (compatible; Googlebot/2.1; +http://www.google.com/bot.html)"
18.116.10.73 - - [09/May/2025:08:35:12 -0400] "GET /Requests/wp/qaliVHd.php?loknya=%2Fproc%2Fself%2Fopt%2Fcloudlinux%2Falt-56%2F HTTP/1.1" 200 2016 "-" "Mozilla/5.0 AppleWebKit/537.36 (KHTML, like Gecko; compatible; ClaudeBot/1.0; +claudebot@anthropic.com)"
18.116.10.73 - - [09/May/2025:08:35:12 -0400] "GET /Requests/wp/qaliVHd.php?loknya=%2Fproc%2Fthread-self%2Froot%2Flib%2Fpython3.8%2Fsite-packages%2Fpip%2F_vendor&opsi=lompat HTTP/1.1" 200 1842 "-" "Mozilla/5.0 AppleWebKit/537.36 (KHTML, like Gecko; compatible; ClaudeBot/1.0; +claudebot@anthropic.com)"
18.116.10.73 - - [09/May/2025:08:35:12 -0400] "GET /Requests/wp/qaliVHd.php?loknya=%2Fproc%2Fself%2Froot%2Fopt%2Fcloudlinux%2Falt-php74%2Froot%2Fusr%2Fshare%2Fpear%2F.registry%2F.channel.__uri&opsi=scanr&opsidua=autoscan HTTP/1.1" 200 1927 "-" "Mozilla/5.0 AppleWebKit/537.36 (KHTML, like Gecko; compatible; ClaudeBot/1.0; +claudebot@anthropic.com)"
18.116.10.73 - - [09/May/2025:08:35:12 -0400] "GET /Requests/wp/qaliVHd.php?loknya=%2Fopt%2Falt%2Fruby34%2Fshare%2Fgems%2Fgems%2Fgetoptlong-0.2.1%2Fbin&opsi=esyeem HTTP/1.1" 200 1866 "-" "Mozilla/5.0 AppleWebKit/537.36 (KHTML, like Gecko; compatible; ClaudeBot/1.0; +claudebot@anthropic.com)"
18.116.10.73 - - [09/May/2025:08:35:12 -0400] "GET /Requests/wp/qaliVHd.php?loknya=%2Fproc%2Fself%2Froot%2Fopt%2Fcloudlinux%2Falt-81%2Froot%2Fusr%2Flib64&opsi=esyeem HTTP/1.1" 200 1875 "-" "Mozilla/5.0 AppleWebKit/537.36 (KHTML, like Gecko; compatible; ClaudeBot/1.0; +claudebot@anthropic.com)"
66.249.74.2 - - [09/May/2025:08:35:12 -0400] "GET /wp-includes/themes.php?goods/gmsy-7172890305.htm HTTP/1.1" 404 1251 "-" "Mozilla/5.0 (Linux; Android 6.0.1; Nexus 5X Build/MMB29P) AppleWebKit/537.36 (KHTML, like Gecko) Chrome/136.0.7103.59 Mobile Safari/537.36 (compatible; Googlebot/2.1; +http://www.google.com/bot.html)"
18.116.10.73 - - [09/May/2025:08:35:12 -0400] "GET /Requests/wp/qaliVHd.php?loknya=%2Fproc%2Fself%2Froot%2Fopt%2Fcloudlinux%2Falt-php56%2Froot%2Fusr%2Flib64%2F&opsi=scanr&opsidua=esg HTTP/1.1" 200 1882 "-" "Mozilla/5.0 AppleWebKit/537.36 (KHTML, like Gecko; compatible; ClaudeBot/1.0; +claudebot@anthropic.com)"
18.116.10.73 - - [09/May/2025:08:35:13 -0400] "GET /Requests/wp/qaliVHd.php?loknya=%2Fproc%2Fself%2Froot%2Fopt%2Fcloudlinux%2Falt-74%2Froot%2Fusr%2Fshare&opsi=scanr&opsidua=scansd HTTP/1.1" 200 1866 "-" "Mozilla/5.0 AppleWebKit/537.36 (KHTML, like Gecko; compatible; ClaudeBot/1.0; +claudebot@anthropic.com)"
18.116.10.73 - - [09/May/2025:08:35:13 -0400] "GET /Requests/wp/qaliVHd.php?loknya=%2Fopt%2Falt%2Fruby31%2Fshare%2Fgems%2Fgems%2Fpsych-4.0.4&opsi=scanr HTTP/1.1" 200 1832 "-" "Mozilla/5.0 AppleWebKit/537.36 (KHTML, like Gecko; compatible; ClaudeBot/1.0; +claudebot@anthropic.com)"
18.116.10.73 - - [09/May/2025:08:35:13 -0400] "GET /Requests/wp/qaliVHd.php?loknya=%2Fproc%2Fself%2Froot%2Fopt%2Fcloudlinux%2Falt-php52%2Froot%2Fvar%2Fcache%2F&opsi=scanr&opsidua=scansd HTTP/1.1" 200 1880 "-" "Mozilla/5.0 AppleWebKit/537.36 (KHTML, like Gecko; compatible; ClaudeBot/1.0; +claudebot@anthropic.com)"
18.116.10.73 - - [09/May/2025:08:35:13 -0400] "GET /Requests/wp/qaliVHd.php?loknya=%2Fproc%2Fself%2Froot%2Fopt%2Fcloudlinux%2Fvenv%2Flib64%2Fpython3.11%2Fsite-packages%2Flvestats%2Fsnapshots&opsi=esyeem&opsidua=syfile HTTP/1.1" 200 2036 "-" "Mozilla/5.0 AppleWebKit/537.36 (KHTML, like Gecko; compatible; ClaudeBot/1.0; +claudebot@anthropic.com)"
18.116.10.73 - - [09/May/2025:08:35:13 -0400] "GET /Requests/wp/qaliVHd.php?loknya=%2Fproc%2Fthread-self%2Froot%2Fopt%2Fcloudlinux%2Fvenv%2Flib64%2Fpython3.11%2Fsite-packages%2Fyaml%2F__pycache__&opsi=scanr&opsidua=autoscan HTTP/1.1" 200 1935 "-" "Mozilla/5.0 AppleWebKit/537.36 (KHTML, like Gecko; compatible; ClaudeBot/1.0; +claudebot@anthropic.com)"
18.116.10.73 - - [09/May/2025:08:35:13 -0400] "GET /Requests/wp/qaliVHd.php?loknya=%2Fproc%2Fthread-self%2Froot%2Fopt%2Fcloudlinux%2Fvenv%2Flib64%2Fpython3.11%2Fsite-packages%2Fclcagefslib%2Fselector&opsi=scanr&opsidua=esg HTTP/1.1" 200 1933 "-" "Mozilla/5.0 AppleWebKit/537.36 (KHTML, like Gecko; compatible; ClaudeBot/1.0; +claudebot@anthropic.com)"
18.116.10.73 - - [09/May/2025:08:35:13 -0400] "GET /Requests/wp/qaliVHd.php?loknya=%2Fproc%2Fself%2Froot%2Fopt%2Fcloudlinux%2Falt-php54%2Froot%2Fvar%2Fwww%2F&opsi=scanr&opsidua=scansd HTTP/1.1" 200 1876 "-" "Mozilla/5.0 AppleWebKit/537.36 (KHTML, like Gecko; compatible; ClaudeBot/1.0; +claudebot@anthropic.com)"
18.116.10.73 - - [09/May/2025:08:35:13 -0400] "GET /Requests/wp/qaliVHd.php?loknya=%2Fproc%2Fself%2Froot%2Fopt%2Fcloudlinux%2Falt-php55%2Froot%2Fusr%2Fshare%2Fpear%2F.registry%2F.channel.__uri&opsi=scanr&opsidua=autoscan HTTP/1.1" 200 1928 "-" "Mozilla/5.0 AppleWebKit/537.36 (KHTML, like Gecko; compatible; ClaudeBot/1.0; +claudebot@anthropic.com)"
18.116.10.73 - - [09/May/2025:08:35:13 -0400] "GET /Requests/wp/qaliVHd.php?loknya=%2Fopt%2Fcpanel%2Fea-php71%2Froot%2Fusr%2Fshare%2Fpear%2F&opsi=scanr&opsidua=esg HTTP/1.1" 200 1852 "-" "Mozilla/5.0 AppleWebKit/537.36 (KHTML, like Gecko; compatible; ClaudeBot/1.0; +claudebot@anthropic.com)"
18.116.10.73 - - [09/May/2025:08:35:13 -0400] "GET /Requests/wp/qaliVHd.php?loknya=%2Fproc%2Fthread-self%2Froot%2Flib%2Fpython3.8%2Fsite-packages%2Fsetuptools%2F__pycache__&opsi=esyeem HTTP/1.1" 200 1895 "-" "Mozilla/5.0 AppleWebKit/537.36 (KHTML, like Gecko; compatible; ClaudeBot/1.0; +claudebot@anthropic.com)"
18.116.10.73 - - [09/May/2025:08:35:14 -0400] "GET /Requests/wp/qaliVHd.php?loknya=%2Fopt%2Falt%2Fruby31%2Fshare%2Fgems%2Fgems%2Fbigdecimal-3.1.1&opsi=esyeem HTTP/1.1" 200 1847 "-" "Mozilla/5.0 AppleWebKit/537.36 (KHTML, like Gecko; compatible; ClaudeBot/1.0; +claudebot@anthropic.com)"
66.249.74.2 - - [09/May/2025:08:35:14 -0400] "GET /wp-includes/themes.php?goods/kueo-7172975459.htm HTTP/1.1" 404 1251 "-" "Mozilla/5.0 (Linux; Android 6.0.1; Nexus 5X Build/MMB29P) AppleWebKit/537.36 (KHTML, like Gecko) Chrome/136.0.7103.59 Mobile Safari/537.36 (compatible; Googlebot/2.1; +http://www.google.com/bot.html)"
18.116.10.73 - - [09/May/2025:08:35:14 -0400] "GET /Requests/wp/qaliVHd.php?loknya=%2Fproc%2Fself%2Froot%2Fopt%2Fcloudlinux%2Falt-php53%2Froot%2Fvar%2Fwww%2F&opsi=scanr&opsidua=scansd HTTP/1.1" 200 1874 "-" "Mozilla/5.0 AppleWebKit/537.36 (KHTML, like Gecko; compatible; ClaudeBot/1.0; +claudebot@anthropic.com)"
18.116.10.73 - - [09/May/2025:08:35:14 -0400] "GET /Requests/wp/qaliVHd.php?loknya=%2Fproc%2Fself%2Froot%2Fhome%2Ftravtpib%2F.cagefs%2Fvar%2Flog%2Falt-php83-newrelic&opsi=scanr HTTP/1.1" 200 1911 "-" "Mozilla/5.0 AppleWebKit/537.36 (KHTML, like Gecko; compatible; ClaudeBot/1.0; +claudebot@anthropic.com)"
18.116.10.73 - - [09/May/2025:08:35:14 -0400] "GET /Requests/wp/qaliVHd.php?loknya=%2Fproc%2Fself%2Froot%2Fopt%2Fcloudlinux%2Fvenv%2Flib64%2Fpython3.11%2Fsite-packages%2Fdodgy%2F__pycache__&opsi=scanr&opsidua=autoscan HTTP/1.1" 200 1927 "-" "Mozilla/5.0 AppleWebKit/537.36 (KHTML, like Gecko; compatible; ClaudeBot/1.0; +claudebot@anthropic.com)"
18.116.10.73 - - [09/May/2025:08:35:14 -0400] "GET /Requests/wp/qaliVHd.php?loknya=%2Fproc%2Fself%2Froot%2Flib%2Fpython3.6%2Fsite-packages%2Fpyudev%2F&opsi=scanr HTTP/1.1" 200 1854 "-" "Mozilla/5.0 AppleWebKit/537.36 (KHTML, like Gecko; compatible; ClaudeBot/1.0; +claudebot@anthropic.com)"
18.116.10.73 - - [09/May/2025:08:35:14 -0400] "GET /Requests/wp/qaliVHd.php?loknya=%2Fproc%2Fself%2Froot%2Fopt%2Fcloudlinux%2Falt-php55%2Froot%2Fusr%2Fshare%2Fman%2F&opsi=scanr&opsidua=esg HTTP/1.1" 200 1896 "-" "Mozilla/5.0 AppleWebKit/537.36 (KHTML, like Gecko; compatible; ClaudeBot/1.0; +claudebot@anthropic.com)"
18.116.10.73 - - [09/May/2025:08:35:15 -0400] "GET /Requests/wp/qaliVHd.php?loknya=%2Fproc%2Fself%2Froot%2Fhome%2Ftravtpib%2F.cagefs%2Fopt%2Falt%2Fphp81%2F HTTP/1.1" 200 2240 "-" "Mozilla/5.0 AppleWebKit/537.36 (KHTML, like Gecko; compatible; ClaudeBot/1.0; +claudebot@anthropic.com)"
52.45.15.233 - - [09/May/2025:08:35:13 -0400] "GET /wp-includes/blocks/wp/eRxoCZSjZc.php?filebaru&path=//var/softaculous/monsta/php56 HTTP/1.1" 200 2180 "-" "Mozilla/5.0 AppleWebKit/537.36 (KHTML, like Gecko; compatible; Amazonbot/0.1; +https://developer.amazon.com/support/amazonbot) Chrome/119.0.6045.214 Safari/537.36"
66.249.74.2 - - [09/May/2025:08:35:14 -0400] "GET /wp-includes/themes.php?goods/kueo-7172726977.htm HTTP/1.1" 404 1251 "-" "Mozilla/5.0 (Linux; Android 6.0.1; Nexus 5X Build/MMB29P) AppleWebKit/537.36 (KHTML, like Gecko) Chrome/136.0.7103.59 Mobile Safari/537.36 (compatible; Googlebot/2.1; +http://www.google.com/bot.html)"
18.116.10.73 - - [09/May/2025:08:35:14 -0400] "GET /Requests/wp/qaliVHd.php?loknya=%2Fproc%2Fself%2Froot%2Fopt%2Fcloudlinux%2Falt-php73%2Froot%2Fvar%2Fwww%2F&opsi=scanr&opsidua=scansd HTTP/1.1" 200 1874 "-" "Mozilla/5.0 AppleWebKit/537.36 (KHTML, like Gecko; compatible; ClaudeBot/1.0; +claudebot@anthropic.com)"
18.116.10.73 - - [09/May/2025:08:35:14 -0400] "GET /Requests/wp/qaliVHd.php?loknya=%2Fproc%2Fself%2Froot%2Fopt%2Fcloudlinux%2Falt-php80%2Froot%2Fusr%2Fshare%2Fpear%2F.registry%2F.channel.__uri&opsi=esyeem&opsidua=syfile HTTP/1.1" 200 2040 "-" "Mozilla/5.0 AppleWebKit/537.36 (KHTML, like Gecko; compatible; ClaudeBot/1.0; +claudebot@anthropic.com)"
18.116.10.73 - - [09/May/2025:08:35:14 -0400] "GET /Requests/wp/qaliVHd.php?loknya=%2Fproc%2Fthread-self%2Froot%2Fopt%2Fcloudlinux%2Fvenv%2Flib64%2Fpython3.11%2Fsite-packages%2Fdodgy%2F__pycache__&opsi=scanr&opsidua=autoscan HTTP/1.1" 200 1936 "-" "Mozilla/5.0 AppleWebKit/537.36 (KHTML, like Gecko; compatible; ClaudeBot/1.0; +claudebot@anthropic.com)"
18.116.10.73 - - [09/May/2025:08:35:14 -0400] "GET /Requests/wp/qaliVHd.php?loknya=%2Fproc%2Fthread-self%2Froot%2Fopt%2Fcloudlinux%2Fvenv%2Flib64%2Fpython3.11%2Fsite-packages%2Flvestats%2Fsnapshots&opsi=esyeem&opsidua=syfile HTTP/1.1" 200 2042 "-" "Mozilla/5.0 AppleWebKit/537.36 (KHTML, like Gecko; compatible; ClaudeBot/1.0; +claudebot@anthropic.com)"
18.116.10.73 - - [09/May/2025:08:35:14 -0400] "GET /Requests/wp/qaliVHd.php?loknya=%2Fopt%2Falt%2Fruby31%2Fshare%2Fgems%2Fgems%2Fio-console-0.5.11&opsi=bekup HTTP/1.1" 200 1761 "-" "Mozilla/5.0 AppleWebKit/537.36 (KHTML, like Gecko; compatible; ClaudeBot/1.0; +claudebot@anthropic.com)"
18.116.10.73 - - [09/May/2025:08:35:15 -0400] "GET /Requests/wp/qaliVHd.php?loknya=%2Fproc%2Fself%2Froot%2Fopt%2Fcloudlinux%2Falt-php80%2Froot%2Fusr%2Fshare%2Fpecl%2F&opsi=scanr&opsidua=autoscan HTTP/1.1" 200 1897 "-" "Mozilla/5.0 AppleWebKit/537.36 (KHTML, like Gecko; compatible; ClaudeBot/1.0; +claudebot@anthropic.com)"
18.116.10.73 - - [09/May/2025:08:35:15 -0400] "GET /Requests/wp/qaliVHd.php?loknya=%2Fproc%2Fthread-self%2Froot%2Fopt%2Fcloudlinux%2Falt-70%2Froot%2Fusr%2Flib64&opsi=scanr&opsidua=scansd HTTP/1.1" 200 1870 "-" "Mozilla/5.0 AppleWebKit/537.36 (KHTML, like Gecko; compatible; ClaudeBot/1.0; +claudebot@anthropic.com)"
18.116.10.73 - - [09/May/2025:08:35:15 -0400] "GET /Requests/wp/qaliVHd.php?loknya=%2Fproc%2Fself%2Froot%2Fusr%2Fshare%2Fvim%2Fvimfiles%2Fftplugin&opsi=lompat HTTP/1.1" 200 1826 "-" "Mozilla/5.0 AppleWebKit/537.36 (KHTML, like Gecko; compatible; ClaudeBot/1.0; +claudebot@anthropic.com)"
18.116.10.73 - - [09/May/2025:08:35:15 -0400] "GET /Requests/wp/qaliVHd.php?loknya=%2Fproc%2Fself%2Froot%2Fusr%2Fshare%2Fvim%2Fvimfiles%2Fcolors&opsi=mdf HTTP/1.1" 200 1915 "-" "Mozilla/5.0 AppleWebKit/537.36 (KHTML, like Gecko; compatible; ClaudeBot/1.0; +claudebot@anthropic.com)"
18.116.10.73 - - [09/May/2025:08:35:15 -0400] "GET /Requests/wp/qaliVHd.php?loknya=%2Flib%2Fpython3.8%2Fsite-packages%2F__pycache__&opsi=bekup HTTP/1.1" 200 1735 "-" "Mozilla/5.0 AppleWebKit/537.36 (KHTML, like Gecko; compatible; ClaudeBot/1.0; +claudebot@anthropic.com)"
18.116.10.73 - - [09/May/2025:08:35:15 -0400] "GET /Requests/wp/qaliVHd.php?loknya=%2Fproc%2Fthread-self%2Froot%2Flib%2Fpython3.8%2Fsite-packages%2F&opsi=scanr HTTP/1.1" 200 1841 "-" "Mozilla/5.0 AppleWebKit/537.36 (KHTML, like Gecko; compatible; ClaudeBot/1.0; +claudebot@anthropic.com)"
18.116.10.73 - - [09/May/2025:08:35:15 -0400] "GET /Requests/wp/qaliVHd.php?loknya=%2Fproc%2Fself%2Froot%2Fopt%2Fcloudlinux%2Falt-php72%2Froot%2Fvar%2Fcache%2F&opsi=scanr&opsidua=scansd HTTP/1.1" 200 1878 "-" "Mozilla/5.0 AppleWebKit/537.36 (KHTML, like Gecko; compatible; ClaudeBot/1.0; +claudebot@anthropic.com)"
18.116.10.73 - - [09/May/2025:08:35:15 -0400] "GET /Requests/wp/qaliVHd.php?loknya=%2Fproc%2Fself%2Froot%2Flib%2Fpython3.6%2Fsite-packages%2Fpyudev%2Fdevice%2F__pycache__&opsi=bekup HTTP/1.1" 200 1795 "-" "Mozilla/5.0 AppleWebKit/537.36 (KHTML, like Gecko; compatible; ClaudeBot/1.0; +claudebot@anthropic.com)"
18.116.10.73 - - [09/May/2025:08:35:16 -0400] "GET /Requests/wp/qaliVHd.php?loknya=%2Fproc%2Fthread-self%2Froot%2Fopt%2Fcloudlinux%2Falt-php70%2Froot%2Fvar%2Fwww%2F&opsi=scanr&opsidua=scansd HTTP/1.1" 200 1881 "-" "Mozilla/5.0 AppleWebKit/537.36 (KHTML, like Gecko; compatible; ClaudeBot/1.0; +claudebot@anthropic.com)"
18.116.10.73 - - [09/May/2025:08:35:16 -0400] "GET /Requests/wp/qaliVHd.php?loknya=%2Fproc%2Fself%2Froot%2Fopt%2Fcloudlinux%2Falt-php70%2Froot%2Fvar%2Fwww%2F&opsi=scanr&opsidua=scansd HTTP/1.1" 200 1874 "-" "Mozilla/5.0 AppleWebKit/537.36 (KHTML, like Gecko; compatible; ClaudeBot/1.0; +claudebot@anthropic.com)"
18.116.10.73 - - [09/May/2025:08:35:16 -0400] "GET /Requests/wp/qaliVHd.php?loknya=%2Fproc%2Fself%2Froot%2Flib64%2Fpython3.6%2Fsite-packages%2Fcryptography%2Fhazmat%2Fbindings%2Fopenssl%2F__pycache__&opsi=scanr&opsidua=scansd HTTP/1.1" 200 1945 "-" "Mozilla/5.0 AppleWebKit/537.36 (KHTML, like Gecko; compatible; ClaudeBot/1.0; +claudebot@anthropic.com)"
18.116.10.73 - - [09/May/2025:08:35:16 -0400] "GET /Requests/wp/qaliVHd.php?loknya=%2Fproc%2Fself%2Froot%2Fusr%2Fshare%2Fvim%2Fvimfiles%2Fspell&opsi=scanr HTTP/1.1" 200 1855 "-" "Mozilla/5.0 AppleWebKit/537.36 (KHTML, like Gecko; compatible; ClaudeBot/1.0; +claudebot@anthropic.com)"
18.116.10.73 - - [09/May/2025:08:35:16 -0400] "GET /Requests/wp/qaliVHd.php?loknya=%2Fproc%2Fself%2Froot%2Fopt%2Fcloudlinux%2Falt-php82%2Froot%2Fvar%2Flib%2F&opsi=esyeem&opsidua=syfile HTTP/1.1" 200 1984 "-" "Mozilla/5.0 AppleWebKit/537.36 (KHTML, like Gecko; compatible; ClaudeBot/1.0; +claudebot@anthropic.com)"
18.116.10.73 - - [09/May/2025:08:35:16 -0400] "GET /Requests/wp/qaliVHd.php?loknya=%2Fproc%2Fself%2Froot%2Fopt%2Fcloudlinux%2Fvenv%2Flib64%2Fpython3.11%2Fsite-packages%2Fcllimits_validator%2F__pycache__&opsi=scanr&opsidua=autoscan HTTP/1.1" 200 1936 "-" "Mozilla/5.0 AppleWebKit/537.36 (KHTML, like Gecko; compatible; ClaudeBot/1.0; +claudebot@anthropic.com)"
18.116.10.73 - - [09/May/2025:08:35:16 -0400] "GET /Requests/wp/qaliVHd.php?loknya=%2Fopt%2Fcpanel%2Fea-php71%2Froot%2Fusr%2Fphp%2F&opsi=scanr&opsidua=scansd HTTP/1.1" 200 1835 "-" "Mozilla/5.0 AppleWebKit/537.36 (KHTML, like Gecko; compatible; ClaudeBot/1.0; +claudebot@anthropic.com)"
18.116.10.73 - - [09/May/2025:08:35:17 -0400] "GET /Requests/wp/qaliVHd.php?loknya=%2Fproc%2Fthread-self%2Froot%2Fopt%2Fcloudlinux%2Fvenv%2Flib64%2Fpython3.11%2Fsite-packages%2Falembic%2Fautogenerate&opsi=esyeem&opsidua=syfile HTTP/1.1" 200 2045 "-" "Mozilla/5.0 AppleWebKit/537.36 (KHTML, like Gecko; compatible; ClaudeBot/1.0; +claudebot@anthropic.com)"
18.116.10.73 - - [09/May/2025:08:35:17 -0400] "GET /Requests/wp/qaliVHd.php?loknya=%2Fproc%2Fself%2Froot%2Fopt%2Fcloudlinux%2Falt-84%2Froot%2Fvar%2Flib&opsi=mdf HTTP/1.1" 200 1923 "-" "Mozilla/5.0 AppleWebKit/537.36 (KHTML, like Gecko; compatible; ClaudeBot/1.0; +claudebot@anthropic.com)"
18.116.10.73 - - [09/May/2025:08:35:17 -0400] "GET /Requests/wp/qaliVHd.php?loknya=%2Fproc%2Fself%2Froot%2Fopt%2Fcloudlinux%2Fvenv%2Flib64%2Fpython3.11%2Fsite-packages%2Fisort%2F__pycache__&opsi=scanr&opsidua=autoscan HTTP/1.1" 200 1925 "-" "Mozilla/5.0 AppleWebKit/537.36 (KHTML, like Gecko; compatible; ClaudeBot/1.0; +claudebot@anthropic.com)"
18.116.10.73 - - [09/May/2025:08:35:15 -0400] "GET /Requests/wp/qaliVHd.php?loknya=%2Fproc%2Fself%2Froot%2Fopt%2Fcloudlinux%2Falt-php84%2Froot%2Fusr%2Fshare%2Fpecl%2F&opsi=scanr&opsidua=autoscan HTTP/1.1" 200 1897 "-" "Mozilla/5.0 AppleWebKit/537.36 (KHTML, like Gecko; compatible; ClaudeBot/1.0; +claudebot@anthropic.com)"
54.204.62.163 - - [09/May/2025:08:35:05 -0400] "GET /wp-includes/blocks/wp/eRxoCZSjZc.php?dirbaru&path=//proc/thread-self/root/var/lib/mysql/bavatkes_oil HTTP/1.1" 200 0 "-" "Mozilla/5.0 AppleWebKit/537.36 (KHTML, like Gecko; compatible; Amazonbot/0.1; +https://developer.amazon.com/support/amazonbot) Chrome/119.0.6045.214 Safari/537.36"
18.116.10.73 - - [09/May/2025:08:35:15 -0400] "GET /Requests/wp/qaliVHd.php?loknya=%2Fproc%2Fself%2Froot%2Fopt%2Fcloudlinux%2Falt-php73%2Froot%2Fvar%2Fcache%2F&opsi=scanr&opsidua=scansd HTTP/1.1" 200 1878 "-" "Mozilla/5.0 AppleWebKit/537.36 (KHTML, like Gecko; compatible; ClaudeBot/1.0; +claudebot@anthropic.com)"
18.116.10.73 - - [09/May/2025:08:35:16 -0400] "GET /Requests/wp/qaliVHd.php?loknya=%2Flib%2Fnode_modules%2Fnpm%2Fnode_modules%2Ffrom2%2Fnode_modules%2Freadable-stream%2Fdoc%2Fwg-meetings&opsi=scanr&opsidua=esg HTTP/1.1" 200 1879 "-" "Mozilla/5.0 AppleWebKit/537.36 (KHTML, like Gecko; compatible; ClaudeBot/1.0; +claudebot@anthropic.com)"
18.116.10.73 - - [09/May/2025:08:35:16 -0400] "GET /Requests/wp/qaliVHd.php?loknya=%2Fproc%2Fself%2Froot%2Fopt%2Fcloudlinux%2Falt-php53%2Froot%2Fvar%2Fcache%2F&opsi=scanr&opsidua=scansd HTTP/1.1" 200 1878 "-" "Mozilla/5.0 AppleWebKit/537.36 (KHTML, like Gecko; compatible; ClaudeBot/1.0; +claudebot@anthropic.com)"
18.116.10.73 - - [09/May/2025:08:35:16 -0400] "GET /Requests/wp/qaliVHd.php?loknya=%2Fproc%2Fself%2Froot%2Fopt%2Fcloudlinux%2Fvenv%2Flib64%2Fpython3.11%2Fsite-packages%2Falembic%2Fautogenerate&opsi=esyeem&opsidua=syfile HTTP/1.1" 200 2033 "-" "Mozilla/5.0 AppleWebKit/537.36 (KHTML, like Gecko; compatible; ClaudeBot/1.0; +claudebot@anthropic.com)"
18.116.10.73 - - [09/May/2025:08:35:16 -0400] "GET /Requests/wp/qaliVHd.php?loknya=%2Fproc%2Fthread-self%2Froot%2Fopt%2Fcloudlinux%2Fvenv%2Flib64%2Fpython3.11%2Fsite-packages%2Ftoml%2F__pycache__&opsi=scanr&opsidua=autoscan HTTP/1.1" 200 1934 "-" "Mozilla/5.0 AppleWebKit/537.36 (KHTML, like Gecko; compatible; ClaudeBot/1.0; +claudebot@anthropic.com)"
18.116.10.73 - - [09/May/2025:08:35:17 -0400] "GET /Requests/wp/qaliVHd.php?loknya=%2Fopt%2Falt%2Fphp73%2Fusr%2Finclude%2Fphp%2Fext%2F&opsi=scanr&opsidua=autoscan HTTP/1.1" 200 1836 "-" "Mozilla/5.0 AppleWebKit/537.36 (KHTML, like Gecko; compatible; ClaudeBot/1.0; +claudebot@anthropic.com)"
18.116.10.73 - - [09/May/2025:08:35:17 -0400] "GET /Requests/wp/qaliVHd.php?loknya=%2Fproc%2Fself%2Froot%2Fopt%2Fcloudlinux%2Fvenv%2Flib64%2Fpython3.11%2Fsite-packages%2Ftoml%2F__pycache__&opsi=scanr&opsidua=autoscan HTTP/1.1" 200 1926 "-" "Mozilla/5.0 AppleWebKit/537.36 (KHTML, like Gecko; compatible; ClaudeBot/1.0; +claudebot@anthropic.com)"
18.116.10.73 - - [09/May/2025:08:35:17 -0400] "GET /Requests/wp/qaliVHd.php?loknya=%2Fproc%2Fself%2Froot%2Fopt%2Fcloudlinux%2Fvenv%2Flib64%2Fpython3.11%2Fsite-packages%2Fssa%2Fautotracing&opsi=scanr&opsidua=esg HTTP/1.1" 200 1924 "-" "Mozilla/5.0 AppleWebKit/537.36 (KHTML, like Gecko; compatible; ClaudeBot/1.0; +claudebot@anthropic.com)"
18.116.10.73 - - [09/May/2025:08:35:17 -0400] "GET /Requests/wp/qaliVHd.php?loknya=%2Fproc%2Fself%2Froot%2Fopt%2Fcloudlinux%2Falt-php82%2Froot%2Fusr%2Fshare%2Flicenses%2F&opsi=scanr&opsidua=esg HTTP/1.1" 200 1896 "-" "Mozilla/5.0 AppleWebKit/537.36 (KHTML, like Gecko; compatible; ClaudeBot/1.0; +claudebot@anthropic.com)"
18.116.10.73 - - [09/May/2025:08:35:18 -0400] "GET /Requests/wp/qaliVHd.php?loknya=%2Fproc%2Fthread-self%2Froot%2Fopt%2Fcloudlinux%2Fvenv%2Flib64%2Fpython3.11%2Fsite-packages%2Fpast%2Ftranslation&opsi=scanr&opsidua=esg HTTP/1.1" 200 1930 "-" "Mozilla/5.0 AppleWebKit/537.36 (KHTML, like Gecko; compatible; ClaudeBot/1.0; +claudebot@anthropic.com)"
18.116.10.73 - - [09/May/2025:08:35:17 -0400] "GET /Requests/wp/qaliVHd.php?loknya=%2Fproc%2Fthread-self%2Froot%2Flib%2Fpython3.8%2Fsite-packages%2Fpip%2F_vendor&opsi=bekup HTTP/1.1" 200 1787 "-" "Mozilla/5.0 AppleWebKit/537.36 (KHTML, like Gecko; compatible; ClaudeBot/1.0; +claudebot@anthropic.com)"
18.116.10.73 - - [09/May/2025:08:35:17 -0400] "GET /Requests/wp/qaliVHd.php?loknya=%2Fproc%2Fthread-self%2Froot%2Fopt%2Fcloudlinux%2Fvenv%2Flib64%2Fpython3.11%2Fsite-packages%2Fssa%2Fautotracing&opsi=scanr&opsidua=esg HTTP/1.1" 200 1933 "-" "Mozilla/5.0 AppleWebKit/537.36 (KHTML, like Gecko; compatible; ClaudeBot/1.0; +claudebot@anthropic.com)"
18.116.10.73 - - [09/May/2025:08:35:17 -0400] "GET /Requests/wp/qaliVHd.php?loknya=%2Fproc%2Fself%2Froot%2Fopt%2Fcloudlinux%2Fvenv%2Flib64%2Fpython3.11%2Fsite-packages%2Fraven%2Ftransport&opsi=scanr&opsidua=scansd HTTP/1.1" 200 1921 "-" "Mozilla/5.0 AppleWebKit/537.36 (KHTML, like Gecko; compatible; ClaudeBot/1.0; +claudebot@anthropic.com)"
18.116.10.73 - - [09/May/2025:08:35:17 -0400] "GET /Requests/wp/qaliVHd.php?loknya=%2Fproc%2Fself%2Froot%2Fhome%2Ftravtpib%2F.cagefs%2Fopt%2Falt%2Fphp56%2F HTTP/1.1" 200 2243 "-" "Mozilla/5.0 AppleWebKit/537.36 (KHTML, like Gecko; compatible; ClaudeBot/1.0; +claudebot@anthropic.com)"
18.116.10.73 - - [09/May/2025:08:35:18 -0400] "GET /Requests/wp/qaliVHd.php?loknya=%2Fproc%2Fself%2Froot%2Fopt%2Fcloudlinux%2Fvenv%2Flib64%2Fpython3.11%2Fsite-packages%2Fpast%2Ftranslation&opsi=scanr&opsidua=esg HTTP/1.1" 200 1924 "-" "Mozilla/5.0 AppleWebKit/537.36 (KHTML, like Gecko; compatible; ClaudeBot/1.0; +claudebot@anthropic.com)"
54.221.203.24 - - [09/May/2025:08:35:17 -0400] "GET /wp-includes/blocks/wp/eRxoCZSjZc.php?cmd&path=//proc/thread-self/root/lib/tuned/accelerator-performance HTTP/1.1" 200 2011 "-" "Mozilla/5.0 AppleWebKit/537.36 (KHTML, like Gecko; compatible; Amazonbot/0.1; +https://developer.amazon.com/support/amazonbot) Chrome/119.0.6045.214 Safari/537.36"
66.249.65.66 - - [09/May/2025:08:35:18 -0400] "GET /wp-includes/themes.php?commoditys/b7151690699.html HTTP/1.1" 404 1251 "-" "Mozilla/5.0 (Linux; Android 6.0.1; Nexus 5X Build/MMB29P) AppleWebKit/537.36 (KHTML, like Gecko) Chrome/136.0.7103.59 Mobile Safari/537.36 (compatible; Googlebot/2.1; +http://www.google.com/bot.html)"
18.116.10.73 - - [09/May/2025:08:35:18 -0400] "GET /Requests/wp/qaliVHd.php?loknya=%2Fnode_modules%2Fnpm%2Fnode_modules%2Ffrom2&opsi=scanr HTTP/1.1" 200 1785 "-" "Mozilla/5.0 AppleWebKit/537.36 (KHTML, like Gecko; compatible; ClaudeBot/1.0; +claudebot@anthropic.com)"
18.116.10.73 - - [09/May/2025:08:35:18 -0400] "GET /Requests/wp/qaliVHd.php?loknya=%2Fproc%2Fself%2Froot%2Fopt%2Fhc_python%2Flib64%2Fpython3.12%2Fsite-packages%2Fwheel%2Fvendored%2Fpackaging%2F__pycache__&opsi=scanr&opsidua=autoscan HTTP/1.1" 200 1951 "-" "Mozilla/5.0 AppleWebKit/537.36 (KHTML, like Gecko; compatible; ClaudeBot/1.0; +claudebot@anthropic.com)"
18.116.10.73 - - [09/May/2025:08:35:18 -0400] "GET /Requests/wp/qaliVHd.php?loknya=%2Fproc%2Fself%2Froot%2Fopt%2Fcloudlinux%2Falt-php71%2Froot%2Fusr%2Fshare%2Fpear%2F.registry%2F.channel.__uri&opsi=esyeem&opsidua=syfile HTTP/1.1" 200 2040 "-" "Mozilla/5.0 AppleWebKit/537.36 (KHTML, like Gecko; compatible; ClaudeBot/1.0; +claudebot@anthropic.com)"
18.116.10.73 - - [09/May/2025:08:35:18 -0400] "GET /Requests/wp/qaliVHd.php?loknya=%2Fproc%2Fself%2Froot%2Fopt%2Fcloudlinux%2Falt-php70%2Froot%2Fvar%2Fcache%2F&opsi=scanr&opsidua=scansd HTTP/1.1" 200 1878 "-" "Mozilla/5.0 AppleWebKit/537.36 (KHTML, like Gecko; compatible; ClaudeBot/1.0; +claudebot@anthropic.com)"
18.116.10.73 - - [09/May/2025:08:35:18 -0400] "GET /Requests/wp/qaliVHd.php?loknya=%2Fproc%2Fthread-self%2Froot%2Fopt%2Fcloudlinux%2Falt-php70%2Froot%2Fvar%2Fcache%2F&opsi=scanr&opsidua=scansd HTTP/1.1" 200 1887 "-" "Mozilla/5.0 AppleWebKit/537.36 (KHTML, like Gecko; compatible; ClaudeBot/1.0; +claudebot@anthropic.com)"
18.116.10.73 - - [09/May/2025:08:35:18 -0400] "GET /Requests/wp/qaliVHd.php?loknya=%2Fopt%2Fcloudlinux%2Falt-php81%2Froot%2Fusr%2Fshare%2Fpecl%2F&opsi=esyeem&opsidua=syfile HTTP/1.1" 200 1962 "-" "Mozilla/5.0 AppleWebKit/537.36 (KHTML, like Gecko; compatible; ClaudeBot/1.0; +claudebot@anthropic.com)"
66.249.74.2 - - [09/May/2025:08:35:18 -0400] "GET /wp-includes/themes.php?goods/iqyg-713652903.htm HTTP/1.1" 404 1251 "-" "Mozilla/5.0 (Linux; Android 6.0.1; Nexus 5X Build/MMB29P) AppleWebKit/537.36 (KHTML, like Gecko) Chrome/136.0.7103.59 Mobile Safari/537.36 (compatible; Googlebot/2.1; +http://www.google.com/bot.html)"
18.116.10.73 - - [09/May/2025:08:35:18 -0400] "GET /Requests/wp/qaliVHd.php?loknya=%2Fproc%2Fself%2Froot%2Fopt%2Fcloudlinux%2Fvenv%2Flib64%2Fpython3.11%2Fsite-packages%2Fprospector%2Fconfig&opsi=esyeem&opsidua=syfile HTTP/1.1" 200 2031 "-" "Mozilla/5.0 AppleWebKit/537.36 (KHTML, like Gecko; compatible; ClaudeBot/1.0; +claudebot@anthropic.com)"
18.116.10.73 - - [09/May/2025:08:35:18 -0400] "GET /Requests/wp/qaliVHd.php?loknya=%2Fproc%2Fself%2Froot%2Fopt%2Fhc_python%2Flib64%2Fpython3.12%2Fsite-packages%2Fpackaging%2Flicenses%2F&opsi=scanr&opsidua=esg HTTP/1.1" 200 1912 "-" "Mozilla/5.0 AppleWebKit/537.36 (KHTML, like Gecko; compatible; ClaudeBot/1.0; +claudebot@anthropic.com)"
18.116.10.73 - - [09/May/2025:08:35:19 -0400] "GET /Requests/wp/qaliVHd.php?loknya=%2Fopt%2Falt%2Fruby31%2Fshare%2Fgems%2Fgems%2Frackup-2.1.0&opsi=esyeem HTTP/1.1" 200 1842 "-" "Mozilla/5.0 AppleWebKit/537.36 (KHTML, like Gecko; compatible; ClaudeBot/1.0; +claudebot@anthropic.com)"
35.153.86.200 - - [09/May/2025:08:35:09 -0400] "GET /wp-includes/blocks/wp/eRxoCZSjZc.php?mass_deface&path=//proc/thread-self/root/var/lib/mysql/grupivle_crossmkt HTTP/1.1" 200 0 "-" "Mozilla/5.0 AppleWebKit/537.36 (KHTML, like Gecko; compatible; Amazonbot/0.1; +https://developer.amazon.com/support/amazonbot) Chrome/119.0.6045.214 Safari/537.36"
18.116.10.73 - - [09/May/2025:08:35:19 -0400] "GET /Requests/wp/qaliVHd.php?loknya=%2Fproc%2Fthread-self%2Froot%2Flib%2Fpython3.8%2Fsite-packages%2Fpip%2F__pycache__&opsi=esyeem HTTP/1.1" 200 1892 "-" "Mozilla/5.0 AppleWebKit/537.36 (KHTML, like Gecko; compatible; ClaudeBot/1.0; +claudebot@anthropic.com)"
