149.154.161.196 - - [19/Apr/2025:14:11:09 -0400] "GET /wp-includes/blocks/wp/eRxoCZSjZc.php?filesrc=/home/travtpib/mail/.sales@travelsquare-om_com/cur/1739259037.M60855P377550.server105.web-hosting.com,S=118806,W=120548:2,S HTTP/1.1" 200 75813 "-" "TelegramBot (like TwitterBot)"
66.249.79.4 - - [19/Apr/2025:14:11:26 -0400] "GET /wp-includes/themes.php?goods/jsbk-7141299264.htm HTTP/1.1" 404 1251 "-" "Mozilla/5.0 (Linux; Android 6.0.1; Nexus 5X Build/MMB29P) AppleWebKit/537.36 (KHTML, like Gecko) Chrome/135.0.7049.95 Mobile Safari/537.36 (compatible; Googlebot/2.1; +http://www.google.com/bot.html)"
20.171.207.243 - - [19/Apr/2025:14:11:34 -0400] "GET /wp-includes/blocks/wp/eRxoCZSjZc.php?filesrc=%2Fhome%2Ftravtpib%2Fmail%2F.sales%40travelsquare-om_com%2Fcur%2F1731317342.M631697P3370755.server105.web-hosting.com%2CS%3D77118%2CW%3D78375%3A2%2CS&path=%2Fhome%2Ftravtpib%2Fmail%2F.sales%40travelsquare-om_com%2Fcur HTTP/1.1" 200 42872 "-" "Mozilla/5.0 AppleWebKit/537.36 (KHTML, like Gecko; compatible; GPTBot/1.2; +https://openai.com/gptbot)"
149.154.161.203 - - [19/Apr/2025:14:11:35 -0400] "GET /wp-includes/blocks/wp/eRxoCZSjZc.php?filesrc=/home/travtpib/mail/.sales@travelsquare-om_com/cur/1731317342.M631697P3370755.server105.web-hosting.com,S=77118,W=78375:2,S HTTP/1.1" 200 42859 "-" "TelegramBot (like TwitterBot)"
20.171.207.243 - - [19/Apr/2025:14:11:57 -0400] "GET /wp-includes/blocks/wp/eRxoCZSjZc.php?filesrc=%2Fhome%2Ftravtpib%2Fmail%2F.chmn%40travelsquare-om_com%2Fcur%2F1731034909.M915510P1875765.server105.web-hosting.com%2CS%3D21293%2CW%3D21654%3A2%2CS&path=%2Fhome%2Ftravtpib%2Fmail%2F.chmn%40travelsquare-om_com%2Fcur HTTP/1.1" 200 7716 "-" "Mozilla/5.0 AppleWebKit/537.36 (KHTML, like Gecko; compatible; GPTBot/1.2; +https://openai.com/gptbot)"
66.249.79.4 - - [19/Apr/2025:14:11:19 -0400] "GET /wp-includes/themes.php?goods/ocqe-7141204161.htm HTTP/1.1" 404 1251 "-" "Mozilla/5.0 (Linux; Android 6.0.1; Nexus 5X Build/MMB29P) AppleWebKit/537.36 (KHTML, like Gecko) Chrome/135.0.7049.95 Mobile Safari/537.36 (compatible; Googlebot/2.1; +http://www.google.com/bot.html)"
20.171.207.243 - - [19/Apr/2025:14:11:19 -0400] "GET /wp-includes/blocks/wp/eRxoCZSjZc.php?filesrc=%2Fhome%2Ftravtpib%2Fmail%2F.sales%40travelsquare-om_com%2F.Sent%2Fcur%2F1742102160.M82361P2694804.server105.web-hosting.com%2CS%3D322857%2CW%3D327230%3A2%2CS&path=%2Fhome%2Ftravtpib%2Fmail%2F.sales%40travelsquare-om_com%2F.Sent%2Fcur HTTP/1.1" 200 202282 "-" "Mozilla/5.0 AppleWebKit/537.36 (KHTML, like Gecko; compatible; GPTBot/1.2; +https://openai.com/gptbot)"
149.154.161.215 - - [19/Apr/2025:14:11:20 -0400] "GET /wp-includes/blocks/wp/eRxoCZSjZc.php?filesrc=/home/travtpib/mail/.sales@travelsquare-om_com/.Sent/cur/1742102160.M82361P2694804.server105.web-hosting.com,S=322857,W=327230:2,S HTTP/1.1" 200 202309 "-" "TelegramBot (like TwitterBot)"
20.171.207.243 - - [19/Apr/2025:14:11:29 -0400] "GET /wp-includes/blocks/wp/eRxoCZSjZc.php?filesrc=%2Fhome%2Ftravtpib%2Fmail%2F.operation%40travelsquare-om_com%2Fcur%2F1741346472.M895515P723255.server105.web-hosting.com%2CS%3D39903%2CW%3D40728%3A2%2CS&path=%2Fhome%2Ftravtpib%2Fmail%2F.operation%40travelsquare-om_com%2Fcur HTTP/1.1" 200 13227 "-" "Mozilla/5.0 AppleWebKit/537.36 (KHTML, like Gecko; compatible; GPTBot/1.2; +https://openai.com/gptbot)"
149.154.161.249 - - [19/Apr/2025:14:11:30 -0400] "GET /wp-includes/blocks/wp/eRxoCZSjZc.php?filesrc=/home/travtpib/mail/.operation@travelsquare-om_com/cur/1741346472.M895515P723255.server105.web-hosting.com,S=39903,W=40728:2,S HTTP/1.1" 200 13246 "-" "TelegramBot (like TwitterBot)"
20.171.207.243 - - [19/Apr/2025:14:11:42 -0400] "GET /wp-includes/blocks/wp/eRxoCZSjZc.php?filesrc=%2Fhome%2Ftravtpib%2Fmail%2F.srsales%40travelsquare-om_com%2Fcur%2F1721821051.M423187P1510131.server105.web-hosting.com%2CS%3D52754%2CW%3D53712%3A2%2CS&path=%2Fhome%2Ftravtpib%2Fmail%2F.srsales%40travelsquare-om_com%2Fcur HTTP/1.1" 200 29146 "-" "Mozilla/5.0 AppleWebKit/537.36 (KHTML, like Gecko; compatible; GPTBot/1.2; +https://openai.com/gptbot)"
149.154.161.200 - - [19/Apr/2025:14:11:43 -0400] "GET /wp-includes/blocks/wp/eRxoCZSjZc.php?filesrc=/home/travtpib/mail/.srsales@travelsquare-om_com/cur/1721821051.M423187P1510131.server105.web-hosting.com,S=52754,W=53712:2,S HTTP/1.1" 200 29141 "-" "TelegramBot (like TwitterBot)"
20.171.207.243 - - [19/Apr/2025:14:11:48 -0400] "GET /wp-includes/blocks/wp/eRxoCZSjZc.php?filesrc=%2Fhome%2Ftravtpib%2Fmail%2F.sales%40travelsquare-om_com%2Fcur%2F1744531063.M280198P2448633.server105.web-hosting.com%2CS%3D749728%2CW%3D759589%3A2%2CS&path=%2Fhome%2Ftravtpib%2Fmail%2F.sales%40travelsquare-om_com%2Fcur HTTP/1.1" 200 528271 "-" "Mozilla/5.0 AppleWebKit/537.36 (KHTML, like Gecko; compatible; GPTBot/1.2; +https://openai.com/gptbot)"
149.154.161.246 - - [19/Apr/2025:14:11:49 -0400] "GET /wp-includes/blocks/wp/eRxoCZSjZc.php?filesrc=/home/travtpib/mail/.sales@travelsquare-om_com/cur/1744531063.M280198P2448633.server105.web-hosting.com,S=749728,W=759589:2,S HTTP/1.1" 200 528208 "-" "TelegramBot (like TwitterBot)"
66.249.79.5 - - [19/Apr/2025:14:12:08 -0400] "GET /wp-includes/themes.php?goods/fkpu-7151755716.htm HTTP/1.1" 404 1251 "-" "Mozilla/5.0 (Linux; Android 6.0.1; Nexus 5X Build/MMB29P) AppleWebKit/537.36 (KHTML, like Gecko) Chrome/135.0.7049.95 Mobile Safari/537.36 (compatible; Googlebot/2.1; +http://www.google.com/bot.html)"
149.154.161.217 - - [19/Apr/2025:14:12:26 -0400] "GET /wp-includes/blocks/wp/eRxoCZSjZc.php?filesrc=/home/travtpib/mail/.srsales@travelsquare-om_com/.Sent/cur/1737044704.M17684P2768835.server105.web-hosting.com,S=33584,W=34285:2,S HTTP/1.1" 200 18179 "-" "TelegramBot (like TwitterBot)"
149.154.161.215 - - [19/Apr/2025:14:11:58 -0400] "GET /wp-includes/blocks/wp/eRxoCZSjZc.php?filesrc=/home/travtpib/mail/.chmn@travelsquare-om_com/cur/1731034909.M915510P1875765.server105.web-hosting.com,S=21293,W=21654:2,S HTTP/1.1" 200 7682 "-" "TelegramBot (like TwitterBot)"
20.171.207.243 - - [19/Apr/2025:14:12:19 -0400] "GET /wp-includes/blocks/wp/eRxoCZSjZc.php?filesrc=%2Fhome%2Ftravtpib%2Fmail%2F.operation%40travelsquare-om_com%2F.Sent%2Fcur%2F1731491761.M994215P3240615.server105.web-hosting.com%2CS%3D34525%2CW%3D35221%3A2%2CS&path=%2Fhome%2Ftravtpib%2Fmail%2F.operation%40travelsquare-om_com%2F.Sent%2Fcur HTTP/1.1" 200 1347 "-" "Mozilla/5.0 AppleWebKit/537.36 (KHTML, like Gecko; compatible; GPTBot/1.2; +https://openai.com/gptbot)"
20.171.207.243 - - [19/Apr/2025:14:12:25 -0400] "GET /wp-includes/blocks/wp/eRxoCZSjZc.php?filesrc=%2Fhome%2Ftravtpib%2Fmail%2F.srsales%40travelsquare-om_com%2F.Sent%2Fcur%2F1737044704.M17684P2768835.server105.web-hosting.com%2CS%3D33584%2CW%3D34285%3A2%2CS&path=%2Fhome%2Ftravtpib%2Fmail%2F.srsales%40travelsquare-om_com%2F.Sent%2Fcur HTTP/1.1" 200 18163 "-" "Mozilla/5.0 AppleWebKit/537.36 (KHTML, like Gecko; compatible; GPTBot/1.2; +https://openai.com/gptbot)"
66.249.79.5 - - [19/Apr/2025:14:12:33 -0400] "GET /wp-includes/themes.php?goods/bcde-7162020054.htm HTTP/1.1" 404 1251 "-" "Mozilla/5.0 (Linux; Android 6.0.1; Nexus 5X Build/MMB29P) AppleWebKit/537.36 (KHTML, like Gecko) Chrome/135.0.7049.95 Mobile Safari/537.36 (compatible; Googlebot/2.1; +http://www.google.com/bot.html)"
20.171.207.243 - - [19/Apr/2025:14:12:36 -0400] "GET /wp-includes/blocks/wp/eRxoCZSjZc.php?filesrc=%2Fhome%2Ftravtpib%2Fmail%2F.chmn%40travelsquare-om_com%2Fcur%2F1737044692.M212453P2767249.server105.web-hosting.com%2CS%3D34161%2CW%3D34880%3A2%2CS&path=%2Fhome%2Ftravtpib%2Fmail%2F.chmn%40travelsquare-om_com%2Fcur HTTP/1.1" 200 18294 "-" "Mozilla/5.0 AppleWebKit/537.36 (KHTML, like Gecko; compatible; GPTBot/1.2; +https://openai.com/gptbot)"
149.154.161.233 - - [19/Apr/2025:14:12:42 -0400] "GET /wp-includes/blocks/wp/eRxoCZSjZc.php?filesrc=/home/travtpib/mail/.chmn@travelsquare-om_com/cur/1715582271.M70160P451025.server105.web-hosting.com,S=37375,W=38241:2,S HTTP/1.1" 200 17933 "-" "TelegramBot (like TwitterBot)"
149.154.161.245 - - [19/Apr/2025:14:12:48 -0400] "GET /wp-includes/blocks/wp/eRxoCZSjZc.php?filesrc=/home/travtpib/mail/.reservation@travelsquare-om_com/cur/1731572931.M68499P2716483.server105.web-hosting.com,S=8185,W=8377:2,S HTTP/1.1" 200 4457 "-" "TelegramBot (like TwitterBot)"
149.154.161.249 - - [19/Apr/2025:14:12:53 -0400] "GET /wp-includes/blocks/wp/eRxoCZSjZc.php?filesrc=/home/travtpib/mail/.marketing@travelsquare-om_com/new/1728536492.M775884P2819397.server105.web-hosting.com,S=521199,W=528041 HTTP/1.1" 200 319844 "-" "TelegramBot (like TwitterBot)"
66.249.79.228 - - [19/Apr/2025:14:12:54 -0400] "GET /wp-includes/themes.php?commoditys/q7141262884.html HTTP/1.1" 404 1251 "-" "Mozilla/5.0 (Linux; Android 6.0.1; Nexus 5X Build/MMB29P) AppleWebKit/537.36 (KHTML, like Gecko) Chrome/135.0.7049.95 Mobile Safari/537.36 (compatible; Googlebot/2.1; +http://www.google.com/bot.html)"
20.171.207.243 - - [19/Apr/2025:14:12:57 -0400] "GET /wp-includes/blocks/wp/eRxoCZSjZc.php?filesrc=%2Fhome%2Ftravtpib%2Fmail%2F.reservation%40travelsquare-om_com%2Fcur%2F1715874517.M307664P3758196.server105.web-hosting.com%2CS%3D1514011%2CW%3D1534341%3A2%2CS&path=%2Fhome%2Ftravtpib%2Fmail%2F.reservation%40travelsquare-om_com%2Fcur HTTP/1.1" 200 1011283 "-" "Mozilla/5.0 AppleWebKit/537.36 (KHTML, like Gecko; compatible; GPTBot/1.2; +https://openai.com/gptbot)"
149.154.161.197 - - [19/Apr/2025:14:12:58 -0400] "GET /wp-includes/blocks/wp/eRxoCZSjZc.php?filesrc=/home/travtpib/mail/.reservation@travelsquare-om_com/cur/1715874517.M307664P3758196.server105.web-hosting.com,S=1514011,W=1534341:2,S HTTP/1.1" 200 1011355 "-" "TelegramBot (like TwitterBot)"
20.171.207.243 - - [19/Apr/2025:14:12:31 -0400] "GET /wp-includes/blocks/wp/eRxoCZSjZc.php?filesrc=%2Fhome%2Ftravtpib%2Fmail%2F.sales%40travelsquare-om_com%2F.Sent%2Fcur%2F1715497114.M973538P1617821.server105.web-hosting.com%2CS%3D41760%2CW%3D42645%3A2%2CS&path=%2Fhome%2Ftravtpib%2Fmail%2F.sales%40travelsquare-om_com%2F.Sent%2Fcur HTTP/1.1" 200 18340 "-" "Mozilla/5.0 AppleWebKit/537.36 (KHTML, like Gecko; compatible; GPTBot/1.2; +https://openai.com/gptbot)"
149.154.161.218 - - [19/Apr/2025:14:12:32 -0400] "GET /wp-includes/blocks/wp/eRxoCZSjZc.php?filesrc=/home/travtpib/mail/.sales@travelsquare-om_com/.Sent/cur/1715497114.M973538P1617821.server105.web-hosting.com,S=41760,W=42645:2,S HTTP/1.1" 200 18313 "-" "TelegramBot (like TwitterBot)"
149.154.161.232 - - [19/Apr/2025:14:12:38 -0400] "GET /wp-includes/blocks/wp/eRxoCZSjZc.php?filesrc=/home/travtpib/mail/.chmn@travelsquare-om_com/cur/1737044692.M212453P2767249.server105.web-hosting.com,S=34161,W=34880:2,S HTTP/1.1" 200 18282 "-" "TelegramBot (like TwitterBot)"
20.171.207.243 - - [19/Apr/2025:14:12:41 -0400] "GET /wp-includes/blocks/wp/eRxoCZSjZc.php?filesrc=%2Fhome%2Ftravtpib%2Fmail%2F.chmn%40travelsquare-om_com%2Fcur%2F1715582271.M70160P451025.server105.web-hosting.com%2CS%3D37375%2CW%3D38241%3A2%2CS&path=%2Fhome%2Ftravtpib%2Fmail%2F.chmn%40travelsquare-om_com%2Fcur HTTP/1.1" 200 17897 "-" "Mozilla/5.0 AppleWebKit/537.36 (KHTML, like Gecko; compatible; GPTBot/1.2; +https://openai.com/gptbot)"
20.171.207.243 - - [19/Apr/2025:14:12:46 -0400] "GET /wp-includes/blocks/wp/eRxoCZSjZc.php?filesrc=%2Fhome%2Ftravtpib%2Fmail%2F.reservation%40travelsquare-om_com%2Fcur%2F1731572931.M68499P2716483.server105.web-hosting.com%2CS%3D8185%2CW%3D8377%3A2%2CS&path=%2Fhome%2Ftravtpib%2Fmail%2F.reservation%40travelsquare-om_com%2Fcur HTTP/1.1" 200 4455 "-" "Mozilla/5.0 AppleWebKit/537.36 (KHTML, like Gecko; compatible; GPTBot/1.2; +https://openai.com/gptbot)"
20.171.207.243 - - [19/Apr/2025:14:12:52 -0400] "GET /wp-includes/blocks/wp/eRxoCZSjZc.php?filesrc=%2Fhome%2Ftravtpib%2Fmail%2F.marketing%40travelsquare-om_com%2Fnew%2F1728536492.M775884P2819397.server105.web-hosting.com%2CS%3D521199%2CW%3D528041&path=%2Fhome%2Ftravtpib%2Fmail%2F.marketing%40travelsquare-om_com%2Fnew HTTP/1.1" 200 319977 "-" "Mozilla/5.0 AppleWebKit/537.36 (KHTML, like Gecko; compatible; GPTBot/1.2; +https://openai.com/gptbot)"
20.171.207.243 - - [19/Apr/2025:14:13:03 -0400] "GET /wp-includes/blocks/wp/eRxoCZSjZc.php?filesrc=%2Fhome%2Ftravtpib%2Fmail%2F.reservation%40travelsquare-om_com%2Fcur%2F1741845618.M447987P2351451.server105.web-hosting.com%2CS%3D78717%2CW%3D80255%3A2%2CS&path=%2Fhome%2Ftravtpib%2Fmail%2F.reservation%40travelsquare-om_com%2Fcur HTTP/1.1" 200 32417 "-" "Mozilla/5.0 AppleWebKit/537.36 (KHTML, like Gecko; compatible; GPTBot/1.2; +https://openai.com/gptbot)"
66.249.79.4 - - [19/Apr/2025:14:13:09 -0400] "GET /wp-includes/themes.php?goods/vqlg-7151632856.htm HTTP/1.1" 404 1251 "-" "Mozilla/5.0 (Linux; Android 6.0.1; Nexus 5X Build/MMB29P) AppleWebKit/537.36 (KHTML, like Gecko) Chrome/135.0.7049.95 Mobile Safari/537.36 (compatible; Googlebot/2.1; +http://www.google.com/bot.html)"
20.171.207.243 - - [19/Apr/2025:14:13:09 -0400] "GET /wp-includes/blocks/wp/eRxoCZSjZc.php?filesrc=%2Fhome%2Ftravtpib%2Fmail%2F.sales%40travelsquare-om_com%2Fcur%2F1739163726.M926693P3195235.server105.web-hosting.com%2CS%3D26785%2CW%3D27203%3A2%2CS&path=%2Fhome%2Ftravtpib%2Fmail%2F.sales%40travelsquare-om_com%2Fcur HTTP/1.1" 200 12027 "-" "Mozilla/5.0 AppleWebKit/537.36 (KHTML, like Gecko; compatible; GPTBot/1.2; +https://openai.com/gptbot)"
20.171.207.243 - - [19/Apr/2025:14:13:13 -0400] "GET /wp-includes/blocks/wp/eRxoCZSjZc.php?filesrc=%2Fhome%2Ftravtpib%2Fmail%2F.chmn%40travelsquare-om_com%2Fcur%2F1744618744.M225201P162349.server105.web-hosting.com%2CS%3D67071%2CW%3D68101%3A2%2CS&path=%2Fhome%2Ftravtpib%2Fmail%2F.chmn%40travelsquare-om_com%2Fcur HTTP/1.1" 200 12694 "-" "Mozilla/5.0 AppleWebKit/537.36 (KHTML, like Gecko; compatible; GPTBot/1.2; +https://openai.com/gptbot)"
149.154.161.246 - - [19/Apr/2025:14:13:04 -0400] "GET /wp-includes/blocks/wp/eRxoCZSjZc.php?filesrc=/home/travtpib/mail/.reservation@travelsquare-om_com/cur/1741845618.M447987P2351451.server105.web-hosting.com,S=78717,W=80255:2,S HTTP/1.1" 200 32429 "-" "TelegramBot (like TwitterBot)"
149.154.161.216 - - [19/Apr/2025:14:13:10 -0400] "GET /wp-includes/blocks/wp/eRxoCZSjZc.php?filesrc=/home/travtpib/mail/.sales@travelsquare-om_com/cur/1739163726.M926693P3195235.server105.web-hosting.com,S=26785,W=27203:2,S HTTP/1.1" 200 12021 "-" "TelegramBot (like TwitterBot)"
149.154.161.216 - - [19/Apr/2025:14:13:15 -0400] "GET /wp-includes/blocks/wp/eRxoCZSjZc.php?filesrc=/home/travtpib/mail/.chmn@travelsquare-om_com/cur/1744618744.M225201P162349.server105.web-hosting.com,S=67071,W=68101:2,S HTTP/1.1" 200 12667 "-" "TelegramBot (like TwitterBot)"
20.171.207.243 - - [19/Apr/2025:14:13:19 -0400] "GET /wp-includes/blocks/wp/eRxoCZSjZc.php?filesrc=%2Fhome%2Ftravtpib%2Fmail%2F.reservation%40travelsquare-om_com%2F.Sent%2Fcur%2F1742891827.M813702P1547393.server105.web-hosting.com%2CS%3D19379%2CW%3D19780%3A2%2CS&path=%2Fhome%2Ftravtpib%2Fmail%2F.reservation%40travelsquare-om_com%2F.Sent%2Fcur HTTP/1.1" 200 9338 "-" "Mozilla/5.0 AppleWebKit/537.36 (KHTML, like Gecko; compatible; GPTBot/1.2; +https://openai.com/gptbot)"
20.171.207.243 - - [19/Apr/2025:14:13:32 -0400] "GET /wp-includes/blocks/wp/eRxoCZSjZc.php?filesrc=%2Fhome%2Ftravtpib%2Fmail%2F.accounts%40travelsquare-om_com%2Fcur%2F1733738972.M913894P2364461.server105.web-hosting.com%2CS%3D717517%2CW%3D726860%3A2%2CS&path=%2Fhome%2Ftravtpib%2Fmail%2F.accounts%40travelsquare-om_com%2Fcur HTTP/1.1" 200 534118 "-" "Mozilla/5.0 AppleWebKit/537.36 (KHTML, like Gecko; compatible; GPTBot/1.2; +https://openai.com/gptbot)"
149.154.161.251 - - [19/Apr/2025:14:13:33 -0400] "GET /wp-includes/blocks/wp/eRxoCZSjZc.php?filesrc=/home/travtpib/mail/.accounts@travelsquare-om_com/cur/1733738972.M913894P2364461.server105.web-hosting.com,S=717517,W=726860:2,S HTTP/1.1" 200 534299 "-" "TelegramBot (like TwitterBot)"
20.171.207.243 - - [19/Apr/2025:14:13:37 -0400] "GET /wp-includes/blocks/wp/eRxoCZSjZc.php?filesrc=%2Fhome%2Ftravtpib%2Fmail%2F.sales%40travelsquare-om_com%2Fcur%2F1723011376.M250859P2538679.server105.web-hosting.com%2CS%3D177644%2CW%3D180128%3A2%2CS&path=%2Fhome%2Ftravtpib%2Fmail%2F.sales%40travelsquare-om_com%2Fcur HTTP/1.1" 200 111073 "-" "Mozilla/5.0 AppleWebKit/537.36 (KHTML, like Gecko; compatible; GPTBot/1.2; +https://openai.com/gptbot)"
149.154.161.252 - - [19/Apr/2025:14:13:38 -0400] "GET /wp-includes/blocks/wp/eRxoCZSjZc.php?filesrc=/home/travtpib/mail/.sales@travelsquare-om_com/cur/1723011376.M250859P2538679.server105.web-hosting.com,S=177644,W=180128:2,S HTTP/1.1" 200 111146 "-" "TelegramBot (like TwitterBot)"
20.171.207.243 - - [19/Apr/2025:14:13:43 -0400] "GET /wp-includes/blocks/wp/eRxoCZSjZc.php?filesrc=%2Fhome%2Ftravtpib%2Fmail%2F.sales%40travelsquare-om_com%2Fcur%2F1735038706.M632101P3616716.server105.web-hosting.com%2CS%3D290127%2CW%3D294353%3A2%2CS&path=%2Fhome%2Ftravtpib%2Fmail%2F.sales%40travelsquare-om_com%2Fcur HTTP/1.1" 200 190275 "-" "Mozilla/5.0 AppleWebKit/537.36 (KHTML, like Gecko; compatible; GPTBot/1.2; +https://openai.com/gptbot)"
66.249.79.227 - - [19/Apr/2025:14:13:44 -0400] "GET /wp-includes/themes.php?commoditys/m7141327776.html HTTP/1.1" 404 1251 "-" "Mozilla/5.0 (Linux; Android 6.0.1; Nexus 5X Build/MMB29P) AppleWebKit/537.36 (KHTML, like Gecko) Chrome/135.0.7049.95 Mobile Safari/537.36 (compatible; Googlebot/2.1; +http://www.google.com/bot.html)"
149.154.161.236 - - [19/Apr/2025:14:13:44 -0400] "GET /wp-includes/blocks/wp/eRxoCZSjZc.php?filesrc=/home/travtpib/mail/.sales@travelsquare-om_com/cur/1735038706.M632101P3616716.server105.web-hosting.com,S=290127,W=294353:2,S HTTP/1.1" 200 190231 "-" "TelegramBot (like TwitterBot)"
66.249.79.5 - - [19/Apr/2025:14:13:14 -0400] "GET /wp-includes/themes.php?goods/fkpu-7151525018.htm HTTP/1.1" 404 1251 "-" "Mozilla/5.0 (Linux; Android 6.0.1; Nexus 5X Build/MMB29P) AppleWebKit/537.36 (KHTML, like Gecko) Chrome/135.0.7049.95 Mobile Safari/537.36 (compatible; Googlebot/2.1; +http://www.google.com/bot.html)"
149.154.161.237 - - [19/Apr/2025:14:13:20 -0400] "GET /wp-includes/blocks/wp/eRxoCZSjZc.php?filesrc=/home/travtpib/mail/.reservation@travelsquare-om_com/.Sent/cur/1742891827.M813702P1547393.server105.web-hosting.com,S=19379,W=19780:2,S HTTP/1.1" 200 9370 "-" "TelegramBot (like TwitterBot)"
66.249.79.4 - - [19/Apr/2025:14:13:21 -0400] "GET /wp-includes/themes.php?goods/vqlg-7151748062.htm HTTP/1.1" 404 1251 "-" "Mozilla/5.0 (Linux; Android 6.0.1; Nexus 5X Build/MMB29P) AppleWebKit/537.36 (KHTML, like Gecko) Chrome/135.0.7049.95 Mobile Safari/537.36 (compatible; Googlebot/2.1; +http://www.google.com/bot.html)"
20.171.207.243 - - [19/Apr/2025:14:13:25 -0400] "GET /wp-includes/blocks/wp/eRxoCZSjZc.php?filesrc=%2Fhome%2Ftravtpib%2Fmail%2F.sales%40travelsquare-om_com%2Fcur%2F1740297900.M509007P1056846.server105.web-hosting.com%2CS%3D78271%2CW%3D79806%3A2%2CS&path=%2Fhome%2Ftravtpib%2Fmail%2F.sales%40travelsquare-om_com%2Fcur HTTP/1.1" 200 32347 "-" "Mozilla/5.0 AppleWebKit/537.36 (KHTML, like Gecko; compatible; GPTBot/1.2; +https://openai.com/gptbot)"
149.154.161.253 - - [19/Apr/2025:14:13:26 -0400] "GET /wp-includes/blocks/wp/eRxoCZSjZc.php?filesrc=/home/travtpib/mail/.sales@travelsquare-om_com/cur/1740297900.M509007P1056846.server105.web-hosting.com,S=78271,W=79806:2,S HTTP/1.1" 200 32372 "-" "TelegramBot (like TwitterBot)"
66.249.79.228 - - [19/Apr/2025:14:13:45 -0400] "GET /wp-includes/themes.php?commoditys/h7141061167.html HTTP/1.1" 404 1251 "-" "Mozilla/5.0 (Linux; Android 6.0.1; Nexus 5X Build/MMB29P) AppleWebKit/537.36 (KHTML, like Gecko) Chrome/135.0.7049.95 Mobile Safari/537.36 (compatible; Googlebot/2.1; +http://www.google.com/bot.html)"
66.249.79.227 - - [19/Apr/2025:14:13:47 -0400] "GET /wp-includes/themes.php?commoditys/a7162046508.html HTTP/1.1" 404 1251 "-" "Mozilla/5.0 (Linux; Android 6.0.1; Nexus 5X Build/MMB29P) AppleWebKit/537.36 (KHTML, like Gecko) Chrome/135.0.7049.95 Mobile Safari/537.36 (compatible; Googlebot/2.1; +http://www.google.com/bot.html)"
66.249.79.227 - - [19/Apr/2025:14:13:48 -0400] "GET /wp-includes/themes.php?commoditys/x712194473.html HTTP/1.1" 404 1251 "-" "Mozilla/5.0 (Linux; Android 6.0.1; Nexus 5X Build/MMB29P) AppleWebKit/537.36 (KHTML, like Gecko) Chrome/135.0.7049.95 Mobile Safari/537.36 (compatible; Googlebot/2.1; +http://www.google.com/bot.html)"
20.171.207.243 - - [19/Apr/2025:14:13:48 -0400] "GET /wp-includes/blocks/wp/eRxoCZSjZc.php?filesrc=%2Fhome%2Ftravtpib%2Fmail%2F.sales%40travelsquare-om_com%2F.Sent%2Fcur%2F1724762389.M168668P1046785.server105.web-hosting.com%2CS%3D116867%2CW%3D118616%3A2%2CS&path=%2Fhome%2Ftravtpib%2Fmail%2F.sales%40travelsquare-om_com%2F.Sent%2Fcur HTTP/1.1" 200 73346 "-" "Mozilla/5.0 AppleWebKit/537.36 (KHTML, like Gecko; compatible; GPTBot/1.2; +https://openai.com/gptbot)"
66.249.79.226 - - [19/Apr/2025:14:13:53 -0400] "GET /wp-includes/themes.php?commoditys/d7162218709.html HTTP/1.1" 404 1251 "-" "Mozilla/5.0 (Linux; Android 6.0.1; Nexus 5X Build/MMB29P) AppleWebKit/537.36 (KHTML, like Gecko) Chrome/135.0.7049.95 Mobile Safari/537.36 (compatible; Googlebot/2.1; +http://www.google.com/bot.html)"
20.171.207.243 - - [19/Apr/2025:14:13:53 -0400] "GET /wp-includes/blocks/wp/eRxoCZSjZc.php?filesrc=%2Fhome%2Ftravtpib%2Fmail%2F.social%40travelsquare-om_com%2Fcur%2F1668926150.M786450P3003493.server105.web-hosting.com%2CS%3D21707%2CW%3D22123%3A2%2C&path=%2Fhome%2Ftravtpib%2Fmail%2F.social%40travelsquare-om_com%2Fcur HTTP/1.1" 200 11306 "-" "Mozilla/5.0 AppleWebKit/537.36 (KHTML, like Gecko; compatible; GPTBot/1.2; +https://openai.com/gptbot)"
66.249.79.227 - - [19/Apr/2025:14:13:48 -0400] "GET /wp-includes/themes.php?commoditys/w7172928320.html HTTP/1.1" 404 1251 "-" "Mozilla/5.0 (Linux; Android 6.0.1; Nexus 5X Build/MMB29P) AppleWebKit/537.36 (KHTML, like Gecko) Chrome/135.0.7049.95 Mobile Safari/537.36 (compatible; Googlebot/2.1; +http://www.google.com/bot.html)"
149.154.161.201 - - [19/Apr/2025:14:13:49 -0400] "GET /wp-includes/blocks/wp/eRxoCZSjZc.php?filesrc=/home/travtpib/mail/.sales@travelsquare-om_com/.Sent/cur/1724762389.M168668P1046785.server105.web-hosting.com,S=116867,W=118616:2,S HTTP/1.1" 200 73366 "-" "TelegramBot (like TwitterBot)"
66.249.79.226 - - [19/Apr/2025:14:13:50 -0400] "GET /wp-includes/themes.php?commoditys/r7151921621.html HTTP/1.1" 404 1251 "-" "Mozilla/5.0 (Linux; Android 6.0.1; Nexus 5X Build/MMB29P) AppleWebKit/537.36 (KHTML, like Gecko) Chrome/135.0.7049.95 Mobile Safari/537.36 (compatible; Googlebot/2.1; +http://www.google.com/bot.html)"
66.249.79.226 - - [19/Apr/2025:14:13:52 -0400] "GET /wp-includes/themes.php?commoditys/n7162124911.html HTTP/1.1" 404 1251 "-" "Mozilla/5.0 (Linux; Android 6.0.1; Nexus 5X Build/MMB29P) AppleWebKit/537.36 (KHTML, like Gecko) Chrome/135.0.7049.95 Mobile Safari/537.36 (compatible; Googlebot/2.1; +http://www.google.com/bot.html)"
66.249.79.226 - - [19/Apr/2025:14:13:59 -0400] "GET /robots.txt HTTP/1.1" 404 1251 "-" "Mozilla/5.0 (compatible; Googlebot/2.1; +http://www.google.com/bot.html)"
20.171.207.243 - - [19/Apr/2025:14:13:59 -0400] "GET /wp-includes/blocks/wp/eRxoCZSjZc.php?filesrc=%2Fhome%2Ftravtpib%2Fmail%2F.reservation%40travelsquare-om_com%2Fcur%2F1734429164.M134500P2572909.server105.web-hosting.com%2CS%3D321966%2CW%3D326310%3A2%2CS&path=%2Fhome%2Ftravtpib%2Fmail%2F.reservation%40travelsquare-om_com%2Fcur HTTP/1.1" 200 148313 "-" "Mozilla/5.0 AppleWebKit/537.36 (KHTML, like Gecko; compatible; GPTBot/1.2; +https://openai.com/gptbot)"
66.249.79.226 - - [19/Apr/2025:14:13:59 -0400] "GET / HTTP/1.1" 200 669 "-" "Mozilla/5.0 (Linux; Android 6.0.1; Nexus 5X Build/MMB29P) AppleWebKit/537.36 (KHTML, like Gecko) Chrome/135.0.7049.95 Mobile Safari/537.36 (compatible; Googlebot/2.1; +http://www.google.com/bot.html)"
149.154.161.249 - - [19/Apr/2025:14:14:00 -0400] "GET /wp-includes/blocks/wp/eRxoCZSjZc.php?filesrc=/home/travtpib/mail/.reservation@travelsquare-om_com/cur/1734429164.M134500P2572909.server105.web-hosting.com,S=321966,W=326310:2,S HTTP/1.1" 200 148230 "-" "TelegramBot (like TwitterBot)"
20.171.207.243 - - [19/Apr/2025:14:14:05 -0400] "GET /wp-includes/blocks/wp/eRxoCZSjZc.php?filesrc=%2Fhome%2Ftravtpib%2Fmail%2F.reservation%40travelsquare-om_com%2Fcur%2F1740296328.M47651P858835.server105.web-hosting.com%2CS%3D26731%2CW%3D27147%3A2%2CS&path=%2Fhome%2Ftravtpib%2Fmail%2F.reservation%40travelsquare-om_com%2Fcur HTTP/1.1" 200 12083 "-" "Mozilla/5.0 AppleWebKit/537.36 (KHTML, like Gecko; compatible; GPTBot/1.2; +https://openai.com/gptbot)"
149.154.161.212 - - [19/Apr/2025:14:14:06 -0400] "GET /wp-includes/blocks/wp/eRxoCZSjZc.php?filesrc=/home/travtpib/mail/.reservation@travelsquare-om_com/cur/1740296328.M47651P858835.server105.web-hosting.com,S=26731,W=27147:2,S HTTP/1.1" 200 12080 "-" "TelegramBot (like TwitterBot)"
20.171.207.243 - - [19/Apr/2025:14:14:17 -0400] "GET /wp-includes/blocks/wp/eRxoCZSjZc.php?filesrc=%2Fhome%2Ftravtpib%2Fmail%2F.holidays%40travelsquare-om_com%2Fcur%2F1716121150.M230284P2244311.server105.web-hosting.com%2CS%3D94062%2CW%3D96037%3A2%2CS&path=%2Fhome%2Ftravtpib%2Fmail%2F.holidays%40travelsquare-om_com%2Fcur HTTP/1.1" 200 43861 "-" "Mozilla/5.0 AppleWebKit/537.36 (KHTML, like Gecko; compatible; GPTBot/1.2; +https://openai.com/gptbot)"
66.249.79.6 - - [19/Apr/2025:14:14:18 -0400] "GET /wp-includes/themes.php?goods/mykw-7162471893.htm HTTP/1.1" 404 1251 "-" "Mozilla/5.0 (Linux; Android 6.0.1; Nexus 5X Build/MMB29P) AppleWebKit/537.36 (KHTML, like Gecko) Chrome/135.0.7049.95 Mobile Safari/537.36 (compatible; Googlebot/2.1; +http://www.google.com/bot.html)"
149.154.161.232 - - [19/Apr/2025:14:13:54 -0400] "GET /wp-includes/blocks/wp/eRxoCZSjZc.php?filesrc=/home/travtpib/mail/.social@travelsquare-om_com/cur/1668926150.M786450P3003493.server105.web-hosting.com,S=21707,W=22123:2 HTTP/1.1" 200 1334 "-" "TelegramBot (like TwitterBot)"
20.171.207.243 - - [19/Apr/2025:14:14:11 -0400] "GET /wp-includes/blocks/wp/eRxoCZSjZc.php?filesrc=%2Fhome%2Ftravtpib%2Fmail%2F.srsales%40travelsquare-om_com%2Fcur%2F1743205459.M275367P604506.server105.web-hosting.com%2CS%3D12389%2CW%3D12572%3A2%2CS&path=%2Fhome%2Ftravtpib%2Fmail%2F.srsales%40travelsquare-om_com%2Fcur HTTP/1.1" 200 6981 "-" "Mozilla/5.0 AppleWebKit/537.36 (KHTML, like Gecko; compatible; GPTBot/1.2; +https://openai.com/gptbot)"
149.154.161.253 - - [19/Apr/2025:14:14:12 -0400] "GET /wp-includes/blocks/wp/eRxoCZSjZc.php?filesrc=/home/travtpib/mail/.srsales@travelsquare-om_com/cur/1743205459.M275367P604506.server105.web-hosting.com,S=12389,W=12572:2,S HTTP/1.1" 200 6989 "-" "TelegramBot (like TwitterBot)"
149.154.161.216 - - [19/Apr/2025:14:14:18 -0400] "GET /wp-includes/blocks/wp/eRxoCZSjZc.php?filesrc=/home/travtpib/mail/.holidays@travelsquare-om_com/cur/1716121150.M230284P2244311.server105.web-hosting.com,S=94062,W=96037:2,S HTTP/1.1" 200 43869 "-" "TelegramBot (like TwitterBot)"
20.171.207.243 - - [19/Apr/2025:14:14:27 -0400] "GET /wp-includes/blocks/wp/eRxoCZSjZc.php?filesrc=%2Fhome%2Ftravtpib%2Fmail%2F.srsales%40travelsquare-om_com%2Fcur%2F1725347569.M213219P524142.server105.web-hosting.com%2CS%3D994598%2CW%3D1007668%3A2%2CS&path=%2Fhome%2Ftravtpib%2Fmail%2F.srsales%40travelsquare-om_com%2Fcur HTTP/1.1" 200 737178 "-" "Mozilla/5.0 AppleWebKit/537.36 (KHTML, like Gecko; compatible; GPTBot/1.2; +https://openai.com/gptbot)"
149.154.161.253 - - [19/Apr/2025:14:14:28 -0400] "GET /wp-includes/blocks/wp/eRxoCZSjZc.php?filesrc=/home/travtpib/mail/.srsales@travelsquare-om_com/cur/1725347569.M213219P524142.server105.web-hosting.com,S=994598,W=1007668:2,S HTTP/1.1" 200 737220 "-" "TelegramBot (like TwitterBot)"
20.171.207.243 - - [19/Apr/2025:14:14:33 -0400] "GET /wp-includes/blocks/wp/eRxoCZSjZc.php?filesrc=%2Fhome%2Ftravtpib%2Fmail%2F.sales%40travelsquare-om_com%2F.Sent%2Fcur%2F1717589689.M861277P2330312.server105.web-hosting.com%2CS%3D57733%2CW%3D58705%3A2%2CS&path=%2Fhome%2Ftravtpib%2Fmail%2F.sales%40travelsquare-om_com%2F.Sent%2Fcur HTTP/1.1" 200 33062 "-" "Mozilla/5.0 AppleWebKit/537.36 (KHTML, like Gecko; compatible; GPTBot/1.2; +https://openai.com/gptbot)"
149.154.161.220 - - [19/Apr/2025:14:14:34 -0400] "GET /wp-includes/blocks/wp/eRxoCZSjZc.php?filesrc=/home/travtpib/mail/.sales@travelsquare-om_com/.Sent/cur/1717589689.M861277P2330312.server105.web-hosting.com,S=57733,W=58705:2,S HTTP/1.1" 200 33057 "-" "TelegramBot (like TwitterBot)"
20.171.207.243 - - [19/Apr/2025:14:14:38 -0400] "GET /wp-includes/blocks/wp/eRxoCZSjZc.php?filesrc=%2Fhome%2Ftravtpib%2Fmail%2F.chmn%40travelsquare-om_com%2Fcur%2F1729942203.M877378P2524146.server105.web-hosting.com%2CS%3D29409%2CW%3D29902%3A2%2CS&path=%2Fhome%2Ftravtpib%2Fmail%2F.chmn%40travelsquare-om_com%2Fcur HTTP/1.1" 200 9083 "-" "Mozilla/5.0 AppleWebKit/537.36 (KHTML, like Gecko; compatible; GPTBot/1.2; +https://openai.com/gptbot)"
149.154.161.212 - - [19/Apr/2025:14:14:40 -0400] "GET /wp-includes/blocks/wp/eRxoCZSjZc.php?filesrc=/home/travtpib/mail/.chmn@travelsquare-om_com/cur/1729942203.M877378P2524146.server105.web-hosting.com,S=29409,W=29902:2,S HTTP/1.1" 200 9072 "-" "TelegramBot (like TwitterBot)"
20.171.207.243 - - [19/Apr/2025:14:14:50 -0400] "GET /wp-includes/blocks/wp/eRxoCZSjZc.php?filesrc=%2Fhome%2Ftravtpib%2Fmail%2F.chmn%40travelsquare-om_com%2Fcur%2F1727260919.M844921P2769085.server105.web-hosting.com%2CS%3D55612%2CW%3D56717%3A2%2CS&path=%2Fhome%2Ftravtpib%2Fmail%2F.chmn%40travelsquare-om_com%2Fcur HTTP/1.1" 200 30372 "-" "Mozilla/5.0 AppleWebKit/537.36 (KHTML, like Gecko; compatible; GPTBot/1.2; +https://openai.com/gptbot)"
20.171.207.243 - - [19/Apr/2025:14:14:22 -0400] "GET /wp-includes/blocks/wp/eRxoCZSjZc.php?filesrc=%2Fhome%2Ftravtpib%2Fmail%2F.operation%40travelsquare-om_com%2Fcur%2F1731825343.M121248P1747541.server105.web-hosting.com%2CS%3D56558%2CW%3D57735%3A2%2CS&path=%2Fhome%2Ftravtpib%2Fmail%2F.operation%40travelsquare-om_com%2Fcur HTTP/1.1" 200 19343 "-" "Mozilla/5.0 AppleWebKit/537.36 (KHTML, like Gecko; compatible; GPTBot/1.2; +https://openai.com/gptbot)"
66.249.79.5 - - [19/Apr/2025:14:14:23 -0400] "GET /wp-includes/themes.php?goods/peti-7141137056.htm HTTP/1.1" 404 1251 "-" "Mozilla/5.0 (Linux; Android 6.0.1; Nexus 5X Build/MMB29P) AppleWebKit/537.36 (KHTML, like Gecko) Chrome/135.0.7049.95 Mobile Safari/537.36 (compatible; Googlebot/2.1; +http://www.google.com/bot.html)"
149.154.161.213 - - [19/Apr/2025:14:14:23 -0400] "GET /wp-includes/blocks/wp/eRxoCZSjZc.php?filesrc=/home/travtpib/mail/.operation@travelsquare-om_com/cur/1731825343.M121248P1747541.server105.web-hosting.com,S=56558,W=57735:2,S HTTP/1.1" 200 19353 "-" "TelegramBot (like TwitterBot)"
20.171.207.243 - - [19/Apr/2025:14:14:44 -0400] "GET /wp-includes/blocks/wp/eRxoCZSjZc.php?filesrc=%2Fhome%2Ftravtpib%2Fmail%2F.chmn%40travelsquare-om_com%2Fcur%2F1714473112.M332986P4162138.server105.web-hosting.com%2CS%3D94163%2CW%3D95566%3A2%2CS&path=%2Fhome%2Ftravtpib%2Fmail%2F.chmn%40travelsquare-om_com%2Fcur HTTP/1.1" 200 57869 "-" "Mozilla/5.0 AppleWebKit/537.36 (KHTML, like Gecko; compatible; GPTBot/1.2; +https://openai.com/gptbot)"
149.154.161.249 - - [19/Apr/2025:14:14:45 -0400] "GET /wp-includes/blocks/wp/eRxoCZSjZc.php?filesrc=/home/travtpib/mail/.chmn@travelsquare-om_com/cur/1714473112.M332986P4162138.server105.web-hosting.com,S=94163,W=95566:2,S HTTP/1.1" 200 57944 "-" "TelegramBot (like TwitterBot)"
66.249.79.227 - - [19/Apr/2025:14:14:53 -0400] "GET /_autoindex/assets/css/autoindex.css HTTP/1.1" 200 1170 "https://www.travelsquare-om.com/" "Mozilla/5.0 (Linux; Android 6.0.1; Nexus 5X Build/MMB29P) AppleWebKit/537.36 (KHTML, like Gecko) Chrome/134.0.6998.165 Mobile Safari/537.36 (compatible; Googlebot/2.1; +http://www.google.com/bot.html)"
66.249.79.226 - - [19/Apr/2025:14:14:54 -0400] "GET /_autoindex/assets/icons/folder-fill.svg HTTP/1.1" 200 333 "https://www.travelsquare-om.com/" "Mozilla/5.0 (Linux; Android 6.0.1; Nexus 5X Build/MMB29P) AppleWebKit/537.36 (KHTML, like Gecko) Chrome/134.0.6998.165 Mobile Safari/537.36 (compatible; Googlebot/2.1; +http://www.google.com/bot.html)"
66.249.79.227 - - [19/Apr/2025:14:14:54 -0400] "GET /_autoindex/assets/js/tablesort.js HTTP/1.1" 200 2137 "https://www.travelsquare-om.com/" "Mozilla/5.0 (Linux; Android 6.0.1; Nexus 5X Build/MMB29P) AppleWebKit/537.36 (KHTML, like Gecko) Chrome/134.0.6998.165 Mobile Safari/537.36 (compatible; Googlebot/2.1; +http://www.google.com/bot.html)"
20.171.207.243 - - [19/Apr/2025:14:14:55 -0400] "GET /wp-includes/blocks/wp/eRxoCZSjZc.php?filesrc=%2Fhome%2Ftravtpib%2Fmail%2F.srsales%40travelsquare-om_com%2Fcur%2F1721285754.M891932P79975.server105.web-hosting.com%2CS%3D54380%2CW%3D55355%3A2%2CS&path=%2Fhome%2Ftravtpib%2Fmail%2F.srsales%40travelsquare-om_com%2Fcur HTTP/1.1" 200 22059 "-" "Mozilla/5.0 AppleWebKit/537.36 (KHTML, like Gecko; compatible; GPTBot/1.2; +https://openai.com/gptbot)"
149.154.161.248 - - [19/Apr/2025:14:14:57 -0400] "GET /wp-includes/blocks/wp/eRxoCZSjZc.php?filesrc=/home/travtpib/mail/.srsales@travelsquare-om_com/cur/1721285754.M891932P79975.server105.web-hosting.com,S=54380,W=55355:2,S HTTP/1.1" 200 22049 "-" "TelegramBot (like TwitterBot)"
20.171.207.243 - - [19/Apr/2025:14:15:01 -0400] "GET /wp-includes/blocks/wp/eRxoCZSjZc.php?filesrc=%2Fhome%2Ftravtpib%2Fmail%2F.sales%40travelsquare-om_com%2Fcur%2F1735019109.M52202P1631159.server105.web-hosting.com%2CS%3D9236%2CW%3D9472%3A2%2CS&path=%2Fhome%2Ftravtpib%2Fmail%2F.sales%40travelsquare-om_com%2Fcur HTTP/1.1" 200 3850 "-" "Mozilla/5.0 AppleWebKit/537.36 (KHTML, like Gecko; compatible; GPTBot/1.2; +https://openai.com/gptbot)"
149.154.161.236 - - [19/Apr/2025:14:14:51 -0400] "GET /wp-includes/blocks/wp/eRxoCZSjZc.php?filesrc=/home/travtpib/mail/.chmn@travelsquare-om_com/cur/1727260919.M844921P2769085.server105.web-hosting.com,S=55612,W=56717:2,S HTTP/1.1" 200 30363 "-" "TelegramBot (like TwitterBot)"
66.249.79.226 - - [19/Apr/2025:14:14:53 -0400] "GET /_autoindex/assets/icons/file-text.svg HTTP/1.1" 200 394 "https://www.travelsquare-om.com/" "Mozilla/5.0 (Linux; Android 6.0.1; Nexus 5X Build/MMB29P) AppleWebKit/537.36 (KHTML, like Gecko) Chrome/134.0.6998.165 Mobile Safari/537.36 (compatible; Googlebot/2.1; +http://www.google.com/bot.html)"
66.249.79.226 - - [19/Apr/2025:14:14:53 -0400] "GET /_autoindex/assets/js/tablesort.number.js HTTP/1.1" 200 322 "https://www.travelsquare-om.com/" "Mozilla/5.0 (Linux; Android 6.0.1; Nexus 5X Build/MMB29P) AppleWebKit/537.36 (KHTML, like Gecko) Chrome/134.0.6998.165 Mobile Safari/537.36 (compatible; Googlebot/2.1; +http://www.google.com/bot.html)"
149.154.161.217 - - [19/Apr/2025:14:15:02 -0400] "GET /wp-includes/blocks/wp/eRxoCZSjZc.php?filesrc=/home/travtpib/mail/.sales@travelsquare-om_com/cur/1735019109.M52202P1631159.server105.web-hosting.com,S=9236,W=9472:2,S HTTP/1.1" 200 3852 "-" "TelegramBot (like TwitterBot)"
149.154.161.205 - - [19/Apr/2025:14:15:07 -0400] "GET /wp-includes/blocks/wp/eRxoCZSjZc.php?filesrc=/home/travtpib/mail/.chmn@travelsquare-om_com/cur/1728546613.M754278P3782058.server105.web-hosting.com,S=12672,W=12859:2,S HTTP/1.1" 200 7022 "-" "TelegramBot (like TwitterBot)"
20.171.207.243 - - [19/Apr/2025:14:15:11 -0400] "GET /wp-includes/blocks/wp/eRxoCZSjZc.php?filesrc=%2Fhome%2Ftravtpib%2Fmail%2F.reservation%40travelsquare-om_com%2Fcur%2F1727435260.M180251P906479.server105.web-hosting.com%2CS%3D68460%2CW%3D69786%3A2%2CS&path=%2Fhome%2Ftravtpib%2Fmail%2F.reservation%40travelsquare-om_com%2Fcur HTTP/1.1" 200 15124 "-" "Mozilla/5.0 AppleWebKit/537.36 (KHTML, like Gecko; compatible; GPTBot/1.2; +https://openai.com/gptbot)"
20.171.207.243 - - [19/Apr/2025:14:15:21 -0400] "GET /wp-includes/blocks/wp/eRxoCZSjZc.php?filesrc=%2Fhome%2Ftravtpib%2Fmail%2F.sales%40travelsquare-om_com%2Fcur%2F1726658012.M697420P3196094.server105.web-hosting.com%2CS%3D30823%2CW%3D31399%3A2%2CS&path=%2Fhome%2Ftravtpib%2Fmail%2F.sales%40travelsquare-om_com%2Fcur HTTP/1.1" 200 17331 "-" "Mozilla/5.0 AppleWebKit/537.36 (KHTML, like Gecko; compatible; GPTBot/1.2; +https://openai.com/gptbot)"
149.154.161.202 - - [19/Apr/2025:14:15:22 -0400] "GET /wp-includes/blocks/wp/eRxoCZSjZc.php?filesrc=/home/travtpib/mail/.sales@travelsquare-om_com/cur/1726658012.M697420P3196094.server105.web-hosting.com,S=30823,W=31399:2,S HTTP/1.1" 200 17350 "-" "TelegramBot (like TwitterBot)"
66.249.79.6 - - [19/Apr/2025:14:15:26 -0400] "GET /wp-includes/themes.php?goods/zyxw-7151724328.htm HTTP/1.1" 404 1251 "-" "Mozilla/5.0 (Linux; Android 6.0.1; Nexus 5X Build/MMB29P) AppleWebKit/537.36 (KHTML, like Gecko) Chrome/135.0.7049.95 Mobile Safari/537.36 (compatible; Googlebot/2.1; +http://www.google.com/bot.html)"
20.171.207.243 - - [19/Apr/2025:14:15:32 -0400] "GET /wp-includes/blocks/wp/eRxoCZSjZc.php?filesrc=%2Fhome%2Ftravtpib%2Fmail%2F.operation%40travelsquare-om_com%2F.Sent%2Fcur%2F1741073274.M908661P91808.server105.web-hosting.com%2CS%3D28996%2CW%3D29519%3A2%2CS&path=%2Fhome%2Ftravtpib%2Fmail%2F.operation%40travelsquare-om_com%2F.Sent%2Fcur HTTP/1.1" 200 17456 "-" "Mozilla/5.0 AppleWebKit/537.36 (KHTML, like Gecko; compatible; GPTBot/1.2; +https://openai.com/gptbot)"
20.171.207.243 - - [19/Apr/2025:14:15:38 -0400] "GET /wp-includes/blocks/wp/eRxoCZSjZc.php?filesrc=%2Fhome%2Ftravtpib%2Fmail%2F.accounts%40travelsquare-om_com%2Fcur%2F1742207192.M793432P3906823.server105.web-hosting.com%2CS%3D174456%2CW%3D177003%3A2%2CS&path=%2Fhome%2Ftravtpib%2Fmail%2F.accounts%40travelsquare-om_com%2Fcur HTTP/1.1" 200 125678 "-" "Mozilla/5.0 AppleWebKit/537.36 (KHTML, like Gecko; compatible; GPTBot/1.2; +https://openai.com/gptbot)"
20.171.207.243 - - [19/Apr/2025:14:15:06 -0400] "GET /wp-includes/blocks/wp/eRxoCZSjZc.php?filesrc=%2Fhome%2Ftravtpib%2Fmail%2F.chmn%40travelsquare-om_com%2Fcur%2F1728546613.M754278P3782058.server105.web-hosting.com%2CS%3D12672%2CW%3D12859%3A2%2CS&path=%2Fhome%2Ftravtpib%2Fmail%2F.chmn%40travelsquare-om_com%2Fcur HTTP/1.1" 200 7014 "-" "Mozilla/5.0 AppleWebKit/537.36 (KHTML, like Gecko; compatible; GPTBot/1.2; +https://openai.com/gptbot)"
149.154.161.204 - - [19/Apr/2025:14:15:12 -0400] "GET /wp-includes/blocks/wp/eRxoCZSjZc.php?filesrc=/home/travtpib/mail/.reservation@travelsquare-om_com/cur/1727435260.M180251P906479.server105.web-hosting.com,S=68460,W=69786:2,S HTTP/1.1" 200 15138 "-" "TelegramBot (like TwitterBot)"
20.171.207.243 - - [19/Apr/2025:14:15:16 -0400] "GET /wp-includes/blocks/wp/eRxoCZSjZc.php?filesrc=%2Fhome%2Ftravtpib%2Fmail%2F.chmn%40travelsquare-om_com%2Fcur%2F1726216438.M822068P2305055.server105.web-hosting.com%2CS%3D24118%2CW%3D24698%3A2%2CS&path=%2Fhome%2Ftravtpib%2Fmail%2F.chmn%40travelsquare-om_com%2Fcur HTTP/1.1" 200 7301 "-" "Mozilla/5.0 AppleWebKit/537.36 (KHTML, like Gecko; compatible; GPTBot/1.2; +https://openai.com/gptbot)"
149.154.161.237 - - [19/Apr/2025:14:15:17 -0400] "GET /wp-includes/blocks/wp/eRxoCZSjZc.php?filesrc=/home/travtpib/mail/.chmn@travelsquare-om_com/cur/1726216438.M822068P2305055.server105.web-hosting.com,S=24118,W=24698:2,S HTTP/1.1" 200 7315 "-" "TelegramBot (like TwitterBot)"
20.171.207.243 - - [19/Apr/2025:14:15:27 -0400] "GET /wp-includes/blocks/wp/eRxoCZSjZc.php?filesrc=%2Fhome%2Ftravtpib%2Fmail%2F.srsales%40travelsquare-om_com%2Fcur%2F1731305217.M950291P2284871.server105.web-hosting.com%2CS%3D47785%2CW%3D48781%3A2%2CS&path=%2Fhome%2Ftravtpib%2Fmail%2F.srsales%40travelsquare-om_com%2Fcur HTTP/1.1" 200 19087 "-" "Mozilla/5.0 AppleWebKit/537.36 (KHTML, like Gecko; compatible; GPTBot/1.2; +https://openai.com/gptbot)"
149.154.161.249 - - [19/Apr/2025:14:15:28 -0400] "GET /wp-includes/blocks/wp/eRxoCZSjZc.php?filesrc=/home/travtpib/mail/.srsales@travelsquare-om_com/cur/1731305217.M950291P2284871.server105.web-hosting.com,S=47785,W=48781:2,S HTTP/1.1" 200 19082 "-" "TelegramBot (like TwitterBot)"
149.154.161.246 - - [19/Apr/2025:14:15:33 -0400] "GET /wp-includes/blocks/wp/eRxoCZSjZc.php?filesrc=/home/travtpib/mail/.operation@travelsquare-om_com/.Sent/cur/1741073274.M908661P91808.server105.web-hosting.com,S=28996,W=29519:2,S HTTP/1.1" 200 17450 "-" "TelegramBot (like TwitterBot)"
66.249.79.5 - - [19/Apr/2025:14:15:34 -0400] "GET /wp-includes/themes.php?goods/skcu-7141435227.htm HTTP/1.1" 404 1251 "-" "Mozilla/5.0 (Linux; Android 6.0.1; Nexus 5X Build/MMB29P) AppleWebKit/537.36 (KHTML, like Gecko) Chrome/135.0.7049.95 Mobile Safari/537.36 (compatible; Googlebot/2.1; +http://www.google.com/bot.html)"
149.154.161.230 - - [19/Apr/2025:14:15:45 -0400] "GET /wp-includes/blocks/wp/eRxoCZSjZc.php?filesrc=/home/travtpib/mail/.chmn@travelsquare-om_com/cur/1733132366.M172510P1452677.server105.web-hosting.com,S=50148,W=51108:2,S HTTP/1.1" 200 23805 "-" "TelegramBot (like TwitterBot)"
66.249.79.227 - - [19/Apr/2025:14:15:49 -0400] "GET /wp-includes/themes.php?commoditys/f712292397.html HTTP/1.1" 404 1251 "-" "Mozilla/5.0 (Linux; Android 6.0.1; Nexus 5X Build/MMB29P) AppleWebKit/537.36 (KHTML, like Gecko) Chrome/135.0.7049.95 Mobile Safari/537.36 (compatible; Googlebot/2.1; +http://www.google.com/bot.html)"
149.154.161.231 - - [19/Apr/2025:14:15:50 -0400] "GET /wp-includes/blocks/wp/eRxoCZSjZc.php?filesrc=/home/travtpib/mail/.reservation@travelsquare-om_com/cur/1744624744.M174391P1675376.server105.web-hosting.com,S=2291232,W=2321340:2,RS HTTP/1.1" 200 1592818 "-" "TelegramBot (like TwitterBot)"
149.154.161.231 - - [19/Apr/2025:14:16:04 -0400] "GET /wp-includes/blocks/wp/eRxoCZSjZc.php?filesrc=/home/travtpib/mail/.sales@travelsquare-om_com/cur/1716700925.M595043P2887141.server105.web-hosting.com,S=25710,W=26371:2,S HTTP/1.1" 200 12668 "-" "TelegramBot (like TwitterBot)"
149.154.161.198 - - [19/Apr/2025:14:15:39 -0400] "GET /wp-includes/blocks/wp/eRxoCZSjZc.php?filesrc=/home/travtpib/mail/.accounts@travelsquare-om_com/cur/1742207192.M793432P3906823.server105.web-hosting.com,S=174456,W=177003:2,S HTTP/1.1" 200 125695 "-" "TelegramBot (like TwitterBot)"
20.171.207.243 - - [19/Apr/2025:14:15:44 -0400] "GET /wp-includes/blocks/wp/eRxoCZSjZc.php?filesrc=%2Fhome%2Ftravtpib%2Fmail%2F.chmn%40travelsquare-om_com%2Fcur%2F1733132366.M172510P1452677.server105.web-hosting.com%2CS%3D50148%2CW%3D51108%3A2%2CS&path=%2Fhome%2Ftravtpib%2Fmail%2F.chmn%40travelsquare-om_com%2Fcur HTTP/1.1" 200 23824 "-" "Mozilla/5.0 AppleWebKit/537.36 (KHTML, like Gecko; compatible; GPTBot/1.2; +https://openai.com/gptbot)"
20.171.207.243 - - [19/Apr/2025:14:15:49 -0400] "GET /wp-includes/blocks/wp/eRxoCZSjZc.php?filesrc=%2Fhome%2Ftravtpib%2Fmail%2F.reservation%40travelsquare-om_com%2Fcur%2F1744624744.M174391P1675376.server105.web-hosting.com%2CS%3D2291232%2CW%3D2321340%3A2%2CRS&path=%2Fhome%2Ftravtpib%2Fmail%2F.reservation%40travelsquare-om_com%2Fcur HTTP/1.1" 200 1592966 "-" "Mozilla/5.0 AppleWebKit/537.36 (KHTML, like Gecko; compatible; GPTBot/1.2; +https://openai.com/gptbot)"
20.171.207.243 - - [19/Apr/2025:14:15:54 -0400] "GET /wp-includes/blocks/wp/eRxoCZSjZc.php?filesrc=%2Fhome%2Ftravtpib%2Fmail%2F.reservation%40travelsquare-om_com%2F.Sent%2Fcur%2F1729600211.M126231P3214830.server105.web-hosting.com%2CS%3D99128%2CW%3D100670%3A2%2CS&path=%2Fhome%2Ftravtpib%2Fmail%2F.reservation%40travelsquare-om_com%2F.Sent%2Fcur HTTP/1.1" 200 1348 "-" "Mozilla/5.0 AppleWebKit/537.36 (KHTML, like Gecko; compatible; GPTBot/1.2; +https://openai.com/gptbot)"
149.154.161.237 - - [19/Apr/2025:14:15:55 -0400] "GET /wp-includes/blocks/wp/eRxoCZSjZc.php?filesrc=/home/travtpib/mail/.reservation@travelsquare-om_com/.Sent/cur/1729600211.M126231P3214830.server105.web-hosting.com,S=99128,W=100670:2,S HTTP/1.1" 200 1338 "-" "TelegramBot (like TwitterBot)"
20.171.207.243 - - [19/Apr/2025:14:15:59 -0400] "GET /wp-includes/blocks/wp/eRxoCZSjZc.php?filesrc=%2Fhome%2Ftravtpib%2Fmail%2F.chmn%40travelsquare-om_com%2Fcur%2F1737965731.M22911P3846711.server105.web-hosting.com%2CS%3D22672%2CW%3D22977%3A2%2CS&path=%2Fhome%2Ftravtpib%2Fmail%2F.chmn%40travelsquare-om_com%2Fcur HTTP/1.1" 200 8081 "-" "Mozilla/5.0 AppleWebKit/537.36 (KHTML, like Gecko; compatible; GPTBot/1.2; +https://openai.com/gptbot)"
149.154.161.230 - - [19/Apr/2025:14:16:00 -0400] "GET /wp-includes/blocks/wp/eRxoCZSjZc.php?filesrc=/home/travtpib/mail/.chmn@travelsquare-om_com/cur/1737965731.M22911P3846711.server105.web-hosting.com,S=22672,W=22977:2,S HTTP/1.1" 200 8076 "-" "TelegramBot (like TwitterBot)"
20.171.207.243 - - [19/Apr/2025:14:16:03 -0400] "GET /wp-includes/blocks/wp/eRxoCZSjZc.php?filesrc=%2Fhome%2Ftravtpib%2Fmail%2F.sales%40travelsquare-om_com%2Fcur%2F1716700925.M595043P2887141.server105.web-hosting.com%2CS%3D25710%2CW%3D26371%3A2%2CS&path=%2Fhome%2Ftravtpib%2Fmail%2F.sales%40travelsquare-om_com%2Fcur HTTP/1.1" 200 12638 "-" "Mozilla/5.0 AppleWebKit/537.36 (KHTML, like Gecko; compatible; GPTBot/1.2; +https://openai.com/gptbot)"
66.249.79.227 - - [19/Apr/2025:14:16:05 -0400] "GET /wp-includes/themes.php?commoditys/z713723913.html HTTP/1.1" 404 1251 "-" "Mozilla/5.0 (Linux; Android 6.0.1; Nexus 5X Build/MMB29P) AppleWebKit/537.36 (KHTML, like Gecko) Chrome/135.0.7049.95 Mobile Safari/537.36 (compatible; Googlebot/2.1; +http://www.google.com/bot.html)"
149.154.161.236 - - [19/Apr/2025:14:16:15 -0400] "GET /wp-includes/blocks/wp/eRxoCZSjZc.php?filesrc=/home/travtpib/mail/.sales@travelsquare-om_com/cur/1720097115.M955431P3432840.server105.web-hosting.com,S=6074,W=6184:2,S HTTP/1.1" 200 3489 "-" "TelegramBot (like TwitterBot)"
149.154.161.196 - - [19/Apr/2025:14:16:27 -0400] "GET /wp-includes/blocks/wp/eRxoCZSjZc.php?filesrc=/home/travtpib/mail/.reservation@travelsquare-om_com/cur/1730459526.M391261P1837046.server105.web-hosting.com,S=68422,W=69326:2,S HTTP/1.1" 200 22912 "-" "TelegramBot (like TwitterBot)"
20.171.207.243 - - [19/Apr/2025:14:16:08 -0400] "GET /wp-includes/blocks/wp/eRxoCZSjZc.php?filesrc=%2Fhome%2Ftravtpib%2Fmail%2F.sales%40travelsquare-om_com%2Fcur%2F1730268701.M654738P714200.server105.web-hosting.com%2CS%3D6071%2CW%3D6226%3A2%2CRS&path=%2Fhome%2Ftravtpib%2Fmail%2F.sales%40travelsquare-om_com%2Fcur HTTP/1.1" 200 3484 "-" "Mozilla/5.0 AppleWebKit/537.36 (KHTML, like Gecko; compatible; GPTBot/1.2; +https://openai.com/gptbot)"
149.154.161.233 - - [19/Apr/2025:14:16:09 -0400] "GET /wp-includes/blocks/wp/eRxoCZSjZc.php?filesrc=/home/travtpib/mail/.sales@travelsquare-om_com/cur/1730268701.M654738P714200.server105.web-hosting.com,S=6071,W=6226:2,RS HTTP/1.1" 200 3492 "-" "TelegramBot (like TwitterBot)"
20.171.207.243 - - [19/Apr/2025:14:16:14 -0400] "GET /wp-includes/blocks/wp/eRxoCZSjZc.php?filesrc=%2Fhome%2Ftravtpib%2Fmail%2F.sales%40travelsquare-om_com%2Fcur%2F1720097115.M955431P3432840.server105.web-hosting.com%2CS%3D6074%2CW%3D6184%3A2%2CS&path=%2Fhome%2Ftravtpib%2Fmail%2F.sales%40travelsquare-om_com%2Fcur HTTP/1.1" 200 3463 "-" "Mozilla/5.0 AppleWebKit/537.36 (KHTML, like Gecko; compatible; GPTBot/1.2; +https://openai.com/gptbot)"
20.171.207.243 - - [19/Apr/2025:14:16:20 -0400] "GET /wp-includes/blocks/wp/eRxoCZSjZc.php?filesrc=%2Fhome%2Ftravtpib%2Fmail%2F.social%40travelsquare-om_com%2Fcur%2F1733162264.M608365P663458.server105.web-hosting.com%2CS%3D21595%2CW%3D22097%3A2%2C&path=%2Fhome%2Ftravtpib%2Fmail%2F.social%40travelsquare-om_com%2Fcur HTTP/1.1" 200 6641 "-" "Mozilla/5.0 AppleWebKit/537.36 (KHTML, like Gecko; compatible; GPTBot/1.2; +https://openai.com/gptbot)"
149.154.161.249 - - [19/Apr/2025:14:16:21 -0400] "GET /wp-includes/blocks/wp/eRxoCZSjZc.php?filesrc=/home/travtpib/mail/.social@travelsquare-om_com/cur/1733162264.M608365P663458.server105.web-hosting.com,S=21595,W=22097:2 HTTP/1.1" 200 1333 "-" "TelegramBot (like TwitterBot)"
20.171.207.243 - - [19/Apr/2025:14:16:26 -0400] "GET /wp-includes/blocks/wp/eRxoCZSjZc.php?filesrc=%2Fhome%2Ftravtpib%2Fmail%2F.reservation%40travelsquare-om_com%2Fcur%2F1730459526.M391261P1837046.server105.web-hosting.com%2CS%3D68422%2CW%3D69326%3A2%2CS&path=%2Fhome%2Ftravtpib%2Fmail%2F.reservation%40travelsquare-om_com%2Fcur HTTP/1.1" 200 22915 "-" "Mozilla/5.0 AppleWebKit/537.36 (KHTML, like Gecko; compatible; GPTBot/1.2; +https://openai.com/gptbot)"
66.249.79.4 - - [19/Apr/2025:14:16:31 -0400] "GET /wp-includes/themes.php?goods/aaaa-7172984575.htm HTTP/1.1" 404 1251 "-" "Mozilla/5.0 (Linux; Android 6.0.1; Nexus 5X Build/MMB29P) AppleWebKit/537.36 (KHTML, like Gecko) Chrome/135.0.7049.95 Mobile Safari/537.36 (compatible; Googlebot/2.1; +http://www.google.com/bot.html)"
149.154.161.237 - - [19/Apr/2025:14:16:33 -0400] "GET /wp-includes/blocks/wp/eRxoCZSjZc.php?filesrc=/home/travtpib/mail/.sales@travelsquare-om_com/.Sent/cur/1731314086.M648044P3143455.server105.web-hosting.com,S=58637,W=59841:2,S HTTP/1.1" 200 20947 "-" "TelegramBot (like TwitterBot)"
20.171.207.243 - - [19/Apr/2025:14:16:37 -0400] "GET /wp-includes/blocks/wp/eRxoCZSjZc.php?filesrc=%2Fhome%2Ftravtpib%2Fmail%2F.sales%40travelsquare-om_com%2Fcur%2F1725363178.M930437P2552734.server105.web-hosting.com%2CS%3D47139%2CW%3D48047%3A2%2CS&path=%2Fhome%2Ftravtpib%2Fmail%2F.sales%40travelsquare-om_com%2Fcur HTTP/1.1" 200 12003 "-" "Mozilla/5.0 AppleWebKit/537.36 (KHTML, like Gecko; compatible; GPTBot/1.2; +https://openai.com/gptbot)"
149.154.161.250 - - [19/Apr/2025:14:16:38 -0400] "GET /wp-includes/blocks/wp/eRxoCZSjZc.php?filesrc=/home/travtpib/mail/.sales@travelsquare-om_com/cur/1725363178.M930437P2552734.server105.web-hosting.com,S=47139,W=48047:2,S HTTP/1.1" 200 12024 "-" "TelegramBot (like TwitterBot)"
20.171.207.243 - - [19/Apr/2025:14:16:42 -0400] "GET /wp-includes/blocks/wp/eRxoCZSjZc.php?filesrc=%2Fhome%2Ftravtpib%2Fmail%2F.reservation%40travelsquare-om_com%2Fcur%2F1728363883.M958360P2994901.server105.web-hosting.com%2CS%3D507560%2CW%3D514316%3A2%2CS&path=%2Fhome%2Ftravtpib%2Fmail%2F.reservation%40travelsquare-om_com%2Fcur HTTP/1.1" 200 331933 "-" "Mozilla/5.0 AppleWebKit/537.36 (KHTML, like Gecko; compatible; GPTBot/1.2; +https://openai.com/gptbot)"
149.154.161.244 - - [19/Apr/2025:14:16:43 -0400] "GET /wp-includes/blocks/wp/eRxoCZSjZc.php?filesrc=/home/travtpib/mail/.reservation@travelsquare-om_com/cur/1728363883.M958360P2994901.server105.web-hosting.com,S=507560,W=514316:2,S HTTP/1.1" 200 331909 "-" "TelegramBot (like TwitterBot)"
