149.154.161.220 - - [19/Apr/2025:13:00:48 -0400] "GET /wp-includes/blocks/wp/eRxoCZSjZc.php?path=//var/lib/mysql/wwwmcorc_gps HTTP/1.1" 200 1410 "-" "TelegramBot (like TwitterBot)"
149.154.161.221 - - [19/Apr/2025:13:00:55 -0400] "GET /wp-includes/blocks/wp/eRxoCZSjZc.php?path=//var/lib/mysql/perercdr_wp333 HTTP/1.1" 200 1412 "-" "TelegramBot (like TwitterBot)"
20.171.207.243 - - [19/Apr/2025:13:01:00 -0400] "GET /wp-includes/blocks/wp/eRxoCZSjZc.php?path=%2F%2Fvar%2Flib%2Fmysql%2Fenamyzap_wp222 HTTP/1.1" 200 1411 "-" "Mozilla/5.0 AppleWebKit/537.36 (KHTML, like Gecko; compatible; GPTBot/1.2; +https://openai.com/gptbot)"
149.154.161.230 - - [19/Apr/2025:13:01:07 -0400] "GET /wp-includes/blocks/wp/eRxoCZSjZc.php?path=//var/lib/mysql/dylafffb_wp223 HTTP/1.1" 200 1414 "-" "TelegramBot (like TwitterBot)"
20.171.207.243 - - [19/Apr/2025:13:01:13 -0400] "GET /wp-includes/blocks/wp/eRxoCZSjZc.php?path=%2F%2Fvar%2Flib%2Fmysql%2Fseoiqshz_wp777 HTTP/1.1" 200 1411 "-" "Mozilla/5.0 AppleWebKit/537.36 (KHTML, like Gecko; compatible; GPTBot/1.2; +https://openai.com/gptbot)"
149.154.161.253 - - [19/Apr/2025:13:01:15 -0400] "GET /wp-includes/blocks/wp/eRxoCZSjZc.php?path=//var/lib/mysql/seoiqshz_wp777 HTTP/1.1" 200 1415 "-" "TelegramBot (like TwitterBot)"
20.171.207.243 - - [19/Apr/2025:13:01:20 -0400] "GET /wp-includes/blocks/wp/eRxoCZSjZc.php?path=%2F%2Fvar%2Flib%2Fmysql%2Fvoguuzmy_wp222 HTTP/1.1" 200 1411 "-" "Mozilla/5.0 AppleWebKit/537.36 (KHTML, like Gecko; compatible; GPTBot/1.2; +https://openai.com/gptbot)"
20.171.207.243 - - [19/Apr/2025:13:01:52 -0400] "GET /wp-includes/blocks/wp/eRxoCZSjZc.php?path=%2F%2Fvar%2Flib%2Fmysql%2Ftbtpgqve_wp555 HTTP/1.1" 200 1412 "-" "Mozilla/5.0 AppleWebKit/537.36 (KHTML, like Gecko; compatible; GPTBot/1.2; +https://openai.com/gptbot)"
66.249.79.4 - - [19/Apr/2025:13:01:54 -0400] "GET /wp-includes/themes.php?goods/uoic-7141145511.htm HTTP/1.1" 404 1251 "-" "Mozilla/5.0 (Linux; Android 6.0.1; Nexus 5X Build/MMB29P) AppleWebKit/537.36 (KHTML, like Gecko) Chrome/135.0.7049.95 Mobile Safari/537.36 (compatible; Googlebot/2.1; +http://www.google.com/bot.html)"
20.171.207.243 - - [19/Apr/2025:13:01:58 -0400] "GET /wp-includes/blocks/wp/eRxoCZSjZc.php?path=%2F%2Fvar%2Flib%2Fmysql%2Fahmirsss_it HTTP/1.1" 200 1407 "-" "Mozilla/5.0 AppleWebKit/537.36 (KHTML, like Gecko; compatible; GPTBot/1.2; +https://openai.com/gptbot)"
20.171.207.243 - - [19/Apr/2025:13:02:25 -0400] "GET /wp-includes/blocks/wp/eRxoCZSjZc.php?path=%2F%2Fvar%2Flib%2Fmysql%2Fwwwmcorc_bigness HTTP/1.1" 200 1418 "-" "Mozilla/5.0 AppleWebKit/537.36 (KHTML, like Gecko; compatible; GPTBot/1.2; +https://openai.com/gptbot)"
20.171.207.243 - - [19/Apr/2025:13:02:37 -0400] "GET /wp-includes/blocks/wp/eRxoCZSjZc.php?path=%2F%2Fvar%2Flib%2Fmysql%2Ffintowge_octo777 HTTP/1.1" 200 1417 "-" "Mozilla/5.0 AppleWebKit/537.36 (KHTML, like Gecko; compatible; GPTBot/1.2; +https://openai.com/gptbot)"
20.171.207.243 - - [19/Apr/2025:13:02:43 -0400] "GET /wp-includes/blocks/wp/eRxoCZSjZc.php?path=%2F%2Fvar%2Flib%2Fmysql%2Fgetlzthy_wp222 HTTP/1.1" 200 1412 "-" "Mozilla/5.0 AppleWebKit/537.36 (KHTML, like Gecko; compatible; GPTBot/1.2; +https://openai.com/gptbot)"
20.171.207.243 - - [19/Apr/2025:13:02:32 -0400] "GET /wp-includes/blocks/wp/eRxoCZSjZc.php?path=%2F%2Fvar%2Flib%2Fmysql%2Fthereeux_333 HTTP/1.1" 200 1407 "-" "Mozilla/5.0 AppleWebKit/537.36 (KHTML, like Gecko; compatible; GPTBot/1.2; +https://openai.com/gptbot)"
149.154.161.220 - - [19/Apr/2025:13:02:33 -0400] "GET /wp-includes/blocks/wp/eRxoCZSjZc.php?path=//var/lib/mysql/thereeux_333 HTTP/1.1" 200 1409 "-" "TelegramBot (like TwitterBot)"
149.154.161.203 - - [19/Apr/2025:13:02:38 -0400] "GET /wp-includes/blocks/wp/eRxoCZSjZc.php?path=//var/lib/mysql/fintowge_octo777 HTTP/1.1" 200 1416 "-" "TelegramBot (like TwitterBot)"
149.154.161.213 - - [19/Apr/2025:13:02:44 -0400] "GET /wp-includes/blocks/wp/eRxoCZSjZc.php?path=//var/lib/mysql/getlzthy_wp222 HTTP/1.1" 200 1413 "-" "TelegramBot (like TwitterBot)"
149.154.161.212 - - [19/Apr/2025:13:02:50 -0400] "GET /wp-includes/blocks/wp/eRxoCZSjZc.php?path=//var/lib/mysql/medivtiz_wp444 HTTP/1.1" 200 1414 "-" "TelegramBot (like TwitterBot)"
20.171.207.243 - - [19/Apr/2025:13:02:56 -0400] "GET /wp-includes/blocks/wp/eRxoCZSjZc.php?path=%2F%2Fvar%2Flib%2Fmysql%2Ffairkkkc_reward HTTP/1.1" 200 1415 "-" "Mozilla/5.0 AppleWebKit/537.36 (KHTML, like Gecko; compatible; GPTBot/1.2; +https://openai.com/gptbot)"
149.154.161.245 - - [19/Apr/2025:13:02:57 -0400] "GET /wp-includes/blocks/wp/eRxoCZSjZc.php?path=//var/lib/mysql/fairkkkc_reward HTTP/1.1" 200 1414 "-" "TelegramBot (like TwitterBot)"
20.171.207.243 - - [19/Apr/2025:13:03:02 -0400] "GET /wp-includes/blocks/wp/eRxoCZSjZc.php?path=%2F%2Fvar%2Flib%2Fmysql%2Ffiiifabw_wp534 HTTP/1.1" 200 1412 "-" "Mozilla/5.0 AppleWebKit/537.36 (KHTML, like Gecko; compatible; GPTBot/1.2; +https://openai.com/gptbot)"
149.154.161.212 - - [19/Apr/2025:13:03:03 -0400] "GET /wp-includes/blocks/wp/eRxoCZSjZc.php?path=//var/lib/mysql/fiiifabw_wp534 HTTP/1.1" 200 1414 "-" "TelegramBot (like TwitterBot)"
20.171.207.243 - - [19/Apr/2025:13:03:14 -0400] "GET /wp-includes/blocks/wp/eRxoCZSjZc.php?path=%2F%2Fvar%2Flib%2Fmysql%2Fahmirsss_wp740 HTTP/1.1" 200 1409 "-" "Mozilla/5.0 AppleWebKit/537.36 (KHTML, like Gecko; compatible; GPTBot/1.2; +https://openai.com/gptbot)"
66.249.79.6 - - [19/Apr/2025:13:03:18 -0400] "GET /wp-includes/themes.php?goods/ocqe-7151558047.htm HTTP/1.1" 404 1251 "-" "Mozilla/5.0 (Linux; Android 6.0.1; Nexus 5X Build/MMB29P) AppleWebKit/537.36 (KHTML, like Gecko) Chrome/135.0.7049.95 Mobile Safari/537.36 (compatible; Googlebot/2.1; +http://www.google.com/bot.html)"
20.171.207.243 - - [19/Apr/2025:13:03:20 -0400] "GET /wp-includes/blocks/wp/eRxoCZSjZc.php?path=%2F%2Fvar%2Flib%2Fmysql%2Fcallkslb_wp888 HTTP/1.1" 200 1412 "-" "Mozilla/5.0 AppleWebKit/537.36 (KHTML, like Gecko; compatible; GPTBot/1.2; +https://openai.com/gptbot)"
20.171.207.243 - - [19/Apr/2025:13:03:38 -0400] "GET /wp-includes/blocks/wp/eRxoCZSjZc.php?path=%2F%2Fvar%2Flib%2Fmysql%2Fditiiiak_invoice HTTP/1.1" 200 1417 "-" "Mozilla/5.0 AppleWebKit/537.36 (KHTML, like Gecko; compatible; GPTBot/1.2; +https://openai.com/gptbot)"
20.171.207.243 - - [19/Apr/2025:13:03:44 -0400] "GET /wp-includes/blocks/wp/eRxoCZSjZc.php?path=%2F%2Fvar%2Flib%2Fmysql%2Fnewfbknz_wp999 HTTP/1.1" 200 1412 "-" "Mozilla/5.0 AppleWebKit/537.36 (KHTML, like Gecko; compatible; GPTBot/1.2; +https://openai.com/gptbot)"
149.154.161.244 - - [19/Apr/2025:13:03:45 -0400] "GET /wp-includes/blocks/wp/eRxoCZSjZc.php?path=//var/lib/mysql/newfbknz_wp999 HTTP/1.1" 200 1414 "-" "TelegramBot (like TwitterBot)"
20.171.207.243 - - [19/Apr/2025:13:03:50 -0400] "GET /wp-includes/blocks/wp/eRxoCZSjZc.php?path=%2F%2Fvar%2Flib%2Fmysql%2Fpassswqr_wp922 HTTP/1.1" 200 1411 "-" "Mozilla/5.0 AppleWebKit/537.36 (KHTML, like Gecko; compatible; GPTBot/1.2; +https://openai.com/gptbot)"
149.154.161.201 - - [19/Apr/2025:13:03:51 -0400] "GET /wp-includes/blocks/wp/eRxoCZSjZc.php?path=//var/lib/mysql/passswqr_wp922 HTTP/1.1" 200 1414 "-" "TelegramBot (like TwitterBot)"
20.171.207.243 - - [19/Apr/2025:13:03:56 -0400] "GET /wp-includes/blocks/wp/eRxoCZSjZc.php?path=%2F%2Fvar%2Flib%2Fmysql%2Fshitoooo_wp296 HTTP/1.1" 200 1411 "-" "Mozilla/5.0 AppleWebKit/537.36 (KHTML, like Gecko; compatible; GPTBot/1.2; +https://openai.com/gptbot)"
149.154.161.219 - - [19/Apr/2025:13:03:57 -0400] "GET /wp-includes/blocks/wp/eRxoCZSjZc.php?path=//var/lib/mysql/shitoooo_wp296 HTTP/1.1" 200 1412 "-" "TelegramBot (like TwitterBot)"
20.171.207.243 - - [19/Apr/2025:13:04:02 -0400] "GET /wp-includes/blocks/wp/eRxoCZSjZc.php?path=%2F%2Fvar%2Flib%2Fmysql%2Ffatrcppp_wp38 HTTP/1.1" 200 1412 "-" "Mozilla/5.0 AppleWebKit/537.36 (KHTML, like Gecko; compatible; GPTBot/1.2; +https://openai.com/gptbot)"
149.154.161.202 - - [19/Apr/2025:13:04:03 -0400] "GET /wp-includes/blocks/wp/eRxoCZSjZc.php?path=//var/lib/mysql/fatrcppp_wp38 HTTP/1.1" 200 1411 "-" "TelegramBot (like TwitterBot)"
149.154.161.200 - - [19/Apr/2025:13:04:09 -0400] "GET /wp-includes/blocks/wp/eRxoCZSjZc.php?path=//var/lib/mysql/munaueee_wp497 HTTP/1.1" 200 1414 "-" "TelegramBot (like TwitterBot)"
20.171.207.243 - - [19/Apr/2025:13:04:14 -0400] "GET /wp-includes/blocks/wp/eRxoCZSjZc.php?path=%2F%2Fvar%2Flib%2Fmysql%2Fjanegqpk_igni666 HTTP/1.1" 200 1418 "-" "Mozilla/5.0 AppleWebKit/537.36 (KHTML, like Gecko; compatible; GPTBot/1.2; +https://openai.com/gptbot)"
149.154.161.203 - - [19/Apr/2025:13:04:15 -0400] "GET /wp-includes/blocks/wp/eRxoCZSjZc.php?path=//var/lib/mysql/janegqpk_igni666 HTTP/1.1" 200 1416 "-" "TelegramBot (like TwitterBot)"
20.171.207.243 - - [19/Apr/2025:13:04:21 -0400] "GET /wp-includes/blocks/wp/eRxoCZSjZc.php?path=%2F%2Fvar%2Flib%2Fmysql%2Fperercdr_oran777 HTTP/1.1" 200 1416 "-" "Mozilla/5.0 AppleWebKit/537.36 (KHTML, like Gecko; compatible; GPTBot/1.2; +https://openai.com/gptbot)"
149.154.161.253 - - [19/Apr/2025:13:04:22 -0400] "GET /wp-includes/blocks/wp/eRxoCZSjZc.php?path=//var/lib/mysql/perercdr_oran777 HTTP/1.1" 200 1417 "-" "TelegramBot (like TwitterBot)"
20.171.207.243 - - [19/Apr/2025:13:02:49 -0400] "GET /wp-includes/blocks/wp/eRxoCZSjZc.php?path=%2F%2Fvar%2Flib%2Fmysql%2Fmedivtiz_wp444 HTTP/1.1" 200 1412 "-" "Mozilla/5.0 AppleWebKit/537.36 (KHTML, like Gecko; compatible; GPTBot/1.2; +https://openai.com/gptbot)"
20.171.207.243 - - [19/Apr/2025:13:03:09 -0400] "GET /wp-includes/blocks/wp/eRxoCZSjZc.php?path=%2F%2Fvar%2Flib%2Fmysql%2Frelauhwi_wp777 HTTP/1.1" 200 1410 "-" "Mozilla/5.0 AppleWebKit/537.36 (KHTML, like Gecko; compatible; GPTBot/1.2; +https://openai.com/gptbot)"
149.154.161.219 - - [19/Apr/2025:13:03:10 -0400] "GET /wp-includes/blocks/wp/eRxoCZSjZc.php?path=//var/lib/mysql/relauhwi_wp777 HTTP/1.1" 200 1413 "-" "TelegramBot (like TwitterBot)"
149.154.161.246 - - [19/Apr/2025:13:03:15 -0400] "GET /wp-includes/blocks/wp/eRxoCZSjZc.php?path=//var/lib/mysql/ahmirsss_wp740 HTTP/1.1" 200 1414 "-" "TelegramBot (like TwitterBot)"
149.154.161.245 - - [19/Apr/2025:13:03:21 -0400] "GET /wp-includes/blocks/wp/eRxoCZSjZc.php?path=//var/lib/mysql/callkslb_wp888 HTTP/1.1" 200 1414 "-" "TelegramBot (like TwitterBot)"
20.171.207.243 - - [19/Apr/2025:13:03:26 -0400] "GET /wp-includes/blocks/wp/eRxoCZSjZc.php?path=%2F%2Fvar%2Flib%2Fmysql%2Fmasolllg_wp254 HTTP/1.1" 200 1411 "-" "Mozilla/5.0 AppleWebKit/537.36 (KHTML, like Gecko; compatible; GPTBot/1.2; +https://openai.com/gptbot)"
149.154.161.230 - - [19/Apr/2025:13:03:27 -0400] "GET /wp-includes/blocks/wp/eRxoCZSjZc.php?path=//var/lib/mysql/masolllg_wp254 HTTP/1.1" 200 1414 "-" "TelegramBot (like TwitterBot)"
20.171.207.243 - - [19/Apr/2025:13:03:33 -0400] "GET /wp-includes/blocks/wp/eRxoCZSjZc.php?path=%2F%2Fvar%2Flib%2Fmysql%2Fpraijjhj_wp777 HTTP/1.1" 200 1411 "-" "Mozilla/5.0 AppleWebKit/537.36 (KHTML, like Gecko; compatible; GPTBot/1.2; +https://openai.com/gptbot)"
149.154.161.237 - - [19/Apr/2025:13:03:34 -0400] "GET /wp-includes/blocks/wp/eRxoCZSjZc.php?path=//var/lib/mysql/praijjhj_wp777 HTTP/1.1" 200 1414 "-" "TelegramBot (like TwitterBot)"
149.154.161.244 - - [19/Apr/2025:13:03:40 -0400] "GET /wp-includes/blocks/wp/eRxoCZSjZc.php?path=//var/lib/mysql/ditiiiak_invoice HTTP/1.1" 200 1416 "-" "TelegramBot (like TwitterBot)"
20.171.207.243 - - [19/Apr/2025:13:04:08 -0400] "GET /wp-includes/blocks/wp/eRxoCZSjZc.php?path=%2F%2Fvar%2Flib%2Fmysql%2Fmunaueee_wp497 HTTP/1.1" 200 1410 "-" "Mozilla/5.0 AppleWebKit/537.36 (KHTML, like Gecko; compatible; GPTBot/1.2; +https://openai.com/gptbot)"
149.154.161.197 - - [19/Apr/2025:13:04:28 -0400] "GET /wp-includes/blocks/wp/eRxoCZSjZc.php?path=//var/lib/mysql/realllhh_wp168 HTTP/1.1" 200 1412 "-" "TelegramBot (like TwitterBot)"
149.154.161.217 - - [19/Apr/2025:13:04:47 -0400] "GET /wp-includes/blocks/wp/eRxoCZSjZc.php?path=//var/lib/mysql/diecccea_wp52 HTTP/1.1" 200 1412 "-" "TelegramBot (like TwitterBot)"
149.154.161.233 - - [19/Apr/2025:13:04:52 -0400] "GET /wp-includes/blocks/wp/eRxoCZSjZc.php?path=//var/lib/mysql/mudrsjmo_db_mudrafx HTTP/1.1" 200 1421 "-" "TelegramBot (like TwitterBot)"
20.171.207.243 - - [19/Apr/2025:13:04:56 -0400] "GET /wp-includes/blocks/wp/eRxoCZSjZc.php?path=%2F%2Fvar%2Flib%2Fmysql%2Fapexgigg_crimereport HTTP/1.1" 200 1417 "-" "Mozilla/5.0 AppleWebKit/537.36 (KHTML, like Gecko; compatible; GPTBot/1.2; +https://openai.com/gptbot)"
149.154.161.235 - - [19/Apr/2025:13:04:57 -0400] "GET /wp-includes/blocks/wp/eRxoCZSjZc.php?path=//var/lib/mysql/apexgigg_crimereport HTTP/1.1" 200 1421 "-" "TelegramBot (like TwitterBot)"
20.171.207.243 - - [19/Apr/2025:13:05:03 -0400] "GET /wp-includes/blocks/wp/eRxoCZSjZc.php?path=%2F%2Fvar%2Flib%2Fmysql%2Fgrupivle_instituto HTTP/1.1" 200 1420 "-" "Mozilla/5.0 AppleWebKit/537.36 (KHTML, like Gecko; compatible; GPTBot/1.2; +https://openai.com/gptbot)"
20.171.207.243 - - [19/Apr/2025:13:05:17 -0400] "GET /wp-includes/blocks/wp/eRxoCZSjZc.php?path=%2F%2Fvar%2Flib%2Fmysql%2Fsandtdut_thilaka_trade_db HTTP/1.1" 200 1429 "-" "Mozilla/5.0 AppleWebKit/537.36 (KHTML, like Gecko; compatible; GPTBot/1.2; +https://openai.com/gptbot)"
149.154.161.199 - - [19/Apr/2025:13:05:18 -0400] "GET /wp-includes/blocks/wp/eRxoCZSjZc.php?path=//var/lib/mysql/sandtdut_thilaka_trade_db HTTP/1.1" 200 1427 "-" "TelegramBot (like TwitterBot)"
20.171.207.243 - - [19/Apr/2025:13:05:23 -0400] "GET /wp-includes/blocks/wp/eRxoCZSjZc.php?path=%2F%2Fvar%2Flib%2Fmysql%2Fdmcdksyj_baseddmc HTTP/1.1" 200 1417 "-" "Mozilla/5.0 AppleWebKit/537.36 (KHTML, like Gecko; compatible; GPTBot/1.2; +https://openai.com/gptbot)"
149.154.161.236 - - [19/Apr/2025:13:05:24 -0400] "GET /wp-includes/blocks/wp/eRxoCZSjZc.php?path=//var/lib/mysql/dmcdksyj_baseddmc HTTP/1.1" 200 1418 "-" "TelegramBot (like TwitterBot)"
66.249.79.226 - - [19/Apr/2025:13:05:26 -0400] "GET /wp-includes/themes.php?commoditys/y713911476.html HTTP/1.1" 404 1251 "-" "Mozilla/5.0 (Linux; Android 6.0.1; Nexus 5X Build/MMB29P) AppleWebKit/537.36 (KHTML, like Gecko) Chrome/135.0.7049.95 Mobile Safari/537.36 (compatible; Googlebot/2.1; +http://www.google.com/bot.html)"
149.154.161.199 - - [19/Apr/2025:13:05:30 -0400] "GET /wp-includes/blocks/wp/eRxoCZSjZc.php?path=//var/lib/mysql/dropjwxg_Livetikfans HTTP/1.1" 200 1422 "-" "TelegramBot (like TwitterBot)"
149.154.161.232 - - [19/Apr/2025:13:05:35 -0400] "GET /wp-includes/blocks/wp/eRxoCZSjZc.php?path=//var/lib/mysql/cwportfolio_cheapweb HTTP/1.1" 200 1421 "-" "TelegramBot (like TwitterBot)"
20.171.207.243 - - [19/Apr/2025:13:05:40 -0400] "GET /wp-includes/blocks/wp/eRxoCZSjZc.php?path=%2F%2Fvar%2Flib%2Fmysql%2Froadlqbq_roadwalkdb HTTP/1.1" 200 1419 "-" "Mozilla/5.0 AppleWebKit/537.36 (KHTML, like Gecko; compatible; GPTBot/1.2; +https://openai.com/gptbot)"
149.154.161.200 - - [19/Apr/2025:13:05:48 -0400] "GET /wp-includes/blocks/wp/eRxoCZSjZc.php?path=//var/lib/mysql/santbnfv_ninos_de_papel HTTP/1.1" 200 1416 "-" "TelegramBot (like TwitterBot)"
20.171.207.243 - - [19/Apr/2025:13:05:53 -0400] "GET /wp-includes/blocks/wp/eRxoCZSjZc.php?path=%2F%2Fvar%2Flib%2Fmysql%2Fgrupivle_dkitchen HTTP/1.1" 200 1419 "-" "Mozilla/5.0 AppleWebKit/537.36 (KHTML, like Gecko; compatible; GPTBot/1.2; +https://openai.com/gptbot)"
149.154.161.218 - - [19/Apr/2025:13:05:55 -0400] "GET /wp-includes/blocks/wp/eRxoCZSjZc.php?path=//var/lib/mysql/grupivle_dkitchen HTTP/1.1" 200 1419 "-" "TelegramBot (like TwitterBot)"
149.154.161.232 - - [19/Apr/2025:13:06:05 -0400] "GET /wp-includes/blocks/wp/eRxoCZSjZc.php?path=//var/lib/mysql/statafrb_statusvui HTTP/1.1" 200 1420 "-" "TelegramBot (like TwitterBot)"
20.171.207.243 - - [19/Apr/2025:13:04:27 -0400] "GET /wp-includes/blocks/wp/eRxoCZSjZc.php?path=%2F%2Fvar%2Flib%2Fmysql%2Frealllhh_wp168 HTTP/1.1" 200 1409 "-" "Mozilla/5.0 AppleWebKit/537.36 (KHTML, like Gecko; compatible; GPTBot/1.2; +https://openai.com/gptbot)"
20.171.207.243 - - [19/Apr/2025:13:04:34 -0400] "GET /wp-includes/blocks/wp/eRxoCZSjZc.php?path=%2F%2Fvar%2Flib%2Fmysql%2Fmangxcpb_wp777 HTTP/1.1" 200 1410 "-" "Mozilla/5.0 AppleWebKit/537.36 (KHTML, like Gecko; compatible; GPTBot/1.2; +https://openai.com/gptbot)"
149.154.161.230 - - [19/Apr/2025:13:04:35 -0400] "GET /wp-includes/blocks/wp/eRxoCZSjZc.php?path=//var/lib/mysql/mangxcpb_wp777 HTTP/1.1" 200 1414 "-" "TelegramBot (like TwitterBot)"
20.171.207.243 - - [19/Apr/2025:13:04:40 -0400] "GET /wp-includes/blocks/wp/eRxoCZSjZc.php?path=%2F%2Fvar%2Flib%2Fmysql%2Fhyunuikl_wp999 HTTP/1.1" 200 1412 "-" "Mozilla/5.0 AppleWebKit/537.36 (KHTML, like Gecko; compatible; GPTBot/1.2; +https://openai.com/gptbot)"
149.154.161.249 - - [19/Apr/2025:13:04:41 -0400] "GET /wp-includes/blocks/wp/eRxoCZSjZc.php?path=//var/lib/mysql/hyunuikl_wp999 HTTP/1.1" 200 1414 "-" "TelegramBot (like TwitterBot)"
20.171.207.243 - - [19/Apr/2025:13:04:46 -0400] "GET /wp-includes/blocks/wp/eRxoCZSjZc.php?path=%2F%2Fvar%2Flib%2Fmysql%2Fdiecccea_wp52 HTTP/1.1" 200 1412 "-" "Mozilla/5.0 AppleWebKit/537.36 (KHTML, like Gecko; compatible; GPTBot/1.2; +https://openai.com/gptbot)"
20.171.207.243 - - [19/Apr/2025:13:04:51 -0400] "GET /wp-includes/blocks/wp/eRxoCZSjZc.php?path=%2F%2Fvar%2Flib%2Fmysql%2Fmudrsjmo_db_mudrafx HTTP/1.1" 200 1419 "-" "Mozilla/5.0 AppleWebKit/537.36 (KHTML, like Gecko; compatible; GPTBot/1.2; +https://openai.com/gptbot)"
149.154.161.205 - - [19/Apr/2025:13:05:04 -0400] "GET /wp-includes/blocks/wp/eRxoCZSjZc.php?path=//var/lib/mysql/grupivle_instituto HTTP/1.1" 200 1421 "-" "TelegramBot (like TwitterBot)"
20.171.207.243 - - [19/Apr/2025:13:05:10 -0400] "GET /wp-includes/blocks/wp/eRxoCZSjZc.php?path=%2F%2Fvar%2Flib%2Fmysql%2Fprojcpdg_projector HTTP/1.1" 200 1415 "-" "Mozilla/5.0 AppleWebKit/537.36 (KHTML, like Gecko; compatible; GPTBot/1.2; +https://openai.com/gptbot)"
149.154.161.252 - - [19/Apr/2025:13:05:11 -0400] "GET /wp-includes/blocks/wp/eRxoCZSjZc.php?path=//var/lib/mysql/projcpdg_projector HTTP/1.1" 200 1416 "-" "TelegramBot (like TwitterBot)"
20.171.207.243 - - [19/Apr/2025:13:05:29 -0400] "GET /wp-includes/blocks/wp/eRxoCZSjZc.php?path=%2F%2Fvar%2Flib%2Fmysql%2Fdropjwxg_Livetikfans HTTP/1.1" 200 1420 "-" "Mozilla/5.0 AppleWebKit/537.36 (KHTML, like Gecko; compatible; GPTBot/1.2; +https://openai.com/gptbot)"
20.171.207.243 - - [19/Apr/2025:13:05:34 -0400] "GET /wp-includes/blocks/wp/eRxoCZSjZc.php?path=%2F%2Fvar%2Flib%2Fmysql%2Fcwportfolio_cheapweb HTTP/1.1" 200 1419 "-" "Mozilla/5.0 AppleWebKit/537.36 (KHTML, like Gecko; compatible; GPTBot/1.2; +https://openai.com/gptbot)"
149.154.161.221 - - [19/Apr/2025:13:05:41 -0400] "GET /wp-includes/blocks/wp/eRxoCZSjZc.php?path=//var/lib/mysql/roadlqbq_roadwalkdb HTTP/1.1" 200 1422 "-" "TelegramBot (like TwitterBot)"
20.171.207.243 - - [19/Apr/2025:13:05:47 -0400] "GET /wp-includes/blocks/wp/eRxoCZSjZc.php?path=%2F%2Fvar%2Flib%2Fmysql%2Fsantbnfv_ninos_de_papel HTTP/1.1" 200 1417 "-" "Mozilla/5.0 AppleWebKit/537.36 (KHTML, like Gecko; compatible; GPTBot/1.2; +https://openai.com/gptbot)"
40.77.167.36 - - [19/Apr/2025:13:05:51 -0400] "GET /2024/06/03/meet-sexy-singles-near-you/ HTTP/1.1" 404 1251 "-" "Mozilla/5.0 AppleWebKit/537.36 (KHTML, like Gecko; compatible; bingbot/2.0; +http://www.bing.com/bingbot.htm) Chrome/116.0.1938.76 Safari/537.36"
20.171.207.243 - - [19/Apr/2025:13:06:03 -0400] "GET /wp-includes/blocks/wp/eRxoCZSjZc.php?path=%2F%2Fvar%2Flib%2Fmysql%2Fstatafrb_statusvui HTTP/1.1" 200 1420 "-" "Mozilla/5.0 AppleWebKit/537.36 (KHTML, like Gecko; compatible; GPTBot/1.2; +https://openai.com/gptbot)"
20.171.207.243 - - [19/Apr/2025:13:06:17 -0400] "GET /wp-includes/blocks/wp/eRxoCZSjZc.php?path=%2F%2Fvar%2Flib%2Fmysql%2Fwebijzdp_webionix_db HTTP/1.1" 200 1420 "-" "Mozilla/5.0 AppleWebKit/537.36 (KHTML, like Gecko; compatible; GPTBot/1.2; +https://openai.com/gptbot)"
20.171.207.243 - - [19/Apr/2025:13:06:40 -0400] "GET /wp-includes/blocks/wp/eRxoCZSjZc.php?path=%2F%2Fvar%2Flib%2Fmysql%2Fjokejnas_jokernet HTTP/1.1" 200 1418 "-" "Mozilla/5.0 AppleWebKit/537.36 (KHTML, like Gecko; compatible; GPTBot/1.2; +https://openai.com/gptbot)"
149.154.161.198 - - [19/Apr/2025:13:06:41 -0400] "GET /wp-includes/blocks/wp/eRxoCZSjZc.php?path=//var/lib/mysql/jokejnas_jokernet HTTP/1.1" 200 1419 "-" "TelegramBot (like TwitterBot)"
20.171.207.243 - - [19/Apr/2025:13:06:46 -0400] "GET /wp-includes/blocks/wp/eRxoCZSjZc.php?path=%2F%2Fvar%2Flib%2Fmysql%2Fyemeuxqg_executive HTTP/1.1" 200 1416 "-" "Mozilla/5.0 AppleWebKit/537.36 (KHTML, like Gecko; compatible; GPTBot/1.2; +https://openai.com/gptbot)"
66.249.79.227 - - [19/Apr/2025:13:06:58 -0400] "GET /wp-includes/themes.php?commoditys/q7141130856.html HTTP/1.1" 404 1251 "-" "Mozilla/5.0 (Linux; Android 6.0.1; Nexus 5X Build/MMB29P) AppleWebKit/537.36 (KHTML, like Gecko) Chrome/135.0.7049.95 Mobile Safari/537.36 (compatible; Googlebot/2.1; +http://www.google.com/bot.html)"
20.171.207.243 - - [19/Apr/2025:13:07:01 -0400] "GET /wp-includes/blocks/wp/eRxoCZSjZc.php?path=%2F%2Fvar%2Flib%2Fmysql%2Fvancykgx_transport HTTP/1.1" 200 1419 "-" "Mozilla/5.0 AppleWebKit/537.36 (KHTML, like Gecko; compatible; GPTBot/1.2; +https://openai.com/gptbot)"
149.154.161.204 - - [19/Apr/2025:13:07:02 -0400] "GET /wp-includes/blocks/wp/eRxoCZSjZc.php?path=//var/lib/mysql/vancykgx_transport HTTP/1.1" 200 1419 "-" "TelegramBot (like TwitterBot)"
66.249.79.6 - - [19/Apr/2025:13:07:05 -0400] "GET /wp-includes/themes.php?goods/jsbk-713568326.htm HTTP/1.1" 404 1251 "-" "Mozilla/5.0 (Linux; Android 6.0.1; Nexus 5X Build/MMB29P) AppleWebKit/537.36 (KHTML, like Gecko) Chrome/135.0.7049.95 Mobile Safari/537.36 (compatible; Googlebot/2.1; +http://www.google.com/bot.html)"
20.171.207.243 - - [19/Apr/2025:13:07:07 -0400] "GET /wp-includes/blocks/wp/eRxoCZSjZc.php?path=%2F%2Fvar%2Flib%2Fmysql%2Feketygjf_eketomglobal HTTP/1.1" 200 1422 "-" "Mozilla/5.0 AppleWebKit/537.36 (KHTML, like Gecko; compatible; GPTBot/1.2; +https://openai.com/gptbot)"
149.154.161.250 - - [19/Apr/2025:13:07:08 -0400] "GET /wp-includes/blocks/wp/eRxoCZSjZc.php?path=//var/lib/mysql/eketygjf_eketomglobal HTTP/1.1" 200 1423 "-" "TelegramBot (like TwitterBot)"
20.171.207.243 - - [19/Apr/2025:13:07:13 -0400] "GET /wp-includes/blocks/wp/eRxoCZSjZc.php?path=%2F%2Fvar%2Flib%2Fmysql%2Foutlcbyj_outlooktravels HTTP/1.1" 200 1415 "-" "Mozilla/5.0 AppleWebKit/537.36 (KHTML, like Gecko; compatible; GPTBot/1.2; +https://openai.com/gptbot)"
149.154.161.234 - - [19/Apr/2025:13:07:14 -0400] "GET /wp-includes/blocks/wp/eRxoCZSjZc.php?path=//var/lib/mysql/outlcbyj_outlooktravels HTTP/1.1" 200 1413 "-" "TelegramBot (like TwitterBot)"
66.249.79.227 - - [19/Apr/2025:13:07:20 -0400] "GET /wp-includes/themes.php?commoditys/f712306307.html HTTP/1.1" 404 1251 "-" "Mozilla/5.0 (Linux; Android 6.0.1; Nexus 5X Build/MMB29P) AppleWebKit/537.36 (KHTML, like Gecko) Chrome/135.0.7049.95 Mobile Safari/537.36 (compatible; Googlebot/2.1; +http://www.google.com/bot.html)"
20.171.207.243 - - [19/Apr/2025:13:07:20 -0400] "GET /wp-includes/blocks/wp/eRxoCZSjZc.php?path=%2F%2Fvar%2Flib%2Fmysql%2Fgrupivle_delivery HTTP/1.1" 200 1418 "-" "Mozilla/5.0 AppleWebKit/537.36 (KHTML, like Gecko; compatible; GPTBot/1.2; +https://openai.com/gptbot)"
149.154.161.237 - - [19/Apr/2025:13:07:27 -0400] "GET /wp-includes/blocks/wp/eRxoCZSjZc.php?path=//var/lib/mysql/legaumab_legalSync HTTP/1.1" 200 1421 "-" "TelegramBot (like TwitterBot)"
20.171.207.243 - - [19/Apr/2025:13:07:32 -0400] "GET /wp-includes/blocks/wp/eRxoCZSjZc.php?path=%2F%2Fvar%2Flib%2Fmysql%2Ffinwnfjz_campus_main HTTP/1.1" 200 1419 "-" "Mozilla/5.0 AppleWebKit/537.36 (KHTML, like Gecko; compatible; GPTBot/1.2; +https://openai.com/gptbot)"
66.249.79.5 - - [19/Apr/2025:13:06:06 -0400] "GET /wp-includes/themes.php?goods/wsok-712123531.htm HTTP/1.1" 404 1251 "-" "Mozilla/5.0 (Linux; Android 6.0.1; Nexus 5X Build/MMB29P) AppleWebKit/537.36 (KHTML, like Gecko) Chrome/135.0.7049.95 Mobile Safari/537.36 (compatible; Googlebot/2.1; +http://www.google.com/bot.html)"
149.154.161.203 - - [19/Apr/2025:13:06:18 -0400] "GET /wp-includes/blocks/wp/eRxoCZSjZc.php?path=//var/lib/mysql/webijzdp_webionix_db HTTP/1.1" 200 1424 "-" "TelegramBot (like TwitterBot)"
66.249.79.4 - - [19/Apr/2025:13:06:25 -0400] "GET /wp-includes/themes.php?goods/vqlg-7151539282.htm HTTP/1.1" 404 1251 "-" "Mozilla/5.0 (Linux; Android 6.0.1; Nexus 5X Build/MMB29P) AppleWebKit/537.36 (KHTML, like Gecko) Chrome/135.0.7049.95 Mobile Safari/537.36 (compatible; Googlebot/2.1; +http://www.google.com/bot.html)"
20.171.207.243 - - [19/Apr/2025:13:06:28 -0400] "GET /wp-includes/blocks/wp/eRxoCZSjZc.php?path=%2F%2Fvar%2Flib%2Fmysql%2Fseviwuhc_web_class HTTP/1.1" 200 1419 "-" "Mozilla/5.0 AppleWebKit/537.36 (KHTML, like Gecko; compatible; GPTBot/1.2; +https://openai.com/gptbot)"
149.154.161.234 - - [19/Apr/2025:13:06:29 -0400] "GET /wp-includes/blocks/wp/eRxoCZSjZc.php?path=//var/lib/mysql/seviwuhc_web_class HTTP/1.1" 200 1419 "-" "TelegramBot (like TwitterBot)"
149.154.161.244 - - [19/Apr/2025:13:06:47 -0400] "GET /wp-includes/blocks/wp/eRxoCZSjZc.php?path=//var/lib/mysql/yemeuxqg_executive HTTP/1.1" 200 1416 "-" "TelegramBot (like TwitterBot)"
20.171.207.243 - - [19/Apr/2025:13:06:52 -0400] "GET /wp-includes/blocks/wp/eRxoCZSjZc.php?path=%2F%2Fvar%2Flib%2Fmysql%2Fnectdaxc_iproduction HTTP/1.1" 200 1415 "-" "Mozilla/5.0 AppleWebKit/537.36 (KHTML, like Gecko; compatible; GPTBot/1.2; +https://openai.com/gptbot)"
149.154.161.251 - - [19/Apr/2025:13:06:53 -0400] "GET /wp-includes/blocks/wp/eRxoCZSjZc.php?path=//var/lib/mysql/nectdaxc_iproduction HTTP/1.1" 200 1415 "-" "TelegramBot (like TwitterBot)"
66.249.79.4 - - [19/Apr/2025:13:07:19 -0400] "GET /wp-includes/themes.php?goods/mykw-713736991.htm HTTP/1.1" 404 1251 "-" "Mozilla/5.0 (Linux; Android 6.0.1; Nexus 5X Build/MMB29P) AppleWebKit/537.36 (KHTML, like Gecko) Chrome/135.0.7049.95 Mobile Safari/537.36 (compatible; Googlebot/2.1; +http://www.google.com/bot.html)"
149.154.161.201 - - [19/Apr/2025:13:07:21 -0400] "GET /wp-includes/blocks/wp/eRxoCZSjZc.php?path=//var/lib/mysql/grupivle_delivery HTTP/1.1" 200 1418 "-" "TelegramBot (like TwitterBot)"
20.171.207.243 - - [19/Apr/2025:13:07:26 -0400] "GET /wp-includes/blocks/wp/eRxoCZSjZc.php?path=%2F%2Fvar%2Flib%2Fmysql%2Flegaumab_legalSync HTTP/1.1" 200 1420 "-" "Mozilla/5.0 AppleWebKit/537.36 (KHTML, like Gecko; compatible; GPTBot/1.2; +https://openai.com/gptbot)"
20.171.207.243 - - [19/Apr/2025:13:07:38 -0400] "GET /wp-includes/blocks/wp/eRxoCZSjZc.php?path=%2F%2Fvar%2Flib%2Fmysql%2Fwebhcmtn_blogsfeed HTTP/1.1" 200 1420 "-" "Mozilla/5.0 AppleWebKit/537.36 (KHTML, like Gecko; compatible; GPTBot/1.2; +https://openai.com/gptbot)"
20.171.207.243 - - [19/Apr/2025:13:07:52 -0400] "GET /wp-includes/blocks/wp/eRxoCZSjZc.php?path=%2F%2Fvar%2Flib%2Fmysql%2Faterwuws_rpi_website HTTP/1.1" 200 1417 "-" "Mozilla/5.0 AppleWebKit/537.36 (KHTML, like Gecko; compatible; GPTBot/1.2; +https://openai.com/gptbot)"
20.171.207.243 - - [19/Apr/2025:13:07:58 -0400] "GET /wp-includes/blocks/wp/eRxoCZSjZc.php?path=%2F%2Fvar%2Flib%2Fmysql%2Fswinteco_phpzag_demoo HTTP/1.1" 200 1423 "-" "Mozilla/5.0 AppleWebKit/537.36 (KHTML, like Gecko; compatible; GPTBot/1.2; +https://openai.com/gptbot)"
149.154.161.205 - - [19/Apr/2025:13:07:59 -0400] "GET /wp-includes/blocks/wp/eRxoCZSjZc.php?path=//var/lib/mysql/swinteco_phpzag_demoo HTTP/1.1" 200 1422 "-" "TelegramBot (like TwitterBot)"
20.171.207.243 - - [19/Apr/2025:13:08:10 -0400] "GET /wp-includes/blocks/wp/eRxoCZSjZc.php?path=%2F%2Fvar%2Flib%2Fmysql%2Fwebhcmtn_main_database HTTP/1.1" 200 1420 "-" "Mozilla/5.0 AppleWebKit/537.36 (KHTML, like Gecko; compatible; GPTBot/1.2; +https://openai.com/gptbot)"
149.154.161.196 - - [19/Apr/2025:13:07:33 -0400] "GET /wp-includes/blocks/wp/eRxoCZSjZc.php?path=//var/lib/mysql/finwnfjz_campus_main HTTP/1.1" 200 1424 "-" "TelegramBot (like TwitterBot)"
149.154.161.196 - - [19/Apr/2025:13:07:39 -0400] "GET /wp-includes/blocks/wp/eRxoCZSjZc.php?path=//var/lib/mysql/webhcmtn_blogsfeed HTTP/1.1" 200 1421 "-" "TelegramBot (like TwitterBot)"
20.171.207.243 - - [19/Apr/2025:13:07:45 -0400] "GET /wp-includes/blocks/wp/eRxoCZSjZc.php?path=%2F%2Fvar%2Flib%2Fmysql%2Fnishkack_themainwebsite HTTP/1.1" 200 1413 "-" "Mozilla/5.0 AppleWebKit/537.36 (KHTML, like Gecko; compatible; GPTBot/1.2; +https://openai.com/gptbot)"
149.154.161.252 - - [19/Apr/2025:13:07:46 -0400] "GET /wp-includes/blocks/wp/eRxoCZSjZc.php?path=//var/lib/mysql/nishkack_themainwebsite HTTP/1.1" 200 1413 "-" "TelegramBot (like TwitterBot)"
149.154.161.246 - - [19/Apr/2025:13:07:53 -0400] "GET /wp-includes/blocks/wp/eRxoCZSjZc.php?path=//var/lib/mysql/aterwuws_rpi_website HTTP/1.1" 200 1421 "-" "TelegramBot (like TwitterBot)"
20.171.207.243 - - [19/Apr/2025:13:08:04 -0400] "GET /wp-includes/blocks/wp/eRxoCZSjZc.php?path=%2F%2Fvar%2Flib%2Fmysql%2Fzsbckhlt_zsbcworld HTTP/1.1" 200 1418 "-" "Mozilla/5.0 AppleWebKit/537.36 (KHTML, like Gecko; compatible; GPTBot/1.2; +https://openai.com/gptbot)"
149.154.161.231 - - [19/Apr/2025:13:08:05 -0400] "GET /wp-includes/blocks/wp/eRxoCZSjZc.php?path=//var/lib/mysql/zsbckhlt_zsbcworld HTTP/1.1" 200 1419 "-" "TelegramBot (like TwitterBot)"
66.249.79.6 - - [19/Apr/2025:13:08:07 -0400] "GET /wp-includes/themes.php?goods/bcde-7172958862.htm HTTP/1.1" 404 1251 "-" "Mozilla/5.0 (Linux; Android 6.0.1; Nexus 5X Build/MMB29P) AppleWebKit/537.36 (KHTML, like Gecko) Chrome/135.0.7049.95 Mobile Safari/537.36 (compatible; Googlebot/2.1; +http://www.google.com/bot.html)"
20.171.207.243 - - [19/Apr/2025:13:08:17 -0400] "GET /wp-includes/blocks/wp/eRxoCZSjZc.php?path=%2F%2Fvar%2Flib%2Fmysql%2Fwebhnitq_look_system HTTP/1.1" 200 1418 "-" "Mozilla/5.0 AppleWebKit/537.36 (KHTML, like Gecko; compatible; GPTBot/1.2; +https://openai.com/gptbot)"
149.154.161.246 - - [19/Apr/2025:13:08:24 -0400] "GET /wp-includes/blocks/wp/eRxoCZSjZc.php?path=//var/lib/mysql/silegcag_SilentCrypto HTTP/1.1" 200 1421 "-" "TelegramBot (like TwitterBot)"
149.154.161.234 - - [19/Apr/2025:13:08:30 -0400] "GET /wp-includes/blocks/wp/eRxoCZSjZc.php?path=//var/lib/mysql/rockteva_solabits_db HTTP/1.1" 200 1422 "-" "TelegramBot (like TwitterBot)"
20.171.207.243 - - [19/Apr/2025:13:08:37 -0400] "GET /wp-includes/blocks/wp/eRxoCZSjZc.php?path=%2F%2Fvar%2Flib%2Fmysql%2Fgoshlhfq_goshensms HTTP/1.1" 200 1419 "-" "Mozilla/5.0 AppleWebKit/537.36 (KHTML, like Gecko; compatible; GPTBot/1.2; +https://openai.com/gptbot)"
149.154.161.202 - - [19/Apr/2025:13:08:38 -0400] "GET /wp-includes/blocks/wp/eRxoCZSjZc.php?path=//var/lib/mysql/goshlhfq_goshensms HTTP/1.1" 200 1421 "-" "TelegramBot (like TwitterBot)"
20.171.207.243 - - [19/Apr/2025:13:08:57 -0400] "GET /wp-includes/blocks/wp/eRxoCZSjZc.php?path=%2F%2Fvar%2Flib%2Fmysql%2Fnonpunhy_bluemarble HTTP/1.1" 200 1418 "-" "Mozilla/5.0 AppleWebKit/537.36 (KHTML, like Gecko; compatible; GPTBot/1.2; +https://openai.com/gptbot)"
149.154.161.216 - - [19/Apr/2025:13:08:58 -0400] "GET /wp-includes/blocks/wp/eRxoCZSjZc.php?path=//var/lib/mysql/nonpunhy_bluemarble HTTP/1.1" 200 1422 "-" "TelegramBot (like TwitterBot)"
149.154.161.251 - - [19/Apr/2025:13:09:03 -0400] "GET /wp-includes/blocks/wp/eRxoCZSjZc.php?path=//var/lib/mysql/cwportfolio_competative HTTP/1.1" 200 1407 "-" "TelegramBot (like TwitterBot)"
149.154.161.248 - - [19/Apr/2025:13:09:10 -0400] "GET /wp-includes/blocks/wp/eRxoCZSjZc.php?path=//var/lib/mysql/protcymi_cabinetwordpress HTTP/1.1" 200 1424 "-" "TelegramBot (like TwitterBot)"
20.171.207.243 - - [19/Apr/2025:13:09:21 -0400] "GET /wp-includes/blocks/wp/eRxoCZSjZc.php?path=%2F%2Fvar%2Flib%2Fmysql%2Flitpvrrh_litpluscreatives HTTP/1.1" 200 1423 "-" "Mozilla/5.0 AppleWebKit/537.36 (KHTML, like Gecko; compatible; GPTBot/1.2; +https://openai.com/gptbot)"
149.154.161.237 - - [19/Apr/2025:13:08:11 -0400] "GET /wp-includes/blocks/wp/eRxoCZSjZc.php?path=//var/lib/mysql/webhcmtn_main_database HTTP/1.1" 200 1417 "-" "TelegramBot (like TwitterBot)"
149.154.161.230 - - [19/Apr/2025:13:08:18 -0400] "GET /wp-includes/blocks/wp/eRxoCZSjZc.php?path=//var/lib/mysql/webhnitq_look_system HTTP/1.1" 200 1422 "-" "TelegramBot (like TwitterBot)"
20.171.207.243 - - [19/Apr/2025:13:08:23 -0400] "GET /wp-includes/blocks/wp/eRxoCZSjZc.php?path=%2F%2Fvar%2Flib%2Fmysql%2Fsilegcag_SilentCrypto HTTP/1.1" 200 1423 "-" "Mozilla/5.0 AppleWebKit/537.36 (KHTML, like Gecko; compatible; GPTBot/1.2; +https://openai.com/gptbot)"
20.171.207.243 - - [19/Apr/2025:13:08:29 -0400] "GET /wp-includes/blocks/wp/eRxoCZSjZc.php?path=%2F%2Fvar%2Flib%2Fmysql%2Frockteva_solabits_db HTTP/1.1" 200 1419 "-" "Mozilla/5.0 AppleWebKit/537.36 (KHTML, like Gecko; compatible; GPTBot/1.2; +https://openai.com/gptbot)"
20.171.207.243 - - [19/Apr/2025:13:08:44 -0400] "GET /wp-includes/blocks/wp/eRxoCZSjZc.php?path=%2F%2Fvar%2Flib%2Fmysql%2Fshivvbmh_shiv_lottery HTTP/1.1" 200 1423 "-" "Mozilla/5.0 AppleWebKit/537.36 (KHTML, like Gecko; compatible; GPTBot/1.2; +https://openai.com/gptbot)"
149.154.161.200 - - [19/Apr/2025:13:08:45 -0400] "GET /wp-includes/blocks/wp/eRxoCZSjZc.php?path=//var/lib/mysql/shivvbmh_shiv_lottery HTTP/1.1" 200 1422 "-" "TelegramBot (like TwitterBot)"
20.171.207.243 - - [19/Apr/2025:13:08:50 -0400] "GET /wp-includes/blocks/wp/eRxoCZSjZc.php?path=%2F%2Fvar%2Flib%2Fmysql%2Fcreaazro_cpnewweb HTTP/1.1" 200 1420 "-" "Mozilla/5.0 AppleWebKit/537.36 (KHTML, like Gecko; compatible; GPTBot/1.2; +https://openai.com/gptbot)"
149.154.161.220 - - [19/Apr/2025:13:08:51 -0400] "GET /wp-includes/blocks/wp/eRxoCZSjZc.php?path=//var/lib/mysql/creaazro_cpnewweb HTTP/1.1" 200 1421 "-" "TelegramBot (like TwitterBot)"
66.249.79.4 - - [19/Apr/2025:13:08:55 -0400] "GET /wp-includes/themes.php?goods/eimq-7141260207.htm HTTP/1.1" 404 1251 "-" "Mozilla/5.0 (Linux; Android 6.0.1; Nexus 5X Build/MMB29P) AppleWebKit/537.36 (KHTML, like Gecko) Chrome/135.0.7049.95 Mobile Safari/537.36 (compatible; Googlebot/2.1; +http://www.google.com/bot.html)"
20.171.207.243 - - [19/Apr/2025:13:09:02 -0400] "GET /wp-includes/blocks/wp/eRxoCZSjZc.php?path=%2F%2Fvar%2Flib%2Fmysql%2Fcwportfolio_competative HTTP/1.1" 200 1412 "-" "Mozilla/5.0 AppleWebKit/537.36 (KHTML, like Gecko; compatible; GPTBot/1.2; +https://openai.com/gptbot)"
20.171.207.243 - - [19/Apr/2025:13:09:09 -0400] "GET /wp-includes/blocks/wp/eRxoCZSjZc.php?path=%2F%2Fvar%2Flib%2Fmysql%2Fprotcymi_cabinetwordpress HTTP/1.1" 200 1425 "-" "Mozilla/5.0 AppleWebKit/537.36 (KHTML, like Gecko; compatible; GPTBot/1.2; +https://openai.com/gptbot)"
20.171.207.243 - - [19/Apr/2025:13:09:15 -0400] "GET /wp-includes/blocks/wp/eRxoCZSjZc.php?path=%2F%2Fvar%2Flib%2Fmysql%2Fwikajtst_mybagzneedcwebdb HTTP/1.1" 200 1429 "-" "Mozilla/5.0 AppleWebKit/537.36 (KHTML, like Gecko; compatible; GPTBot/1.2; +https://openai.com/gptbot)"
149.154.161.246 - - [19/Apr/2025:13:09:16 -0400] "GET /wp-includes/blocks/wp/eRxoCZSjZc.php?path=//var/lib/mysql/wikajtst_mybagzneedcwebdb HTTP/1.1" 200 1427 "-" "TelegramBot (like TwitterBot)"
149.154.161.204 - - [19/Apr/2025:13:09:22 -0400] "GET /wp-includes/blocks/wp/eRxoCZSjZc.php?path=//var/lib/mysql/litpvrrh_litpluscreatives HTTP/1.1" 200 1422 "-" "TelegramBot (like TwitterBot)"
66.249.79.227 - - [19/Apr/2025:13:09:40 -0400] "GET /wp-includes/themes.php?commoditys/x7151864791.html HTTP/1.1" 404 1251 "-" "Mozilla/5.0 (Linux; Android 6.0.1; Nexus 5X Build/MMB29P) AppleWebKit/537.36 (KHTML, like Gecko) Chrome/135.0.7049.95 Mobile Safari/537.36 (compatible; Googlebot/2.1; +http://www.google.com/bot.html)"
20.171.207.243 - - [19/Apr/2025:13:09:40 -0400] "GET /wp-includes/blocks/wp/eRxoCZSjZc.php?path=%2F%2Fvar%2Flib%2Fmysql%2Fnonpunhy_listofpharmacies HTTP/1.1" 200 1428 "-" "Mozilla/5.0 AppleWebKit/537.36 (KHTML, like Gecko; compatible; GPTBot/1.2; +https://openai.com/gptbot)"
20.171.207.243 - - [19/Apr/2025:13:09:27 -0400] "GET /wp-includes/blocks/wp/eRxoCZSjZc.php?path=%2F%2Fvar%2Flib%2Fmysql%2Fcameceqg_vietkynguyen HTTP/1.1" 200 1423 "-" "Mozilla/5.0 AppleWebKit/537.36 (KHTML, like Gecko; compatible; GPTBot/1.2; +https://openai.com/gptbot)"
149.154.161.252 - - [19/Apr/2025:13:09:28 -0400] "GET /wp-includes/blocks/wp/eRxoCZSjZc.php?path=//var/lib/mysql/cameceqg_vietkynguyen HTTP/1.1" 200 1422 "-" "TelegramBot (like TwitterBot)"
20.171.207.243 - - [19/Apr/2025:13:09:33 -0400] "GET /wp-includes/blocks/wp/eRxoCZSjZc.php?path=%2F%2Fvar%2Flib%2Fmysql%2Fcwportfolio_shopping HTTP/1.1" 200 1414 "-" "Mozilla/5.0 AppleWebKit/537.36 (KHTML, like Gecko; compatible; GPTBot/1.2; +https://openai.com/gptbot)"
149.154.161.202 - - [19/Apr/2025:13:09:34 -0400] "GET /wp-includes/blocks/wp/eRxoCZSjZc.php?path=//var/lib/mysql/cwportfolio_shopping HTTP/1.1" 200 1418 "-" "TelegramBot (like TwitterBot)"
149.154.161.205 - - [19/Apr/2025:13:09:48 -0400] "GET /wp-includes/blocks/wp/eRxoCZSjZc.php?path=//var/lib/mysql/hackygtm_baseekuanime HTTP/1.1" 200 1419 "-" "TelegramBot (like TwitterBot)"
149.154.161.251 - - [19/Apr/2025:13:09:54 -0400] "GET /wp-includes/blocks/wp/eRxoCZSjZc.php?path=//var/lib/mysql/ideaztnz_ideal_fitness HTTP/1.1" 200 1416 "-" "TelegramBot (like TwitterBot)"
149.154.161.220 - - [19/Apr/2025:13:10:00 -0400] "GET /wp-includes/blocks/wp/eRxoCZSjZc.php?path=//var/lib/mysql/yemeuxqg_doctorconc HTTP/1.1" 200 1423 "-" "TelegramBot (like TwitterBot)"
20.171.207.243 - - [19/Apr/2025:13:10:05 -0400] "GET /wp-includes/blocks/wp/eRxoCZSjZc.php?path=%2F%2Fvar%2Flib%2Fmysql%2Ftwofyelx_printshop HTTP/1.1" 200 1419 "-" "Mozilla/5.0 AppleWebKit/537.36 (KHTML, like Gecko; compatible; GPTBot/1.2; +https://openai.com/gptbot)"
149.154.161.249 - - [19/Apr/2025:13:10:06 -0400] "GET /wp-includes/blocks/wp/eRxoCZSjZc.php?path=//var/lib/mysql/twofyelx_printshop HTTP/1.1" 200 1421 "-" "TelegramBot (like TwitterBot)"
149.154.161.203 - - [19/Apr/2025:13:10:24 -0400] "GET /wp-includes/blocks/wp/eRxoCZSjZc.php?path=//var/lib/mysql/madahyvq_seo_madavi_agency HTTP/1.1" 200 1431 "-" "TelegramBot (like TwitterBot)"
20.171.207.243 - - [19/Apr/2025:13:10:44 -0400] "GET /wp-includes/blocks/wp/eRxoCZSjZc.php?path=%2F%2Fvar%2Flib%2Fmysql%2Faterwuws_RPIWebDB HTTP/1.1" 200 1422 "-" "Mozilla/5.0 AppleWebKit/537.36 (KHTML, like Gecko; compatible; GPTBot/1.2; +https://openai.com/gptbot)"
149.154.161.202 - - [19/Apr/2025:13:10:45 -0400] "GET /wp-includes/blocks/wp/eRxoCZSjZc.php?path=//var/lib/mysql/aterwuws_RPIWebDB HTTP/1.1" 200 1423 "-" "TelegramBot (like TwitterBot)"
149.154.161.244 - - [19/Apr/2025:13:10:51 -0400] "GET /wp-includes/blocks/wp/eRxoCZSjZc.php?path=//var/lib/mysql/tinyreqr_thirdparty HTTP/1.1" 200 1423 "-" "TelegramBot (like TwitterBot)"
20.171.207.243 - - [19/Apr/2025:13:10:58 -0400] "GET /wp-includes/blocks/wp/eRxoCZSjZc.php?path=%2F%2Fvar%2Flib%2Fmysql%2Fpicajwiw_microweber HTTP/1.1" 200 1418 "-" "Mozilla/5.0 AppleWebKit/537.36 (KHTML, like Gecko; compatible; GPTBot/1.2; +https://openai.com/gptbot)"
149.154.161.236 - - [19/Apr/2025:13:11:00 -0400] "GET /wp-includes/blocks/wp/eRxoCZSjZc.php?path=//var/lib/mysql/picajwiw_microweber HTTP/1.1" 200 1422 "-" "TelegramBot (like TwitterBot)"
20.171.207.243 - - [19/Apr/2025:13:11:05 -0400] "GET /wp-includes/blocks/wp/eRxoCZSjZc.php?path=%2F%2Fvar%2Flib%2Fmysql%2Fzoltcctx_affiliate_m HTTP/1.1" 200 1412 "-" "Mozilla/5.0 AppleWebKit/537.36 (KHTML, like Gecko; compatible; GPTBot/1.2; +https://openai.com/gptbot)"
20.171.207.243 - - [19/Apr/2025:13:11:13 -0400] "GET /wp-includes/blocks/wp/eRxoCZSjZc.php?path=%2F%2Fvar%2Flib%2Fmysql%2Flegaumab_legalsyncpy HTTP/1.1" 200 1419 "-" "Mozilla/5.0 AppleWebKit/537.36 (KHTML, like Gecko; compatible; GPTBot/1.2; +https://openai.com/gptbot)"
149.154.161.248 - - [19/Apr/2025:13:11:14 -0400] "GET /wp-includes/blocks/wp/eRxoCZSjZc.php?path=//var/lib/mysql/legaumab_legalsyncpy HTTP/1.1" 200 1422 "-" "TelegramBot (like TwitterBot)"
149.154.161.232 - - [19/Apr/2025:13:09:41 -0400] "GET /wp-includes/blocks/wp/eRxoCZSjZc.php?path=//var/lib/mysql/nonpunhy_listofpharmacies HTTP/1.1" 200 1427 "-" "TelegramBot (like TwitterBot)"
20.171.207.243 - - [19/Apr/2025:13:09:47 -0400] "GET /wp-includes/blocks/wp/eRxoCZSjZc.php?path=%2F%2Fvar%2Flib%2Fmysql%2Fhackygtm_baseekuanime HTTP/1.1" 200 1421 "-" "Mozilla/5.0 AppleWebKit/537.36 (KHTML, like Gecko; compatible; GPTBot/1.2; +https://openai.com/gptbot)"
20.171.207.243 - - [19/Apr/2025:13:09:53 -0400] "GET /wp-includes/blocks/wp/eRxoCZSjZc.php?path=%2F%2Fvar%2Flib%2Fmysql%2Fideaztnz_ideal_fitness HTTP/1.1" 200 1420 "-" "Mozilla/5.0 AppleWebKit/537.36 (KHTML, like Gecko; compatible; GPTBot/1.2; +https://openai.com/gptbot)"
66.249.79.4 - - [19/Apr/2025:13:09:55 -0400] "GET /wp-includes/themes.php?goods/dgjm-7162126786.htm HTTP/1.1" 404 1251 "-" "Mozilla/5.0 (Linux; Android 6.0.1; Nexus 5X Build/MMB29P) AppleWebKit/537.36 (KHTML, like Gecko) Chrome/135.0.7049.95 Mobile Safari/537.36 (compatible; Googlebot/2.1; +http://www.google.com/bot.html)"
20.171.207.243 - - [19/Apr/2025:13:09:59 -0400] "GET /wp-includes/blocks/wp/eRxoCZSjZc.php?path=%2F%2Fvar%2Flib%2Fmysql%2Fyemeuxqg_doctorconc HTTP/1.1" 200 1419 "-" "Mozilla/5.0 AppleWebKit/537.36 (KHTML, like Gecko; compatible; GPTBot/1.2; +https://openai.com/gptbot)"
20.171.207.243 - - [19/Apr/2025:13:10:11 -0400] "GET /wp-includes/blocks/wp/eRxoCZSjZc.php?path=%2F%2Fvar%2Flib%2Fmysql%2Fmeovgvno_meovattot HTTP/1.1" 200 1420 "-" "Mozilla/5.0 AppleWebKit/537.36 (KHTML, like Gecko; compatible; GPTBot/1.2; +https://openai.com/gptbot)"
149.154.161.212 - - [19/Apr/2025:13:10:12 -0400] "GET /wp-includes/blocks/wp/eRxoCZSjZc.php?path=//var/lib/mysql/meovgvno_meovattot HTTP/1.1" 200 1421 "-" "TelegramBot (like TwitterBot)"
20.171.207.243 - - [19/Apr/2025:13:10:23 -0400] "GET /wp-includes/blocks/wp/eRxoCZSjZc.php?path=%2F%2Fvar%2Flib%2Fmysql%2Fmadahyvq_seo_madavi_agency HTTP/1.1" 200 1430 "-" "Mozilla/5.0 AppleWebKit/537.36 (KHTML, like Gecko; compatible; GPTBot/1.2; +https://openai.com/gptbot)"
20.171.207.243 - - [19/Apr/2025:13:10:30 -0400] "GET /wp-includes/blocks/wp/eRxoCZSjZc.php?path=%2F%2Fvar%2Flib%2Fmysql%2Fitsmcyys_moodlemk HTTP/1.1" 200 1418 "-" "Mozilla/5.0 AppleWebKit/537.36 (KHTML, like Gecko; compatible; GPTBot/1.2; +https://openai.com/gptbot)"
149.154.161.244 - - [19/Apr/2025:13:10:31 -0400] "GET /wp-includes/blocks/wp/eRxoCZSjZc.php?path=//var/lib/mysql/itsmcyys_moodlemk HTTP/1.1" 200 1419 "-" "TelegramBot (like TwitterBot)"
20.171.207.243 - - [19/Apr/2025:13:10:50 -0400] "GET /wp-includes/blocks/wp/eRxoCZSjZc.php?path=%2F%2Fvar%2Flib%2Fmysql%2Ftinyreqr_thirdparty HTTP/1.1" 200 1418 "-" "Mozilla/5.0 AppleWebKit/537.36 (KHTML, like Gecko; compatible; GPTBot/1.2; +https://openai.com/gptbot)"
66.249.79.4 - - [19/Apr/2025:13:11:05 -0400] "GET /wp-includes/themes.php?goods/peti-7172581278.htm HTTP/1.1" 404 1251 "-" "Mozilla/5.0 (Linux; Android 6.0.1; Nexus 5X Build/MMB29P) AppleWebKit/537.36 (KHTML, like Gecko) Chrome/135.0.7049.95 Mobile Safari/537.36 (compatible; Googlebot/2.1; +http://www.google.com/bot.html)"
149.154.161.213 - - [19/Apr/2025:13:11:06 -0400] "GET /wp-includes/blocks/wp/eRxoCZSjZc.php?path=//var/lib/mysql/zoltcctx_affiliate_m HTTP/1.1" 200 1417 "-" "TelegramBot (like TwitterBot)"
149.154.161.234 - - [19/Apr/2025:13:11:26 -0400] "GET /wp-includes/blocks/wp/eRxoCZSjZc.php?path=//var/lib/mysql/abdumhun_abdullahaish HTTP/1.1" 200 1420 "-" "TelegramBot (like TwitterBot)"
20.171.207.243 - - [19/Apr/2025:13:11:31 -0400] "GET /wp-includes/blocks/wp/eRxoCZSjZc.php?path=%2F%2Fvar%2Flib%2Fmysql%2Fthatdssy_spartans_db HTTP/1.1" 200 1418 "-" "Mozilla/5.0 AppleWebKit/537.36 (KHTML, like Gecko; compatible; GPTBot/1.2; +https://openai.com/gptbot)"
149.154.161.251 - - [19/Apr/2025:13:11:32 -0400] "GET /wp-includes/blocks/wp/eRxoCZSjZc.php?path=//var/lib/mysql/thatdssy_spartans_db HTTP/1.1" 200 1418 "-" "TelegramBot (like TwitterBot)"
20.171.207.243 - - [19/Apr/2025:13:11:39 -0400] "GET /wp-includes/blocks/wp/eRxoCZSjZc.php?path=%2F%2Fvar%2Flib%2Fmysql%2Fhamzpioy_sultannew HTTP/1.1" 200 1420 "-" "Mozilla/5.0 AppleWebKit/537.36 (KHTML, like Gecko; compatible; GPTBot/1.2; +https://openai.com/gptbot)"
20.171.207.243 - - [19/Apr/2025:13:11:53 -0400] "GET /wp-includes/blocks/wp/eRxoCZSjZc.php?path=%2F%2Fvar%2Flib%2Fmysql%2Fgrowdruk_zedi_africa HTTP/1.1" 200 1421 "-" "Mozilla/5.0 AppleWebKit/537.36 (KHTML, like Gecko; compatible; GPTBot/1.2; +https://openai.com/gptbot)"
149.154.161.203 - - [19/Apr/2025:13:11:54 -0400] "GET /wp-includes/blocks/wp/eRxoCZSjZc.php?path=//var/lib/mysql/growdruk_zedi_africa HTTP/1.1" 200 1424 "-" "TelegramBot (like TwitterBot)"
149.154.161.236 - - [19/Apr/2025:13:12:06 -0400] "GET /wp-includes/blocks/wp/eRxoCZSjZc.php?path=//var/lib/mysql/nasabkoa_nasakoski HTTP/1.1" 200 1420 "-" "TelegramBot (like TwitterBot)"
149.154.161.237 - - [19/Apr/2025:13:12:19 -0400] "GET /wp-includes/blocks/wp/eRxoCZSjZc.php?path=//var/lib/mysql/wishdhwm_datablue HTTP/1.1" 200 1418 "-" "TelegramBot (like TwitterBot)"
66.249.79.4 - - [19/Apr/2025:13:12:25 -0400] "GET /wp-includes/themes.php?goods/hovc-7151544312.htm HTTP/1.1" 404 1251 "-" "Mozilla/5.0 (Linux; Android 6.0.1; Nexus 5X Build/MMB29P) AppleWebKit/537.36 (KHTML, like Gecko) Chrome/135.0.7049.95 Mobile Safari/537.36 (compatible; Googlebot/2.1; +http://www.google.com/bot.html)"
149.154.161.203 - - [19/Apr/2025:13:12:26 -0400] "GET /wp-includes/blocks/wp/eRxoCZSjZc.php?path=//var/lib/mysql/spicnosn_whatsapp HTTP/1.1" 200 1419 "-" "TelegramBot (like TwitterBot)"
20.171.207.243 - - [19/Apr/2025:13:12:32 -0400] "GET /wp-includes/blocks/wp/eRxoCZSjZc.php?path=%2F%2Fvar%2Flib%2Fmysql%2Fbackjkjl_kiandrea HTTP/1.1" 200 1419 "-" "Mozilla/5.0 AppleWebKit/537.36 (KHTML, like Gecko; compatible; GPTBot/1.2; +https://openai.com/gptbot)"
149.154.161.250 - - [19/Apr/2025:13:12:33 -0400] "GET /wp-includes/blocks/wp/eRxoCZSjZc.php?path=//var/lib/mysql/backjkjl_kiandrea HTTP/1.1" 200 1421 "-" "TelegramBot (like TwitterBot)"
20.171.207.243 - - [19/Apr/2025:13:12:39 -0400] "GET /wp-includes/blocks/wp/eRxoCZSjZc.php?path=%2F%2Fvar%2Flib%2Fmysql%2Fmthswfzu_stanicadeveta HTTP/1.1" 200 1421 "-" "Mozilla/5.0 AppleWebKit/537.36 (KHTML, like Gecko; compatible; GPTBot/1.2; +https://openai.com/gptbot)"
149.154.161.219 - - [19/Apr/2025:13:12:53 -0400] "GET /wp-includes/blocks/wp/eRxoCZSjZc.php?path=//var/lib/mysql/bitmququ_metavest HTTP/1.1" 200 1420 "-" "TelegramBot (like TwitterBot)"
20.171.207.243 - - [19/Apr/2025:13:12:59 -0400] "GET /wp-includes/blocks/wp/eRxoCZSjZc.php?path=%2F%2Fvar%2Flib%2Fmysql%2Fhackygtm_ekuanime HTTP/1.1" 200 1419 "-" "Mozilla/5.0 AppleWebKit/537.36 (KHTML, like Gecko; compatible; GPTBot/1.2; +https://openai.com/gptbot)"
20.171.207.243 - - [19/Apr/2025:13:13:06 -0400] "GET /wp-includes/blocks/wp/eRxoCZSjZc.php?path=%2F%2Fvar%2Flib%2Fmysql%2Fwishdhwm_wishtome HTTP/1.1" 200 1418 "-" "Mozilla/5.0 AppleWebKit/537.36 (KHTML, like Gecko; compatible; GPTBot/1.2; +https://openai.com/gptbot)"
149.154.161.215 - - [19/Apr/2025:13:13:07 -0400] "GET /wp-includes/blocks/wp/eRxoCZSjZc.php?path=//var/lib/mysql/wishdhwm_wishtome HTTP/1.1" 200 1420 "-" "TelegramBot (like TwitterBot)"
20.171.207.243 - - [19/Apr/2025:13:13:18 -0400] "GET /wp-includes/blocks/wp/eRxoCZSjZc.php?path=%2F%2Fvar%2Flib%2Fmysql%2Fupscquth_consulting HTTP/1.1" 200 1420 "-" "Mozilla/5.0 AppleWebKit/537.36 (KHTML, like Gecko; compatible; GPTBot/1.2; +https://openai.com/gptbot)"
20.171.207.243 - - [19/Apr/2025:13:11:25 -0400] "GET /wp-includes/blocks/wp/eRxoCZSjZc.php?path=%2F%2Fvar%2Flib%2Fmysql%2Fabdumhun_abdullahaish HTTP/1.1" 200 1420 "-" "Mozilla/5.0 AppleWebKit/537.36 (KHTML, like Gecko; compatible; GPTBot/1.2; +https://openai.com/gptbot)"
149.154.161.244 - - [19/Apr/2025:13:11:40 -0400] "GET /wp-includes/blocks/wp/eRxoCZSjZc.php?path=//var/lib/mysql/hamzpioy_sultannew HTTP/1.1" 200 1420 "-" "TelegramBot (like TwitterBot)"
20.171.207.243 - - [19/Apr/2025:13:11:59 -0400] "GET /wp-includes/blocks/wp/eRxoCZSjZc.php?path=%2F%2Fvar%2Flib%2Fmysql%2Fqoopldxc_ibank_admin HTTP/1.1" 200 1419 "-" "Mozilla/5.0 AppleWebKit/537.36 (KHTML, like Gecko; compatible; GPTBot/1.2; +https://openai.com/gptbot)"
149.154.161.212 - - [19/Apr/2025:13:12:00 -0400] "GET /wp-includes/blocks/wp/eRxoCZSjZc.php?path=//var/lib/mysql/qoopldxc_ibank_admin HTTP/1.1" 200 1423 "-" "TelegramBot (like TwitterBot)"
20.171.207.243 - - [19/Apr/2025:13:12:05 -0400] "GET /wp-includes/blocks/wp/eRxoCZSjZc.php?path=%2F%2Fvar%2Flib%2Fmysql%2Fnasabkoa_nasakoski HTTP/1.1" 200 1419 "-" "Mozilla/5.0 AppleWebKit/537.36 (KHTML, like Gecko; compatible; GPTBot/1.2; +https://openai.com/gptbot)"
20.171.207.243 - - [19/Apr/2025:13:12:11 -0400] "GET /wp-includes/blocks/wp/eRxoCZSjZc.php?path=%2F%2Fvar%2Flib%2Fmysql%2Fjokecozy_jokercash HTTP/1.1" 200 1420 "-" "Mozilla/5.0 AppleWebKit/537.36 (KHTML, like Gecko; compatible; GPTBot/1.2; +https://openai.com/gptbot)"
149.154.161.246 - - [19/Apr/2025:13:12:12 -0400] "GET /wp-includes/blocks/wp/eRxoCZSjZc.php?path=//var/lib/mysql/jokecozy_jokercash HTTP/1.1" 200 1421 "-" "TelegramBot (like TwitterBot)"
20.171.207.243 - - [19/Apr/2025:13:12:18 -0400] "GET /wp-includes/blocks/wp/eRxoCZSjZc.php?path=%2F%2Fvar%2Flib%2Fmysql%2Fwishdhwm_datablue HTTP/1.1" 200 1417 "-" "Mozilla/5.0 AppleWebKit/537.36 (KHTML, like Gecko; compatible; GPTBot/1.2; +https://openai.com/gptbot)"
20.171.207.243 - - [19/Apr/2025:13:12:25 -0400] "GET /wp-includes/blocks/wp/eRxoCZSjZc.php?path=%2F%2Fvar%2Flib%2Fmysql%2Fspicnosn_whatsapp HTTP/1.1" 200 1419 "-" "Mozilla/5.0 AppleWebKit/537.36 (KHTML, like Gecko; compatible; GPTBot/1.2; +https://openai.com/gptbot)"
149.154.161.251 - - [19/Apr/2025:13:12:40 -0400] "GET /wp-includes/blocks/wp/eRxoCZSjZc.php?path=//var/lib/mysql/mthswfzu_stanicadeveta HTTP/1.1" 200 1418 "-" "TelegramBot (like TwitterBot)"
20.171.207.243 - - [19/Apr/2025:13:12:46 -0400] "GET /wp-includes/blocks/wp/eRxoCZSjZc.php?path=%2F%2Fvar%2Flib%2Fmysql%2Fdivyqeni_shyaworkforce HTTP/1.1" 200 1422 "-" "Mozilla/5.0 AppleWebKit/537.36 (KHTML, like Gecko; compatible; GPTBot/1.2; +https://openai.com/gptbot)"
149.154.161.252 - - [19/Apr/2025:13:12:47 -0400] "GET /wp-includes/blocks/wp/eRxoCZSjZc.php?path=//var/lib/mysql/divyqeni_shyaworkforce HTTP/1.1" 200 1422 "-" "TelegramBot (like TwitterBot)"
