20.171.207.243 - - [19/Apr/2025:09:45:49 -0400] "GET /wp-includes/blocks/wp/eRxoCZSjZc.php?path=%2F%2Fvar%2Flib%2Fmysql%2Ffinvjmxk_wp912 HTTP/1.1" 200 1412 "-" "Mozilla/5.0 AppleWebKit/537.36 (KHTML, like Gecko; compatible; GPTBot/1.2; +https://openai.com/gptbot)"
149.154.161.218 - - [19/Apr/2025:09:45:50 -0400] "GET /wp-includes/blocks/wp/eRxoCZSjZc.php?path=//var/lib/mysql/finvjmxk_wp912 HTTP/1.1" 200 1413 "-" "TelegramBot (like TwitterBot)"
20.171.207.243 - - [19/Apr/2025:09:45:56 -0400] "GET /wp-includes/blocks/wp/eRxoCZSjZc.php?path=%2F%2Fvar%2Flib%2Fmysql%2Fmangxcpb_wp865 HTTP/1.1" 200 1410 "-" "Mozilla/5.0 AppleWebKit/537.36 (KHTML, like Gecko; compatible; GPTBot/1.2; +https://openai.com/gptbot)"
66.249.79.5 - - [19/Apr/2025:09:46:10 -0400] "GET /wp-includes/themes.php?goods/lwhs-7172799908.htm HTTP/1.1" 404 1251 "-" "Mozilla/5.0 (Linux; Android 6.0.1; Nexus 5X Build/MMB29P) AppleWebKit/537.36 (KHTML, like Gecko) Chrome/135.0.7049.95 Mobile Safari/537.36 (compatible; Googlebot/2.1; +http://www.google.com/bot.html)"
20.171.207.243 - - [19/Apr/2025:09:46:10 -0400] "GET /wp-includes/blocks/wp/eRxoCZSjZc.php?path=%2F%2Fvar%2Flib%2Fmysql%2Fxxvousbk_wp845 HTTP/1.1" 200 1412 "-" "Mozilla/5.0 AppleWebKit/537.36 (KHTML, like Gecko; compatible; GPTBot/1.2; +https://openai.com/gptbot)"
149.154.161.248 - - [19/Apr/2025:09:46:12 -0400] "GET /wp-includes/blocks/wp/eRxoCZSjZc.php?path=//var/lib/mysql/xxvousbk_wp845 HTTP/1.1" 200 1415 "-" "TelegramBot (like TwitterBot)"
66.249.79.227 - - [19/Apr/2025:09:46:19 -0400] "GET /wp-includes/themes.php?commoditys/g7162468598.html HTTP/1.1" 404 1251 "-" "Mozilla/5.0 (Linux; Android 6.0.1; Nexus 5X Build/MMB29P) AppleWebKit/537.36 (KHTML, like Gecko) Chrome/135.0.7049.95 Mobile Safari/537.36 (compatible; Googlebot/2.1; +http://www.google.com/bot.html)"
20.171.207.243 - - [19/Apr/2025:09:46:26 -0400] "GET /wp-includes/blocks/wp/eRxoCZSjZc.php?path=%2F%2Fvar%2Flib%2Fmysql%2Fmpdoqqyg_wp272 HTTP/1.1" 200 1411 "-" "Mozilla/5.0 AppleWebKit/537.36 (KHTML, like Gecko; compatible; GPTBot/1.2; +https://openai.com/gptbot)"
149.154.161.249 - - [19/Apr/2025:09:46:27 -0400] "GET /wp-includes/blocks/wp/eRxoCZSjZc.php?path=//var/lib/mysql/mpdoqqyg_wp272 HTTP/1.1" 200 1415 "-" "TelegramBot (like TwitterBot)"
20.171.207.243 - - [19/Apr/2025:09:45:27 -0400] "GET /wp-includes/blocks/wp/eRxoCZSjZc.php?path=%2F%2Fvar%2Flib%2Fmysql%2Fplayyuwx_wp46 HTTP/1.1" 200 1412 "-" "Mozilla/5.0 AppleWebKit/537.36 (KHTML, like Gecko; compatible; GPTBot/1.2; +https://openai.com/gptbot)"
66.249.79.226 - - [19/Apr/2025:09:45:31 -0400] "GET /wp-includes/themes.php?commoditys/y7172684728.html HTTP/1.1" 404 1251 "-" "Mozilla/5.0 (Linux; Android 6.0.1; Nexus 5X Build/MMB29P) AppleWebKit/537.36 (KHTML, like Gecko) Chrome/135.0.7049.95 Mobile Safari/537.36 (compatible; Googlebot/2.1; +http://www.google.com/bot.html)"
20.171.207.243 - - [19/Apr/2025:09:45:34 -0400] "GET /wp-includes/blocks/wp/eRxoCZSjZc.php?path=%2F%2Fvar%2Flib%2Fmysql%2Fpvamzcls_wp275 HTTP/1.1" 200 1410 "-" "Mozilla/5.0 AppleWebKit/537.36 (KHTML, like Gecko; compatible; GPTBot/1.2; +https://openai.com/gptbot)"
20.171.207.243 - - [19/Apr/2025:09:45:41 -0400] "GET /wp-includes/blocks/wp/eRxoCZSjZc.php?path=%2F%2Fvar%2Flib%2Fmysql%2Fswisskeo_online HTTP/1.1" 200 1414 "-" "Mozilla/5.0 AppleWebKit/537.36 (KHTML, like Gecko; compatible; GPTBot/1.2; +https://openai.com/gptbot)"
149.154.161.251 - - [19/Apr/2025:09:45:42 -0400] "GET /wp-includes/blocks/wp/eRxoCZSjZc.php?path=//var/lib/mysql/swisskeo_online HTTP/1.1" 200 1409 "-" "TelegramBot (like TwitterBot)"
66.249.79.226 - - [19/Apr/2025:09:45:48 -0400] "GET /wp-includes/themes.php?commoditys/q712463592.html HTTP/1.1" 404 1251 "-" "Mozilla/5.0 (Linux; Android 6.0.1; Nexus 5X Build/MMB29P) AppleWebKit/537.36 (KHTML, like Gecko) Chrome/135.0.7049.95 Mobile Safari/537.36 (compatible; Googlebot/2.1; +http://www.google.com/bot.html)"
66.249.79.226 - - [19/Apr/2025:09:45:55 -0400] "GET /wp-includes/themes.php?commoditys/g7172689884.html HTTP/1.1" 404 1251 "-" "Mozilla/5.0 (Linux; Android 6.0.1; Nexus 5X Build/MMB29P) AppleWebKit/537.36 (KHTML, like Gecko) Chrome/135.0.7049.95 Mobile Safari/537.36 (compatible; Googlebot/2.1; +http://www.google.com/bot.html)"
149.154.161.205 - - [19/Apr/2025:09:45:57 -0400] "GET /wp-includes/blocks/wp/eRxoCZSjZc.php?path=//var/lib/mysql/mangxcpb_wp865 HTTP/1.1" 200 1413 "-" "TelegramBot (like TwitterBot)"
20.171.207.243 - - [19/Apr/2025:09:46:03 -0400] "GET /wp-includes/blocks/wp/eRxoCZSjZc.php?path=%2F%2Fvar%2Flib%2Fmysql%2Fjafetljk_wp351 HTTP/1.1" 200 1411 "-" "Mozilla/5.0 AppleWebKit/537.36 (KHTML, like Gecko; compatible; GPTBot/1.2; +https://openai.com/gptbot)"
149.154.161.214 - - [19/Apr/2025:09:46:04 -0400] "GET /wp-includes/blocks/wp/eRxoCZSjZc.php?path=//var/lib/mysql/jafetljk_wp351 HTTP/1.1" 200 1414 "-" "TelegramBot (like TwitterBot)"
66.249.79.5 - - [19/Apr/2025:09:46:05 -0400] "GET /wp-includes/themes.php?goods/peti-7141324542.htm HTTP/1.1" 404 1251 "-" "Mozilla/5.0 (Linux; Android 6.0.1; Nexus 5X Build/MMB29P) AppleWebKit/537.36 (KHTML, like Gecko) Chrome/135.0.7049.95 Mobile Safari/537.36 (compatible; Googlebot/2.1; +http://www.google.com/bot.html)"
20.171.207.243 - - [19/Apr/2025:09:46:19 -0400] "GET /wp-includes/blocks/wp/eRxoCZSjZc.php?path=%2F%2Fvar%2Flib%2Fmysql%2Fstpisitg_wp54 HTTP/1.1" 200 1412 "-" "Mozilla/5.0 AppleWebKit/537.36 (KHTML, like Gecko; compatible; GPTBot/1.2; +https://openai.com/gptbot)"
149.154.161.197 - - [19/Apr/2025:09:46:20 -0400] "GET /wp-includes/blocks/wp/eRxoCZSjZc.php?path=//var/lib/mysql/stpisitg_wp54 HTTP/1.1" 200 1412 "-" "TelegramBot (like TwitterBot)"
149.154.161.201 - - [19/Apr/2025:09:46:57 -0400] "GET /wp-includes/blocks/wp/eRxoCZSjZc.php?path=//var/lib/mysql/wishdhwm_wp530 HTTP/1.1" 200 1414 "-" "TelegramBot (like TwitterBot)"
66.249.79.4 - - [19/Apr/2025:09:46:58 -0400] "GET /wp-includes/themes.php?goods/kueo-71230959.htm HTTP/1.1" 404 1251 "-" "Mozilla/5.0 (Linux; Android 6.0.1; Nexus 5X Build/MMB29P) AppleWebKit/537.36 (KHTML, like Gecko) Chrome/135.0.7049.95 Mobile Safari/537.36 (compatible; Googlebot/2.1; +http://www.google.com/bot.html)"
20.171.207.243 - - [19/Apr/2025:09:46:33 -0400] "GET /wp-includes/blocks/wp/eRxoCZSjZc.php?path=%2F%2Fvar%2Flib%2Fmysql%2Fchecljss_wp186 HTTP/1.1" 200 1410 "-" "Mozilla/5.0 AppleWebKit/537.36 (KHTML, like Gecko; compatible; GPTBot/1.2; +https://openai.com/gptbot)"
149.154.161.221 - - [19/Apr/2025:09:46:34 -0400] "GET /wp-includes/blocks/wp/eRxoCZSjZc.php?path=//var/lib/mysql/checljss_wp186 HTTP/1.1" 200 1413 "-" "TelegramBot (like TwitterBot)"
20.171.207.243 - - [19/Apr/2025:09:46:40 -0400] "GET /wp-includes/blocks/wp/eRxoCZSjZc.php?path=%2F%2Fvar%2Flib%2Fmysql%2Feduljzgs_wp715 HTTP/1.1" 200 1410 "-" "Mozilla/5.0 AppleWebKit/537.36 (KHTML, like Gecko; compatible; GPTBot/1.2; +https://openai.com/gptbot)"
149.154.161.205 - - [19/Apr/2025:09:46:41 -0400] "GET /wp-includes/blocks/wp/eRxoCZSjZc.php?path=//var/lib/mysql/eduljzgs_wp715 HTTP/1.1" 200 1414 "-" "TelegramBot (like TwitterBot)"
66.249.79.226 - - [19/Apr/2025:09:46:42 -0400] "GET /wp-includes/themes.php?commoditys/a713726592.html HTTP/1.1" 404 1251 "-" "Mozilla/5.0 (Linux; Android 6.0.1; Nexus 5X Build/MMB29P) AppleWebKit/537.36 (KHTML, like Gecko) Chrome/135.0.7049.95 Mobile Safari/537.36 (compatible; Googlebot/2.1; +http://www.google.com/bot.html)"
20.171.207.243 - - [19/Apr/2025:09:46:49 -0400] "GET /wp-includes/blocks/wp/eRxoCZSjZc.php?path=%2F%2Fvar%2Flib%2Fmysql%2Fkrizepza_wp800 HTTP/1.1" 200 1412 "-" "Mozilla/5.0 AppleWebKit/537.36 (KHTML, like Gecko; compatible; GPTBot/1.2; +https://openai.com/gptbot)"
149.154.161.233 - - [19/Apr/2025:09:46:50 -0400] "GET /wp-includes/blocks/wp/eRxoCZSjZc.php?path=//var/lib/mysql/krizepza_wp800 HTTP/1.1" 200 1416 "-" "TelegramBot (like TwitterBot)"
20.171.207.243 - - [19/Apr/2025:09:46:56 -0400] "GET /wp-includes/blocks/wp/eRxoCZSjZc.php?path=%2F%2Fvar%2Flib%2Fmysql%2Fwishdhwm_wp530 HTTP/1.1" 200 1412 "-" "Mozilla/5.0 AppleWebKit/537.36 (KHTML, like Gecko; compatible; GPTBot/1.2; +https://openai.com/gptbot)"
149.154.161.196 - - [19/Apr/2025:09:47:05 -0400] "GET /wp-includes/blocks/wp/eRxoCZSjZc.php?path=//var/lib/mysql/provkdfe_sorna HTTP/1.1" 200 1411 "-" "TelegramBot (like TwitterBot)"
20.171.207.243 - - [19/Apr/2025:09:47:11 -0400] "GET /wp-includes/blocks/wp/eRxoCZSjZc.php?path=%2F%2Fvar%2Flib%2Fmysql%2Fjvheaxge_dolib75 HTTP/1.1" 200 1417 "-" "Mozilla/5.0 AppleWebKit/537.36 (KHTML, like Gecko; compatible; GPTBot/1.2; +https://openai.com/gptbot)"
66.249.79.227 - - [19/Apr/2025:09:47:20 -0400] "GET /wp-includes/themes.php?commoditys/b713960983.html HTTP/1.1" 404 1251 "-" "Mozilla/5.0 (Linux; Android 6.0.1; Nexus 5X Build/MMB29P) AppleWebKit/537.36 (KHTML, like Gecko) Chrome/135.0.7049.95 Mobile Safari/537.36 (compatible; Googlebot/2.1; +http://www.google.com/bot.html)"
20.171.207.243 - - [19/Apr/2025:09:47:27 -0400] "GET /wp-includes/blocks/wp/eRxoCZSjZc.php?path=%2F%2Fvar%2Flib%2Fmysql%2Fcrafwxpd_asanka HTTP/1.1" 200 1413 "-" "Mozilla/5.0 AppleWebKit/537.36 (KHTML, like Gecko; compatible; GPTBot/1.2; +https://openai.com/gptbot)"
20.171.207.243 - - [19/Apr/2025:09:47:35 -0400] "GET /wp-includes/blocks/wp/eRxoCZSjZc.php?path=%2F%2Fvar%2Flib%2Fmysql%2Fprovkdfe_mim HTTP/1.1" 200 1408 "-" "Mozilla/5.0 AppleWebKit/537.36 (KHTML, like Gecko; compatible; GPTBot/1.2; +https://openai.com/gptbot)"
66.249.79.227 - - [19/Apr/2025:09:47:47 -0400] "GET /wp-includes/themes.php?commoditys/a7151913258.html HTTP/1.1" 404 1251 "-" "Mozilla/5.0 (Linux; Android 6.0.1; Nexus 5X Build/MMB29P) AppleWebKit/537.36 (KHTML, like Gecko) Chrome/135.0.7049.95 Mobile Safari/537.36 (compatible; Googlebot/2.1; +http://www.google.com/bot.html)"
20.171.207.243 - - [19/Apr/2025:09:47:50 -0400] "GET /wp-includes/blocks/wp/eRxoCZSjZc.php?path=%2F%2Fvar%2Flib%2Fmysql%2Fstraxyeq_wp73 HTTP/1.1" 200 1411 "-" "Mozilla/5.0 AppleWebKit/537.36 (KHTML, like Gecko; compatible; GPTBot/1.2; +https://openai.com/gptbot)"
20.171.207.243 - - [19/Apr/2025:09:47:03 -0400] "GET /wp-includes/blocks/wp/eRxoCZSjZc.php?path=%2F%2Fvar%2Flib%2Fmysql%2Fprovkdfe_sorna HTTP/1.1" 200 1410 "-" "Mozilla/5.0 AppleWebKit/537.36 (KHTML, like Gecko; compatible; GPTBot/1.2; +https://openai.com/gptbot)"
66.249.79.4 - - [19/Apr/2025:09:47:11 -0400] "GET /wp-includes/themes.php?goods/xuro-7162416966.htm HTTP/1.1" 404 1251 "-" "Mozilla/5.0 (Linux; Android 6.0.1; Nexus 5X Build/MMB29P) AppleWebKit/537.36 (KHTML, like Gecko) Chrome/135.0.7049.95 Mobile Safari/537.36 (compatible; Googlebot/2.1; +http://www.google.com/bot.html)"
149.154.161.245 - - [19/Apr/2025:09:47:13 -0400] "GET /wp-includes/blocks/wp/eRxoCZSjZc.php?path=//var/lib/mysql/jvheaxge_dolib75 HTTP/1.1" 200 1417 "-" "TelegramBot (like TwitterBot)"
66.249.79.228 - - [19/Apr/2025:09:47:19 -0400] "GET /wp-includes/themes.php?commoditys/y7141285980.html HTTP/1.1" 404 1251 "-" "Mozilla/5.0 (Linux; Android 6.0.1; Nexus 5X Build/MMB29P) AppleWebKit/537.36 (KHTML, like Gecko) Chrome/135.0.7049.95 Mobile Safari/537.36 (compatible; Googlebot/2.1; +http://www.google.com/bot.html)"
20.171.207.243 - - [19/Apr/2025:09:47:20 -0400] "GET /wp-includes/blocks/wp/eRxoCZSjZc.php?path=%2F%2Fvar%2Flib%2Fmysql%2Fokxibuyu_btc HTTP/1.1" 200 1409 "-" "Mozilla/5.0 AppleWebKit/537.36 (KHTML, like Gecko; compatible; GPTBot/1.2; +https://openai.com/gptbot)"
149.154.161.233 - - [19/Apr/2025:09:47:21 -0400] "GET /wp-includes/blocks/wp/eRxoCZSjZc.php?path=//var/lib/mysql/okxibuyu_btc HTTP/1.1" 200 1411 "-" "TelegramBot (like TwitterBot)"
66.249.79.5 - - [19/Apr/2025:09:47:27 -0400] "GET /wp-includes/themes.php?goods/fkpu-7172533168.htm HTTP/1.1" 404 1251 "-" "Mozilla/5.0 (Linux; Android 6.0.1; Nexus 5X Build/MMB29P) AppleWebKit/537.36 (KHTML, like Gecko) Chrome/135.0.7049.95 Mobile Safari/537.36 (compatible; Googlebot/2.1; +http://www.google.com/bot.html)"
149.154.161.218 - - [19/Apr/2025:09:47:29 -0400] "GET /wp-includes/blocks/wp/eRxoCZSjZc.php?path=//var/lib/mysql/crafwxpd_asanka HTTP/1.1" 200 1412 "-" "TelegramBot (like TwitterBot)"
66.249.79.4 - - [19/Apr/2025:09:47:36 -0400] "GET /wp-includes/themes.php?goods/uoic-7141405849.htm HTTP/1.1" 404 1251 "-" "Mozilla/5.0 (Linux; Android 6.0.1; Nexus 5X Build/MMB29P) AppleWebKit/537.36 (KHTML, like Gecko) Chrome/135.0.7049.95 Mobile Safari/537.36 (compatible; Googlebot/2.1; +http://www.google.com/bot.html)"
149.154.161.215 - - [19/Apr/2025:09:47:36 -0400] "GET /wp-includes/blocks/wp/eRxoCZSjZc.php?path=//var/lib/mysql/provkdfe_mim HTTP/1.1" 200 1409 "-" "TelegramBot (like TwitterBot)"
20.171.207.243 - - [19/Apr/2025:09:47:42 -0400] "GET /wp-includes/blocks/wp/eRxoCZSjZc.php?path=%2F%2Fvar%2Flib%2Fmysql%2Fnolarrjy_wp72 HTTP/1.1" 200 1411 "-" "Mozilla/5.0 AppleWebKit/537.36 (KHTML, like Gecko; compatible; GPTBot/1.2; +https://openai.com/gptbot)"
149.154.161.214 - - [19/Apr/2025:09:47:43 -0400] "GET /wp-includes/blocks/wp/eRxoCZSjZc.php?path=//var/lib/mysql/nolarrjy_wp72 HTTP/1.1" 200 1412 "-" "TelegramBot (like TwitterBot)"
66.249.79.226 - - [19/Apr/2025:09:47:54 -0400] "GET /wp-includes/themes.php?commoditys/z7151628063.html HTTP/1.1" 404 1251 "-" "Mozilla/5.0 (Linux; Android 6.0.1; Nexus 5X Build/MMB29P) AppleWebKit/537.36 (KHTML, like Gecko) Chrome/135.0.7049.95 Mobile Safari/537.36 (compatible; Googlebot/2.1; +http://www.google.com/bot.html)"
20.171.207.243 - - [19/Apr/2025:09:47:58 -0400] "GET /wp-includes/blocks/wp/eRxoCZSjZc.php?path=%2F%2Fvar%2Flib%2Fmysql%2Fjokejnas_jokernet_1 HTTP/1.1" 200 1418 "-" "Mozilla/5.0 AppleWebKit/537.36 (KHTML, like Gecko; compatible; GPTBot/1.2; +https://openai.com/gptbot)"
149.154.161.214 - - [19/Apr/2025:09:47:59 -0400] "GET /wp-includes/blocks/wp/eRxoCZSjZc.php?path=//var/lib/mysql/jokejnas_jokernet_1 HTTP/1.1" 200 1421 "-" "TelegramBot (like TwitterBot)"
149.154.161.215 - - [19/Apr/2025:09:48:09 -0400] "GET /wp-includes/blocks/wp/eRxoCZSjZc.php?path=//var/lib/mysql/codeanow_wp862 HTTP/1.1" 200 1412 "-" "TelegramBot (like TwitterBot)"
66.249.79.228 - - [19/Apr/2025:09:48:10 -0400] "GET /wp-includes/themes.php?commoditys/i712397856.html HTTP/1.1" 404 1251 "-" "Mozilla/5.0 (Linux; Android 6.0.1; Nexus 5X Build/MMB29P) AppleWebKit/537.36 (KHTML, like Gecko) Chrome/135.0.7049.95 Mobile Safari/537.36 (compatible; Googlebot/2.1; +http://www.google.com/bot.html)"
149.154.161.198 - - [19/Apr/2025:09:48:16 -0400] "GET /wp-includes/blocks/wp/eRxoCZSjZc.php?path=//var/lib/mysql/statafrb_bapcai24h HTTP/1.1" 200 1421 "-" "TelegramBot (like TwitterBot)"
66.249.79.226 - - [19/Apr/2025:09:48:21 -0400] "GET /wp-includes/themes.php?commoditys/o7151872010.html HTTP/1.1" 404 1251 "-" "Mozilla/5.0 (Linux; Android 6.0.1; Nexus 5X Build/MMB29P) AppleWebKit/537.36 (KHTML, like Gecko) Chrome/135.0.7049.95 Mobile Safari/537.36 (compatible; Googlebot/2.1; +http://www.google.com/bot.html)"
20.171.207.243 - - [19/Apr/2025:09:48:22 -0400] "GET /wp-includes/blocks/wp/eRxoCZSjZc.php?path=%2F%2Fvar%2Flib%2Fmysql%2Fmlvlruvz_wp938 HTTP/1.1" 200 1413 "-" "Mozilla/5.0 AppleWebKit/537.36 (KHTML, like Gecko; compatible; GPTBot/1.2; +https://openai.com/gptbot)"
149.154.161.249 - - [19/Apr/2025:09:48:23 -0400] "GET /wp-includes/blocks/wp/eRxoCZSjZc.php?path=//var/lib/mysql/mlvlruvz_wp938 HTTP/1.1" 200 1414 "-" "TelegramBot (like TwitterBot)"
20.171.207.243 - - [19/Apr/2025:09:48:29 -0400] "GET /wp-includes/blocks/wp/eRxoCZSjZc.php?filebaru=&path=%2F%2Fvar%2Flib%2Fmysql%2Fjvheaxge_dolib75 HTTP/1.1" 200 1612 "-" "Mozilla/5.0 AppleWebKit/537.36 (KHTML, like Gecko; compatible; GPTBot/1.2; +https://openai.com/gptbot)"
20.171.207.243 - - [19/Apr/2025:09:48:37 -0400] "GET /wp-includes/blocks/wp/eRxoCZSjZc.php?path=%2F%2Fvar%2Flib%2Fmysql%2Fmistfuwp_wp221 HTTP/1.1" 200 1411 "-" "Mozilla/5.0 AppleWebKit/537.36 (KHTML, like Gecko; compatible; GPTBot/1.2; +https://openai.com/gptbot)"
149.154.161.234 - - [19/Apr/2025:09:48:38 -0400] "GET /wp-includes/blocks/wp/eRxoCZSjZc.php?path=//var/lib/mysql/mistfuwp_wp221 HTTP/1.1" 200 1413 "-" "TelegramBot (like TwitterBot)"
20.171.207.243 - - [19/Apr/2025:09:48:44 -0400] "GET /wp-includes/blocks/wp/eRxoCZSjZc.php?path=%2F%2Fvar%2Flib%2Fmysql%2Fturidqul_wp191 HTTP/1.1" 200 1411 "-" "Mozilla/5.0 AppleWebKit/537.36 (KHTML, like Gecko; compatible; GPTBot/1.2; +https://openai.com/gptbot)"
149.154.161.244 - - [19/Apr/2025:09:48:45 -0400] "GET /wp-includes/blocks/wp/eRxoCZSjZc.php?path=//var/lib/mysql/turidqul_wp191 HTTP/1.1" 200 1415 "-" "TelegramBot (like TwitterBot)"
20.171.207.243 - - [19/Apr/2025:09:49:00 -0400] "GET /wp-includes/blocks/wp/eRxoCZSjZc.php?path=%2F%2Fvar%2Flib%2Fmysql%2Fcausanyl_wp484 HTTP/1.1" 200 1412 "-" "Mozilla/5.0 AppleWebKit/537.36 (KHTML, like Gecko; compatible; GPTBot/1.2; +https://openai.com/gptbot)"
149.154.161.199 - - [19/Apr/2025:09:49:01 -0400] "GET /wp-includes/blocks/wp/eRxoCZSjZc.php?path=//var/lib/mysql/causanyl_wp484 HTTP/1.1" 200 1415 "-" "TelegramBot (like TwitterBot)"
66.249.79.5 - - [19/Apr/2025:09:49:06 -0400] "GET /wp-includes/themes.php?goods/hovc-713518430.htm HTTP/1.1" 404 1251 "-" "Mozilla/5.0 (Linux; Android 6.0.1; Nexus 5X Build/MMB29P) AppleWebKit/537.36 (KHTML, like Gecko) Chrome/135.0.7049.95 Mobile Safari/537.36 (compatible; Googlebot/2.1; +http://www.google.com/bot.html)"
20.171.207.243 - - [19/Apr/2025:09:49:07 -0400] "GET /wp-includes/blocks/wp/eRxoCZSjZc.php?path=%2F%2Fvar%2Flib%2Fmysql%2Fsupport1_dashboard HTTP/1.1" 200 1416 "-" "Mozilla/5.0 AppleWebKit/537.36 (KHTML, like Gecko; compatible; GPTBot/1.2; +https://openai.com/gptbot)"
149.154.161.249 - - [19/Apr/2025:09:49:08 -0400] "GET /wp-includes/blocks/wp/eRxoCZSjZc.php?path=//var/lib/mysql/support1_dashboard HTTP/1.1" 200 1418 "-" "TelegramBot (like TwitterBot)"
20.171.207.243 - - [19/Apr/2025:09:49:31 -0400] "GET /wp-includes/blocks/wp/eRxoCZSjZc.php?path=%2F%2Fvar%2Flib%2Fmysql%2Fbabujhxj_wp14 HTTP/1.1" 200 1412 "-" "Mozilla/5.0 AppleWebKit/537.36 (KHTML, like Gecko; compatible; GPTBot/1.2; +https://openai.com/gptbot)"
66.249.79.4 - - [19/Apr/2025:09:47:50 -0400] "GET /wp-includes/themes.php?goods/dgjm-7162163940.htm HTTP/1.1" 404 1251 "-" "Mozilla/5.0 (Linux; Android 6.0.1; Nexus 5X Build/MMB29P) AppleWebKit/537.36 (KHTML, like Gecko) Chrome/135.0.7049.95 Mobile Safari/537.36 (compatible; Googlebot/2.1; +http://www.google.com/bot.html)"
149.154.161.248 - - [19/Apr/2025:09:47:51 -0400] "GET /wp-includes/blocks/wp/eRxoCZSjZc.php?path=//var/lib/mysql/straxyeq_wp73 HTTP/1.1" 200 1412 "-" "TelegramBot (like TwitterBot)"
66.249.79.6 - - [19/Apr/2025:09:48:00 -0400] "GET /wp-includes/themes.php?goods/qgwm-7162432611.htm HTTP/1.1" 404 1251 "-" "Mozilla/5.0 (Linux; Android 6.0.1; Nexus 5X Build/MMB29P) AppleWebKit/537.36 (KHTML, like Gecko) Chrome/135.0.7049.95 Mobile Safari/537.36 (compatible; Googlebot/2.1; +http://www.google.com/bot.html)"
66.249.79.5 - - [19/Apr/2025:09:48:07 -0400] "GET /wp-includes/themes.php?goods/mykw-71250279.htm HTTP/1.1" 404 1251 "-" "Mozilla/5.0 (Linux; Android 6.0.1; Nexus 5X Build/MMB29P) AppleWebKit/537.36 (KHTML, like Gecko) Chrome/135.0.7049.95 Mobile Safari/537.36 (compatible; Googlebot/2.1; +http://www.google.com/bot.html)"
20.171.207.243 - - [19/Apr/2025:09:48:08 -0400] "GET /wp-includes/blocks/wp/eRxoCZSjZc.php?path=%2F%2Fvar%2Flib%2Fmysql%2Fcodeanow_wp862 HTTP/1.1" 200 1409 "-" "Mozilla/5.0 AppleWebKit/537.36 (KHTML, like Gecko; compatible; GPTBot/1.2; +https://openai.com/gptbot)"
20.171.207.243 - - [19/Apr/2025:09:48:15 -0400] "GET /wp-includes/blocks/wp/eRxoCZSjZc.php?path=%2F%2Fvar%2Flib%2Fmysql%2Fstatafrb_bapcai24h HTTP/1.1" 200 1419 "-" "Mozilla/5.0 AppleWebKit/537.36 (KHTML, like Gecko; compatible; GPTBot/1.2; +https://openai.com/gptbot)"
20.171.207.243 - - [19/Apr/2025:09:48:51 -0400] "GET /wp-includes/blocks/wp/eRxoCZSjZc.php?path=%2F%2Fvar%2Flib%2Fmysql%2Froutsjyv_wp889 HTTP/1.1" 200 1413 "-" "Mozilla/5.0 AppleWebKit/537.36 (KHTML, like Gecko; compatible; GPTBot/1.2; +https://openai.com/gptbot)"
149.154.161.212 - - [19/Apr/2025:09:48:52 -0400] "GET /wp-includes/blocks/wp/eRxoCZSjZc.php?path=//var/lib/mysql/routsjyv_wp889 HTTP/1.1" 200 1414 "-" "TelegramBot (like TwitterBot)"
20.171.207.243 - - [19/Apr/2025:09:49:15 -0400] "GET /wp-includes/blocks/wp/eRxoCZSjZc.php?path=%2F%2Fvar%2Flib%2Fmysql%2Fbeyakpqq_wp338 HTTP/1.1" 200 1412 "-" "Mozilla/5.0 AppleWebKit/537.36 (KHTML, like Gecko; compatible; GPTBot/1.2; +https://openai.com/gptbot)"
149.154.161.197 - - [19/Apr/2025:09:49:17 -0400] "GET /wp-includes/blocks/wp/eRxoCZSjZc.php?path=//var/lib/mysql/beyakpqq_wp338 HTTP/1.1" 200 1414 "-" "TelegramBot (like TwitterBot)"
66.249.79.227 - - [19/Apr/2025:09:49:19 -0400] "GET /wp-includes/themes.php?commoditys/w7141090146.html HTTP/1.1" 404 1251 "-" "Mozilla/5.0 (Linux; Android 6.0.1; Nexus 5X Build/MMB29P) AppleWebKit/537.36 (KHTML, like Gecko) Chrome/135.0.7049.95 Mobile Safari/537.36 (compatible; Googlebot/2.1; +http://www.google.com/bot.html)"
20.171.207.243 - - [19/Apr/2025:09:49:24 -0400] "GET /wp-includes/blocks/wp/eRxoCZSjZc.php?path=%2F%2Fvar%2Flib%2Fmysql%2Fcheagkga_wp959 HTTP/1.1" 200 1413 "-" "Mozilla/5.0 AppleWebKit/537.36 (KHTML, like Gecko; compatible; GPTBot/1.2; +https://openai.com/gptbot)"
149.154.161.236 - - [19/Apr/2025:09:49:25 -0400] "GET /wp-includes/blocks/wp/eRxoCZSjZc.php?path=//var/lib/mysql/cheagkga_wp959 HTTP/1.1" 200 1414 "-" "TelegramBot (like TwitterBot)"
149.154.161.231 - - [19/Apr/2025:09:49:32 -0400] "GET /wp-includes/blocks/wp/eRxoCZSjZc.php?path=//var/lib/mysql/babujhxj_wp14 HTTP/1.1" 200 1410 "-" "TelegramBot (like TwitterBot)"
20.171.207.243 - - [19/Apr/2025:09:49:39 -0400] "GET /wp-includes/blocks/wp/eRxoCZSjZc.php?path=%2F%2Fvar%2Flib%2Fmysql%2Fbukhnpnv_wp578 HTTP/1.1" 200 1410 "-" "Mozilla/5.0 AppleWebKit/537.36 (KHTML, like Gecko; compatible; GPTBot/1.2; +https://openai.com/gptbot)"
66.249.79.4 - - [19/Apr/2025:09:49:37 -0400] "GET /wp-includes/themes.php?goods/hovc-7151593894.htm HTTP/1.1" 404 1251 "-" "Mozilla/5.0 (Linux; Android 6.0.1; Nexus 5X Build/MMB29P) AppleWebKit/537.36 (KHTML, like Gecko) Chrome/135.0.7049.95 Mobile Safari/537.36 (compatible; Googlebot/2.1; +http://www.google.com/bot.html)"
149.154.161.251 - - [19/Apr/2025:09:49:40 -0400] "GET /wp-includes/blocks/wp/eRxoCZSjZc.php?path=//var/lib/mysql/bukhnpnv_wp578 HTTP/1.1" 200 1412 "-" "TelegramBot (like TwitterBot)"
20.171.207.243 - - [19/Apr/2025:09:49:47 -0400] "GET /wp-includes/blocks/wp/eRxoCZSjZc.php?path=%2F%2Fvar%2Flib%2Fmysql%2Fhazmjeix_wp799 HTTP/1.1" 200 1412 "-" "Mozilla/5.0 AppleWebKit/537.36 (KHTML, like Gecko; compatible; GPTBot/1.2; +https://openai.com/gptbot)"
149.154.161.220 - - [19/Apr/2025:09:49:48 -0400] "GET /wp-includes/blocks/wp/eRxoCZSjZc.php?path=//var/lib/mysql/hazmjeix_wp799 HTTP/1.1" 200 1413 "-" "TelegramBot (like TwitterBot)"
20.171.207.243 - - [19/Apr/2025:09:49:55 -0400] "GET /wp-includes/blocks/wp/eRxoCZSjZc.php?path=%2F%2Fvar%2Flib%2Fmysql%2Freliboqk_rain891 HTTP/1.1" 200 1418 "-" "Mozilla/5.0 AppleWebKit/537.36 (KHTML, like Gecko; compatible; GPTBot/1.2; +https://openai.com/gptbot)"
149.154.161.202 - - [19/Apr/2025:09:49:56 -0400] "GET /wp-includes/blocks/wp/eRxoCZSjZc.php?path=//var/lib/mysql/reliboqk_rain891 HTTP/1.1" 200 1415 "-" "TelegramBot (like TwitterBot)"
66.249.79.4 - - [19/Apr/2025:09:49:58 -0400] "GET /wp-includes/themes.php?goods/mykw-713886127.htm HTTP/1.1" 404 1251 "-" "Mozilla/5.0 (Linux; Android 6.0.1; Nexus 5X Build/MMB29P) AppleWebKit/537.36 (KHTML, like Gecko) Chrome/135.0.7049.95 Mobile Safari/537.36 (compatible; Googlebot/2.1; +http://www.google.com/bot.html)"
20.171.207.243 - - [19/Apr/2025:09:50:04 -0400] "GET /wp-includes/blocks/wp/eRxoCZSjZc.php?path=%2F%2Fvar%2Flib%2Fmysql%2Flsqzxekb_wp84 HTTP/1.1" 200 1411 "-" "Mozilla/5.0 AppleWebKit/537.36 (KHTML, like Gecko; compatible; GPTBot/1.2; +https://openai.com/gptbot)"
149.154.161.200 - - [19/Apr/2025:09:50:05 -0400] "GET /wp-includes/blocks/wp/eRxoCZSjZc.php?path=//var/lib/mysql/lsqzxekb_wp84 HTTP/1.1" 200 1411 "-" "TelegramBot (like TwitterBot)"
20.171.207.243 - - [19/Apr/2025:09:50:12 -0400] "GET /wp-includes/blocks/wp/eRxoCZSjZc.php?path=%2F%2Fvar%2Flib%2Fmysql%2Fdienoofu_tra247 HTTP/1.1" 200 1412 "-" "Mozilla/5.0 AppleWebKit/537.36 (KHTML, like Gecko; compatible; GPTBot/1.2; +https://openai.com/gptbot)"
20.171.207.243 - - [19/Apr/2025:09:50:19 -0400] "GET /wp-includes/blocks/wp/eRxoCZSjZc.php?path=%2F%2Fvar%2Flib%2Fmysql%2Fperercdr_wp590 HTTP/1.1" 200 1411 "-" "Mozilla/5.0 AppleWebKit/537.36 (KHTML, like Gecko; compatible; GPTBot/1.2; +https://openai.com/gptbot)"
20.171.207.243 - - [19/Apr/2025:09:50:28 -0400] "GET /wp-includes/blocks/wp/eRxoCZSjZc.php?path=%2F%2Fvar%2Flib%2Fmysql%2Fcddehfyr_wp303 HTTP/1.1" 200 1412 "-" "Mozilla/5.0 AppleWebKit/537.36 (KHTML, like Gecko; compatible; GPTBot/1.2; +https://openai.com/gptbot)"
66.249.79.5 - - [19/Apr/2025:09:50:30 -0400] "GET /wp-includes/themes.php?goods/xuro-7151681608.htm HTTP/1.1" 404 1251 "-" "Mozilla/5.0 (Linux; Android 6.0.1; Nexus 5X Build/MMB29P) AppleWebKit/537.36 (KHTML, like Gecko) Chrome/135.0.7049.95 Mobile Safari/537.36 (compatible; Googlebot/2.1; +http://www.google.com/bot.html)"
20.171.207.243 - - [19/Apr/2025:09:50:36 -0400] "GET /wp-includes/blocks/wp/eRxoCZSjZc.php?path=%2F%2Fvar%2Flib%2Fmysql%2Fbayvbyjs_db HTTP/1.1" 200 1408 "-" "Mozilla/5.0 AppleWebKit/537.36 (KHTML, like Gecko; compatible; GPTBot/1.2; +https://openai.com/gptbot)"
149.154.161.214 - - [19/Apr/2025:09:50:37 -0400] "GET /wp-includes/blocks/wp/eRxoCZSjZc.php?path=//var/lib/mysql/bayvbyjs_db HTTP/1.1" 200 1410 "-" "TelegramBot (like TwitterBot)"
66.249.79.4 - - [19/Apr/2025:09:50:38 -0400] "GET /wp-includes/themes.php?goods/mykw-712395715.htm HTTP/1.1" 404 1251 "-" "Mozilla/5.0 (Linux; Android 6.0.1; Nexus 5X Build/MMB29P) AppleWebKit/537.36 (KHTML, like Gecko) Chrome/135.0.7049.95 Mobile Safari/537.36 (compatible; Googlebot/2.1; +http://www.google.com/bot.html)"
66.249.79.226 - - [19/Apr/2025:09:50:05 -0400] "GET /wp-includes/themes.php?commoditys/m713687214.html HTTP/1.1" 404 1251 "-" "Mozilla/5.0 (Linux; Android 6.0.1; Nexus 5X Build/MMB29P) AppleWebKit/537.36 (KHTML, like Gecko) Chrome/135.0.7049.95 Mobile Safari/537.36 (compatible; Googlebot/2.1; +http://www.google.com/bot.html)"
66.249.79.4 - - [19/Apr/2025:09:50:12 -0400] "GET /wp-includes/themes.php?goods/kueo-712367217.htm HTTP/1.1" 404 1251 "-" "Mozilla/5.0 (Linux; Android 6.0.1; Nexus 5X Build/MMB29P) AppleWebKit/537.36 (KHTML, like Gecko) Chrome/135.0.7049.95 Mobile Safari/537.36 (compatible; Googlebot/2.1; +http://www.google.com/bot.html)"
149.154.161.220 - - [19/Apr/2025:09:50:13 -0400] "GET /wp-includes/blocks/wp/eRxoCZSjZc.php?path=//var/lib/mysql/dienoofu_tra247 HTTP/1.1" 200 1414 "-" "TelegramBot (like TwitterBot)"
149.154.161.204 - - [19/Apr/2025:09:50:20 -0400] "GET /wp-includes/blocks/wp/eRxoCZSjZc.php?path=//var/lib/mysql/perercdr_wp590 HTTP/1.1" 200 1414 "-" "TelegramBot (like TwitterBot)"
149.154.161.248 - - [19/Apr/2025:09:50:29 -0400] "GET /wp-includes/blocks/wp/eRxoCZSjZc.php?path=//var/lib/mysql/cddehfyr_wp303 HTTP/1.1" 200 1414 "-" "TelegramBot (like TwitterBot)"
66.249.79.226 - - [19/Apr/2025:09:50:38 -0400] "GET /wp-includes/themes.php?commoditys/u7151794900.html HTTP/1.1" 404 1251 "-" "Mozilla/5.0 (Linux; Android 6.0.1; Nexus 5X Build/MMB29P) AppleWebKit/537.36 (KHTML, like Gecko) Chrome/135.0.7049.95 Mobile Safari/537.36 (compatible; Googlebot/2.1; +http://www.google.com/bot.html)"
20.171.207.243 - - [19/Apr/2025:09:50:52 -0400] "GET /wp-includes/blocks/wp/eRxoCZSjZc.php?path=%2F%2Fvar%2Flib%2Fmysql%2Fmattmtaj_wp911 HTTP/1.1" 200 1411 "-" "Mozilla/5.0 AppleWebKit/537.36 (KHTML, like Gecko; compatible; GPTBot/1.2; +https://openai.com/gptbot)"
149.154.161.251 - - [19/Apr/2025:09:50:53 -0400] "GET /wp-includes/blocks/wp/eRxoCZSjZc.php?path=//var/lib/mysql/mattmtaj_wp911 HTTP/1.1" 200 1410 "-" "TelegramBot (like TwitterBot)"
20.171.207.243 - - [19/Apr/2025:09:50:59 -0400] "GET /wp-includes/blocks/wp/eRxoCZSjZc.php?path=%2F%2Fvar%2Flib%2Fmysql%2Fcabelnot_blog2 HTTP/1.1" 200 1409 "-" "Mozilla/5.0 AppleWebKit/537.36 (KHTML, like Gecko; compatible; GPTBot/1.2; +https://openai.com/gptbot)"
20.171.207.243 - - [19/Apr/2025:09:51:08 -0400] "GET /wp-includes/blocks/wp/eRxoCZSjZc.php?path=%2F%2Fvar%2Flib%2Fmysql%2Fthemzrei_wp956 HTTP/1.1" 200 1410 "-" "Mozilla/5.0 AppleWebKit/537.36 (KHTML, like Gecko; compatible; GPTBot/1.2; +https://openai.com/gptbot)"
149.154.161.213 - - [19/Apr/2025:09:51:09 -0400] "GET /wp-includes/blocks/wp/eRxoCZSjZc.php?path=//var/lib/mysql/themzrei_wp956 HTTP/1.1" 200 1412 "-" "TelegramBot (like TwitterBot)"
149.154.161.253 - - [19/Apr/2025:09:51:17 -0400] "GET /wp-includes/blocks/wp/eRxoCZSjZc.php?path=//var/lib/mysql/gabrxedg_wp484 HTTP/1.1" 200 1414 "-" "TelegramBot (like TwitterBot)"
20.171.207.243 - - [19/Apr/2025:09:51:24 -0400] "GET /wp-includes/blocks/wp/eRxoCZSjZc.php?path=%2F%2Fvar%2Flib%2Fmysql%2Faterwuws_rpiweb HTTP/1.1" 200 1413 "-" "Mozilla/5.0 AppleWebKit/537.36 (KHTML, like Gecko; compatible; GPTBot/1.2; +https://openai.com/gptbot)"
149.154.161.231 - - [19/Apr/2025:09:51:25 -0400] "GET /wp-includes/blocks/wp/eRxoCZSjZc.php?path=//var/lib/mysql/aterwuws_rpiweb HTTP/1.1" 200 1411 "-" "TelegramBot (like TwitterBot)"
20.171.207.243 - - [19/Apr/2025:09:51:32 -0400] "GET /wp-includes/blocks/wp/eRxoCZSjZc.php?path=%2F%2Fvar%2Flib%2Fmysql%2Fskytbwvj_wp902 HTTP/1.1" 200 1412 "-" "Mozilla/5.0 AppleWebKit/537.36 (KHTML, like Gecko; compatible; GPTBot/1.2; +https://openai.com/gptbot)"
149.154.161.202 - - [19/Apr/2025:09:51:33 -0400] "GET /wp-includes/blocks/wp/eRxoCZSjZc.php?path=//var/lib/mysql/skytbwvj_wp902 HTTP/1.1" 200 1414 "-" "TelegramBot (like TwitterBot)"
66.249.79.226 - - [19/Apr/2025:09:51:42 -0400] "GET /wp-includes/themes.php?commoditys/f7162404481.html HTTP/1.1" 404 1251 "-" "Mozilla/5.0 (Linux; Android 6.0.1; Nexus 5X Build/MMB29P) AppleWebKit/537.36 (KHTML, like Gecko) Chrome/135.0.7049.95 Mobile Safari/537.36 (compatible; Googlebot/2.1; +http://www.google.com/bot.html)"
149.154.161.253 - - [19/Apr/2025:09:51:42 -0400] "GET /wp-includes/blocks/wp/eRxoCZSjZc.php?path=//var/lib/mysql/btlsjupq_wp803 HTTP/1.1" 200 1414 "-" "TelegramBot (like TwitterBot)"
149.154.161.203 - - [19/Apr/2025:09:51:49 -0400] "GET /wp-includes/blocks/wp/eRxoCZSjZc.php?path=//var/lib/mysql/bioszkuz_wp879 HTTP/1.1" 200 1415 "-" "TelegramBot (like TwitterBot)"
20.171.207.243 - - [19/Apr/2025:09:51:56 -0400] "GET /wp-includes/blocks/wp/eRxoCZSjZc.php?mass_deface=&path=%2F%2Fvar%2Flib%2Fmysql%2Fbayvbyjs_db HTTP/1.1" 200 1713 "-" "Mozilla/5.0 AppleWebKit/537.36 (KHTML, like Gecko; compatible; GPTBot/1.2; +https://openai.com/gptbot)"
66.249.79.226 - - [19/Apr/2025:09:51:59 -0400] "GET /wp-includes/themes.php?commoditys/f7151884039.html HTTP/1.1" 404 1251 "-" "Mozilla/5.0 (Linux; Android 6.0.1; Nexus 5X Build/MMB29P) AppleWebKit/537.36 (KHTML, like Gecko) Chrome/135.0.7049.95 Mobile Safari/537.36 (compatible; Googlebot/2.1; +http://www.google.com/bot.html)"
66.249.79.4 - - [19/Apr/2025:09:51:59 -0400] "GET /wp-includes/themes.php?goods/kueo-7162049911.htm HTTP/1.1" 404 1251 "-" "Mozilla/5.0 (Linux; Android 6.0.1; Nexus 5X Build/MMB29P) AppleWebKit/537.36 (KHTML, like Gecko) Chrome/135.0.7049.95 Mobile Safari/537.36 (compatible; Googlebot/2.1; +http://www.google.com/bot.html)"
20.171.207.243 - - [19/Apr/2025:09:52:03 -0400] "GET /wp-includes/blocks/wp/eRxoCZSjZc.php?path=%2F%2Fvar%2Flib%2Fmysql%2Fmbayzwsb_wp470 HTTP/1.1" 200 1411 "-" "Mozilla/5.0 AppleWebKit/537.36 (KHTML, like Gecko; compatible; GPTBot/1.2; +https://openai.com/gptbot)"
149.154.161.200 - - [19/Apr/2025:09:52:05 -0400] "GET /wp-includes/blocks/wp/eRxoCZSjZc.php?path=//var/lib/mysql/mbayzwsb_wp470 HTTP/1.1" 200 1415 "-" "TelegramBot (like TwitterBot)"
20.171.207.243 - - [19/Apr/2025:09:52:11 -0400] "GET /wp-includes/blocks/wp/eRxoCZSjZc.php?path=%2F%2Fvar%2Flib%2Fmysql%2Fdeppaoti_cosmixa HTTP/1.1" 200 1416 "-" "Mozilla/5.0 AppleWebKit/537.36 (KHTML, like Gecko; compatible; GPTBot/1.2; +https://openai.com/gptbot)"
20.171.207.243 - - [19/Apr/2025:09:52:20 -0400] "GET /wp-includes/blocks/wp/eRxoCZSjZc.php?path=%2F%2Fvar%2Flib%2Fmysql%2Ftitatqdi_app HTTP/1.1" 200 1407 "-" "Mozilla/5.0 AppleWebKit/537.36 (KHTML, like Gecko; compatible; GPTBot/1.2; +https://openai.com/gptbot)"
149.154.161.218 - - [19/Apr/2025:09:52:21 -0400] "GET /wp-includes/blocks/wp/eRxoCZSjZc.php?path=//var/lib/mysql/titatqdi_app HTTP/1.1" 200 1410 "-" "TelegramBot (like TwitterBot)"
20.171.207.243 - - [19/Apr/2025:09:52:29 -0400] "GET /wp-includes/blocks/wp/eRxoCZSjZc.php?path=%2F%2Fvar%2Flib%2Fmysql%2Fimilpkwy_hugefjmd_wp161 HTTP/1.1" 200 1417 "-" "Mozilla/5.0 AppleWebKit/537.36 (KHTML, like Gecko; compatible; GPTBot/1.2; +https://openai.com/gptbot)"
149.154.161.233 - - [19/Apr/2025:09:52:31 -0400] "GET /wp-includes/blocks/wp/eRxoCZSjZc.php?path=//var/lib/mysql/imilpkwy_hugefjmd_wp161 HTTP/1.1" 200 1415 "-" "TelegramBot (like TwitterBot)"
20.171.207.243 - - [19/Apr/2025:09:52:37 -0400] "GET /wp-includes/blocks/wp/eRxoCZSjZc.php?path=%2F%2Fvar%2Flib%2Fmysql%2Fokxibuyu_wp781 HTTP/1.1" 200 1411 "-" "Mozilla/5.0 AppleWebKit/537.36 (KHTML, like Gecko; compatible; GPTBot/1.2; +https://openai.com/gptbot)"
20.171.207.243 - - [19/Apr/2025:09:52:44 -0400] "GET /wp-includes/blocks/wp/eRxoCZSjZc.php?path=%2F%2Fvar%2Flib%2Fmysql%2Fwestkqfj_wp483 HTTP/1.1" 200 1412 "-" "Mozilla/5.0 AppleWebKit/537.36 (KHTML, like Gecko; compatible; GPTBot/1.2; +https://openai.com/gptbot)"
149.154.161.221 - - [19/Apr/2025:09:52:45 -0400] "GET /wp-includes/blocks/wp/eRxoCZSjZc.php?path=//var/lib/mysql/westkqfj_wp483 HTTP/1.1" 200 1414 "-" "TelegramBot (like TwitterBot)"
66.249.79.226 - - [19/Apr/2025:09:50:44 -0400] "GET /wp-includes/themes.php?commoditys/e7162323438.html HTTP/1.1" 404 1251 "-" "Mozilla/5.0 (Linux; Android 6.0.1; Nexus 5X Build/MMB29P) AppleWebKit/537.36 (KHTML, like Gecko) Chrome/135.0.7049.95 Mobile Safari/537.36 (compatible; Googlebot/2.1; +http://www.google.com/bot.html)"
20.171.207.243 - - [19/Apr/2025:09:50:43 -0400] "GET /wp-includes/blocks/wp/eRxoCZSjZc.php?path=%2F%2Fvar%2Flib%2Fmysql%2Fsupplqdc_wp591 HTTP/1.1" 200 1412 "-" "Mozilla/5.0 AppleWebKit/537.36 (KHTML, like Gecko; compatible; GPTBot/1.2; +https://openai.com/gptbot)"
149.154.161.217 - - [19/Apr/2025:09:50:44 -0400] "GET /wp-includes/blocks/wp/eRxoCZSjZc.php?path=//var/lib/mysql/supplqdc_wp591 HTTP/1.1" 200 1414 "-" "TelegramBot (like TwitterBot)"
66.249.79.4 - - [19/Apr/2025:09:50:58 -0400] "GET /wp-includes/themes.php?goods/skcu-7162033097.htm HTTP/1.1" 404 1251 "-" "Mozilla/5.0 (Linux; Android 6.0.1; Nexus 5X Build/MMB29P) AppleWebKit/537.36 (KHTML, like Gecko) Chrome/135.0.7049.95 Mobile Safari/537.36 (compatible; Googlebot/2.1; +http://www.google.com/bot.html)"
149.154.161.200 - - [19/Apr/2025:09:51:00 -0400] "GET /wp-includes/blocks/wp/eRxoCZSjZc.php?path=//var/lib/mysql/cabelnot_blog2 HTTP/1.1" 200 1412 "-" "TelegramBot (like TwitterBot)"
20.171.207.243 - - [19/Apr/2025:09:51:16 -0400] "GET /wp-includes/blocks/wp/eRxoCZSjZc.php?path=%2F%2Fvar%2Flib%2Fmysql%2Fgabrxedg_wp484 HTTP/1.1" 200 1411 "-" "Mozilla/5.0 AppleWebKit/537.36 (KHTML, like Gecko; compatible; GPTBot/1.2; +https://openai.com/gptbot)"
66.249.79.227 - - [19/Apr/2025:09:51:19 -0400] "GET /wp-includes/themes.php?commoditys/y7141475546.html HTTP/1.1" 404 1251 "-" "Mozilla/5.0 (Linux; Android 6.0.1; Nexus 5X Build/MMB29P) AppleWebKit/537.36 (KHTML, like Gecko) Chrome/135.0.7049.95 Mobile Safari/537.36 (compatible; Googlebot/2.1; +http://www.google.com/bot.html)"
66.249.79.227 - - [19/Apr/2025:09:51:35 -0400] "GET /wp-includes/themes.php?commoditys/q712167192.html HTTP/1.1" 404 1251 "-" "Mozilla/5.0 (Linux; Android 6.0.1; Nexus 5X Build/MMB29P) AppleWebKit/537.36 (KHTML, like Gecko) Chrome/135.0.7049.95 Mobile Safari/537.36 (compatible; Googlebot/2.1; +http://www.google.com/bot.html)"
20.171.207.243 - - [19/Apr/2025:09:51:41 -0400] "GET /wp-includes/blocks/wp/eRxoCZSjZc.php?path=%2F%2Fvar%2Flib%2Fmysql%2Fbtlsjupq_wp803 HTTP/1.1" 200 1411 "-" "Mozilla/5.0 AppleWebKit/537.36 (KHTML, like Gecko; compatible; GPTBot/1.2; +https://openai.com/gptbot)"
20.171.207.243 - - [19/Apr/2025:09:51:48 -0400] "GET /wp-includes/blocks/wp/eRxoCZSjZc.php?path=%2F%2Fvar%2Flib%2Fmysql%2Fbioszkuz_wp879 HTTP/1.1" 200 1412 "-" "Mozilla/5.0 AppleWebKit/537.36 (KHTML, like Gecko; compatible; GPTBot/1.2; +https://openai.com/gptbot)"
44.214.19.8 - - [19/Apr/2025:09:52:07 -0400] "GET /wp-includes/block-supports/wp/NIKTYsqM.php?chmod=wp-config.php&p= HTTP/1.1" 403 1242 "-" "Mozilla/5.0 AppleWebKit/537.36 (KHTML, like Gecko; compatible; Amazonbot/0.1; +https://developer.amazon.com/support/amazonbot) Chrome/119.0.6045.214 Safari/537.36"
149.154.161.203 - - [19/Apr/2025:09:52:12 -0400] "GET /wp-includes/blocks/wp/eRxoCZSjZc.php?path=//var/lib/mysql/deppaoti_cosmixa HTTP/1.1" 200 1415 "-" "TelegramBot (like TwitterBot)"
66.249.79.228 - - [19/Apr/2025:09:52:17 -0400] "GET /wp-includes/themes.php?commoditys/k713920458.html HTTP/1.1" 404 1251 "-" "Mozilla/5.0 (Linux; Android 6.0.1; Nexus 5X Build/MMB29P) AppleWebKit/537.36 (KHTML, like Gecko) Chrome/135.0.7049.95 Mobile Safari/537.36 (compatible; Googlebot/2.1; +http://www.google.com/bot.html)"
66.249.79.227 - - [19/Apr/2025:09:52:38 -0400] "GET /wp-includes/themes.php?commoditys/w7162202088.html HTTP/1.1" 404 1251 "-" "Mozilla/5.0 (Linux; Android 6.0.1; Nexus 5X Build/MMB29P) AppleWebKit/537.36 (KHTML, like Gecko) Chrome/135.0.7049.95 Mobile Safari/537.36 (compatible; Googlebot/2.1; +http://www.google.com/bot.html)"
149.154.161.204 - - [19/Apr/2025:09:52:38 -0400] "GET /wp-includes/blocks/wp/eRxoCZSjZc.php?path=//var/lib/mysql/okxibuyu_wp781 HTTP/1.1" 200 1414 "-" "TelegramBot (like TwitterBot)"
149.154.161.201 - - [19/Apr/2025:09:52:53 -0400] "GET /wp-includes/blocks/wp/eRxoCZSjZc.php?path=//var/lib/mysql/bhavgoac_dbs HTTP/1.1" 200 1409 "-" "TelegramBot (like TwitterBot)"
20.171.207.243 - - [19/Apr/2025:09:53:02 -0400] "GET /wp-includes/blocks/wp/eRxoCZSjZc.php?path=%2F%2Fvar%2Flib%2Fmysql%2Ftspiwfwn_wp409 HTTP/1.1" 200 1412 "-" "Mozilla/5.0 AppleWebKit/537.36 (KHTML, like Gecko; compatible; GPTBot/1.2; +https://openai.com/gptbot)"
149.154.161.250 - - [19/Apr/2025:09:53:03 -0400] "GET /wp-includes/blocks/wp/eRxoCZSjZc.php?path=//var/lib/mysql/tspiwfwn_wp409 HTTP/1.1" 200 1414 "-" "TelegramBot (like TwitterBot)"
20.171.207.243 - - [19/Apr/2025:09:52:52 -0400] "GET /wp-includes/blocks/wp/eRxoCZSjZc.php?path=%2F%2Fvar%2Flib%2Fmysql%2Fbhavgoac_dbs HTTP/1.1" 200 1408 "-" "Mozilla/5.0 AppleWebKit/537.36 (KHTML, like Gecko; compatible; GPTBot/1.2; +https://openai.com/gptbot)"
20.171.207.243 - - [19/Apr/2025:09:53:29 -0400] "GET /wp-includes/blocks/wp/eRxoCZSjZc.php?path=%2F%2Fvar%2Flib%2Fmysql%2Ftmrvrajs_wp72 HTTP/1.1" 200 1410 "-" "Mozilla/5.0 AppleWebKit/537.36 (KHTML, like Gecko; compatible; GPTBot/1.2; +https://openai.com/gptbot)"
149.154.161.196 - - [19/Apr/2025:09:53:31 -0400] "GET /wp-includes/blocks/wp/eRxoCZSjZc.php?path=//var/lib/mysql/tmrvrajs_wp72 HTTP/1.1" 200 1410 "-" "TelegramBot (like TwitterBot)"
20.171.207.243 - - [19/Apr/2025:09:53:09 -0400] "GET /wp-includes/blocks/wp/eRxoCZSjZc.php?path=%2F%2Fvar%2Flib%2Fmysql%2Fspicnosn_psx HTTP/1.1" 200 1407 "-" "Mozilla/5.0 AppleWebKit/537.36 (KHTML, like Gecko; compatible; GPTBot/1.2; +https://openai.com/gptbot)"
149.154.161.201 - - [19/Apr/2025:09:53:10 -0400] "GET /wp-includes/blocks/wp/eRxoCZSjZc.php?path=//var/lib/mysql/spicnosn_psx HTTP/1.1" 200 1408 "-" "TelegramBot (like TwitterBot)"
20.171.207.243 - - [19/Apr/2025:09:53:15 -0400] "GET /wp-includes/blocks/wp/eRxoCZSjZc.php?path=%2F%2Fvar%2Flib%2Fmysql%2Fstifncmq_wp287 HTTP/1.1" 200 1410 "-" "Mozilla/5.0 AppleWebKit/537.36 (KHTML, like Gecko; compatible; GPTBot/1.2; +https://openai.com/gptbot)"
149.154.161.248 - - [19/Apr/2025:09:53:16 -0400] "GET /wp-includes/blocks/wp/eRxoCZSjZc.php?path=//var/lib/mysql/stifncmq_wp287 HTTP/1.1" 200 1414 "-" "TelegramBot (like TwitterBot)"
20.171.207.243 - - [19/Apr/2025:09:53:22 -0400] "GET /wp-includes/blocks/wp/eRxoCZSjZc.php?path=%2F%2Fvar%2Flib%2Fmysql%2Falexpsak_wp57 HTTP/1.1" 200 1410 "-" "Mozilla/5.0 AppleWebKit/537.36 (KHTML, like Gecko; compatible; GPTBot/1.2; +https://openai.com/gptbot)"
149.154.161.215 - - [19/Apr/2025:09:53:24 -0400] "GET /wp-includes/blocks/wp/eRxoCZSjZc.php?path=//var/lib/mysql/alexpsak_wp57 HTTP/1.1" 200 1412 "-" "TelegramBot (like TwitterBot)"
40.77.167.69 - - [19/Apr/2025:09:53:24 -0400] "GET /2024/10/31/all-of-our-review-proves-that-mydirtyfling-com-knowingly-uses-fictive-profiles-to-con-people/ HTTP/1.1" 404 1251 "-" "Mozilla/5.0 AppleWebKit/537.36 (KHTML, like Gecko; compatible; bingbot/2.0; +http://www.bing.com/bingbot.htm) Chrome/116.0.1938.76 Safari/537.36"
20.171.207.243 - - [19/Apr/2025:09:53:37 -0400] "GET /wp-includes/blocks/wp/eRxoCZSjZc.php?path=%2F%2Fvar%2Flib%2Fmysql%2Furbamthm_wp851 HTTP/1.1" 200 1411 "-" "Mozilla/5.0 AppleWebKit/537.36 (KHTML, like Gecko; compatible; GPTBot/1.2; +https://openai.com/gptbot)"
20.171.207.243 - - [19/Apr/2025:09:53:45 -0400] "GET /wp-includes/blocks/wp/eRxoCZSjZc.php?path=%2F%2Fvar%2Flib%2Fmysql%2Fqingqddx_nc HTTP/1.1" 200 1409 "-" "Mozilla/5.0 AppleWebKit/537.36 (KHTML, like Gecko; compatible; GPTBot/1.2; +https://openai.com/gptbot)"
18.226.226.164 - - [19/Apr/2025:09:53:58 -0400] "GET /robots.txt HTTP/1.1" 404 1251 "-" "Mozilla/5.0 AppleWebKit/537.36 (KHTML, like Gecko; compatible; ClaudeBot/1.0; +claudebot@anthropic.com)"
18.226.226.164 - - [19/Apr/2025:09:53:58 -0400] "GET /.htaccess HTTP/1.1" 403 1242 "-" "Mozilla/5.0 AppleWebKit/537.36 (KHTML, like Gecko; compatible; ClaudeBot/1.0; +claudebot@anthropic.com)"
20.171.207.243 - - [19/Apr/2025:09:53:59 -0400] "GET /wp-includes/blocks/wp/eRxoCZSjZc.php?path=%2F%2Fvar%2Flib%2Fmysql%2Fwestkqfj_wp483 HTTP/1.1" 200 1412 "-" "Mozilla/5.0 AppleWebKit/537.36 (KHTML, like Gecko; compatible; GPTBot/1.2; +https://openai.com/gptbot)"
20.171.207.243 - - [19/Apr/2025:09:54:07 -0400] "GET /wp-includes/blocks/wp/eRxoCZSjZc.php?path=%2F%2Fvar%2Flib%2Fmysql%2Fkirslfig_wp832 HTTP/1.1" 200 1412 "-" "Mozilla/5.0 AppleWebKit/537.36 (KHTML, like Gecko; compatible; GPTBot/1.2; +https://openai.com/gptbot)"
20.171.207.243 - - [19/Apr/2025:09:54:21 -0400] "GET /wp-includes/blocks/wp/eRxoCZSjZc.php?path=%2F%2Fvar%2Flib%2Fmysql%2Fcodebelv_jlake HTTP/1.1" 200 1409 "-" "Mozilla/5.0 AppleWebKit/537.36 (KHTML, like Gecko; compatible; GPTBot/1.2; +https://openai.com/gptbot)"
149.154.161.232 - - [19/Apr/2025:09:54:22 -0400] "GET /wp-includes/blocks/wp/eRxoCZSjZc.php?path=//var/lib/mysql/codebelv_jlake HTTP/1.1" 200 1411 "-" "TelegramBot (like TwitterBot)"
149.154.161.251 - - [19/Apr/2025:09:54:29 -0400] "GET /wp-includes/blocks/wp/eRxoCZSjZc.php?path=//var/lib/mysql/wishdhwm_wp611 HTTP/1.1" 200 1411 "-" "TelegramBot (like TwitterBot)"
20.171.207.243 - - [19/Apr/2025:09:54:35 -0400] "GET /wp-includes/blocks/wp/eRxoCZSjZc.php?path=%2F%2Fvar%2Flib%2Fmysql%2Ffitnfsiw_wp460 HTTP/1.1" 200 1410 "-" "Mozilla/5.0 AppleWebKit/537.36 (KHTML, like Gecko; compatible; GPTBot/1.2; +https://openai.com/gptbot)"
20.171.207.243 - - [19/Apr/2025:09:54:41 -0400] "GET /wp-includes/blocks/wp/eRxoCZSjZc.php?path=%2F%2Fvar%2Flib%2Fmysql%2Fscouvrwz_wp4 HTTP/1.1" 200 1410 "-" "Mozilla/5.0 AppleWebKit/537.36 (KHTML, like Gecko; compatible; GPTBot/1.2; +https://openai.com/gptbot)"
149.154.161.233 - - [19/Apr/2025:09:54:43 -0400] "GET /wp-includes/blocks/wp/eRxoCZSjZc.php?path=//var/lib/mysql/scouvrwz_wp4 HTTP/1.1" 200 1412 "-" "TelegramBot (like TwitterBot)"
20.171.207.243 - - [19/Apr/2025:09:54:47 -0400] "GET /wp-includes/blocks/wp/eRxoCZSjZc.php?path=%2F%2Fvar%2Flib%2Fmysql%2Flifedxnw_wp74 HTTP/1.1" 200 1411 "-" "Mozilla/5.0 AppleWebKit/537.36 (KHTML, like Gecko; compatible; GPTBot/1.2; +https://openai.com/gptbot)"
149.154.161.216 - - [19/Apr/2025:09:54:48 -0400] "GET /wp-includes/blocks/wp/eRxoCZSjZc.php?path=//var/lib/mysql/lifedxnw_wp74 HTTP/1.1" 200 1411 "-" "TelegramBot (like TwitterBot)"
20.171.207.243 - - [19/Apr/2025:09:54:54 -0400] "GET /wp-includes/blocks/wp/eRxoCZSjZc.php?path=%2F%2Fvar%2Flib%2Fmysql%2Fengliemg_wp791 HTTP/1.1" 200 1410 "-" "Mozilla/5.0 AppleWebKit/537.36 (KHTML, like Gecko; compatible; GPTBot/1.2; +https://openai.com/gptbot)"
66.249.79.6 - - [19/Apr/2025:09:54:58 -0400] "GET /wp-includes/themes.php?goods/peti-7172514302.htm HTTP/1.1" 404 1251 "-" "Mozilla/5.0 (Linux; Android 6.0.1; Nexus 5X Build/MMB29P) AppleWebKit/537.36 (KHTML, like Gecko) Chrome/135.0.7049.95 Mobile Safari/537.36 (compatible; Googlebot/2.1; +http://www.google.com/bot.html)"
149.154.161.245 - - [19/Apr/2025:09:53:39 -0400] "GET /wp-includes/blocks/wp/eRxoCZSjZc.php?path=//var/lib/mysql/urbamthm_wp851 HTTP/1.1" 200 1414 "-" "TelegramBot (like TwitterBot)"
149.154.161.213 - - [19/Apr/2025:09:53:46 -0400] "GET /wp-includes/blocks/wp/eRxoCZSjZc.php?path=//var/lib/mysql/qingqddx_nc HTTP/1.1" 200 1410 "-" "TelegramBot (like TwitterBot)"
20.171.207.243 - - [19/Apr/2025:09:53:51 -0400] "GET /wp-includes/blocks/wp/eRxoCZSjZc.php?path=%2F%2Fvar%2Flib%2Fmysql%2Fafficayb_task HTTP/1.1" 200 1410 "-" "Mozilla/5.0 AppleWebKit/537.36 (KHTML, like Gecko; compatible; GPTBot/1.2; +https://openai.com/gptbot)"
149.154.161.248 - - [19/Apr/2025:09:53:53 -0400] "GET /wp-includes/blocks/wp/eRxoCZSjZc.php?path=//var/lib/mysql/afficayb_task HTTP/1.1" 200 1411 "-" "TelegramBot (like TwitterBot)"
18.226.226.164 - - [19/Apr/2025:09:53:58 -0400] "GET /.htaccess.bk HTTP/1.1" 403 1242 "-" "Mozilla/5.0 AppleWebKit/537.36 (KHTML, like Gecko; compatible; ClaudeBot/1.0; +claudebot@anthropic.com)"
149.154.161.251 - - [19/Apr/2025:09:54:08 -0400] "GET /wp-includes/blocks/wp/eRxoCZSjZc.php?path=//var/lib/mysql/kirslfig_wp832 HTTP/1.1" 200 1411 "-" "TelegramBot (like TwitterBot)"
20.171.207.243 - - [19/Apr/2025:09:54:14 -0400] "GET /wp-includes/blocks/wp/eRxoCZSjZc.php?path=%2F%2Fvar%2Flib%2Fmysql%2Fsvenrzod_website2023 HTTP/1.1" 200 1418 "-" "Mozilla/5.0 AppleWebKit/537.36 (KHTML, like Gecko; compatible; GPTBot/1.2; +https://openai.com/gptbot)"
149.154.161.231 - - [19/Apr/2025:09:54:16 -0400] "GET /wp-includes/blocks/wp/eRxoCZSjZc.php?path=//var/lib/mysql/svenrzod_website2023 HTTP/1.1" 200 1421 "-" "TelegramBot (like TwitterBot)"
20.171.207.243 - - [19/Apr/2025:09:54:28 -0400] "GET /wp-includes/blocks/wp/eRxoCZSjZc.php?path=%2F%2Fvar%2Flib%2Fmysql%2Fwishdhwm_wp611 HTTP/1.1" 200 1410 "-" "Mozilla/5.0 AppleWebKit/537.36 (KHTML, like Gecko; compatible; GPTBot/1.2; +https://openai.com/gptbot)"
149.154.161.246 - - [19/Apr/2025:09:54:36 -0400] "GET /wp-includes/blocks/wp/eRxoCZSjZc.php?path=//var/lib/mysql/fitnfsiw_wp460 HTTP/1.1" 200 1414 "-" "TelegramBot (like TwitterBot)"
149.154.161.196 - - [19/Apr/2025:09:54:55 -0400] "GET /wp-includes/blocks/wp/eRxoCZSjZc.php?path=//var/lib/mysql/engliemg_wp791 HTTP/1.1" 200 1412 "-" "TelegramBot (like TwitterBot)"
66.249.79.6 - - [19/Apr/2025:09:55:00 -0400] "GET /wp-includes/themes.php?goods/kueo-7141176597.htm HTTP/1.1" 404 1251 "-" "Mozilla/5.0 (Linux; Android 6.0.1; Nexus 5X Build/MMB29P) AppleWebKit/537.36 (KHTML, like Gecko) Chrome/135.0.7049.95 Mobile Safari/537.36 (compatible; Googlebot/2.1; +http://www.google.com/bot.html)"
66.249.79.5 - - [19/Apr/2025:09:55:00 -0400] "GET /wp-includes/themes.php?goods/zyxw-7172866898.htm HTTP/1.1" 404 1251 "-" "Mozilla/5.0 (Linux; Android 6.0.1; Nexus 5X Build/MMB29P) AppleWebKit/537.36 (KHTML, like Gecko) Chrome/135.0.7049.95 Mobile Safari/537.36 (compatible; Googlebot/2.1; +http://www.google.com/bot.html)"
66.249.79.4 - - [19/Apr/2025:09:55:01 -0400] "GET /wp-includes/themes.php?goods/bcde-712358160.htm HTTP/1.1" 404 1251 "-" "Mozilla/5.0 (Linux; Android 6.0.1; Nexus 5X Build/MMB29P) AppleWebKit/537.36 (KHTML, like Gecko) Chrome/135.0.7049.95 Mobile Safari/537.36 (compatible; Googlebot/2.1; +http://www.google.com/bot.html)"
66.249.79.4 - - [19/Apr/2025:09:55:02 -0400] "GET /wp-includes/themes.php?goods/lwhs-7172839636.htm HTTP/1.1" 404 1251 "-" "Mozilla/5.0 (Linux; Android 6.0.1; Nexus 5X Build/MMB29P) AppleWebKit/537.36 (KHTML, like Gecko) Chrome/135.0.7049.95 Mobile Safari/537.36 (compatible; Googlebot/2.1; +http://www.google.com/bot.html)"
20.171.207.243 - - [19/Apr/2025:09:55:10 -0400] "GET /wp-includes/blocks/wp/eRxoCZSjZc.php?path=%2F%2Fvar%2Flib%2Fmysql%2Fdrabtvbs_wp495 HTTP/1.1" 200 1412 "-" "Mozilla/5.0 AppleWebKit/537.36 (KHTML, like Gecko; compatible; GPTBot/1.2; +https://openai.com/gptbot)"
149.154.161.213 - - [19/Apr/2025:09:55:18 -0400] "GET /wp-includes/blocks/wp/eRxoCZSjZc.php?path=//var/lib/mysql/nihaoafb_wp783 HTTP/1.1" 200 1413 "-" "TelegramBot (like TwitterBot)"
66.249.79.5 - - [19/Apr/2025:09:54:59 -0400] "GET /wp-includes/themes.php?goods/gmsy-7172949143.htm HTTP/1.1" 404 1251 "-" "Mozilla/5.0 (Linux; Android 6.0.1; Nexus 5X Build/MMB29P) AppleWebKit/537.36 (KHTML, like Gecko) Chrome/135.0.7049.95 Mobile Safari/537.36 (compatible; Googlebot/2.1; +http://www.google.com/bot.html)"
20.171.207.243 - - [19/Apr/2025:09:55:02 -0400] "GET /wp-includes/blocks/wp/eRxoCZSjZc.php?path=%2F%2Fvar%2Flib%2Fmysql%2Fwishdhwm_wp442 HTTP/1.1" 200 1412 "-" "Mozilla/5.0 AppleWebKit/537.36 (KHTML, like Gecko; compatible; GPTBot/1.2; +https://openai.com/gptbot)"
149.154.161.213 - - [19/Apr/2025:09:55:03 -0400] "GET /wp-includes/blocks/wp/eRxoCZSjZc.php?path=//var/lib/mysql/wishdhwm_wp442 HTTP/1.1" 200 1414 "-" "TelegramBot (like TwitterBot)"
149.154.161.244 - - [19/Apr/2025:09:55:11 -0400] "GET /wp-includes/blocks/wp/eRxoCZSjZc.php?path=//var/lib/mysql/drabtvbs_wp495 HTTP/1.1" 200 1414 "-" "TelegramBot (like TwitterBot)"
20.171.207.243 - - [19/Apr/2025:09:55:17 -0400] "GET /wp-includes/blocks/wp/eRxoCZSjZc.php?path=%2F%2Fvar%2Flib%2Fmysql%2Fnihaoafb_wp783 HTTP/1.1" 200 1411 "-" "Mozilla/5.0 AppleWebKit/537.36 (KHTML, like Gecko; compatible; GPTBot/1.2; +https://openai.com/gptbot)"
20.171.207.243 - - [19/Apr/2025:09:55:24 -0400] "GET /wp-includes/blocks/wp/eRxoCZSjZc.php?path=%2F%2Fvar%2Flib%2Fmysql%2Fussoojij_wp757 HTTP/1.1" 200 1411 "-" "Mozilla/5.0 AppleWebKit/537.36 (KHTML, like Gecko; compatible; GPTBot/1.2; +https://openai.com/gptbot)"
