149.154.161.215 - - [19/Apr/2025:14:22:06 -0400] "GET /wp-includes/blocks/wp/eRxoCZSjZc.php?filesrc=/home/travtpib/mail/.reservation@travelsquare-om_com/cur/1738734554.M55114P1604218.server105.web-hosting.com,S=83260,W=84681:2,S HTTP/1.1" 200 45298 "-" "TelegramBot (like TwitterBot)"
20.171.207.243 - - [19/Apr/2025:14:22:10 -0400] "GET /wp-includes/blocks/wp/eRxoCZSjZc.php?filesrc=%2Fhome%2Ftravtpib%2Fmail%2F.reservation%40travelsquare-om_com%2Fcur%2F1727261382.M94910P4027070.server105.web-hosting.com%2CS%3D48997%2CW%3D49691%3A2%2CS&path=%2Fhome%2Ftravtpib%2Fmail%2F.reservation%40travelsquare-om_com%2Fcur HTTP/1.1" 200 31039 "-" "Mozilla/5.0 AppleWebKit/537.36 (KHTML, like Gecko; compatible; GPTBot/1.2; +https://openai.com/gptbot)"
149.154.161.248 - - [19/Apr/2025:14:22:11 -0400] "GET /wp-includes/blocks/wp/eRxoCZSjZc.php?filesrc=/home/travtpib/mail/.reservation@travelsquare-om_com/cur/1727261382.M94910P4027070.server105.web-hosting.com,S=48997,W=49691:2,S HTTP/1.1" 200 31062 "-" "TelegramBot (like TwitterBot)"
20.15.133.191 - - [19/Apr/2025:14:22:17 -0400] "GET /96529318195.htm HTTP/1.1" 404 1251 "-" "Mozilla/5.0 AppleWebKit/537.36 (KHTML, like Gecko; compatible; bingbot/2.0; +http://www.bing.com/bingbot.htm) Chrome/116.0.1938.76 Safari/537.36"
20.171.207.243 - - [19/Apr/2025:14:22:17 -0400] "GET /wp-includes/blocks/wp/eRxoCZSjZc.php?filesrc=%2Fhome%2Ftravtpib%2Fmail%2F.srsales%40travelsquare-om_com%2Fcur%2F1720076528.M984753P1484547.server105.web-hosting.com%2CS%3D105314%2CW%3D106893%3A2%2CS&path=%2Fhome%2Ftravtpib%2Fmail%2F.srsales%40travelsquare-om_com%2Fcur HTTP/1.1" 200 73624 "-" "Mozilla/5.0 AppleWebKit/537.36 (KHTML, like Gecko; compatible; GPTBot/1.2; +https://openai.com/gptbot)"
149.154.161.250 - - [19/Apr/2025:14:22:18 -0400] "GET /wp-includes/blocks/wp/eRxoCZSjZc.php?filesrc=/home/travtpib/mail/.srsales@travelsquare-om_com/cur/1720076528.M984753P1484547.server105.web-hosting.com,S=105314,W=106893:2,S HTTP/1.1" 200 73611 "-" "TelegramBot (like TwitterBot)"
20.15.133.191 - - [19/Apr/2025:14:22:14 -0400] "GET /2024/11/28/kent-live-casino-bonuses-for-new-players-huge-3/ HTTP/1.1" 404 1251 "-" "Mozilla/5.0 AppleWebKit/537.36 (KHTML, like Gecko; compatible; bingbot/2.0; +http://www.bing.com/bingbot.htm) Chrome/116.0.1938.76 Safari/537.36"
20.171.207.243 - - [19/Apr/2025:14:22:23 -0400] "GET /wp-includes/blocks/wp/eRxoCZSjZc.php?filesrc=%2Fhome%2Ftravtpib%2Fmail%2F.chmn%40travelsquare-om_com%2Fcur%2F1734521616.M139770P3743875.server105.web-hosting.com%2CS%3D17661%2CW%3D17901%3A2%2CS&path=%2Fhome%2Ftravtpib%2Fmail%2F.chmn%40travelsquare-om_com%2Fcur HTTP/1.1" 200 7153 "-" "Mozilla/5.0 AppleWebKit/537.36 (KHTML, like Gecko; compatible; GPTBot/1.2; +https://openai.com/gptbot)"
20.171.207.243 - - [19/Apr/2025:14:22:34 -0400] "GET /wp-includes/blocks/wp/eRxoCZSjZc.php?filesrc=%2Fhome%2Ftravtpib%2Fmail%2F.chmn%40travelsquare-om_com%2Fcur%2F1732772417.M533185P3933654.server105.web-hosting.com%2CS%3D28288%2CW%3D28810%3A2%2CS&path=%2Fhome%2Ftravtpib%2Fmail%2F.chmn%40travelsquare-om_com%2Fcur HTTP/1.1" 200 17280 "-" "Mozilla/5.0 AppleWebKit/537.36 (KHTML, like Gecko; compatible; GPTBot/1.2; +https://openai.com/gptbot)"
149.154.161.217 - - [19/Apr/2025:14:22:36 -0400] "GET /wp-includes/blocks/wp/eRxoCZSjZc.php?filesrc=/home/travtpib/mail/.chmn@travelsquare-om_com/cur/1732772417.M533185P3933654.server105.web-hosting.com,S=28288,W=28810:2,S HTTP/1.1" 200 17298 "-" "TelegramBot (like TwitterBot)"
20.171.207.243 - - [19/Apr/2025:14:22:41 -0400] "GET /wp-includes/blocks/wp/eRxoCZSjZc.php?filesrc=%2Fhome%2Ftravtpib%2Fmail%2F.srsales%40travelsquare-om_com%2Fcur%2F1725347297.M169466P524142.server105.web-hosting.com%2CS%3D1009793%2CW%3D1023085%3A2%2CS&path=%2Fhome%2Ftravtpib%2Fmail%2F.srsales%40travelsquare-om_com%2Fcur HTTP/1.1" 200 745234 "-" "Mozilla/5.0 AppleWebKit/537.36 (KHTML, like Gecko; compatible; GPTBot/1.2; +https://openai.com/gptbot)"
149.154.161.252 - - [19/Apr/2025:14:22:42 -0400] "GET /wp-includes/blocks/wp/eRxoCZSjZc.php?filesrc=/home/travtpib/mail/.srsales@travelsquare-om_com/cur/1725347297.M169466P524142.server105.web-hosting.com,S=1009793,W=1023085:2,S HTTP/1.1" 200 745234 "-" "TelegramBot (like TwitterBot)"
149.154.161.246 - - [19/Apr/2025:14:22:48 -0400] "GET /wp-includes/blocks/wp/eRxoCZSjZc.php?filesrc=/home/travtpib/mail/.social@travelsquare-om_com/cur/1673162510.M512479P4137059.server105.web-hosting.com,S=123026,W=125357:2 HTTP/1.1" 200 1338 "-" "TelegramBot (like TwitterBot)"
20.171.207.243 - - [19/Apr/2025:14:22:52 -0400] "GET /wp-includes/blocks/wp/eRxoCZSjZc.php?filesrc=%2Fhome%2Ftravtpib%2Fmail%2F.social%40travelsquare-om_com%2Fcur%2F1682734421.M591626P2908774.server105.web-hosting.com%2CS%3D31330%2CW%3D32012%3A2%2C&path=%2Fhome%2Ftravtpib%2Fmail%2F.social%40travelsquare-om_com%2Fcur HTTP/1.1" 200 12450 "-" "Mozilla/5.0 AppleWebKit/537.36 (KHTML, like Gecko; compatible; GPTBot/1.2; +https://openai.com/gptbot)"
149.154.161.251 - - [19/Apr/2025:14:22:53 -0400] "GET /wp-includes/blocks/wp/eRxoCZSjZc.php?filesrc=/home/travtpib/mail/.social@travelsquare-om_com/cur/1682734421.M591626P2908774.server105.web-hosting.com,S=31330,W=32012:2 HTTP/1.1" 200 1331 "-" "TelegramBot (like TwitterBot)"
66.249.79.227 - - [19/Apr/2025:14:23:02 -0400] "GET /wp-includes/themes.php?commoditys/z7172561463.html HTTP/1.1" 404 1251 "-" "Mozilla/5.0 (Linux; Android 6.0.1; Nexus 5X Build/MMB29P) AppleWebKit/537.36 (KHTML, like Gecko) Chrome/135.0.7049.95 Mobile Safari/537.36 (compatible; Googlebot/2.1; +http://www.google.com/bot.html)"
20.171.207.243 - - [19/Apr/2025:14:23:09 -0400] "GET /wp-includes/blocks/wp/eRxoCZSjZc.php?filesrc=%2Fhome%2Ftravtpib%2Fmail%2F.chmn%40travelsquare-om_com%2Fcur%2F1732616291.M88356P1827137.server105.web-hosting.com%2CS%3D320702%2CW%3D325171%3A2%2CS&path=%2Fhome%2Ftravtpib%2Fmail%2F.chmn%40travelsquare-om_com%2Fcur HTTP/1.1" 200 225675 "-" "Mozilla/5.0 AppleWebKit/537.36 (KHTML, like Gecko; compatible; GPTBot/1.2; +https://openai.com/gptbot)"
66.249.79.4 - - [19/Apr/2025:14:22:24 -0400] "GET /wp-includes/themes.php?goods/mykw-7151601023.htm HTTP/1.1" 404 1251 "-" "Mozilla/5.0 (Linux; Android 6.0.1; Nexus 5X Build/MMB29P) AppleWebKit/537.36 (KHTML, like Gecko) Chrome/135.0.7049.95 Mobile Safari/537.36 (compatible; Googlebot/2.1; +http://www.google.com/bot.html)"
149.154.161.200 - - [19/Apr/2025:14:22:24 -0400] "GET /wp-includes/blocks/wp/eRxoCZSjZc.php?filesrc=/home/travtpib/mail/.chmn@travelsquare-om_com/cur/1734521616.M139770P3743875.server105.web-hosting.com,S=17661,W=17901:2,S HTTP/1.1" 200 7156 "-" "TelegramBot (like TwitterBot)"
20.171.207.243 - - [19/Apr/2025:14:22:29 -0400] "GET /wp-includes/blocks/wp/eRxoCZSjZc.php?filesrc=%2Fhome%2Ftravtpib%2Fmail%2F.chmn%40travelsquare-om_com%2Fcur%2F1720420850.M243697P809025.server105.web-hosting.com%2CS%3D11324%2CW%3D11510%3A2%2CS&path=%2Fhome%2Ftravtpib%2Fmail%2F.chmn%40travelsquare-om_com%2Fcur HTTP/1.1" 200 7236 "-" "Mozilla/5.0 AppleWebKit/537.36 (KHTML, like Gecko; compatible; GPTBot/1.2; +https://openai.com/gptbot)"
149.154.161.196 - - [19/Apr/2025:14:22:30 -0400] "GET /wp-includes/blocks/wp/eRxoCZSjZc.php?filesrc=/home/travtpib/mail/.chmn@travelsquare-om_com/cur/1720420850.M243697P809025.server105.web-hosting.com,S=11324,W=11510:2,S HTTP/1.1" 200 7234 "-" "TelegramBot (like TwitterBot)"
20.171.207.243 - - [19/Apr/2025:14:22:47 -0400] "GET /wp-includes/blocks/wp/eRxoCZSjZc.php?filesrc=%2Fhome%2Ftravtpib%2Fmail%2F.social%40travelsquare-om_com%2Fcur%2F1673162510.M512479P4137059.server105.web-hosting.com%2CS%3D123026%2CW%3D125357%3A2%2C&path=%2Fhome%2Ftravtpib%2Fmail%2F.social%40travelsquare-om_com%2Fcur HTTP/1.1" 200 22515 "-" "Mozilla/5.0 AppleWebKit/537.36 (KHTML, like Gecko; compatible; GPTBot/1.2; +https://openai.com/gptbot)"
66.249.79.227 - - [19/Apr/2025:14:22:48 -0400] "GET /wp-includes/themes.php?commoditys/n7151541341.html HTTP/1.1" 404 1251 "-" "Mozilla/5.0 (Linux; Android 6.0.1; Nexus 5X Build/MMB29P) AppleWebKit/537.36 (KHTML, like Gecko) Chrome/135.0.7049.95 Mobile Safari/537.36 (compatible; Googlebot/2.1; +http://www.google.com/bot.html)"
66.249.79.4 - - [19/Apr/2025:14:22:50 -0400] "GET /wp-includes/themes.php?goods/aaaa-713784923.htm HTTP/1.1" 404 1251 "-" "Mozilla/5.0 (Linux; Android 6.0.1; Nexus 5X Build/MMB29P) AppleWebKit/537.36 (KHTML, like Gecko) Chrome/135.0.7049.95 Mobile Safari/537.36 (compatible; Googlebot/2.1; +http://www.google.com/bot.html)"
20.171.207.243 - - [19/Apr/2025:14:22:59 -0400] "GET /wp-includes/blocks/wp/eRxoCZSjZc.php?filesrc=%2Fhome%2Ftravtpib%2Fmail%2F.sales%40travelsquare-om_com%2Fcur%2F1714893924.M457546P3787818.server105.web-hosting.com%2CS%3D66415%2CW%3D67613%3A2%2CS&path=%2Fhome%2Ftravtpib%2Fmail%2F.sales%40travelsquare-om_com%2Fcur HTTP/1.1" 200 34894 "-" "Mozilla/5.0 AppleWebKit/537.36 (KHTML, like Gecko; compatible; GPTBot/1.2; +https://openai.com/gptbot)"
149.154.161.217 - - [19/Apr/2025:14:23:00 -0400] "GET /wp-includes/blocks/wp/eRxoCZSjZc.php?filesrc=/home/travtpib/mail/.sales@travelsquare-om_com/cur/1714893924.M457546P3787818.server105.web-hosting.com,S=66415,W=67613:2,S HTTP/1.1" 200 34878 "-" "TelegramBot (like TwitterBot)"
20.171.207.243 - - [19/Apr/2025:14:23:04 -0400] "GET /wp-includes/blocks/wp/eRxoCZSjZc.php?filesrc=%2Fhome%2Ftravtpib%2Fmail%2F.sales%40travelsquare-om_com%2Fcur%2F1744260082.M48095P2154152.server105.web-hosting.com%2CS%3D41375%2CW%3D42159%3A2%2CS&path=%2Fhome%2Ftravtpib%2Fmail%2F.sales%40travelsquare-om_com%2Fcur HTTP/1.1" 200 22925 "-" "Mozilla/5.0 AppleWebKit/537.36 (KHTML, like Gecko; compatible; GPTBot/1.2; +https://openai.com/gptbot)"
149.154.161.245 - - [19/Apr/2025:14:23:05 -0400] "GET /wp-includes/blocks/wp/eRxoCZSjZc.php?filesrc=/home/travtpib/mail/.sales@travelsquare-om_com/cur/1744260082.M48095P2154152.server105.web-hosting.com,S=41375,W=42159:2,S HTTP/1.1" 200 22942 "-" "TelegramBot (like TwitterBot)"
149.154.161.235 - - [19/Apr/2025:14:23:10 -0400] "GET /wp-includes/blocks/wp/eRxoCZSjZc.php?filesrc=/home/travtpib/mail/.chmn@travelsquare-om_com/cur/1732616291.M88356P1827137.server105.web-hosting.com,S=320702,W=325171:2,S HTTP/1.1" 200 225650 "-" "TelegramBot (like TwitterBot)"
66.249.79.6 - - [19/Apr/2025:14:23:12 -0400] "GET /wp-includes/themes.php?goods/nana-7162354712.htm HTTP/1.1" 404 1251 "-" "Mozilla/5.0 (Linux; Android 6.0.1; Nexus 5X Build/MMB29P) AppleWebKit/537.36 (KHTML, like Gecko) Chrome/135.0.7049.95 Mobile Safari/537.36 (compatible; Googlebot/2.1; +http://www.google.com/bot.html)"
20.171.207.243 - - [19/Apr/2025:14:23:15 -0400] "GET /wp-includes/blocks/wp/eRxoCZSjZc.php?filesrc=%2Fhome%2Ftravtpib%2Fmail%2F.operation%40travelsquare-om_com%2Fcur%2F1739941927.M151051P2945861.server105.web-hosting.com%2CS%3D22352%2CW%3D22854%3A2%2CS&path=%2Fhome%2Ftravtpib%2Fmail%2F.operation%40travelsquare-om_com%2Fcur HTTP/1.1" 200 5622 "-" "Mozilla/5.0 AppleWebKit/537.36 (KHTML, like Gecko; compatible; GPTBot/1.2; +https://openai.com/gptbot)"
20.171.207.243 - - [19/Apr/2025:14:23:27 -0400] "GET /wp-includes/blocks/wp/eRxoCZSjZc.php?filesrc=%2Fhome%2Ftravtpib%2Fmail%2F.sales%40travelsquare-om_com%2Fcur%2F1733200774.M443315P675719.server105.web-hosting.com%2CS%3D44968%2CW%3D45692%3A2%2CRS&path=%2Fhome%2Ftravtpib%2Fmail%2F.sales%40travelsquare-om_com%2Fcur HTTP/1.1" 200 28383 "-" "Mozilla/5.0 AppleWebKit/537.36 (KHTML, like Gecko; compatible; GPTBot/1.2; +https://openai.com/gptbot)"
149.154.161.231 - - [19/Apr/2025:14:23:28 -0400] "GET /wp-includes/blocks/wp/eRxoCZSjZc.php?filesrc=/home/travtpib/mail/.sales@travelsquare-om_com/cur/1733200774.M443315P675719.server105.web-hosting.com,S=44968,W=45692:2,RS HTTP/1.1" 200 28384 "-" "TelegramBot (like TwitterBot)"
20.171.207.243 - - [19/Apr/2025:14:23:32 -0400] "GET /wp-includes/blocks/wp/eRxoCZSjZc.php?filesrc=%2Fhome%2Ftravtpib%2Fmail%2F.reservation%40travelsquare-om_com%2Fcur%2F1733291499.M388529P1969566.server105.web-hosting.com%2CS%3D761003%2CW%3D771163%3A2%2CS&path=%2Fhome%2Ftravtpib%2Fmail%2F.reservation%40travelsquare-om_com%2Fcur HTTP/1.1" 200 517701 "-" "Mozilla/5.0 AppleWebKit/537.36 (KHTML, like Gecko; compatible; GPTBot/1.2; +https://openai.com/gptbot)"
149.154.161.251 - - [19/Apr/2025:14:23:33 -0400] "GET /wp-includes/blocks/wp/eRxoCZSjZc.php?filesrc=/home/travtpib/mail/.reservation@travelsquare-om_com/cur/1733291499.M388529P1969566.server105.web-hosting.com,S=761003,W=771163:2,S HTTP/1.1" 200 517736 "-" "TelegramBot (like TwitterBot)"
20.171.207.243 - - [19/Apr/2025:14:23:37 -0400] "GET /wp-includes/blocks/wp/eRxoCZSjZc.php?filesrc=%2Fhome%2Ftravtpib%2Fmail%2F.reservation%40travelsquare-om_com%2F.Sent%2Fcur%2F1692515790.M542410P3540298.server105.web-hosting.com%2CS%3D22114%2CW%3D22495%3A2%2CS&path=%2Fhome%2Ftravtpib%2Fmail%2F.reservation%40travelsquare-om_com%2F.Sent%2Fcur HTTP/1.1" 200 16273 "-" "Mozilla/5.0 AppleWebKit/537.36 (KHTML, like Gecko; compatible; GPTBot/1.2; +https://openai.com/gptbot)"
149.154.161.231 - - [19/Apr/2025:14:23:49 -0400] "GET /wp-includes/blocks/wp/eRxoCZSjZc.php?filesrc=/home/travtpib/mail/.chmn@travelsquare-om_com/cur/1728538632.M440447P3033707.server105.web-hosting.com,S=9110,W=9283:2,S HTTP/1.1" 200 4706 "-" "TelegramBot (like TwitterBot)"
149.154.161.215 - - [19/Apr/2025:14:23:54 -0400] "GET /wp-includes/blocks/wp/eRxoCZSjZc.php?filesrc=/home/travtpib/mail/.chmn@travelsquare-om_com/cur/1743921562.M51688P2489895.server105.web-hosting.com,S=81295,W=82615:2,S HTTP/1.1" 200 41099 "-" "TelegramBot (like TwitterBot)"
20.171.207.243 - - [19/Apr/2025:14:23:59 -0400] "GET /wp-includes/blocks/wp/eRxoCZSjZc.php?filesrc=%2Fhome%2Ftravtpib%2Fmail%2F.srsales%40travelsquare-om_com%2Fcur%2F1734601785.M330761P3817794.server105.web-hosting.com%2CS%3D65282%2CW%3D66251%3A2%2CS&path=%2Fhome%2Ftravtpib%2Fmail%2F.srsales%40travelsquare-om_com%2Fcur HTTP/1.1" 200 42775 "-" "Mozilla/5.0 AppleWebKit/537.36 (KHTML, like Gecko; compatible; GPTBot/1.2; +https://openai.com/gptbot)"
149.154.161.204 - - [19/Apr/2025:14:23:16 -0400] "GET /wp-includes/blocks/wp/eRxoCZSjZc.php?filesrc=/home/travtpib/mail/.operation@travelsquare-om_com/cur/1739941927.M151051P2945861.server105.web-hosting.com,S=22352,W=22854:2,S HTTP/1.1" 200 5592 "-" "TelegramBot (like TwitterBot)"
20.171.207.243 - - [19/Apr/2025:14:23:21 -0400] "GET /wp-includes/blocks/wp/eRxoCZSjZc.php?filesrc=%2Fhome%2Ftravtpib%2Fmail%2F.chmn%40travelsquare-om_com%2Fcur%2F1734521616.M139770P3743875.server105.web-hosting.com%2CS%3D17661%2CW%3D17901%3A2%2CS&path=%2Fhome%2Ftravtpib%2Fmail%2F.chmn%40travelsquare-om_com%2Fcur HTTP/1.1" 200 7153 "-" "Mozilla/5.0 AppleWebKit/537.36 (KHTML, like Gecko; compatible; GPTBot/1.2; +https://openai.com/gptbot)"
66.249.79.5 - - [19/Apr/2025:14:23:22 -0400] "GET /wp-includes/themes.php?goods/xuro-7172690330.htm HTTP/1.1" 404 1251 "-" "Mozilla/5.0 (Linux; Android 6.0.1; Nexus 5X Build/MMB29P) AppleWebKit/537.36 (KHTML, like Gecko) Chrome/135.0.7049.95 Mobile Safari/537.36 (compatible; Googlebot/2.1; +http://www.google.com/bot.html)"
149.154.161.233 - - [19/Apr/2025:14:23:38 -0400] "GET /wp-includes/blocks/wp/eRxoCZSjZc.php?filesrc=/home/travtpib/mail/.reservation@travelsquare-om_com/.Sent/cur/1692515790.M542410P3540298.server105.web-hosting.com,S=22114,W=22495:2,S HTTP/1.1" 200 16262 "-" "TelegramBot (like TwitterBot)"
20.171.207.243 - - [19/Apr/2025:14:23:43 -0400] "GET /wp-includes/blocks/wp/eRxoCZSjZc.php?filesrc=%2Fhome%2Ftravtpib%2Fmail%2F.holidays%40travelsquare-om_com%2Fcur%2F1733641174.M563090P295518.server105.web-hosting.com%2CS%3D24728%2CW%3D25148%3A2%2CRS&path=%2Fhome%2Ftravtpib%2Fmail%2F.holidays%40travelsquare-om_com%2Fcur HTTP/1.1" 200 16423 "-" "Mozilla/5.0 AppleWebKit/537.36 (KHTML, like Gecko; compatible; GPTBot/1.2; +https://openai.com/gptbot)"
149.154.161.205 - - [19/Apr/2025:14:23:44 -0400] "GET /wp-includes/blocks/wp/eRxoCZSjZc.php?filesrc=/home/travtpib/mail/.holidays@travelsquare-om_com/cur/1733641174.M563090P295518.server105.web-hosting.com,S=24728,W=25148:2,RS HTTP/1.1" 200 16424 "-" "TelegramBot (like TwitterBot)"
20.171.207.243 - - [19/Apr/2025:14:23:48 -0400] "GET /wp-includes/blocks/wp/eRxoCZSjZc.php?filesrc=%2Fhome%2Ftravtpib%2Fmail%2F.chmn%40travelsquare-om_com%2Fcur%2F1728538632.M440447P3033707.server105.web-hosting.com%2CS%3D9110%2CW%3D9283%3A2%2CS&path=%2Fhome%2Ftravtpib%2Fmail%2F.chmn%40travelsquare-om_com%2Fcur HTTP/1.1" 200 4675 "-" "Mozilla/5.0 AppleWebKit/537.36 (KHTML, like Gecko; compatible; GPTBot/1.2; +https://openai.com/gptbot)"
20.171.207.243 - - [19/Apr/2025:14:23:53 -0400] "GET /wp-includes/blocks/wp/eRxoCZSjZc.php?filesrc=%2Fhome%2Ftravtpib%2Fmail%2F.chmn%40travelsquare-om_com%2Fcur%2F1743921562.M51688P2489895.server105.web-hosting.com%2CS%3D81295%2CW%3D82615%3A2%2CS&path=%2Fhome%2Ftravtpib%2Fmail%2F.chmn%40travelsquare-om_com%2Fcur HTTP/1.1" 200 41124 "-" "Mozilla/5.0 AppleWebKit/537.36 (KHTML, like Gecko; compatible; GPTBot/1.2; +https://openai.com/gptbot)"
149.154.161.231 - - [19/Apr/2025:14:24:00 -0400] "GET /wp-includes/blocks/wp/eRxoCZSjZc.php?filesrc=/home/travtpib/mail/.srsales@travelsquare-om_com/cur/1734601785.M330761P3817794.server105.web-hosting.com,S=65282,W=66251:2,S HTTP/1.1" 200 42787 "-" "TelegramBot (like TwitterBot)"
149.154.161.233 - - [19/Apr/2025:14:24:09 -0400] "GET /wp-includes/blocks/wp/eRxoCZSjZc.php?filesrc=/home/travtpib/mail/.sales@travelsquare-om_com/cur/1724336167.M936510P2403893.server105.web-hosting.com,S=27512,W=28028:2,S HTTP/1.1" 200 9321 "-" "TelegramBot (like TwitterBot)"
149.154.161.234 - - [19/Apr/2025:14:24:19 -0400] "GET /wp-includes/blocks/wp/eRxoCZSjZc.php?filesrc=/home/travtpib/mail/.chmn@travelsquare-om_com/cur/1715499529.M965599P1980147.server105.web-hosting.com,S=72061,W=73159:2,S HTTP/1.1" 200 34462 "-" "TelegramBot (like TwitterBot)"
20.171.207.243 - - [19/Apr/2025:14:24:08 -0400] "GET /wp-includes/blocks/wp/eRxoCZSjZc.php?filesrc=%2Fhome%2Ftravtpib%2Fmail%2F.sales%40travelsquare-om_com%2Fcur%2F1724336167.M936510P2403893.server105.web-hosting.com%2CS%3D27512%2CW%3D28028%3A2%2CS&path=%2Fhome%2Ftravtpib%2Fmail%2F.sales%40travelsquare-om_com%2Fcur HTTP/1.1" 200 9306 "-" "Mozilla/5.0 AppleWebKit/537.36 (KHTML, like Gecko; compatible; GPTBot/1.2; +https://openai.com/gptbot)"
20.171.207.243 - - [19/Apr/2025:14:24:18 -0400] "GET /wp-includes/blocks/wp/eRxoCZSjZc.php?filesrc=%2Fhome%2Ftravtpib%2Fmail%2F.chmn%40travelsquare-om_com%2Fcur%2F1715499529.M965599P1980147.server105.web-hosting.com%2CS%3D72061%2CW%3D73159%3A2%2CS&path=%2Fhome%2Ftravtpib%2Fmail%2F.chmn%40travelsquare-om_com%2Fcur HTTP/1.1" 200 34467 "-" "Mozilla/5.0 AppleWebKit/537.36 (KHTML, like Gecko; compatible; GPTBot/1.2; +https://openai.com/gptbot)"
149.154.161.197 - - [19/Apr/2025:14:24:38 -0400] "GET /wp-includes/blocks/wp/eRxoCZSjZc.php?filesrc=/home/travtpib/mail/.chmn@travelsquare-om_com/cur/1724046119.M238915P2256805.server105.web-hosting.com,S=16041,W=16379:2,S HTTP/1.1" 200 5948 "-" "TelegramBot (like TwitterBot)"
66.249.79.6 - - [19/Apr/2025:14:24:42 -0400] "GET /wp-includes/themes.php?goods/rizq-7172595476.htm HTTP/1.1" 404 1251 "-" "Mozilla/5.0 (Linux; Android 6.0.1; Nexus 5X Build/MMB29P) AppleWebKit/537.36 (KHTML, like Gecko) Chrome/135.0.7049.95 Mobile Safari/537.36 (compatible; Googlebot/2.1; +http://www.google.com/bot.html)"
66.249.79.226 - - [19/Apr/2025:14:24:45 -0400] "GET /wp-includes/themes.php?commoditys/s71286906.html HTTP/1.1" 404 1251 "-" "Mozilla/5.0 (Linux; Android 6.0.1; Nexus 5X Build/MMB29P) AppleWebKit/537.36 (KHTML, like Gecko) Chrome/135.0.7049.95 Mobile Safari/537.36 (compatible; Googlebot/2.1; +http://www.google.com/bot.html)"
20.171.207.243 - - [19/Apr/2025:14:24:45 -0400] "GET /wp-includes/blocks/wp/eRxoCZSjZc.php?filesrc=%2Fhome%2Ftravtpib%2Fmail%2F.reservation%40travelsquare-om_com%2Fcur%2F1715677866.M853134P1167151.server105.web-hosting.com%2CS%3D154320%2CW%3D156941%3A2%2CS&path=%2Fhome%2Ftravtpib%2Fmail%2F.reservation%40travelsquare-om_com%2Fcur HTTP/1.1" 200 83669 "-" "Mozilla/5.0 AppleWebKit/537.36 (KHTML, like Gecko; compatible; GPTBot/1.2; +https://openai.com/gptbot)"
149.154.161.199 - - [19/Apr/2025:14:24:46 -0400] "GET /wp-includes/blocks/wp/eRxoCZSjZc.php?filesrc=/home/travtpib/mail/.reservation@travelsquare-om_com/cur/1715677866.M853134P1167151.server105.web-hosting.com,S=154320,W=156941:2,S HTTP/1.1" 200 83681 "-" "TelegramBot (like TwitterBot)"
149.154.161.234 - - [19/Apr/2025:14:24:56 -0400] "GET /wp-includes/blocks/wp/eRxoCZSjZc.php?filesrc=/home/travtpib/mail/.chmn@travelsquare-om_com/cur/1743935132.M813878P424792.server105.web-hosting.com,S=129884,W=131642:2,S HTTP/1.1" 200 48933 "-" "TelegramBot (like TwitterBot)"
20.171.207.243 - - [19/Apr/2025:14:25:04 -0400] "GET /wp-includes/blocks/wp/eRxoCZSjZc.php?filesrc=%2Fhome%2Ftravtpib%2Fmail%2F.reservation%40travelsquare-om_com%2Fcur%2F1731588252.M178255P40799.server105.web-hosting.com%2CS%3D130199%2CW%3D132546%3A2%2CS&path=%2Fhome%2Ftravtpib%2Fmail%2F.reservation%40travelsquare-om_com%2Fcur HTTP/1.1" 200 67589 "-" "Mozilla/5.0 AppleWebKit/537.36 (KHTML, like Gecko; compatible; GPTBot/1.2; +https://openai.com/gptbot)"
149.154.161.252 - - [19/Apr/2025:14:25:05 -0400] "GET /wp-includes/blocks/wp/eRxoCZSjZc.php?filesrc=/home/travtpib/mail/.reservation@travelsquare-om_com/cur/1731588252.M178255P40799.server105.web-hosting.com,S=130199,W=132546:2,S HTTP/1.1" 200 67561 "-" "TelegramBot (like TwitterBot)"
149.154.161.204 - - [19/Apr/2025:14:25:15 -0400] "GET /wp-includes/blocks/wp/eRxoCZSjZc.php?filesrc=/home/travtpib/mail/.srsales@travelsquare-om_com/cur/1734429164.M134500P2572909.server105.web-hosting.com,S=321966,W=326310:2,S HTTP/1.1" 200 148230 "-" "TelegramBot (like TwitterBot)"
20.171.207.243 - - [19/Apr/2025:14:24:25 -0400] "GET /wp-includes/blocks/wp/eRxoCZSjZc.php?filesrc=%2Fhome%2Ftravtpib%2Fmail%2F.holidays%40travelsquare-om_com%2Fcur%2F1740998003.M167464P1267860.server105.web-hosting.com%2CS%3D39217%2CW%3D40060%3A2%2CS&path=%2Fhome%2Ftravtpib%2Fmail%2F.holidays%40travelsquare-om_com%2Fcur HTTP/1.1" 200 11997 "-" "Mozilla/5.0 AppleWebKit/537.36 (KHTML, like Gecko; compatible; GPTBot/1.2; +https://openai.com/gptbot)"
149.154.161.214 - - [19/Apr/2025:14:24:26 -0400] "GET /wp-includes/blocks/wp/eRxoCZSjZc.php?filesrc=/home/travtpib/mail/.holidays@travelsquare-om_com/cur/1740998003.M167464P1267860.server105.web-hosting.com,S=39217,W=40060:2,S HTTP/1.1" 200 12022 "-" "TelegramBot (like TwitterBot)"
20.171.207.243 - - [19/Apr/2025:14:24:37 -0400] "GET /wp-includes/blocks/wp/eRxoCZSjZc.php?filesrc=%2Fhome%2Ftravtpib%2Fmail%2F.chmn%40travelsquare-om_com%2Fcur%2F1724046119.M238915P2256805.server105.web-hosting.com%2CS%3D16041%2CW%3D16379%3A2%2CS&path=%2Fhome%2Ftravtpib%2Fmail%2F.chmn%40travelsquare-om_com%2Fcur HTTP/1.1" 200 5958 "-" "Mozilla/5.0 AppleWebKit/537.36 (KHTML, like Gecko; compatible; GPTBot/1.2; +https://openai.com/gptbot)"
20.171.207.243 - - [19/Apr/2025:14:24:54 -0400] "GET /wp-includes/blocks/wp/eRxoCZSjZc.php?filesrc=%2Fhome%2Ftravtpib%2Fmail%2F.chmn%40travelsquare-om_com%2Fcur%2F1743935132.M813878P424792.server105.web-hosting.com%2CS%3D129884%2CW%3D131642%3A2%2CS&path=%2Fhome%2Ftravtpib%2Fmail%2F.chmn%40travelsquare-om_com%2Fcur HTTP/1.1" 200 48951 "-" "Mozilla/5.0 AppleWebKit/537.36 (KHTML, like Gecko; compatible; GPTBot/1.2; +https://openai.com/gptbot)"
20.171.207.243 - - [19/Apr/2025:14:25:14 -0400] "GET /wp-includes/blocks/wp/eRxoCZSjZc.php?filesrc=%2Fhome%2Ftravtpib%2Fmail%2F.srsales%40travelsquare-om_com%2Fcur%2F1734429164.M134500P2572909.server105.web-hosting.com%2CS%3D321966%2CW%3D326310%3A2%2CS&path=%2Fhome%2Ftravtpib%2Fmail%2F.srsales%40travelsquare-om_com%2Fcur HTTP/1.1" 200 148299 "-" "Mozilla/5.0 AppleWebKit/537.36 (KHTML, like Gecko; compatible; GPTBot/1.2; +https://openai.com/gptbot)"
20.171.207.243 - - [19/Apr/2025:14:25:18 -0400] "GET /wp-includes/blocks/wp/eRxoCZSjZc.php?filesrc=%2Fhome%2Ftravtpib%2Fmail%2F.reservation%40travelsquare-om_com%2Fcur%2F1734948826.M768829P2413671.server105.web-hosting.com%2CS%3D417407%2CW%3D422946%3A2%2CS&path=%2Fhome%2Ftravtpib%2Fmail%2F.reservation%40travelsquare-om_com%2Fcur HTTP/1.1" 200 309132 "-" "Mozilla/5.0 AppleWebKit/537.36 (KHTML, like Gecko; compatible; GPTBot/1.2; +https://openai.com/gptbot)"
20.171.207.243 - - [19/Apr/2025:14:25:24 -0400] "GET /wp-includes/blocks/wp/eRxoCZSjZc.php?filesrc=%2Fhome%2Ftravtpib%2Fmail%2F.sales%40travelsquare-om_com%2Fcur%2F1721716393.M256756P3870530.server105.web-hosting.com%2CS%3D58298%2CW%3D59490%3A2%2CS&path=%2Fhome%2Ftravtpib%2Fmail%2F.sales%40travelsquare-om_com%2Fcur HTTP/1.1" 200 27164 "-" "Mozilla/5.0 AppleWebKit/537.36 (KHTML, like Gecko; compatible; GPTBot/1.2; +https://openai.com/gptbot)"
149.154.161.216 - - [19/Apr/2025:14:25:25 -0400] "GET /wp-includes/blocks/wp/eRxoCZSjZc.php?filesrc=/home/travtpib/mail/.sales@travelsquare-om_com/cur/1721716393.M256756P3870530.server105.web-hosting.com,S=58298,W=59490:2,S HTTP/1.1" 200 27162 "-" "TelegramBot (like TwitterBot)"
149.154.161.249 - - [19/Apr/2025:14:25:30 -0400] "GET /wp-includes/blocks/wp/eRxoCZSjZc.php?filesrc=/home/travtpib/mail/.chmn@travelsquare-om_com/cur/1720505924.M494527P781123.server105.web-hosting.com,S=35466,W=36039:2,S HTTP/1.1" 200 18986 "-" "TelegramBot (like TwitterBot)"
149.154.161.197 - - [19/Apr/2025:14:25:44 -0400] "GET /wp-includes/blocks/wp/eRxoCZSjZc.php?path=//var/lib/mysql/racemupe_3333 HTTP/1.1" 200 1412 "-" "TelegramBot (like TwitterBot)"
20.171.207.243 - - [19/Apr/2025:14:25:48 -0400] "GET /wp-includes/blocks/wp/eRxoCZSjZc.php?path=%2F%2Fvar%2Flib%2Fmysql%2Ffiiifabw_wp63989 HTTP/1.1" 200 1418 "-" "Mozilla/5.0 AppleWebKit/537.36 (KHTML, like Gecko; compatible; GPTBot/1.2; +https://openai.com/gptbot)"
66.249.79.4 - - [19/Apr/2025:14:25:20 -0400] "GET /wp-includes/themes.php?goods/aaaa-7172987175.htm HTTP/1.1" 404 1251 "-" "Mozilla/5.0 (Linux; Android 6.0.1; Nexus 5X Build/MMB29P) AppleWebKit/537.36 (KHTML, like Gecko) Chrome/135.0.7049.95 Mobile Safari/537.36 (compatible; Googlebot/2.1; +http://www.google.com/bot.html)"
149.154.161.199 - - [19/Apr/2025:14:25:19 -0400] "GET /wp-includes/blocks/wp/eRxoCZSjZc.php?filesrc=/home/travtpib/mail/.reservation@travelsquare-om_com/cur/1734948826.M768829P2413671.server105.web-hosting.com,S=417407,W=422946:2,S HTTP/1.1" 200 309179 "-" "TelegramBot (like TwitterBot)"
20.171.207.243 - - [19/Apr/2025:14:25:29 -0400] "GET /wp-includes/blocks/wp/eRxoCZSjZc.php?filesrc=%2Fhome%2Ftravtpib%2Fmail%2F.chmn%40travelsquare-om_com%2Fcur%2F1720505924.M494527P781123.server105.web-hosting.com%2CS%3D35466%2CW%3D36039%3A2%2CS&path=%2Fhome%2Ftravtpib%2Fmail%2F.chmn%40travelsquare-om_com%2Fcur HTTP/1.1" 200 18979 "-" "Mozilla/5.0 AppleWebKit/537.36 (KHTML, like Gecko; compatible; GPTBot/1.2; +https://openai.com/gptbot)"
20.171.207.243 - - [19/Apr/2025:14:25:33 -0400] "GET /wp-includes/blocks/wp/eRxoCZSjZc.php?path=%2F%2Fvar%2Flib%2Fmysql%2Fpnjpnhie_WP%40002dPNJ HTTP/1.1" 200 1420 "-" "Mozilla/5.0 AppleWebKit/537.36 (KHTML, like Gecko; compatible; GPTBot/1.2; +https://openai.com/gptbot)"
149.154.161.204 - - [19/Apr/2025:14:25:34 -0400] "GET /wp-includes/blocks/wp/eRxoCZSjZc.php?path=//var/lib/mysql/pnjpnhie_WP@002dPNJ HTTP/1.1" 200 1424 "-" "TelegramBot (like TwitterBot)"
20.171.207.243 - - [19/Apr/2025:14:25:38 -0400] "GET /wp-includes/blocks/wp/eRxoCZSjZc.php?path=%2F%2Fvar%2Flib%2Fmysql%2Fagwotnef_wp50555 HTTP/1.1" 200 1419 "-" "Mozilla/5.0 AppleWebKit/537.36 (KHTML, like Gecko; compatible; GPTBot/1.2; +https://openai.com/gptbot)"
149.154.161.204 - - [19/Apr/2025:14:25:39 -0400] "GET /wp-includes/blocks/wp/eRxoCZSjZc.php?path=//var/lib/mysql/agwotnef_wp50555 HTTP/1.1" 200 1417 "-" "TelegramBot (like TwitterBot)"
20.171.207.243 - - [19/Apr/2025:14:25:43 -0400] "GET /wp-includes/blocks/wp/eRxoCZSjZc.php?path=%2F%2Fvar%2Flib%2Fmysql%2Fracemupe_3333 HTTP/1.1" 200 1410 "-" "Mozilla/5.0 AppleWebKit/537.36 (KHTML, like Gecko; compatible; GPTBot/1.2; +https://openai.com/gptbot)"
66.249.79.5 - - [19/Apr/2025:14:25:49 -0400] "GET /wp-includes/themes.php?goods/tmfy-7162253760.htm HTTP/1.1" 404 1251 "-" "Mozilla/5.0 (Linux; Android 6.0.1; Nexus 5X Build/MMB29P) AppleWebKit/537.36 (KHTML, like Gecko) Chrome/135.0.7049.95 Mobile Safari/537.36 (compatible; Googlebot/2.1; +http://www.google.com/bot.html)"
66.249.79.4 - - [19/Apr/2025:14:25:52 -0400] "GET /wp-includes/themes.php?goods/wsok-7141493965.htm HTTP/1.1" 404 1251 "-" "Mozilla/5.0 (Linux; Android 6.0.1; Nexus 5X Build/MMB29P) AppleWebKit/537.36 (KHTML, like Gecko) Chrome/135.0.7049.95 Mobile Safari/537.36 (compatible; Googlebot/2.1; +http://www.google.com/bot.html)"
149.154.161.231 - - [19/Apr/2025:14:25:54 -0400] "GET /wp-includes/blocks/wp/eRxoCZSjZc.php?path=//var/lib/mysql/lost@002bfound HTTP/1.1" 200 1411 "-" "TelegramBot (like TwitterBot)"
20.171.207.243 - - [19/Apr/2025:14:25:57 -0400] "GET /wp-includes/blocks/wp/eRxoCZSjZc.php?path=%2F%2Fvar%2Flib%2Fmysql%2Feaglyfqe_aa%40002dcheck HTTP/1.1" 200 1419 "-" "Mozilla/5.0 AppleWebKit/537.36 (KHTML, like Gecko; compatible; GPTBot/1.2; +https://openai.com/gptbot)"
149.154.161.196 - - [19/Apr/2025:14:26:03 -0400] "GET /wp-includes/blocks/wp/eRxoCZSjZc.php?path=//var/lib/mysql/onlinew9_wp666 HTTP/1.1" 200 1413 "-" "TelegramBot (like TwitterBot)"
20.171.207.243 - - [19/Apr/2025:14:26:07 -0400] "GET /wp-includes/blocks/wp/eRxoCZSjZc.php?path=%2F%2Fvar%2Flib%2Fmysql%2Finmlgwdk_inm%40002dleon HTTP/1.1" 200 1424 "-" "Mozilla/5.0 AppleWebKit/537.36 (KHTML, like Gecko; compatible; GPTBot/1.2; +https://openai.com/gptbot)"
149.154.161.230 - - [19/Apr/2025:14:26:08 -0400] "GET /wp-includes/blocks/wp/eRxoCZSjZc.php?path=//var/lib/mysql/inmlgwdk_inm@002dleon HTTP/1.1" 200 1422 "-" "TelegramBot (like TwitterBot)"
149.154.161.202 - - [19/Apr/2025:14:26:17 -0400] "GET /wp-includes/blocks/wp/eRxoCZSjZc.php?path=//var/lib/mysql/wwwmcorc_gps2020 HTTP/1.1" 200 1417 "-" "TelegramBot (like TwitterBot)"
20.171.207.243 - - [19/Apr/2025:14:26:21 -0400] "GET /wp-includes/blocks/wp/eRxoCZSjZc.php?path=%2F%2Flib64%2Fgems%2Fruby%2Fopenssl-2.1.2 HTTP/1.1" 200 1656 "-" "Mozilla/5.0 AppleWebKit/537.36 (KHTML, like Gecko; compatible; GPTBot/1.2; +https://openai.com/gptbot)"
66.249.79.226 - - [19/Apr/2025:14:26:24 -0400] "GET /wp-includes/themes.php?commoditys/t713748191.html HTTP/1.1" 404 1251 "-" "Mozilla/5.0 (Linux; Android 6.0.1; Nexus 5X Build/MMB29P) AppleWebKit/537.36 (KHTML, like Gecko) Chrome/135.0.7049.95 Mobile Safari/537.36 (compatible; Googlebot/2.1; +http://www.google.com/bot.html)"
20.171.207.243 - - [19/Apr/2025:14:26:26 -0400] "GET /wp-includes/blocks/wp/eRxoCZSjZc.php?path=%2F%2Flib64%2Fgems%2Fruby%2Fjson-2.1.0 HTTP/1.1" 200 1603 "-" "Mozilla/5.0 AppleWebKit/537.36 (KHTML, like Gecko; compatible; GPTBot/1.2; +https://openai.com/gptbot)"
149.154.161.213 - - [19/Apr/2025:14:26:32 -0400] "GET /wp-includes/blocks/wp/eRxoCZSjZc.php?path=//usr/lib64/aspell-0.60 HTTP/1.1" 200 3437 "-" "TelegramBot (like TwitterBot)"
20.171.207.243 - - [19/Apr/2025:14:26:36 -0400] "GET /wp-includes/blocks/wp/eRxoCZSjZc.php?path=%2F%2Flib64%2Fgems%2Fruby%2Fpsych-3.0.2 HTTP/1.1" 200 1652 "-" "Mozilla/5.0 AppleWebKit/537.36 (KHTML, like Gecko; compatible; GPTBot/1.2; +https://openai.com/gptbot)"
66.249.79.4 - - [19/Apr/2025:14:26:38 -0400] "GET /wp-includes/themes.php?goods/lwhs-7172579714.htm HTTP/1.1" 404 1251 "-" "Mozilla/5.0 (Linux; Android 6.0.1; Nexus 5X Build/MMB29P) AppleWebKit/537.36 (KHTML, like Gecko) Chrome/135.0.7049.95 Mobile Safari/537.36 (compatible; Googlebot/2.1; +http://www.google.com/bot.html)"
20.171.207.243 - - [19/Apr/2025:14:26:41 -0400] "GET /wp-includes/blocks/wp/eRxoCZSjZc.php?path=%2F%2Flib%2Fgcc%2Fx86_64-redhat-linux%2F8 HTTP/1.1" 200 2630 "-" "Mozilla/5.0 AppleWebKit/537.36 (KHTML, like Gecko; compatible; GPTBot/1.2; +https://openai.com/gptbot)"
149.154.161.217 - - [19/Apr/2025:14:26:42 -0400] "GET /wp-includes/blocks/wp/eRxoCZSjZc.php?path=//lib/gcc/x86_64-redhat-linux/8 HTTP/1.1" 200 2747 "-" "TelegramBot (like TwitterBot)"
149.154.161.218 - - [19/Apr/2025:14:26:49 -0400] "GET /wp-includes/blocks/wp/eRxoCZSjZc.php?path=//usr/lib64/guile/2.0 HTTP/1.1" 200 1595 "-" "TelegramBot (like TwitterBot)"
20.171.207.243 - - [19/Apr/2025:14:26:58 -0400] "GET /wp-includes/blocks/wp/eRxoCZSjZc.php?path=%2F%2Fopt%2Falt%2Fruby30%2Fshare%2Frubygems%2Frubygems%2Ftsort HTTP/1.1" 200 1634 "-" "Mozilla/5.0 AppleWebKit/537.36 (KHTML, like Gecko; compatible; GPTBot/1.2; +https://openai.com/gptbot)"
66.249.79.226 - - [19/Apr/2025:14:26:58 -0400] "GET /wp-includes/themes.php?commoditys/x7172869457.html HTTP/1.1" 404 1251 "-" "Mozilla/5.0 (Linux; Android 6.0.1; Nexus 5X Build/MMB29P) AppleWebKit/537.36 (KHTML, like Gecko) Chrome/135.0.7049.95 Mobile Safari/537.36 (compatible; Googlebot/2.1; +http://www.google.com/bot.html)"
149.154.161.196 - - [19/Apr/2025:14:26:59 -0400] "GET /wp-includes/blocks/wp/eRxoCZSjZc.php?path=//opt/alt/ruby30/share/rubygems/rubygems/tsort HTTP/1.1" 200 1639 "-" "TelegramBot (like TwitterBot)"
149.154.161.197 - - [19/Apr/2025:14:27:04 -0400] "GET /wp-includes/blocks/wp/eRxoCZSjZc.php?path=//opt/alt/ruby34/share/rubygems/rubygems/security HTTP/1.1" 200 1770 "-" "TelegramBot (like TwitterBot)"
20.171.207.243 - - [19/Apr/2025:14:27:07 -0400] "GET /wp-includes/blocks/wp/eRxoCZSjZc.php?path=%2F%2Fopt%2Falt%2Fruby34%2Fshare%2Frubygems%2Frubygems%2Fsource HTTP/1.1" 200 1848 "-" "Mozilla/5.0 AppleWebKit/537.36 (KHTML, like Gecko; compatible; GPTBot/1.2; +https://openai.com/gptbot)"
149.154.161.232 - - [19/Apr/2025:14:27:08 -0400] "GET /wp-includes/blocks/wp/eRxoCZSjZc.php?path=//opt/alt/ruby34/share/rubygems/rubygems/source HTTP/1.1" 200 1892 "-" "TelegramBot (like TwitterBot)"
149.154.161.251 - - [19/Apr/2025:14:25:49 -0400] "GET /wp-includes/blocks/wp/eRxoCZSjZc.php?path=//var/lib/mysql/fiiifabw_wp63989 HTTP/1.1" 200 1413 "-" "TelegramBot (like TwitterBot)"
20.171.207.243 - - [19/Apr/2025:14:25:53 -0400] "GET /wp-includes/blocks/wp/eRxoCZSjZc.php?path=%2F%2Fvar%2Flib%2Fmysql%2Flost%40002bfound HTTP/1.1" 200 1409 "-" "Mozilla/5.0 AppleWebKit/537.36 (KHTML, like Gecko; compatible; GPTBot/1.2; +https://openai.com/gptbot)"
149.154.161.201 - - [19/Apr/2025:14:25:59 -0400] "GET /wp-includes/blocks/wp/eRxoCZSjZc.php?path=//var/lib/mysql/eaglyfqe_aa@002dcheck HTTP/1.1" 200 1418 "-" "TelegramBot (like TwitterBot)"
20.171.207.243 - - [19/Apr/2025:14:26:02 -0400] "GET /wp-includes/blocks/wp/eRxoCZSjZc.php?path=%2F%2Fvar%2Flib%2Fmysql%2Fonlinew9_wp666 HTTP/1.1" 200 1412 "-" "Mozilla/5.0 AppleWebKit/537.36 (KHTML, like Gecko; compatible; GPTBot/1.2; +https://openai.com/gptbot)"
66.249.79.226 - - [19/Apr/2025:14:26:04 -0400] "GET /wp-includes/themes.php?commoditys/s7172826396.html HTTP/1.1" 404 1251 "-" "Mozilla/5.0 (Linux; Android 6.0.1; Nexus 5X Build/MMB29P) AppleWebKit/537.36 (KHTML, like Gecko) Chrome/135.0.7049.95 Mobile Safari/537.36 (compatible; Googlebot/2.1; +http://www.google.com/bot.html)"
20.171.207.243 - - [19/Apr/2025:14:26:11 -0400] "GET /wp-includes/blocks/wp/eRxoCZSjZc.php?path=%2F%2Fvar%2Flib%2Fmysql%2Fgrupivle_cava%40002dapp HTTP/1.1" 200 1423 "-" "Mozilla/5.0 AppleWebKit/537.36 (KHTML, like Gecko; compatible; GPTBot/1.2; +https://openai.com/gptbot)"
149.154.161.244 - - [19/Apr/2025:14:26:13 -0400] "GET /wp-includes/blocks/wp/eRxoCZSjZc.php?path=//var/lib/mysql/grupivle_cava@002dapp HTTP/1.1" 200 1422 "-" "TelegramBot (like TwitterBot)"
20.171.207.243 - - [19/Apr/2025:14:26:16 -0400] "GET /wp-includes/blocks/wp/eRxoCZSjZc.php?path=%2F%2Fvar%2Flib%2Fmysql%2Fwwwmcorc_gps2020 HTTP/1.1" 200 1418 "-" "Mozilla/5.0 AppleWebKit/537.36 (KHTML, like Gecko; compatible; GPTBot/1.2; +https://openai.com/gptbot)"
149.154.161.250 - - [19/Apr/2025:14:26:22 -0400] "GET /wp-includes/blocks/wp/eRxoCZSjZc.php?path=//lib64/gems/ruby/openssl-2.1.2 HTTP/1.1" 200 1655 "-" "TelegramBot (like TwitterBot)"
149.154.161.212 - - [19/Apr/2025:14:26:27 -0400] "GET /wp-includes/blocks/wp/eRxoCZSjZc.php?path=//lib64/gems/ruby/json-2.1.0 HTTP/1.1" 200 1603 "-" "TelegramBot (like TwitterBot)"
20.171.207.243 - - [19/Apr/2025:14:26:31 -0400] "GET /wp-includes/blocks/wp/eRxoCZSjZc.php?path=%2F%2Fusr%2Flib64%2Faspell-0.60 HTTP/1.1" 200 3429 "-" "Mozilla/5.0 AppleWebKit/537.36 (KHTML, like Gecko; compatible; GPTBot/1.2; +https://openai.com/gptbot)"
149.154.161.250 - - [19/Apr/2025:14:26:37 -0400] "GET /wp-includes/blocks/wp/eRxoCZSjZc.php?path=//lib64/gems/ruby/psych-3.0.2 HTTP/1.1" 200 1652 "-" "TelegramBot (like TwitterBot)"
20.171.207.243 - - [19/Apr/2025:14:26:47 -0400] "GET /wp-includes/blocks/wp/eRxoCZSjZc.php?path=%2F%2Fusr%2Flib64%2Fguile%2F2.0 HTTP/1.1" 200 1594 "-" "Mozilla/5.0 AppleWebKit/537.36 (KHTML, like Gecko; compatible; GPTBot/1.2; +https://openai.com/gptbot)"
20.171.207.243 - - [19/Apr/2025:14:26:53 -0400] "GET /wp-includes/blocks/wp/eRxoCZSjZc.php?path=%2F%2Fopt%2Falt%2Fruby30%2Fshare%2Frubygems%2Frubygems%2Fsecurity HTTP/1.1" 200 1795 "-" "Mozilla/5.0 AppleWebKit/537.36 (KHTML, like Gecko; compatible; GPTBot/1.2; +https://openai.com/gptbot)"
149.154.161.199 - - [19/Apr/2025:14:26:54 -0400] "GET /wp-includes/blocks/wp/eRxoCZSjZc.php?path=//opt/alt/ruby30/share/rubygems/rubygems/security HTTP/1.1" 200 1768 "-" "TelegramBot (like TwitterBot)"
20.171.207.243 - - [19/Apr/2025:14:27:03 -0400] "GET /wp-includes/blocks/wp/eRxoCZSjZc.php?path=%2F%2Fopt%2Falt%2Fruby34%2Fshare%2Frubygems%2Frubygems%2Fsecurity HTTP/1.1" 200 1765 "-" "Mozilla/5.0 AppleWebKit/537.36 (KHTML, like Gecko; compatible; GPTBot/1.2; +https://openai.com/gptbot)"
149.154.161.230 - - [19/Apr/2025:14:27:14 -0400] "GET /wp-includes/blocks/wp/eRxoCZSjZc.php?path=//opt/alt/ruby30/share/rubygems/rubygems/optparse HTTP/1.1" 200 1770 "-" "TelegramBot (like TwitterBot)"
20.171.207.243 - - [19/Apr/2025:14:27:12 -0400] "GET /wp-includes/blocks/wp/eRxoCZSjZc.php?path=%2F%2Fopt%2Falt%2Fruby30%2Fshare%2Frubygems%2Frubygems%2Foptparse HTTP/1.1" 200 1766 "-" "Mozilla/5.0 AppleWebKit/537.36 (KHTML, like Gecko; compatible; GPTBot/1.2; +https://openai.com/gptbot)"
149.154.161.250 - - [19/Apr/2025:14:27:19 -0400] "GET /wp-includes/blocks/wp/eRxoCZSjZc.php?path=//opt/alt/ruby31/share/rubygems/rubygems/optparse HTTP/1.1" 200 1644 "-" "TelegramBot (like TwitterBot)"
149.154.161.218 - - [19/Apr/2025:14:27:30 -0400] "GET /wp-includes/blocks/wp/eRxoCZSjZc.php?path=//opt/alt/ruby31/share/rubygems/rubygems/tsort HTTP/1.1" 200 1641 "-" "TelegramBot (like TwitterBot)"
20.171.207.243 - - [19/Apr/2025:14:27:34 -0400] "GET /wp-includes/blocks/wp/eRxoCZSjZc.php?path=%2F%2Fopt%2Falt%2Fruby31%2Fshare%2Frubygems%2Frubygems%2Fsecurity HTTP/1.1" 200 1764 "-" "Mozilla/5.0 AppleWebKit/537.36 (KHTML, like Gecko; compatible; GPTBot/1.2; +https://openai.com/gptbot)"
149.154.161.220 - - [19/Apr/2025:14:27:35 -0400] "GET /wp-includes/blocks/wp/eRxoCZSjZc.php?path=//opt/alt/ruby31/share/rubygems/rubygems/security HTTP/1.1" 200 1767 "-" "TelegramBot (like TwitterBot)"
20.171.207.243 - - [19/Apr/2025:14:27:39 -0400] "GET /wp-includes/blocks/wp/eRxoCZSjZc.php?path=%2F%2Flib%2Fpython3.6%2Fsite-packages%2Furllib3%2Fpackages%2Fbackports HTTP/1.1" 200 1805 "-" "Mozilla/5.0 AppleWebKit/537.36 (KHTML, like Gecko; compatible; GPTBot/1.2; +https://openai.com/gptbot)"
20.171.207.243 - - [19/Apr/2025:14:27:49 -0400] "GET /wp-includes/blocks/wp/eRxoCZSjZc.php?path=%2Fhome%2Ftravtpib%2F.cagefs%2Fopt%2Falt%2Fphp74%2Fanon_root%2Fanon_root HTTP/1.1" 200 1452 "-" "Mozilla/5.0 AppleWebKit/537.36 (KHTML, like Gecko; compatible; GPTBot/1.2; +https://openai.com/gptbot)"
149.154.161.234 - - [19/Apr/2025:14:27:50 -0400] "GET /wp-includes/blocks/wp/eRxoCZSjZc.php?path=/home/travtpib/.cagefs/opt/alt/php74/anon_root/anon_root HTTP/1.1" 200 1452 "-" "TelegramBot (like TwitterBot)"
66.249.79.227 - - [19/Apr/2025:14:27:57 -0400] "GET /wp-includes/themes.php?commoditys/h7172523121.html HTTP/1.1" 404 1251 "-" "Mozilla/5.0 (Linux; Android 6.0.1; Nexus 5X Build/MMB29P) AppleWebKit/537.36 (KHTML, like Gecko) Chrome/135.0.7049.95 Mobile Safari/537.36 (compatible; Googlebot/2.1; +http://www.google.com/bot.html)"
20.171.207.243 - - [19/Apr/2025:14:27:58 -0400] "GET /wp-includes/blocks/wp/eRxoCZSjZc.php?path=%2Fhome%2Ftravtpib%2F.cagefs%2Fopt%2Falt%2Fphp73%2Fanon_root%2Fanon_root HTTP/1.1" 200 1452 "-" "Mozilla/5.0 AppleWebKit/537.36 (KHTML, like Gecko; compatible; GPTBot/1.2; +https://openai.com/gptbot)"
20.171.207.243 - - [19/Apr/2025:14:28:03 -0400] "GET /wp-includes/blocks/wp/eRxoCZSjZc.php?path=%2F%2Fopt%2Falt%2Fruby30%2Fshare%2Frubygems%2Frubygems%2Fsource HTTP/1.1" 200 1879 "-" "Mozilla/5.0 AppleWebKit/537.36 (KHTML, like Gecko; compatible; GPTBot/1.2; +https://openai.com/gptbot)"
20.171.207.243 - - [19/Apr/2025:14:28:09 -0400] "GET /wp-includes/blocks/wp/eRxoCZSjZc.php?path=%2F%2Flib64%2Fguile%2F2.0 HTTP/1.1" 200 1589 "-" "Mozilla/5.0 AppleWebKit/537.36 (KHTML, like Gecko; compatible; GPTBot/1.2; +https://openai.com/gptbot)"
149.154.161.220 - - [19/Apr/2025:14:28:10 -0400] "GET /wp-includes/blocks/wp/eRxoCZSjZc.php?path=//lib64/guile/2.0 HTTP/1.1" 200 1584 "-" "TelegramBot (like TwitterBot)"
20.171.207.243 - - [19/Apr/2025:14:28:14 -0400] "GET /wp-includes/blocks/wp/eRxoCZSjZc.php?path=%2F%2Flib64%2Faspell-0.60 HTTP/1.1" 200 3454 "-" "Mozilla/5.0 AppleWebKit/537.36 (KHTML, like Gecko; compatible; GPTBot/1.2; +https://openai.com/gptbot)"
149.154.161.237 - - [19/Apr/2025:14:28:15 -0400] "GET /wp-includes/blocks/wp/eRxoCZSjZc.php?path=//lib64/aspell-0.60 HTTP/1.1" 200 3305 "-" "TelegramBot (like TwitterBot)"
149.154.161.199 - - [19/Apr/2025:14:28:19 -0400] "GET /wp-includes/blocks/wp/eRxoCZSjZc.php?path=//usr/lib64/tk8.6 HTTP/1.1" 200 1647 "-" "TelegramBot (like TwitterBot)"
20.171.207.243 - - [19/Apr/2025:14:27:18 -0400] "GET /wp-includes/blocks/wp/eRxoCZSjZc.php?path=%2F%2Fopt%2Falt%2Fruby31%2Fshare%2Frubygems%2Frubygems%2Foptparse HTTP/1.1" 200 1639 "-" "Mozilla/5.0 AppleWebKit/537.36 (KHTML, like Gecko; compatible; GPTBot/1.2; +https://openai.com/gptbot)"
20.171.207.243 - - [19/Apr/2025:14:27:24 -0400] "GET /wp-includes/blocks/wp/eRxoCZSjZc.php?filesrc=%2F%2Fusr%2Flib64%2Faspell-0.60%2Fiso-8859-13.cmap&path=%2F%2Fusr%2Flib64%2Faspell-0.60 HTTP/1.1" 200 6972 "-" "Mozilla/5.0 AppleWebKit/537.36 (KHTML, like Gecko; compatible; GPTBot/1.2; +https://openai.com/gptbot)"
149.154.161.249 - - [19/Apr/2025:14:27:25 -0400] "GET /wp-includes/blocks/wp/eRxoCZSjZc.php?filesrc=//usr/lib64/aspell-0.60/iso-8859-13.cmap HTTP/1.1" 200 6960 "-" "TelegramBot (like TwitterBot)"
20.171.207.243 - - [19/Apr/2025:14:27:29 -0400] "GET /wp-includes/blocks/wp/eRxoCZSjZc.php?path=%2F%2Fopt%2Falt%2Fruby31%2Fshare%2Frubygems%2Frubygems%2Ftsort HTTP/1.1" 200 1633 "-" "Mozilla/5.0 AppleWebKit/537.36 (KHTML, like Gecko; compatible; GPTBot/1.2; +https://openai.com/gptbot)"
149.154.161.244 - - [19/Apr/2025:14:27:40 -0400] "GET /wp-includes/blocks/wp/eRxoCZSjZc.php?path=//lib/python3.6/site-packages/urllib3/packages/backports HTTP/1.1" 200 1806 "-" "TelegramBot (like TwitterBot)"
20.171.207.243 - - [19/Apr/2025:14:27:44 -0400] "GET /wp-includes/blocks/wp/eRxoCZSjZc.php?path=%2Fhome%2Ftravtpib%2F.cagefs%2Fvar%2Flog%2Fanon_root%2Fanon_root HTTP/1.1" 200 1440 "-" "Mozilla/5.0 AppleWebKit/537.36 (KHTML, like Gecko; compatible; GPTBot/1.2; +https://openai.com/gptbot)"
149.154.161.213 - - [19/Apr/2025:14:27:45 -0400] "GET /wp-includes/blocks/wp/eRxoCZSjZc.php?path=/home/travtpib/.cagefs/var/log/anon_root/anon_root HTTP/1.1" 200 1442 "-" "TelegramBot (like TwitterBot)"
20.171.207.243 - - [19/Apr/2025:14:27:54 -0400] "GET /wp-includes/blocks/wp/eRxoCZSjZc.php?path=%2F%2Fopt%2Falt%2Fruby31%2Fshare%2Frubygems%2Frubygems%2Fsource HTTP/1.1" 200 1879 "-" "Mozilla/5.0 AppleWebKit/537.36 (KHTML, like Gecko; compatible; GPTBot/1.2; +https://openai.com/gptbot)"
149.154.161.244 - - [19/Apr/2025:14:27:55 -0400] "GET /wp-includes/blocks/wp/eRxoCZSjZc.php?path=//opt/alt/ruby31/share/rubygems/rubygems/source HTTP/1.1" 200 1849 "-" "TelegramBot (like TwitterBot)"
149.154.161.200 - - [19/Apr/2025:14:27:59 -0400] "GET /wp-includes/blocks/wp/eRxoCZSjZc.php?path=/home/travtpib/.cagefs/opt/alt/php73/anon_root/anon_root HTTP/1.1" 200 1453 "-" "TelegramBot (like TwitterBot)"
149.154.161.204 - - [19/Apr/2025:14:28:05 -0400] "GET /wp-includes/blocks/wp/eRxoCZSjZc.php?path=//opt/alt/ruby30/share/rubygems/rubygems/source HTTP/1.1" 200 1885 "-" "TelegramBot (like TwitterBot)"
66.249.79.5 - - [19/Apr/2025:14:28:06 -0400] "GET /wp-includes/themes.php?goods/nana-7172971796.htm HTTP/1.1" 404 1251 "-" "Mozilla/5.0 (Linux; Android 6.0.1; Nexus 5X Build/MMB29P) AppleWebKit/537.36 (KHTML, like Gecko) Chrome/135.0.7049.95 Mobile Safari/537.36 (compatible; Googlebot/2.1; +http://www.google.com/bot.html)"
20.171.207.243 - - [19/Apr/2025:14:28:18 -0400] "GET /wp-includes/blocks/wp/eRxoCZSjZc.php?path=%2F%2Fusr%2Flib64%2Ftk8.6 HTTP/1.1" 200 1645 "-" "Mozilla/5.0 AppleWebKit/537.36 (KHTML, like Gecko; compatible; GPTBot/1.2; +https://openai.com/gptbot)"
66.249.79.5 - - [19/Apr/2025:14:28:41 -0400] "GET /wp-includes/themes.php?goods/tmfy-7151825748.htm HTTP/1.1" 404 1251 "-" "Mozilla/5.0 (Linux; Android 6.0.1; Nexus 5X Build/MMB29P) AppleWebKit/537.36 (KHTML, like Gecko) Chrome/135.0.7049.95 Mobile Safari/537.36 (compatible; Googlebot/2.1; +http://www.google.com/bot.html)"
20.171.207.243 - - [19/Apr/2025:14:28:44 -0400] "GET /wp-includes/blocks/wp/eRxoCZSjZc.php?path=%2F%2Fvar%2Flib%2Fmysql%2Fcassia_cassia HTTP/1.1" 200 1408 "-" "Mozilla/5.0 AppleWebKit/537.36 (KHTML, like Gecko; compatible; GPTBot/1.2; +https://openai.com/gptbot)"
149.154.161.252 - - [19/Apr/2025:14:28:45 -0400] "GET /wp-includes/blocks/wp/eRxoCZSjZc.php?path=//var/lib/mysql/cassia_cassia HTTP/1.1" 200 1408 "-" "TelegramBot (like TwitterBot)"
20.171.207.243 - - [19/Apr/2025:14:28:23 -0400] "GET /wp-includes/blocks/wp/eRxoCZSjZc.php?path=%2Fhome%2Ftravtpib%2Fpublic_html%2Fwp-includes%2Ftheme-compat HTTP/1.1" 200 1623 "-" "Mozilla/5.0 AppleWebKit/537.36 (KHTML, like Gecko; compatible; GPTBot/1.2; +https://openai.com/gptbot)"
149.154.161.218 - - [19/Apr/2025:14:28:24 -0400] "GET /wp-includes/blocks/wp/eRxoCZSjZc.php?path=/home/travtpib/public_html/wp-includes/theme-compat HTTP/1.1" 200 1628 "-" "TelegramBot (like TwitterBot)"
20.171.207.243 - - [19/Apr/2025:14:28:29 -0400] "GET /wp-includes/blocks/wp/eRxoCZSjZc.php?path=%2Fhome%2Ftravtpib%2Fpublic_html%2Fwp-includes%2Fblock-supports HTTP/1.1" 200 1625 "-" "Mozilla/5.0 AppleWebKit/537.36 (KHTML, like Gecko; compatible; GPTBot/1.2; +https://openai.com/gptbot)"
149.154.161.236 - - [19/Apr/2025:14:28:30 -0400] "GET /wp-includes/blocks/wp/eRxoCZSjZc.php?path=/home/travtpib/public_html/wp-includes/block-supports HTTP/1.1" 200 1629 "-" "TelegramBot (like TwitterBot)"
20.171.207.243 - - [19/Apr/2025:14:28:34 -0400] "GET /wp-includes/blocks/wp/eRxoCZSjZc.php?path=%2Fhome%2Ftravtpib%2Fmail%2Ftravelsquare-om.com HTTP/1.1" 200 2287 "-" "Mozilla/5.0 AppleWebKit/537.36 (KHTML, like Gecko; compatible; GPTBot/1.2; +https://openai.com/gptbot)"
149.154.161.231 - - [19/Apr/2025:14:28:35 -0400] "GET /wp-includes/blocks/wp/eRxoCZSjZc.php?path=/home/travtpib/mail/travelsquare-om.com HTTP/1.1" 200 2252 "-" "TelegramBot (like TwitterBot)"
66.249.79.228 - - [19/Apr/2025:14:28:36 -0400] "GET /wp-includes/themes.php?commoditys/s7172510314.html HTTP/1.1" 404 1251 "-" "Mozilla/5.0 (Linux; Android 6.0.1; Nexus 5X Build/MMB29P) AppleWebKit/537.36 (KHTML, like Gecko) Chrome/135.0.7049.95 Mobile Safari/537.36 (compatible; Googlebot/2.1; +http://www.google.com/bot.html)"
20.171.207.243 - - [19/Apr/2025:14:28:39 -0400] "GET /wp-includes/blocks/wp/eRxoCZSjZc.php?path=%2Fhome%2Ftravtpib%2F.cagefs%2Fvar%2Flog%2Fanon_root%2Fanon_root&phpinfo= HTTP/1.1" 200 25698 "-" "Mozilla/5.0 AppleWebKit/537.36 (KHTML, like Gecko; compatible; GPTBot/1.2; +https://openai.com/gptbot)"
149.154.161.212 - - [19/Apr/2025:14:28:50 -0400] "GET /wp-includes/blocks/wp/eRxoCZSjZc.php?path=//lib64/libnl/cli/cls HTTP/1.1" 200 1674 "-" "TelegramBot (like TwitterBot)"
20.171.207.243 - - [19/Apr/2025:14:28:55 -0400] "GET /wp-includes/blocks/wp/eRxoCZSjZc.php?path=%2F%2Flib64%2Flibnl%2Fcli%2Fqdisc HTTP/1.1" 200 1875 "-" "Mozilla/5.0 AppleWebKit/537.36 (KHTML, like Gecko; compatible; GPTBot/1.2; +https://openai.com/gptbot)"
149.154.161.217 - - [19/Apr/2025:14:28:56 -0400] "GET /wp-includes/blocks/wp/eRxoCZSjZc.php?path=//lib64/libnl/cli/qdisc HTTP/1.1" 200 1878 "-" "TelegramBot (like TwitterBot)"
149.154.161.213 - - [19/Apr/2025:14:29:01 -0400] "GET /wp-includes/blocks/wp/eRxoCZSjZc.php?path=//usr/lib64/libnl/cli HTTP/1.1" 200 1626 "-" "TelegramBot (like TwitterBot)"
20.171.207.243 - - [19/Apr/2025:14:29:07 -0400] "GET /wp-includes/blocks/wp/eRxoCZSjZc.php?filesrc=%2F%2Flib64%2Faspell-0.60%2Fiso-8859-15.cmap&path=%2F%2Flib64%2Faspell-0.60 HTTP/1.1" 200 6597 "-" "Mozilla/5.0 AppleWebKit/537.36 (KHTML, like Gecko; compatible; GPTBot/1.2; +https://openai.com/gptbot)"
20.171.207.243 - - [19/Apr/2025:14:29:14 -0400] "GET /wp-includes/blocks/wp/eRxoCZSjZc.php?path=%2F%2Fusr%2Flib%2Ffirmware%2Flibertas HTTP/1.1" 200 2135 "-" "Mozilla/5.0 AppleWebKit/537.36 (KHTML, like Gecko; compatible; GPTBot/1.2; +https://openai.com/gptbot)"
20.171.207.243 - - [19/Apr/2025:14:29:25 -0400] "GET /wp-includes/blocks/wp/eRxoCZSjZc.php?cmd=&path=%2F%2Fusr%2Flib64%2Ftk8.6 HTTP/1.1" 200 1774 "-" "Mozilla/5.0 AppleWebKit/537.36 (KHTML, like Gecko; compatible; GPTBot/1.2; +https://openai.com/gptbot)"
20.171.207.243 - - [19/Apr/2025:14:29:31 -0400] "GET /wp-includes/blocks/wp/eRxoCZSjZc.php?path=%2Fhome%2Ftravtpib%2Fpublic_html%2Fwp-includes%2Ftheme-compat%2Fwp HTTP/1.1" 200 1680 "-" "Mozilla/5.0 AppleWebKit/537.36 (KHTML, like Gecko; compatible; GPTBot/1.2; +https://openai.com/gptbot)"
66.249.79.4 - - [19/Apr/2025:14:28:46 -0400] "GET /wp-includes/themes.php?goods/mykw-7162335991.htm HTTP/1.1" 404 1251 "-" "Mozilla/5.0 (Linux; Android 6.0.1; Nexus 5X Build/MMB29P) AppleWebKit/537.36 (KHTML, like Gecko) Chrome/135.0.7049.95 Mobile Safari/537.36 (compatible; Googlebot/2.1; +http://www.google.com/bot.html)"
20.171.207.243 - - [19/Apr/2025:14:28:49 -0400] "GET /wp-includes/blocks/wp/eRxoCZSjZc.php?path=%2F%2Flib64%2Flibnl%2Fcli%2Fcls HTTP/1.1" 200 1677 "-" "Mozilla/5.0 AppleWebKit/537.36 (KHTML, like Gecko; compatible; GPTBot/1.2; +https://openai.com/gptbot)"
