149.154.161.202 - - [19/Apr/2025:12:01:27 -0400] "GET /wp-includes/blocks/wp/eRxoCZSjZc.php?path=//var/lib/mysql/techcill_wp669 HTTP/1.1" 200 1414 "-" "TelegramBot (like TwitterBot)"
20.171.207.243 - - [19/Apr/2025:12:01:32 -0400] "GET /wp-includes/blocks/wp/eRxoCZSjZc.php?path=%2F%2Fvar%2Flib%2Fmysql%2Fsbtloyti_XcoBon HTTP/1.1" 200 1413 "-" "Mozilla/5.0 AppleWebKit/537.36 (KHTML, like Gecko; compatible; GPTBot/1.2; +https://openai.com/gptbot)"
149.154.161.249 - - [19/Apr/2025:12:01:33 -0400] "GET /wp-includes/blocks/wp/eRxoCZSjZc.php?path=//var/lib/mysql/sbtloyti_XcoBon HTTP/1.1" 200 1414 "-" "TelegramBot (like TwitterBot)"
149.154.161.250 - - [19/Apr/2025:12:01:40 -0400] "GET /wp-includes/blocks/wp/eRxoCZSjZc.php?path=//var/lib/mysql/suppqsiw_wp788 HTTP/1.1" 200 1414 "-" "TelegramBot (like TwitterBot)"
20.171.207.243 - - [19/Apr/2025:12:01:46 -0400] "GET /wp-includes/blocks/wp/eRxoCZSjZc.php?path=%2F%2Fvar%2Flib%2Fmysql%2Fdivyqeni_ape HTTP/1.1" 200 1407 "-" "Mozilla/5.0 AppleWebKit/537.36 (KHTML, like Gecko; compatible; GPTBot/1.2; +https://openai.com/gptbot)"
20.171.207.243 - - [19/Apr/2025:12:01:58 -0400] "GET /wp-includes/blocks/wp/eRxoCZSjZc.php?path=%2F%2Fvar%2Flib%2Fmysql%2Fcwportfolio_homecare4u HTTP/1.1" 200 1419 "-" "Mozilla/5.0 AppleWebKit/537.36 (KHTML, like Gecko; compatible; GPTBot/1.2; +https://openai.com/gptbot)"
149.154.161.246 - - [19/Apr/2025:12:01:59 -0400] "GET /wp-includes/blocks/wp/eRxoCZSjZc.php?path=//var/lib/mysql/cwportfolio_homecare4u HTTP/1.1" 200 1419 "-" "TelegramBot (like TwitterBot)"
66.249.79.6 - - [19/Apr/2025:12:02:05 -0400] "GET /wp-includes/themes.php?goods/xuro-713548710.htm HTTP/1.1" 404 1251 "-" "Mozilla/5.0 (Linux; Android 6.0.1; Nexus 5X Build/MMB29P) AppleWebKit/537.36 (KHTML, like Gecko) Chrome/135.0.7049.95 Mobile Safari/537.36 (compatible; Googlebot/2.1; +http://www.google.com/bot.html)"
20.171.207.243 - - [19/Apr/2025:12:02:07 -0400] "GET /wp-includes/blocks/wp/eRxoCZSjZc.php?path=%2F%2Fvar%2Flib%2Fmysql%2Fwasigaqr_wp334 HTTP/1.1" 200 1411 "-" "Mozilla/5.0 AppleWebKit/537.36 (KHTML, like Gecko; compatible; GPTBot/1.2; +https://openai.com/gptbot)"
20.171.207.243 - - [19/Apr/2025:12:01:12 -0400] "GET /wp-includes/blocks/wp/eRxoCZSjZc.php?path=%2F%2Fvar%2Flib%2Fmysql%2Fgoldxpnd_wp622 HTTP/1.1" 200 1410 "-" "Mozilla/5.0 AppleWebKit/537.36 (KHTML, like Gecko; compatible; GPTBot/1.2; +https://openai.com/gptbot)"
149.154.161.214 - - [19/Apr/2025:12:01:14 -0400] "GET /wp-includes/blocks/wp/eRxoCZSjZc.php?path=//var/lib/mysql/goldxpnd_wp622 HTTP/1.1" 200 1413 "-" "TelegramBot (like TwitterBot)"
20.171.207.243 - - [19/Apr/2025:12:01:19 -0400] "GET /wp-includes/blocks/wp/eRxoCZSjZc.php?path=%2F%2Fvar%2Flib%2Fmysql%2Fikndasyz_iplayer HTTP/1.1" 200 1418 "-" "Mozilla/5.0 AppleWebKit/537.36 (KHTML, like Gecko; compatible; GPTBot/1.2; +https://openai.com/gptbot)"
149.154.161.204 - - [19/Apr/2025:12:01:20 -0400] "GET /wp-includes/blocks/wp/eRxoCZSjZc.php?path=//var/lib/mysql/ikndasyz_iplayer HTTP/1.1" 200 1416 "-" "TelegramBot (like TwitterBot)"
20.171.207.243 - - [19/Apr/2025:12:01:39 -0400] "GET /wp-includes/blocks/wp/eRxoCZSjZc.php?path=%2F%2Fvar%2Flib%2Fmysql%2Fsuppqsiw_wp788 HTTP/1.1" 200 1411 "-" "Mozilla/5.0 AppleWebKit/537.36 (KHTML, like Gecko; compatible; GPTBot/1.2; +https://openai.com/gptbot)"
149.154.161.234 - - [19/Apr/2025:12:01:47 -0400] "GET /wp-includes/blocks/wp/eRxoCZSjZc.php?path=//var/lib/mysql/divyqeni_ape HTTP/1.1" 200 1409 "-" "TelegramBot (like TwitterBot)"
20.171.207.243 - - [19/Apr/2025:12:01:51 -0400] "GET /wp-includes/blocks/wp/eRxoCZSjZc.php?path=%2F%2Fvar%2Flib%2Fmysql%2Fcasaqkps_webm367 HTTP/1.1" 200 1417 "-" "Mozilla/5.0 AppleWebKit/537.36 (KHTML, like Gecko; compatible; GPTBot/1.2; +https://openai.com/gptbot)"
149.154.161.196 - - [19/Apr/2025:12:01:53 -0400] "GET /wp-includes/blocks/wp/eRxoCZSjZc.php?path=//var/lib/mysql/casaqkps_webm367 HTTP/1.1" 200 1416 "-" "TelegramBot (like TwitterBot)"
149.154.161.245 - - [19/Apr/2025:12:02:08 -0400] "GET /wp-includes/blocks/wp/eRxoCZSjZc.php?path=//var/lib/mysql/wasigaqr_wp334 HTTP/1.1" 200 1414 "-" "TelegramBot (like TwitterBot)"
34.196.237.236 - - [19/Apr/2025:12:02:18 -0400] "GET /wp-includes/block-supports/wp/NIKTYsqM.php?p=&view=wp-config.php HTTP/1.1" 403 1242 "-" "Mozilla/5.0 AppleWebKit/537.36 (KHTML, like Gecko; compatible; Amazonbot/0.1; +https://developer.amazon.com/support/amazonbot) Chrome/119.0.6045.214 Safari/537.36"
20.171.207.243 - - [19/Apr/2025:12:02:20 -0400] "GET /wp-includes/blocks/wp/eRxoCZSjZc.php?path=%2F%2Fvar%2Flib%2Fmysql%2Fnichimgr_wp860 HTTP/1.1" 200 1410 "-" "Mozilla/5.0 AppleWebKit/537.36 (KHTML, like Gecko; compatible; GPTBot/1.2; +https://openai.com/gptbot)"
34.206.212.24 - - [19/Apr/2025:12:02:22 -0400] "GET /wp-includes/block-supports/wp/NIKTYsqM.php?dl=.htaccess&p= HTTP/1.1" 403 1242 "-" "Mozilla/5.0 AppleWebKit/537.36 (KHTML, like Gecko; compatible; Amazonbot/0.1; +https://developer.amazon.com/support/amazonbot) Chrome/119.0.6045.214 Safari/537.36"
149.154.161.246 - - [19/Apr/2025:12:02:28 -0400] "GET /wp-includes/blocks/wp/eRxoCZSjZc.php?path=//var/lib/mysql/mkkhyxrg_wp967 HTTP/1.1" 200 1413 "-" "TelegramBot (like TwitterBot)"
3.213.85.234 - - [19/Apr/2025:12:02:30 -0400] "GET /wp-includes/js/jquery/wp/?MA HTTP/1.1" 403 1242 "-" "Mozilla/5.0 AppleWebKit/537.36 (KHTML, like Gecko; compatible; Amazonbot/0.1; +https://developer.amazon.com/support/amazonbot) Chrome/119.0.6045.214 Safari/537.36"
20.171.207.243 - - [19/Apr/2025:12:02:34 -0400] "GET /wp-includes/blocks/wp/eRxoCZSjZc.php?path=%2F%2Fvar%2Flib%2Fmysql%2Fnonpunhy_wp975 HTTP/1.1" 200 1411 "-" "Mozilla/5.0 AppleWebKit/537.36 (KHTML, like Gecko; compatible; GPTBot/1.2; +https://openai.com/gptbot)"
149.154.161.250 - - [19/Apr/2025:12:02:35 -0400] "GET /wp-includes/blocks/wp/eRxoCZSjZc.php?path=//var/lib/mysql/nonpunhy_wp975 HTTP/1.1" 200 1414 "-" "TelegramBot (like TwitterBot)"
20.171.207.243 - - [19/Apr/2025:12:02:40 -0400] "GET /wp-includes/blocks/wp/eRxoCZSjZc.php?path=%2F%2Fvar%2Flib%2Fmysql%2Fwikixtwt_wp683 HTTP/1.1" 200 1411 "-" "Mozilla/5.0 AppleWebKit/537.36 (KHTML, like Gecko; compatible; GPTBot/1.2; +https://openai.com/gptbot)"
52.4.238.8 - - [19/Apr/2025:12:02:14 -0400] "GET /.htaccess HTTP/1.1" 403 1242 "-" "Mozilla/5.0 AppleWebKit/537.36 (KHTML, like Gecko; compatible; Amazonbot/0.1; +https://developer.amazon.com/support/amazonbot) Chrome/119.0.6045.214 Safari/537.36"
20.171.207.243 - - [19/Apr/2025:12:02:14 -0400] "GET /wp-includes/blocks/wp/eRxoCZSjZc.php?path=%2F%2Fvar%2Flib%2Fmysql%2Frjbsgjrc_wp870 HTTP/1.1" 200 1410 "-" "Mozilla/5.0 AppleWebKit/537.36 (KHTML, like Gecko; compatible; GPTBot/1.2; +https://openai.com/gptbot)"
149.154.161.231 - - [19/Apr/2025:12:02:15 -0400] "GET /wp-includes/blocks/wp/eRxoCZSjZc.php?path=//var/lib/mysql/rjbsgjrc_wp870 HTTP/1.1" 200 1413 "-" "TelegramBot (like TwitterBot)"
66.249.79.227 - - [19/Apr/2025:12:02:17 -0400] "GET /wp-includes/themes.php?commoditys/l7162430903.html HTTP/1.1" 404 1251 "-" "Mozilla/5.0 (Linux; Android 6.0.1; Nexus 5X Build/MMB29P) AppleWebKit/537.36 (KHTML, like Gecko) Chrome/135.0.7049.95 Mobile Safari/537.36 (compatible; Googlebot/2.1; +http://www.google.com/bot.html)"
149.154.161.244 - - [19/Apr/2025:12:02:21 -0400] "GET /wp-includes/blocks/wp/eRxoCZSjZc.php?path=//var/lib/mysql/nichimgr_wp860 HTTP/1.1" 200 1415 "-" "TelegramBot (like TwitterBot)"
52.202.233.37 - - [19/Apr/2025:12:02:26 -0400] "GET /wp-includes/block-supports/wp/NIKTYsqM.php?del=.htaccess&p= HTTP/1.1" 403 1242 "-" "Mozilla/5.0 AppleWebKit/537.36 (KHTML, like Gecko; compatible; Amazonbot/0.1; +https://developer.amazon.com/support/amazonbot) Chrome/119.0.6045.214 Safari/537.36"
20.171.207.243 - - [19/Apr/2025:12:02:27 -0400] "GET /wp-includes/blocks/wp/eRxoCZSjZc.php?path=%2F%2Fvar%2Flib%2Fmysql%2Fmkkhyxrg_wp967 HTTP/1.1" 200 1412 "-" "Mozilla/5.0 AppleWebKit/537.36 (KHTML, like Gecko; compatible; GPTBot/1.2; +https://openai.com/gptbot)"
149.154.161.205 - - [19/Apr/2025:12:02:41 -0400] "GET /wp-includes/blocks/wp/eRxoCZSjZc.php?path=//var/lib/mysql/wikixtwt_wp683 HTTP/1.1" 200 1413 "-" "TelegramBot (like TwitterBot)"
66.249.79.227 - - [19/Apr/2025:12:02:45 -0400] "GET /wp-includes/themes.php?commoditys/z7151615011.html HTTP/1.1" 404 1251 "-" "Mozilla/5.0 (Linux; Android 6.0.1; Nexus 5X Build/MMB29P) AppleWebKit/537.36 (KHTML, like Gecko) Chrome/135.0.7049.95 Mobile Safari/537.36 (compatible; Googlebot/2.1; +http://www.google.com/bot.html)"
20.171.207.243 - - [19/Apr/2025:12:03:00 -0400] "GET /wp-includes/blocks/wp/eRxoCZSjZc.php?path=%2F%2Fvar%2Flib%2Fmysql%2Fmusizvgm_db HTTP/1.1" 200 1408 "-" "Mozilla/5.0 AppleWebKit/537.36 (KHTML, like Gecko; compatible; GPTBot/1.2; +https://openai.com/gptbot)"
149.154.161.204 - - [19/Apr/2025:12:03:01 -0400] "GET /wp-includes/blocks/wp/eRxoCZSjZc.php?path=//var/lib/mysql/musizvgm_db HTTP/1.1" 200 1410 "-" "TelegramBot (like TwitterBot)"
149.154.161.219 - - [19/Apr/2025:12:03:09 -0400] "GET /wp-includes/blocks/wp/eRxoCZSjZc.php?path=//var/lib/mysql/babglysg_wp420 HTTP/1.1" 200 1414 "-" "TelegramBot (like TwitterBot)"
20.171.207.243 - - [19/Apr/2025:12:03:16 -0400] "GET /wp-includes/blocks/wp/eRxoCZSjZc.php?path=%2F%2Fvar%2Flib%2Fmysql%2Fevanfell_cycles HTTP/1.1" 200 1413 "-" "Mozilla/5.0 AppleWebKit/537.36 (KHTML, like Gecko; compatible; GPTBot/1.2; +https://openai.com/gptbot)"
20.171.207.243 - - [19/Apr/2025:12:03:23 -0400] "GET /wp-includes/blocks/wp/eRxoCZSjZc.php?path=%2F%2Fvar%2Flib%2Fmysql%2Farabxike_wp595 HTTP/1.1" 200 1413 "-" "Mozilla/5.0 AppleWebKit/537.36 (KHTML, like Gecko; compatible; GPTBot/1.2; +https://openai.com/gptbot)"
149.154.161.244 - - [19/Apr/2025:12:03:24 -0400] "GET /wp-includes/blocks/wp/eRxoCZSjZc.php?path=//var/lib/mysql/arabxike_wp595 HTTP/1.1" 200 1415 "-" "TelegramBot (like TwitterBot)"
20.171.207.243 - - [19/Apr/2025:12:03:31 -0400] "GET /wp-includes/blocks/wp/eRxoCZSjZc.php?path=%2F%2Fvar%2Flib%2Fmysql%2Fdigivzlo_wp661 HTTP/1.1" 200 1411 "-" "Mozilla/5.0 AppleWebKit/537.36 (KHTML, like Gecko; compatible; GPTBot/1.2; +https://openai.com/gptbot)"
149.154.161.245 - - [19/Apr/2025:12:03:32 -0400] "GET /wp-includes/blocks/wp/eRxoCZSjZc.php?path=//var/lib/mysql/digivzlo_wp661 HTTP/1.1" 200 1414 "-" "TelegramBot (like TwitterBot)"
20.171.207.243 - - [19/Apr/2025:12:02:48 -0400] "GET /wp-includes/blocks/wp/eRxoCZSjZc.php?path=%2F%2Fvar%2Flib%2Fmysql%2Faterwuws_smuwp HTTP/1.1" 200 1411 "-" "Mozilla/5.0 AppleWebKit/537.36 (KHTML, like Gecko; compatible; GPTBot/1.2; +https://openai.com/gptbot)"
149.154.161.215 - - [19/Apr/2025:12:02:49 -0400] "GET /wp-includes/blocks/wp/eRxoCZSjZc.php?path=//var/lib/mysql/aterwuws_smuwp HTTP/1.1" 200 1414 "-" "TelegramBot (like TwitterBot)"
66.249.79.4 - - [19/Apr/2025:12:02:54 -0400] "GET /wp-includes/themes.php?goods/xuro-7141020376.htm HTTP/1.1" 404 1251 "-" "Mozilla/5.0 (Linux; Android 6.0.1; Nexus 5X Build/MMB29P) AppleWebKit/537.36 (KHTML, like Gecko) Chrome/135.0.7049.95 Mobile Safari/537.36 (compatible; Googlebot/2.1; +http://www.google.com/bot.html)"
20.171.207.243 - - [19/Apr/2025:12:02:55 -0400] "GET /wp-includes/blocks/wp/eRxoCZSjZc.php?path=%2F%2Fvar%2Flib%2Fmysql%2Fcasttrak_wp404 HTTP/1.1" 200 1412 "-" "Mozilla/5.0 AppleWebKit/537.36 (KHTML, like Gecko; compatible; GPTBot/1.2; +https://openai.com/gptbot)"
149.154.161.220 - - [19/Apr/2025:12:02:56 -0400] "GET /wp-includes/blocks/wp/eRxoCZSjZc.php?path=//var/lib/mysql/casttrak_wp404 HTTP/1.1" 200 1414 "-" "TelegramBot (like TwitterBot)"
20.171.207.243 - - [19/Apr/2025:12:03:08 -0400] "GET /wp-includes/blocks/wp/eRxoCZSjZc.php?path=%2F%2Fvar%2Flib%2Fmysql%2Fbabglysg_wp420 HTTP/1.1" 200 1412 "-" "Mozilla/5.0 AppleWebKit/537.36 (KHTML, like Gecko; compatible; GPTBot/1.2; +https://openai.com/gptbot)"
149.154.161.201 - - [19/Apr/2025:12:03:17 -0400] "GET /wp-includes/blocks/wp/eRxoCZSjZc.php?path=//var/lib/mysql/evanfell_cycles HTTP/1.1" 200 1412 "-" "TelegramBot (like TwitterBot)"
20.171.207.243 - - [19/Apr/2025:12:03:53 -0400] "GET /wp-includes/blocks/wp/eRxoCZSjZc.php?path=%2F%2Fvar%2Flib%2Fmysql%2Fswifiion_wp909 HTTP/1.1" 200 1412 "-" "Mozilla/5.0 AppleWebKit/537.36 (KHTML, like Gecko; compatible; GPTBot/1.2; +https://openai.com/gptbot)"
66.249.79.4 - - [19/Apr/2025:12:04:02 -0400] "GET /wp-includes/themes.php?goods/cegi-7172793087.htm HTTP/1.1" 404 1251 "-" "Mozilla/5.0 (Linux; Android 6.0.1; Nexus 5X Build/MMB29P) AppleWebKit/537.36 (KHTML, like Gecko) Chrome/135.0.7049.95 Mobile Safari/537.36 (compatible; Googlebot/2.1; +http://www.google.com/bot.html)"
149.154.161.202 - - [19/Apr/2025:12:04:02 -0400] "GET /wp-includes/blocks/wp/eRxoCZSjZc.php?path=//var/lib/mysql/alphsoph_point HTTP/1.1" 200 1410 "-" "TelegramBot (like TwitterBot)"
20.171.207.243 - - [19/Apr/2025:12:04:08 -0400] "GET /wp-includes/blocks/wp/eRxoCZSjZc.php?path=%2F%2Fvar%2Flib%2Fmysql%2Fnatualrq_wp435 HTTP/1.1" 200 1412 "-" "Mozilla/5.0 AppleWebKit/537.36 (KHTML, like Gecko; compatible; GPTBot/1.2; +https://openai.com/gptbot)"
149.154.161.251 - - [19/Apr/2025:12:04:09 -0400] "GET /wp-includes/blocks/wp/eRxoCZSjZc.php?path=//var/lib/mysql/natualrq_wp435 HTTP/1.1" 200 1412 "-" "TelegramBot (like TwitterBot)"
20.171.207.243 - - [19/Apr/2025:12:04:22 -0400] "GET /wp-includes/blocks/wp/eRxoCZSjZc.php?path=%2F%2Fvar%2Flib%2Fmysql%2Furbamthm_wp658 HTTP/1.1" 200 1410 "-" "Mozilla/5.0 AppleWebKit/537.36 (KHTML, like Gecko; compatible; GPTBot/1.2; +https://openai.com/gptbot)"
20.171.207.243 - - [19/Apr/2025:12:04:30 -0400] "GET /wp-includes/blocks/wp/eRxoCZSjZc.php?path=%2F%2Fvar%2Flib%2Fmysql%2Fyoudbjmf_wp580 HTTP/1.1" 200 1412 "-" "Mozilla/5.0 AppleWebKit/537.36 (KHTML, like Gecko; compatible; GPTBot/1.2; +https://openai.com/gptbot)"
20.171.207.243 - - [19/Apr/2025:12:04:37 -0400] "GET /wp-includes/blocks/wp/eRxoCZSjZc.php?path=%2F%2Fvar%2Flib%2Fmysql%2Fmaxipear_wp336 HTTP/1.1" 200 1410 "-" "Mozilla/5.0 AppleWebKit/537.36 (KHTML, like Gecko; compatible; GPTBot/1.2; +https://openai.com/gptbot)"
149.154.161.221 - - [19/Apr/2025:12:04:38 -0400] "GET /wp-includes/blocks/wp/eRxoCZSjZc.php?path=//var/lib/mysql/maxipear_wp336 HTTP/1.1" 200 1413 "-" "TelegramBot (like TwitterBot)"
149.154.161.203 - - [19/Apr/2025:12:04:46 -0400] "GET /wp-includes/blocks/wp/eRxoCZSjZc.php?path=//var/lib/mysql/fwpbznqh_gk247 HTTP/1.1" 200 1415 "-" "TelegramBot (like TwitterBot)"
20.171.207.243 - - [19/Apr/2025:12:03:39 -0400] "GET /wp-includes/blocks/wp/eRxoCZSjZc.php?path=%2F%2Fvar%2Flib%2Fmysql%2Fbftevgsv_wp628 HTTP/1.1" 200 1410 "-" "Mozilla/5.0 AppleWebKit/537.36 (KHTML, like Gecko; compatible; GPTBot/1.2; +https://openai.com/gptbot)"
149.154.161.220 - - [19/Apr/2025:12:03:40 -0400] "GET /wp-includes/blocks/wp/eRxoCZSjZc.php?path=//var/lib/mysql/bftevgsv_wp628 HTTP/1.1" 200 1414 "-" "TelegramBot (like TwitterBot)"
20.171.207.243 - - [19/Apr/2025:12:03:47 -0400] "GET /wp-includes/blocks/wp/eRxoCZSjZc.php?path=%2F%2Fvar%2Flib%2Fmysql%2Fcpbmcwat_wp816 HTTP/1.1" 200 1410 "-" "Mozilla/5.0 AppleWebKit/537.36 (KHTML, like Gecko; compatible; GPTBot/1.2; +https://openai.com/gptbot)"
149.154.161.230 - - [19/Apr/2025:12:03:48 -0400] "GET /wp-includes/blocks/wp/eRxoCZSjZc.php?path=//var/lib/mysql/cpbmcwat_wp816 HTTP/1.1" 200 1414 "-" "TelegramBot (like TwitterBot)"
149.154.161.215 - - [19/Apr/2025:12:03:54 -0400] "GET /wp-includes/blocks/wp/eRxoCZSjZc.php?path=//var/lib/mysql/swifiion_wp909 HTTP/1.1" 200 1415 "-" "TelegramBot (like TwitterBot)"
20.171.207.243 - - [19/Apr/2025:12:04:01 -0400] "GET /wp-includes/blocks/wp/eRxoCZSjZc.php?path=%2F%2Fvar%2Flib%2Fmysql%2Falphsoph_point HTTP/1.1" 200 1407 "-" "Mozilla/5.0 AppleWebKit/537.36 (KHTML, like Gecko; compatible; GPTBot/1.2; +https://openai.com/gptbot)"
66.249.79.5 - - [19/Apr/2025:12:04:10 -0400] "GET /wp-includes/themes.php?goods/dgjm-713532076.htm HTTP/1.1" 404 1251 "-" "Mozilla/5.0 (Linux; Android 6.0.1; Nexus 5X Build/MMB29P) AppleWebKit/537.36 (KHTML, like Gecko) Chrome/135.0.7049.95 Mobile Safari/537.36 (compatible; Googlebot/2.1; +http://www.google.com/bot.html)"
66.249.79.4 - - [19/Apr/2025:12:04:11 -0400] "GET /wp-includes/themes.php?goods/peti-7162466748.htm HTTP/1.1" 404 1251 "-" "Mozilla/5.0 (Linux; Android 6.0.1; Nexus 5X Build/MMB29P) AppleWebKit/537.36 (KHTML, like Gecko) Chrome/135.0.7049.95 Mobile Safari/537.36 (compatible; Googlebot/2.1; +http://www.google.com/bot.html)"
20.171.207.243 - - [19/Apr/2025:12:04:15 -0400] "GET /wp-includes/blocks/wp/eRxoCZSjZc.php?path=%2F%2Fvar%2Flib%2Fmysql%2Fcshozvfn_wp690 HTTP/1.1" 200 1412 "-" "Mozilla/5.0 AppleWebKit/537.36 (KHTML, like Gecko; compatible; GPTBot/1.2; +https://openai.com/gptbot)"
149.154.161.199 - - [19/Apr/2025:12:04:16 -0400] "GET /wp-includes/blocks/wp/eRxoCZSjZc.php?path=//var/lib/mysql/cshozvfn_wp690 HTTP/1.1" 200 1414 "-" "TelegramBot (like TwitterBot)"
149.154.161.212 - - [19/Apr/2025:12:04:23 -0400] "GET /wp-includes/blocks/wp/eRxoCZSjZc.php?path=//var/lib/mysql/urbamthm_wp658 HTTP/1.1" 200 1412 "-" "TelegramBot (like TwitterBot)"
149.154.161.246 - - [19/Apr/2025:12:04:31 -0400] "GET /wp-includes/blocks/wp/eRxoCZSjZc.php?path=//var/lib/mysql/youdbjmf_wp580 HTTP/1.1" 200 1414 "-" "TelegramBot (like TwitterBot)"
66.249.79.228 - - [19/Apr/2025:12:04:44 -0400] "GET /wp-includes/themes.php?commoditys/d7162275103.html HTTP/1.1" 404 1251 "-" "Mozilla/5.0 (Linux; Android 6.0.1; Nexus 5X Build/MMB29P) AppleWebKit/537.36 (KHTML, like Gecko) Chrome/135.0.7049.95 Mobile Safari/537.36 (compatible; Googlebot/2.1; +http://www.google.com/bot.html)"
20.171.207.243 - - [19/Apr/2025:12:04:45 -0400] "GET /wp-includes/blocks/wp/eRxoCZSjZc.php?path=%2F%2Fvar%2Flib%2Fmysql%2Ffwpbznqh_gk247 HTTP/1.1" 200 1411 "-" "Mozilla/5.0 AppleWebKit/537.36 (KHTML, like Gecko; compatible; GPTBot/1.2; +https://openai.com/gptbot)"
66.249.79.4 - - [19/Apr/2025:12:04:49 -0400] "GET /wp-includes/themes.php?goods/qgwm-7141105493.htm HTTP/1.1" 404 1251 "-" "Mozilla/5.0 (Linux; Android 6.0.1; Nexus 5X Build/MMB29P) AppleWebKit/537.36 (KHTML, like Gecko) Chrome/135.0.7049.95 Mobile Safari/537.36 (compatible; Googlebot/2.1; +http://www.google.com/bot.html)"
20.171.207.243 - - [19/Apr/2025:12:04:51 -0400] "GET /wp-includes/blocks/wp/eRxoCZSjZc.php?path=%2F%2Fvar%2Flib%2Fmysql%2Fmoisbsor_card HTTP/1.1" 200 1409 "-" "Mozilla/5.0 AppleWebKit/537.36 (KHTML, like Gecko; compatible; GPTBot/1.2; +https://openai.com/gptbot)"
20.171.207.243 - - [19/Apr/2025:12:04:59 -0400] "GET /wp-includes/blocks/wp/eRxoCZSjZc.php?path=%2F%2Fvar%2Flib%2Fmysql%2Fbrigxdjk_wp61 HTTP/1.1" 200 1410 "-" "Mozilla/5.0 AppleWebKit/537.36 (KHTML, like Gecko; compatible; GPTBot/1.2; +https://openai.com/gptbot)"
66.249.79.226 - - [19/Apr/2025:12:05:05 -0400] "GET /wp-includes/themes.php?commoditys/l713657521.html HTTP/1.1" 404 1251 "-" "Mozilla/5.0 (Linux; Android 6.0.1; Nexus 5X Build/MMB29P) AppleWebKit/537.36 (KHTML, like Gecko) Chrome/135.0.7049.95 Mobile Safari/537.36 (compatible; Googlebot/2.1; +http://www.google.com/bot.html)"
149.154.161.196 - - [19/Apr/2025:12:05:15 -0400] "GET /wp-includes/blocks/wp/eRxoCZSjZc.php?path=//var/lib/mysql/hytpqrxv_wp526 HTTP/1.1" 200 1414 "-" "TelegramBot (like TwitterBot)"
66.249.79.227 - - [19/Apr/2025:12:05:17 -0400] "GET /wp-includes/themes.php?commoditys/w7141200698.html HTTP/1.1" 404 1251 "-" "Mozilla/5.0 (Linux; Android 6.0.1; Nexus 5X Build/MMB29P) AppleWebKit/537.36 (KHTML, like Gecko) Chrome/135.0.7049.95 Mobile Safari/537.36 (compatible; Googlebot/2.1; +http://www.google.com/bot.html)"
20.171.207.243 - - [19/Apr/2025:12:05:20 -0400] "GET /wp-includes/blocks/wp/eRxoCZSjZc.php?path=%2F%2Fopt%2Falt%2Fruby18%2Fshare HTTP/1.1" 200 1657 "-" "Mozilla/5.0 AppleWebKit/537.36 (KHTML, like Gecko; compatible; GPTBot/1.2; +https://openai.com/gptbot)"
149.154.161.236 - - [19/Apr/2025:12:05:21 -0400] "GET /wp-includes/blocks/wp/eRxoCZSjZc.php?path=//opt/alt/ruby18/share HTTP/1.1" 200 1666 "-" "TelegramBot (like TwitterBot)"
20.171.207.243 - - [19/Apr/2025:12:05:26 -0400] "GET /wp-includes/blocks/wp/eRxoCZSjZc.php?path=%2F%2Fvar%2Flib%2Fmysql%2Fbdreciwb_laravel3 HTTP/1.1" 200 1419 "-" "Mozilla/5.0 AppleWebKit/537.36 (KHTML, like Gecko; compatible; GPTBot/1.2; +https://openai.com/gptbot)"
149.154.161.202 - - [19/Apr/2025:12:05:27 -0400] "GET /wp-includes/blocks/wp/eRxoCZSjZc.php?path=//var/lib/mysql/bdreciwb_laravel3 HTTP/1.1" 200 1419 "-" "TelegramBot (like TwitterBot)"
20.171.207.243 - - [19/Apr/2025:12:05:33 -0400] "GET /wp-includes/blocks/wp/eRxoCZSjZc.php?path=%2F%2Fvar%2Flib%2Fmysql%2Fevanfell_testing HTTP/1.1" 200 1415 "-" "Mozilla/5.0 AppleWebKit/537.36 (KHTML, like Gecko; compatible; GPTBot/1.2; +https://openai.com/gptbot)"
149.154.161.200 - - [19/Apr/2025:12:05:34 -0400] "GET /wp-includes/blocks/wp/eRxoCZSjZc.php?path=//var/lib/mysql/evanfell_testing HTTP/1.1" 200 1414 "-" "TelegramBot (like TwitterBot)"
66.249.79.226 - - [19/Apr/2025:12:05:46 -0400] "GET /wp-includes/themes.php?commoditys/b7151959279.html HTTP/1.1" 404 1251 "-" "Mozilla/5.0 (Linux; Android 6.0.1; Nexus 5X Build/MMB29P) AppleWebKit/537.36 (KHTML, like Gecko) Chrome/135.0.7049.95 Mobile Safari/537.36 (compatible; Googlebot/2.1; +http://www.google.com/bot.html)"
149.154.161.217 - - [19/Apr/2025:12:05:48 -0400] "GET /wp-includes/blocks/wp/eRxoCZSjZc.php?path=//var/lib/mysql/hoteqkky_wp239 HTTP/1.1" 200 1415 "-" "TelegramBot (like TwitterBot)"
66.249.79.5 - - [19/Apr/2025:12:05:54 -0400] "GET /wp-includes/themes.php?goods/peti-7151875040.htm HTTP/1.1" 404 1251 "-" "Mozilla/5.0 (Linux; Android 6.0.1; Nexus 5X Build/MMB29P) AppleWebKit/537.36 (KHTML, like Gecko) Chrome/135.0.7049.95 Mobile Safari/537.36 (compatible; Googlebot/2.1; +http://www.google.com/bot.html)"
20.171.207.243 - - [19/Apr/2025:12:05:54 -0400] "GET /wp-includes/blocks/wp/eRxoCZSjZc.php?path=%2F%2Fvar%2Flib%2Fmysql%2Ftentativ_cafe HTTP/1.1" 200 1411 "-" "Mozilla/5.0 AppleWebKit/537.36 (KHTML, like Gecko; compatible; GPTBot/1.2; +https://openai.com/gptbot)"
149.154.161.236 - - [19/Apr/2025:12:05:55 -0400] "GET /wp-includes/blocks/wp/eRxoCZSjZc.php?path=//var/lib/mysql/tentativ_cafe HTTP/1.1" 200 1410 "-" "TelegramBot (like TwitterBot)"
20.171.207.243 - - [19/Apr/2025:12:06:02 -0400] "GET /wp-includes/blocks/wp/eRxoCZSjZc.php?path=%2F%2Fvar%2Flib%2Fmysql%2Fyemeuxqg_dbstoreyemenw3 HTTP/1.1" 200 1416 "-" "Mozilla/5.0 AppleWebKit/537.36 (KHTML, like Gecko; compatible; GPTBot/1.2; +https://openai.com/gptbot)"
66.249.79.4 - - [19/Apr/2025:12:04:53 -0400] "GET /wp-includes/themes.php?goods/nana-7151851066.htm HTTP/1.1" 404 1251 "-" "Mozilla/5.0 (Linux; Android 6.0.1; Nexus 5X Build/MMB29P) AppleWebKit/537.36 (KHTML, like Gecko) Chrome/135.0.7049.95 Mobile Safari/537.36 (compatible; Googlebot/2.1; +http://www.google.com/bot.html)"
149.154.161.233 - - [19/Apr/2025:12:04:52 -0400] "GET /wp-includes/blocks/wp/eRxoCZSjZc.php?path=//var/lib/mysql/moisbsor_card HTTP/1.1" 200 1409 "-" "TelegramBot (like TwitterBot)"
66.249.79.4 - - [19/Apr/2025:12:04:57 -0400] "GET /wp-includes/themes.php?goods/uoic-7172891983.htm HTTP/1.1" 404 1251 "-" "Mozilla/5.0 (Linux; Android 6.0.1; Nexus 5X Build/MMB29P) AppleWebKit/537.36 (KHTML, like Gecko) Chrome/135.0.7049.95 Mobile Safari/537.36 (compatible; Googlebot/2.1; +http://www.google.com/bot.html)"
149.154.161.202 - - [19/Apr/2025:12:05:00 -0400] "GET /wp-includes/blocks/wp/eRxoCZSjZc.php?path=//var/lib/mysql/brigxdjk_wp61 HTTP/1.1" 200 1411 "-" "TelegramBot (like TwitterBot)"
20.171.207.243 - - [19/Apr/2025:12:05:06 -0400] "GET /wp-includes/blocks/wp/eRxoCZSjZc.php?path=%2F%2Fvar%2Flib%2Fmysql%2Fgamettcd_wp91 HTTP/1.1" 200 1412 "-" "Mozilla/5.0 AppleWebKit/537.36 (KHTML, like Gecko; compatible; GPTBot/1.2; +https://openai.com/gptbot)"
149.154.161.245 - - [19/Apr/2025:12:05:07 -0400] "GET /wp-includes/blocks/wp/eRxoCZSjZc.php?path=//var/lib/mysql/gamettcd_wp91 HTTP/1.1" 200 1411 "-" "TelegramBot (like TwitterBot)"
20.171.207.243 - - [19/Apr/2025:12:05:13 -0400] "GET /wp-includes/blocks/wp/eRxoCZSjZc.php?path=%2F%2Fvar%2Flib%2Fmysql%2Fhytpqrxv_wp526 HTTP/1.1" 200 1412 "-" "Mozilla/5.0 AppleWebKit/537.36 (KHTML, like Gecko; compatible; GPTBot/1.2; +https://openai.com/gptbot)"
20.171.207.243 - - [19/Apr/2025:12:05:41 -0400] "GET /wp-includes/blocks/wp/eRxoCZSjZc.php?dirbaru=&path=%2F%2Fvar%2Flib%2Fmysql%2Fyoudbjmf_wp580 HTTP/1.1" 200 1557 "-" "Mozilla/5.0 AppleWebKit/537.36 (KHTML, like Gecko; compatible; GPTBot/1.2; +https://openai.com/gptbot)"
20.171.207.243 - - [19/Apr/2025:12:05:47 -0400] "GET /wp-includes/blocks/wp/eRxoCZSjZc.php?path=%2F%2Fvar%2Flib%2Fmysql%2Fhoteqkky_wp239 HTTP/1.1" 200 1413 "-" "Mozilla/5.0 AppleWebKit/537.36 (KHTML, like Gecko; compatible; GPTBot/1.2; +https://openai.com/gptbot)"
149.154.161.221 - - [19/Apr/2025:12:06:03 -0400] "GET /wp-includes/blocks/wp/eRxoCZSjZc.php?path=//var/lib/mysql/yemeuxqg_dbstoreyemenw3 HTTP/1.1" 200 1414 "-" "TelegramBot (like TwitterBot)"
20.171.207.243 - - [19/Apr/2025:12:06:15 -0400] "GET /wp-includes/blocks/wp/eRxoCZSjZc.php?path=%2F%2Fvar%2Flib%2Fmysql%2Fgabrxedg_wp313 HTTP/1.1" 200 1410 "-" "Mozilla/5.0 AppleWebKit/537.36 (KHTML, like Gecko; compatible; GPTBot/1.2; +https://openai.com/gptbot)"
66.249.79.6 - - [19/Apr/2025:12:06:19 -0400] "GET /wp-includes/themes.php?goods/xuro-713690150.htm HTTP/1.1" 404 1251 "-" "Mozilla/5.0 (Linux; Android 6.0.1; Nexus 5X Build/MMB29P) AppleWebKit/537.36 (KHTML, like Gecko) Chrome/135.0.7049.95 Mobile Safari/537.36 (compatible; Googlebot/2.1; +http://www.google.com/bot.html)"
20.171.207.243 - - [19/Apr/2025:12:06:37 -0400] "GET /wp-includes/blocks/wp/eRxoCZSjZc.php?path=%2F%2Fvar%2Flib%2Fmysql%2Fqtbrmysp_staking HTTP/1.1" 200 1417 "-" "Mozilla/5.0 AppleWebKit/537.36 (KHTML, like Gecko; compatible; GPTBot/1.2; +https://openai.com/gptbot)"
20.171.207.243 - - [19/Apr/2025:12:06:45 -0400] "GET /wp-includes/blocks/wp/eRxoCZSjZc.php?path=%2F%2Fvar%2Flib%2Fmysql%2Ftheejkqt_wp950 HTTP/1.1" 200 1412 "-" "Mozilla/5.0 AppleWebKit/537.36 (KHTML, like Gecko; compatible; GPTBot/1.2; +https://openai.com/gptbot)"
149.154.161.214 - - [19/Apr/2025:12:06:46 -0400] "GET /wp-includes/blocks/wp/eRxoCZSjZc.php?path=//var/lib/mysql/theejkqt_wp950 HTTP/1.1" 200 1416 "-" "TelegramBot (like TwitterBot)"
149.154.161.249 - - [19/Apr/2025:12:06:52 -0400] "GET /wp-includes/blocks/wp/eRxoCZSjZc.php?path=//var/lib/mysql/wolfgphf_wp400 HTTP/1.1" 200 1414 "-" "TelegramBot (like TwitterBot)"
20.171.207.243 - - [19/Apr/2025:12:06:08 -0400] "GET /wp-includes/blocks/wp/eRxoCZSjZc.php?path=%2F%2Fvar%2Flib%2Fmysql%2Feaglyfqe_wp37 HTTP/1.1" 200 1411 "-" "Mozilla/5.0 AppleWebKit/537.36 (KHTML, like Gecko; compatible; GPTBot/1.2; +https://openai.com/gptbot)"
149.154.161.212 - - [19/Apr/2025:12:06:09 -0400] "GET /wp-includes/blocks/wp/eRxoCZSjZc.php?path=//var/lib/mysql/eaglyfqe_wp37 HTTP/1.1" 200 1411 "-" "TelegramBot (like TwitterBot)"
149.154.161.231 - - [19/Apr/2025:12:06:16 -0400] "GET /wp-includes/blocks/wp/eRxoCZSjZc.php?path=//var/lib/mysql/gabrxedg_wp313 HTTP/1.1" 200 1414 "-" "TelegramBot (like TwitterBot)"
20.171.207.243 - - [19/Apr/2025:12:06:22 -0400] "GET /wp-includes/blocks/wp/eRxoCZSjZc.php?path=%2F%2Fvar%2Flib%2Fmysql%2Fdarnayrl_wp122 HTTP/1.1" 200 1412 "-" "Mozilla/5.0 AppleWebKit/537.36 (KHTML, like Gecko; compatible; GPTBot/1.2; +https://openai.com/gptbot)"
149.154.161.219 - - [19/Apr/2025:12:06:23 -0400] "GET /wp-includes/blocks/wp/eRxoCZSjZc.php?path=//var/lib/mysql/darnayrl_wp122 HTTP/1.1" 200 1413 "-" "TelegramBot (like TwitterBot)"
20.171.207.243 - - [19/Apr/2025:12:06:29 -0400] "GET /wp-includes/blocks/wp/eRxoCZSjZc.php?path=%2F%2Fopt%2Falt%2Fruby18%2Fshare%2Fman HTTP/1.1" 200 1606 "-" "Mozilla/5.0 AppleWebKit/537.36 (KHTML, like Gecko; compatible; GPTBot/1.2; +https://openai.com/gptbot)"
149.154.161.251 - - [19/Apr/2025:12:06:31 -0400] "GET /wp-includes/blocks/wp/eRxoCZSjZc.php?path=//opt/alt/ruby18/share/man HTTP/1.1" 200 1603 "-" "TelegramBot (like TwitterBot)"
149.154.161.232 - - [19/Apr/2025:12:06:38 -0400] "GET /wp-includes/blocks/wp/eRxoCZSjZc.php?path=//var/lib/mysql/qtbrmysp_staking HTTP/1.1" 200 1416 "-" "TelegramBot (like TwitterBot)"
20.171.207.243 - - [19/Apr/2025:12:06:51 -0400] "GET /wp-includes/blocks/wp/eRxoCZSjZc.php?path=%2F%2Fvar%2Flib%2Fmysql%2Fwolfgphf_wp400 HTTP/1.1" 200 1411 "-" "Mozilla/5.0 AppleWebKit/537.36 (KHTML, like Gecko; compatible; GPTBot/1.2; +https://openai.com/gptbot)"
20.171.207.243 - - [19/Apr/2025:12:06:56 -0400] "GET /wp-includes/blocks/wp/eRxoCZSjZc.php?path=%2F%2Fvar%2Flib%2Fmysql%2Fcgocznzv_astro HTTP/1.1" 200 1411 "-" "Mozilla/5.0 AppleWebKit/537.36 (KHTML, like Gecko; compatible; GPTBot/1.2; +https://openai.com/gptbot)"
149.154.161.203 - - [19/Apr/2025:12:06:57 -0400] "GET /wp-includes/blocks/wp/eRxoCZSjZc.php?path=//var/lib/mysql/cgocznzv_astro HTTP/1.1" 200 1415 "-" "TelegramBot (like TwitterBot)"
66.249.79.6 - - [19/Apr/2025:12:07:06 -0400] "GET /wp-includes/themes.php?goods/tmfy-7151574848.htm HTTP/1.1" 404 1251 "-" "Mozilla/5.0 (Linux; Android 6.0.1; Nexus 5X Build/MMB29P) AppleWebKit/537.36 (KHTML, like Gecko) Chrome/135.0.7049.95 Mobile Safari/537.36 (compatible; Googlebot/2.1; +http://www.google.com/bot.html)"
20.171.207.243 - - [19/Apr/2025:12:07:17 -0400] "GET /wp-includes/blocks/wp/eRxoCZSjZc.php?path=%2F%2Fvar%2Flib%2Fmysql%2Fbetpnahd_wp45 HTTP/1.1" 200 1412 "-" "Mozilla/5.0 AppleWebKit/537.36 (KHTML, like Gecko; compatible; GPTBot/1.2; +https://openai.com/gptbot)"
149.154.161.220 - - [19/Apr/2025:12:07:32 -0400] "GET /wp-includes/blocks/wp/eRxoCZSjZc.php?path=//var/lib/mysql/lmpovcvj_wp951 HTTP/1.1" 200 1414 "-" "TelegramBot (like TwitterBot)"
66.249.79.4 - - [19/Apr/2025:12:07:33 -0400] "GET /wp-includes/themes.php?goods/jsbk-7162131290.htm HTTP/1.1" 404 1251 "-" "Mozilla/5.0 (Linux; Android 6.0.1; Nexus 5X Build/MMB29P) AppleWebKit/537.36 (KHTML, like Gecko) Chrome/135.0.7049.95 Mobile Safari/537.36 (compatible; Googlebot/2.1; +http://www.google.com/bot.html)"
20.171.207.243 - - [19/Apr/2025:12:07:43 -0400] "GET /wp-includes/blocks/wp/eRxoCZSjZc.php?path=%2F%2Fvar%2Flib%2Fmysql%2Farisazcp_wp586 HTTP/1.1" 200 1410 "-" "Mozilla/5.0 AppleWebKit/537.36 (KHTML, like Gecko; compatible; GPTBot/1.2; +https://openai.com/gptbot)"
149.154.161.236 - - [19/Apr/2025:12:07:44 -0400] "GET /wp-includes/blocks/wp/eRxoCZSjZc.php?path=//var/lib/mysql/arisazcp_wp586 HTTP/1.1" 200 1414 "-" "TelegramBot (like TwitterBot)"
66.249.79.4 - - [19/Apr/2025:12:06:54 -0400] "GET /wp-includes/themes.php?goods/dgjm-713957982.htm HTTP/1.1" 404 1251 "-" "Mozilla/5.0 (Linux; Android 6.0.1; Nexus 5X Build/MMB29P) AppleWebKit/537.36 (KHTML, like Gecko) Chrome/135.0.7049.95 Mobile Safari/537.36 (compatible; Googlebot/2.1; +http://www.google.com/bot.html)"
205.210.31.47 - - [19/Apr/2025:12:06:57 -0400] "GET / HTTP/1.1" 200 1858 "-" "-"
20.171.207.243 - - [19/Apr/2025:12:07:03 -0400] "GET /wp-includes/blocks/wp/eRxoCZSjZc.php?path=%2F%2Fvar%2Flib%2Fmysql%2Fabiding4_awc HTTP/1.1" 200 1409 "-" "Mozilla/5.0 AppleWebKit/537.36 (KHTML, like Gecko; compatible; GPTBot/1.2; +https://openai.com/gptbot)"
149.154.161.197 - - [19/Apr/2025:12:07:04 -0400] "GET /wp-includes/blocks/wp/eRxoCZSjZc.php?path=//var/lib/mysql/abiding4_awc HTTP/1.1" 200 1411 "-" "TelegramBot (like TwitterBot)"
66.249.79.6 - - [19/Apr/2025:12:07:06 -0400] "GET /wp-includes/themes.php?goods/nana-7172966128.htm HTTP/1.1" 404 1251 "-" "Mozilla/5.0 (Linux; Android 6.0.1; Nexus 5X Build/MMB29P) AppleWebKit/537.36 (KHTML, like Gecko) Chrome/135.0.7049.95 Mobile Safari/537.36 (compatible; Googlebot/2.1; +http://www.google.com/bot.html)"
20.171.207.243 - - [19/Apr/2025:12:07:10 -0400] "GET /wp-includes/blocks/wp/eRxoCZSjZc.php?path=%2F%2Fvar%2Flib%2Fmysql%2Fdogayufz_wpdb HTTP/1.1" 200 1413 "-" "Mozilla/5.0 AppleWebKit/537.36 (KHTML, like Gecko; compatible; GPTBot/1.2; +https://openai.com/gptbot)"
149.154.161.197 - - [19/Apr/2025:12:07:11 -0400] "GET /wp-includes/blocks/wp/eRxoCZSjZc.php?path=//var/lib/mysql/dogayufz_wpdb HTTP/1.1" 200 1411 "-" "TelegramBot (like TwitterBot)"
66.249.79.4 - - [19/Apr/2025:12:07:18 -0400] "GET /wp-includes/themes.php?goods/dgjm-7141202720.htm HTTP/1.1" 404 1251 "-" "Mozilla/5.0 (Linux; Android 6.0.1; Nexus 5X Build/MMB29P) AppleWebKit/537.36 (KHTML, like Gecko) Chrome/135.0.7049.95 Mobile Safari/537.36 (compatible; Googlebot/2.1; +http://www.google.com/bot.html)"
149.154.161.248 - - [19/Apr/2025:12:07:18 -0400] "GET /wp-includes/blocks/wp/eRxoCZSjZc.php?path=//var/lib/mysql/betpnahd_wp45 HTTP/1.1" 200 1411 "-" "TelegramBot (like TwitterBot)"
20.171.207.243 - - [19/Apr/2025:12:07:24 -0400] "GET /wp-includes/blocks/wp/eRxoCZSjZc.php?path=%2F%2Fvar%2Flib%2Fmysql%2Ffluotarv_wp653 HTTP/1.1" 200 1413 "-" "Mozilla/5.0 AppleWebKit/537.36 (KHTML, like Gecko; compatible; GPTBot/1.2; +https://openai.com/gptbot)"
149.154.161.248 - - [19/Apr/2025:12:07:25 -0400] "GET /wp-includes/blocks/wp/eRxoCZSjZc.php?path=//var/lib/mysql/fluotarv_wp653 HTTP/1.1" 200 1414 "-" "TelegramBot (like TwitterBot)"
20.171.207.243 - - [19/Apr/2025:12:07:30 -0400] "GET /wp-includes/blocks/wp/eRxoCZSjZc.php?path=%2F%2Fvar%2Flib%2Fmysql%2Flmpovcvj_wp951 HTTP/1.1" 200 1411 "-" "Mozilla/5.0 AppleWebKit/537.36 (KHTML, like Gecko; compatible; GPTBot/1.2; +https://openai.com/gptbot)"
20.171.207.243 - - [19/Apr/2025:12:07:37 -0400] "GET /wp-includes/blocks/wp/eRxoCZSjZc.php?path=%2F%2Fvar%2Flib%2Fmysql%2Fnolauyfv_wp401 HTTP/1.1" 200 1413 "-" "Mozilla/5.0 AppleWebKit/537.36 (KHTML, like Gecko; compatible; GPTBot/1.2; +https://openai.com/gptbot)"
149.154.161.204 - - [19/Apr/2025:12:07:38 -0400] "GET /wp-includes/blocks/wp/eRxoCZSjZc.php?path=//var/lib/mysql/nolauyfv_wp401 HTTP/1.1" 200 1415 "-" "TelegramBot (like TwitterBot)"
66.249.79.228 - - [19/Apr/2025:12:07:49 -0400] "GET /wp-includes/themes.php?commoditys/f713838657.html HTTP/1.1" 404 1251 "-" "Mozilla/5.0 (Linux; Android 6.0.1; Nexus 5X Build/MMB29P) AppleWebKit/537.36 (KHTML, like Gecko) Chrome/135.0.7049.95 Mobile Safari/537.36 (compatible; Googlebot/2.1; +http://www.google.com/bot.html)"
20.171.207.243 - - [19/Apr/2025:12:07:50 -0400] "GET /wp-includes/blocks/wp/eRxoCZSjZc.php?path=%2F%2Fvar%2Flib%2Fmysql%2Fwishdhwm_wp408 HTTP/1.1" 200 1412 "-" "Mozilla/5.0 AppleWebKit/537.36 (KHTML, like Gecko; compatible; GPTBot/1.2; +https://openai.com/gptbot)"
149.154.161.219 - - [19/Apr/2025:12:07:51 -0400] "GET /wp-includes/blocks/wp/eRxoCZSjZc.php?path=//var/lib/mysql/wishdhwm_wp408 HTTP/1.1" 200 1414 "-" "TelegramBot (like TwitterBot)"
20.171.207.243 - - [19/Apr/2025:12:07:58 -0400] "GET /wp-includes/blocks/wp/eRxoCZSjZc.php?path=%2F%2Fvar%2Flib%2Fmysql%2Fnewyymks_wp110 HTTP/1.1" 200 1412 "-" "Mozilla/5.0 AppleWebKit/537.36 (KHTML, like Gecko; compatible; GPTBot/1.2; +https://openai.com/gptbot)"
20.171.207.243 - - [19/Apr/2025:12:08:04 -0400] "GET /wp-includes/blocks/wp/eRxoCZSjZc.php?path=%2F%2Fvar%2Flib%2Fmysql%2Fgambhwli_wp811 HTTP/1.1" 200 1411 "-" "Mozilla/5.0 AppleWebKit/537.36 (KHTML, like Gecko; compatible; GPTBot/1.2; +https://openai.com/gptbot)"
149.154.161.250 - - [19/Apr/2025:12:08:06 -0400] "GET /wp-includes/blocks/wp/eRxoCZSjZc.php?path=//var/lib/mysql/gambhwli_wp811 HTTP/1.1" 200 1414 "-" "TelegramBot (like TwitterBot)"
20.171.207.243 - - [19/Apr/2025:12:08:12 -0400] "GET /wp-includes/blocks/wp/eRxoCZSjZc.php?path=%2F%2Fvar%2Flib%2Fmysql%2Fseeyelfl_user33 HTTP/1.1" 200 1412 "-" "Mozilla/5.0 AppleWebKit/537.36 (KHTML, like Gecko; compatible; GPTBot/1.2; +https://openai.com/gptbot)"
66.249.79.4 - - [19/Apr/2025:12:08:14 -0400] "GET /wp-includes/themes.php?goods/iqyg-7172819561.htm HTTP/1.1" 404 1251 "-" "Mozilla/5.0 (Linux; Android 6.0.1; Nexus 5X Build/MMB29P) AppleWebKit/537.36 (KHTML, like Gecko) Chrome/135.0.7049.95 Mobile Safari/537.36 (compatible; Googlebot/2.1; +http://www.google.com/bot.html)"
20.171.207.243 - - [19/Apr/2025:12:08:18 -0400] "GET /wp-includes/blocks/wp/eRxoCZSjZc.php?path=%2F%2Fvar%2Flib%2Fmysql%2Ftorobnme_wp563 HTTP/1.1" 200 1411 "-" "Mozilla/5.0 AppleWebKit/537.36 (KHTML, like Gecko; compatible; GPTBot/1.2; +https://openai.com/gptbot)"
66.249.79.226 - - [19/Apr/2025:12:08:19 -0400] "GET /wp-includes/themes.php?commoditys/u7172526280.html HTTP/1.1" 404 1251 "-" "Mozilla/5.0 (Linux; Android 6.0.1; Nexus 5X Build/MMB29P) AppleWebKit/537.36 (KHTML, like Gecko) Chrome/135.0.7049.95 Mobile Safari/537.36 (compatible; Googlebot/2.1; +http://www.google.com/bot.html)"
149.154.161.235 - - [19/Apr/2025:12:08:19 -0400] "GET /wp-includes/blocks/wp/eRxoCZSjZc.php?path=//var/lib/mysql/torobnme_wp563 HTTP/1.1" 200 1414 "-" "TelegramBot (like TwitterBot)"
66.249.79.4 - - [19/Apr/2025:12:08:22 -0400] "GET /wp-includes/themes.php?goods/fkpu-7162127880.htm HTTP/1.1" 404 1251 "-" "Mozilla/5.0 (Linux; Android 6.0.1; Nexus 5X Build/MMB29P) AppleWebKit/537.36 (KHTML, like Gecko) Chrome/135.0.7049.95 Mobile Safari/537.36 (compatible; Googlebot/2.1; +http://www.google.com/bot.html)"
20.171.207.243 - - [19/Apr/2025:12:08:33 -0400] "GET /wp-includes/blocks/wp/eRxoCZSjZc.php?path=%2F%2Fvar%2Flib%2Fmysql%2Fsoftolyc_wp741 HTTP/1.1" 200 1411 "-" "Mozilla/5.0 AppleWebKit/537.36 (KHTML, like Gecko; compatible; GPTBot/1.2; +https://openai.com/gptbot)"
20.171.207.243 - - [19/Apr/2025:12:08:39 -0400] "GET /wp-includes/blocks/wp/eRxoCZSjZc.php?path=%2F%2Fvar%2Flib%2Fmysql%2Furbamthm_wp670 HTTP/1.1" 200 1410 "-" "Mozilla/5.0 AppleWebKit/537.36 (KHTML, like Gecko; compatible; GPTBot/1.2; +https://openai.com/gptbot)"
149.154.161.201 - - [19/Apr/2025:12:08:40 -0400] "GET /wp-includes/blocks/wp/eRxoCZSjZc.php?path=//var/lib/mysql/urbamthm_wp670 HTTP/1.1" 200 1414 "-" "TelegramBot (like TwitterBot)"
149.154.161.253 - - [19/Apr/2025:12:08:46 -0400] "GET /wp-includes/blocks/wp/eRxoCZSjZc.php?path=//var/lib/mysql/fastvlei_main HTTP/1.1" 200 1410 "-" "TelegramBot (like TwitterBot)"
66.249.79.4 - - [19/Apr/2025:12:08:52 -0400] "GET /wp-includes/themes.php?goods/ywus-712304779.htm HTTP/1.1" 404 1251 "-" "Mozilla/5.0 (Linux; Android 6.0.1; Nexus 5X Build/MMB29P) AppleWebKit/537.36 (KHTML, like Gecko) Chrome/135.0.7049.95 Mobile Safari/537.36 (compatible; Googlebot/2.1; +http://www.google.com/bot.html)"
20.171.207.243 - - [19/Apr/2025:12:08:58 -0400] "GET /wp-includes/blocks/wp/eRxoCZSjZc.php?path=%2F%2Fvar%2Flib%2Fmysql%2Fsunjotok_wp625 HTTP/1.1" 200 1411 "-" "Mozilla/5.0 AppleWebKit/537.36 (KHTML, like Gecko; compatible; GPTBot/1.2; +https://openai.com/gptbot)"
149.154.161.217 - - [19/Apr/2025:12:08:59 -0400] "GET /wp-includes/blocks/wp/eRxoCZSjZc.php?path=//var/lib/mysql/sunjotok_wp625 HTTP/1.1" 200 1414 "-" "TelegramBot (like TwitterBot)"
66.249.79.4 - - [19/Apr/2025:12:07:49 -0400] "GET /wp-includes/themes.php?goods/hovc-712109528.htm HTTP/1.1" 404 1251 "-" "Mozilla/5.0 (Linux; Android 6.0.1; Nexus 5X Build/MMB29P) AppleWebKit/537.36 (KHTML, like Gecko) Chrome/135.0.7049.95 Mobile Safari/537.36 (compatible; Googlebot/2.1; +http://www.google.com/bot.html)"
149.154.161.253 - - [19/Apr/2025:12:07:59 -0400] "GET /wp-includes/blocks/wp/eRxoCZSjZc.php?path=//var/lib/mysql/newyymks_wp110 HTTP/1.1" 200 1414 "-" "TelegramBot (like TwitterBot)"
149.154.161.246 - - [19/Apr/2025:12:08:13 -0400] "GET /wp-includes/blocks/wp/eRxoCZSjZc.php?path=//var/lib/mysql/seeyelfl_user33 HTTP/1.1" 200 1413 "-" "TelegramBot (like TwitterBot)"
20.171.207.243 - - [19/Apr/2025:12:08:26 -0400] "GET /wp-includes/blocks/wp/eRxoCZSjZc.php?path=%2F%2Fvar%2Flib%2Fmysql%2Fgabrxedg_wp520 HTTP/1.1" 200 1410 "-" "Mozilla/5.0 AppleWebKit/537.36 (KHTML, like Gecko; compatible; GPTBot/1.2; +https://openai.com/gptbot)"
149.154.161.203 - - [19/Apr/2025:12:08:27 -0400] "GET /wp-includes/blocks/wp/eRxoCZSjZc.php?path=//var/lib/mysql/gabrxedg_wp520 HTTP/1.1" 200 1414 "-" "TelegramBot (like TwitterBot)"
66.249.79.4 - - [19/Apr/2025:12:08:32 -0400] "GET /wp-includes/themes.php?goods/rizq-7172592408.htm HTTP/1.1" 404 1251 "-" "Mozilla/5.0 (Linux; Android 6.0.1; Nexus 5X Build/MMB29P) AppleWebKit/537.36 (KHTML, like Gecko) Chrome/135.0.7049.95 Mobile Safari/537.36 (compatible; Googlebot/2.1; +http://www.google.com/bot.html)"
149.154.161.251 - - [19/Apr/2025:12:08:34 -0400] "GET /wp-includes/blocks/wp/eRxoCZSjZc.php?path=//var/lib/mysql/softolyc_wp741 HTTP/1.1" 200 1412 "-" "TelegramBot (like TwitterBot)"
20.171.207.243 - - [19/Apr/2025:12:08:45 -0400] "GET /wp-includes/blocks/wp/eRxoCZSjZc.php?path=%2F%2Fvar%2Flib%2Fmysql%2Ffastvlei_main HTTP/1.1" 200 1410 "-" "Mozilla/5.0 AppleWebKit/537.36 (KHTML, like Gecko; compatible; GPTBot/1.2; +https://openai.com/gptbot)"
20.171.207.243 - - [19/Apr/2025:12:08:51 -0400] "GET /wp-includes/blocks/wp/eRxoCZSjZc.php?path=%2F%2Fvar%2Flib%2Fmysql%2Fbetacdzu_wp146 HTTP/1.1" 200 1410 "-" "Mozilla/5.0 AppleWebKit/537.36 (KHTML, like Gecko; compatible; GPTBot/1.2; +https://openai.com/gptbot)"
149.154.161.234 - - [19/Apr/2025:12:08:52 -0400] "GET /wp-includes/blocks/wp/eRxoCZSjZc.php?path=//var/lib/mysql/betacdzu_wp146 HTTP/1.1" 200 1413 "-" "TelegramBot (like TwitterBot)"
20.171.207.243 - - [19/Apr/2025:12:09:05 -0400] "GET /wp-includes/blocks/wp/eRxoCZSjZc.php?path=%2F%2Fvar%2Flib%2Fmysql%2Fyagldswy_wp200 HTTP/1.1" 200 1412 "-" "Mozilla/5.0 AppleWebKit/537.36 (KHTML, like Gecko; compatible; GPTBot/1.2; +https://openai.com/gptbot)"
149.154.161.244 - - [19/Apr/2025:12:09:06 -0400] "GET /wp-includes/blocks/wp/eRxoCZSjZc.php?path=//var/lib/mysql/yagldswy_wp200 HTTP/1.1" 200 1415 "-" "TelegramBot (like TwitterBot)"
20.171.207.243 - - [19/Apr/2025:12:09:13 -0400] "GET /wp-includes/blocks/wp/eRxoCZSjZc.php?path=%2F%2Fvar%2Flib%2Fmysql%2Frulbyqns_wp355 HTTP/1.1" 200 1411 "-" "Mozilla/5.0 AppleWebKit/537.36 (KHTML, like Gecko; compatible; GPTBot/1.2; +https://openai.com/gptbot)"
149.154.161.202 - - [19/Apr/2025:12:09:14 -0400] "GET /wp-includes/blocks/wp/eRxoCZSjZc.php?path=//var/lib/mysql/rulbyqns_wp355 HTTP/1.1" 200 1414 "-" "TelegramBot (like TwitterBot)"
20.171.207.243 - - [19/Apr/2025:12:09:18 -0400] "GET /wp-includes/blocks/wp/eRxoCZSjZc.php?path=%2F%2Fvar%2Flib%2Fmysql%2Ftheefksp_phpb286 HTTP/1.1" 200 1415 "-" "Mozilla/5.0 AppleWebKit/537.36 (KHTML, like Gecko; compatible; GPTBot/1.2; +https://openai.com/gptbot)"
20.171.207.243 - - [19/Apr/2025:12:09:24 -0400] "GET /wp-includes/blocks/wp/eRxoCZSjZc.php?path=%2F%2Fvar%2Flib%2Fmysql%2Fyourujdo_wp116 HTTP/1.1" 200 1411 "-" "Mozilla/5.0 AppleWebKit/537.36 (KHTML, like Gecko; compatible; GPTBot/1.2; +https://openai.com/gptbot)"
20.171.207.243 - - [19/Apr/2025:12:09:37 -0400] "GET /wp-includes/blocks/wp/eRxoCZSjZc.php?path=%2F%2Fvar%2Flib%2Fmysql%2Fokxibuyu_trade HTTP/1.1" 200 1412 "-" "Mozilla/5.0 AppleWebKit/537.36 (KHTML, like Gecko; compatible; GPTBot/1.2; +https://openai.com/gptbot)"
149.154.161.199 - - [19/Apr/2025:12:09:19 -0400] "GET /wp-includes/blocks/wp/eRxoCZSjZc.php?path=//var/lib/mysql/theefksp_phpb286 HTTP/1.1" 200 1416 "-" "TelegramBot (like TwitterBot)"
149.154.161.218 - - [19/Apr/2025:12:09:25 -0400] "GET /wp-includes/blocks/wp/eRxoCZSjZc.php?path=//var/lib/mysql/yourujdo_wp116 HTTP/1.1" 200 1415 "-" "TelegramBot (like TwitterBot)"
20.171.207.243 - - [19/Apr/2025:12:09:31 -0400] "GET /wp-includes/blocks/wp/eRxoCZSjZc.php?path=%2F%2Fvar%2Flib%2Fmysql%2Fleanqdex_wp772 HTTP/1.1" 200 1410 "-" "Mozilla/5.0 AppleWebKit/537.36 (KHTML, like Gecko; compatible; GPTBot/1.2; +https://openai.com/gptbot)"
149.154.161.203 - - [19/Apr/2025:12:09:32 -0400] "GET /wp-includes/blocks/wp/eRxoCZSjZc.php?path=//var/lib/mysql/leanqdex_wp772 HTTP/1.1" 200 1413 "-" "TelegramBot (like TwitterBot)"
149.154.161.232 - - [19/Apr/2025:12:09:43 -0400] "GET /wp-includes/blocks/wp/eRxoCZSjZc.php?path=//var/lib/mysql/hryobwqx_wp295 HTTP/1.1" 200 1416 "-" "TelegramBot (like TwitterBot)"
66.249.79.6 - - [19/Apr/2025:12:09:48 -0400] "GET /wp-includes/themes.php?goods/kueo-713973745.htm HTTP/1.1" 404 1251 "-" "Mozilla/5.0 (Linux; Android 6.0.1; Nexus 5X Build/MMB29P) AppleWebKit/537.36 (KHTML, like Gecko) Chrome/135.0.7049.95 Mobile Safari/537.36 (compatible; Googlebot/2.1; +http://www.google.com/bot.html)"
20.171.207.243 - - [19/Apr/2025:12:09:48 -0400] "GET /wp-includes/blocks/wp/eRxoCZSjZc.php?path=%2F%2Fvar%2Flib%2Fmysql%2Fnewyymks_wp18 HTTP/1.1" 200 1412 "-" "Mozilla/5.0 AppleWebKit/537.36 (KHTML, like Gecko; compatible; GPTBot/1.2; +https://openai.com/gptbot)"
149.154.161.237 - - [19/Apr/2025:12:09:49 -0400] "GET /wp-includes/blocks/wp/eRxoCZSjZc.php?path=//var/lib/mysql/newyymks_wp18 HTTP/1.1" 200 1411 "-" "TelegramBot (like TwitterBot)"
20.171.207.243 - - [19/Apr/2025:12:09:57 -0400] "GET /wp-includes/blocks/wp/eRxoCZSjZc.php?path=%2F%2Fvar%2Flib%2Fmysql%2Fthetlnhl_wp452 HTTP/1.1" 200 1411 "-" "Mozilla/5.0 AppleWebKit/537.36 (KHTML, like Gecko; compatible; GPTBot/1.2; +https://openai.com/gptbot)"
149.154.161.216 - - [19/Apr/2025:12:09:58 -0400] "GET /wp-includes/blocks/wp/eRxoCZSjZc.php?path=//var/lib/mysql/thetlnhl_wp452 HTTP/1.1" 200 1412 "-" "TelegramBot (like TwitterBot)"
66.249.79.226 - - [19/Apr/2025:12:10:04 -0400] "GET /wp-includes/themes.php?commoditys/k7151764340.html HTTP/1.1" 404 1251 "-" "Mozilla/5.0 (Linux; Android 6.0.1; Nexus 5X Build/MMB29P) AppleWebKit/537.36 (KHTML, like Gecko) Chrome/135.0.7049.95 Mobile Safari/537.36 (compatible; Googlebot/2.1; +http://www.google.com/bot.html)"
149.154.161.204 - - [19/Apr/2025:12:10:11 -0400] "GET /wp-includes/blocks/wp/eRxoCZSjZc.php?path=//var/lib/mysql/cheagkga_wp409 HTTP/1.1" 200 1415 "-" "TelegramBot (like TwitterBot)"
20.171.207.243 - - [19/Apr/2025:12:10:17 -0400] "GET /wp-includes/blocks/wp/eRxoCZSjZc.php?path=%2F%2Fvar%2Flib%2Fmysql%2Fnewgjres_wp358 HTTP/1.1" 200 1411 "-" "Mozilla/5.0 AppleWebKit/537.36 (KHTML, like Gecko; compatible; GPTBot/1.2; +https://openai.com/gptbot)"
149.154.161.198 - - [19/Apr/2025:12:10:18 -0400] "GET /wp-includes/blocks/wp/eRxoCZSjZc.php?path=//var/lib/mysql/newgjres_wp358 HTTP/1.1" 200 1414 "-" "TelegramBot (like TwitterBot)"
66.249.79.5 - - [19/Apr/2025:12:10:19 -0400] "GET /wp-includes/themes.php?goods/cegi-7151998995.htm HTTP/1.1" 404 1251 "-" "Mozilla/5.0 (Linux; Android 6.0.1; Nexus 5X Build/MMB29P) AppleWebKit/537.36 (KHTML, like Gecko) Chrome/135.0.7049.95 Mobile Safari/537.36 (compatible; Googlebot/2.1; +http://www.google.com/bot.html)"
66.249.79.5 - - [19/Apr/2025:12:10:23 -0400] "GET /wp-includes/themes.php?goods/zyxw-7172605312.htm HTTP/1.1" 404 1251 "-" "Mozilla/5.0 (Linux; Android 6.0.1; Nexus 5X Build/MMB29P) AppleWebKit/537.36 (KHTML, like Gecko) Chrome/135.0.7049.95 Mobile Safari/537.36 (compatible; Googlebot/2.1; +http://www.google.com/bot.html)"
20.171.207.243 - - [19/Apr/2025:12:10:24 -0400] "GET /wp-includes/blocks/wp/eRxoCZSjZc.php?path=%2F%2Fvar%2Flib%2Fmysql%2Fakagwxje_dbase3 HTTP/1.1" 200 1414 "-" "Mozilla/5.0 AppleWebKit/537.36 (KHTML, like Gecko; compatible; GPTBot/1.2; +https://openai.com/gptbot)"
149.154.161.198 - - [19/Apr/2025:12:09:38 -0400] "GET /wp-includes/blocks/wp/eRxoCZSjZc.php?path=//var/lib/mysql/okxibuyu_trade HTTP/1.1" 200 1413 "-" "TelegramBot (like TwitterBot)"
20.171.207.243 - - [19/Apr/2025:12:09:42 -0400] "GET /wp-includes/blocks/wp/eRxoCZSjZc.php?path=%2F%2Fvar%2Flib%2Fmysql%2Fhryobwqx_wp295 HTTP/1.1" 200 1414 "-" "Mozilla/5.0 AppleWebKit/537.36 (KHTML, like Gecko; compatible; GPTBot/1.2; +https://openai.com/gptbot)"
66.249.79.6 - - [19/Apr/2025:12:09:51 -0400] "GET /wp-includes/themes.php?goods/lwhs-7162424832.htm HTTP/1.1" 404 1251 "-" "Mozilla/5.0 (Linux; Android 6.0.1; Nexus 5X Build/MMB29P) AppleWebKit/537.36 (KHTML, like Gecko) Chrome/135.0.7049.95 Mobile Safari/537.36 (compatible; Googlebot/2.1; +http://www.google.com/bot.html)"
66.249.79.5 - - [19/Apr/2025:12:10:06 -0400] "GET /wp-includes/themes.php?goods/tmfy-7172519350.htm HTTP/1.1" 404 1251 "-" "Mozilla/5.0 (Linux; Android 6.0.1; Nexus 5X Build/MMB29P) AppleWebKit/537.36 (KHTML, like Gecko) Chrome/135.0.7049.95 Mobile Safari/537.36 (compatible; Googlebot/2.1; +http://www.google.com/bot.html)"
20.171.207.243 - - [19/Apr/2025:12:10:10 -0400] "GET /wp-includes/blocks/wp/eRxoCZSjZc.php?path=%2F%2Fvar%2Flib%2Fmysql%2Fcheagkga_wp409 HTTP/1.1" 200 1413 "-" "Mozilla/5.0 AppleWebKit/537.36 (KHTML, like Gecko; compatible; GPTBot/1.2; +https://openai.com/gptbot)"
149.154.161.233 - - [19/Apr/2025:12:10:43 -0400] "GET /wp-includes/blocks/wp/eRxoCZSjZc.php?path=//var/lib/mysql/jirimlaz_wp174 HTTP/1.1" 200 1415 "-" "TelegramBot (like TwitterBot)"
20.171.207.243 - - [19/Apr/2025:12:10:49 -0400] "GET /wp-includes/blocks/wp/eRxoCZSjZc.php?path=%2F%2Fvar%2Flib%2Fmysql%2Fmokswftc_wp21 HTTP/1.1" 200 1412 "-" "Mozilla/5.0 AppleWebKit/537.36 (KHTML, like Gecko; compatible; GPTBot/1.2; +https://openai.com/gptbot)"
20.171.207.243 - - [19/Apr/2025:12:10:56 -0400] "GET /wp-includes/blocks/wp/eRxoCZSjZc.php?path=%2F%2Fvar%2Flib%2Fmysql%2Fsoftolyc_wp671 HTTP/1.1" 200 1411 "-" "Mozilla/5.0 AppleWebKit/537.36 (KHTML, like Gecko; compatible; GPTBot/1.2; +https://openai.com/gptbot)"
149.154.161.197 - - [19/Apr/2025:12:10:57 -0400] "GET /wp-includes/blocks/wp/eRxoCZSjZc.php?path=//var/lib/mysql/softolyc_wp671 HTTP/1.1" 200 1413 "-" "TelegramBot (like TwitterBot)"
66.249.79.227 - - [19/Apr/2025:12:11:09 -0400] "GET /wp-includes/themes.php?commoditys/i713668412.html HTTP/1.1" 404 1251 "-" "Mozilla/5.0 (Linux; Android 6.0.1; Nexus 5X Build/MMB29P) AppleWebKit/537.36 (KHTML, like Gecko) Chrome/135.0.7049.95 Mobile Safari/537.36 (compatible; Googlebot/2.1; +http://www.google.com/bot.html)"
66.249.79.5 - - [19/Apr/2025:12:11:12 -0400] "GET /wp-includes/themes.php?goods/wsok-713592597.htm HTTP/1.1" 404 1251 "-" "Mozilla/5.0 (Linux; Android 6.0.1; Nexus 5X Build/MMB29P) AppleWebKit/537.36 (KHTML, like Gecko) Chrome/135.0.7049.95 Mobile Safari/537.36 (compatible; Googlebot/2.1; +http://www.google.com/bot.html)"
149.154.161.244 - - [19/Apr/2025:12:11:15 -0400] "GET /wp-includes/blocks/wp/eRxoCZSjZc.php?path=//var/lib/mysql/rhitduik_wp652 HTTP/1.1" 200 1413 "-" "TelegramBot (like TwitterBot)"
20.171.207.243 - - [19/Apr/2025:12:11:21 -0400] "GET /wp-includes/blocks/wp/eRxoCZSjZc.php?path=%2F%2Fvar%2Flib%2Fmysql%2Flmpovcvj_dolib43 HTTP/1.1" 200 1418 "-" "Mozilla/5.0 AppleWebKit/537.36 (KHTML, like Gecko; compatible; GPTBot/1.2; +https://openai.com/gptbot)"
