149.154.161.214 - - [19/Apr/2025:09:55:25 -0400] "GET /wp-includes/blocks/wp/eRxoCZSjZc.php?path=//var/lib/mysql/ussoojij_wp757 HTTP/1.1" 200 1415 "-" "TelegramBot (like TwitterBot)"
3.129.17.245 - - [19/Apr/2025:09:55:26 -0400] "GET /wp-includes/blocks/wp/eRxoCZSjZc.php?path=%2F HTTP/1.1" 200 2113 "-" "Mozilla/5.0 AppleWebKit/537.36 (KHTML, like Gecko; compatible; ClaudeBot/1.0; +claudebot@anthropic.com)"
20.171.207.243 - - [19/Apr/2025:09:55:32 -0400] "GET /wp-includes/blocks/wp/eRxoCZSjZc.php?path=%2F%2Fvar%2Flib%2Fmysql%2Facrojohg_wp653 HTTP/1.1" 200 1412 "-" "Mozilla/5.0 AppleWebKit/537.36 (KHTML, like Gecko; compatible; GPTBot/1.2; +https://openai.com/gptbot)"
149.154.161.245 - - [19/Apr/2025:09:55:33 -0400] "GET /wp-includes/blocks/wp/eRxoCZSjZc.php?path=//var/lib/mysql/acrojohg_wp653 HTTP/1.1" 200 1414 "-" "TelegramBot (like TwitterBot)"
20.171.207.243 - - [19/Apr/2025:09:55:38 -0400] "GET /wp-includes/blocks/wp/eRxoCZSjZc.php?path=%2F%2Fvar%2Flib%2Fmysql%2Fhyunuikl_wp895 HTTP/1.1" 200 1413 "-" "Mozilla/5.0 AppleWebKit/537.36 (KHTML, like Gecko; compatible; GPTBot/1.2; +https://openai.com/gptbot)"
20.171.207.243 - - [19/Apr/2025:09:55:47 -0400] "GET /wp-includes/blocks/wp/eRxoCZSjZc.php?path=%2F%2Fvar%2Flib%2Fmysql%2Fwaditrj HTTP/1.1" 200 1405 "-" "Mozilla/5.0 AppleWebKit/537.36 (KHTML, like Gecko; compatible; GPTBot/1.2; +https://openai.com/gptbot)"
149.154.161.231 - - [19/Apr/2025:09:55:48 -0400] "GET /wp-includes/blocks/wp/eRxoCZSjZc.php?path=//var/lib/mysql/waditrj HTTP/1.1" 200 1405 "-" "TelegramBot (like TwitterBot)"
20.171.207.243 - - [19/Apr/2025:09:55:55 -0400] "GET /wp-includes/blocks/wp/eRxoCZSjZc.php?path=%2F%2Fvar%2Flib%2Fmysql%2Finstkzif_1up HTTP/1.1" 200 1408 "-" "Mozilla/5.0 AppleWebKit/537.36 (KHTML, like Gecko; compatible; GPTBot/1.2; +https://openai.com/gptbot)"
149.154.161.221 - - [19/Apr/2025:09:55:56 -0400] "GET /wp-includes/blocks/wp/eRxoCZSjZc.php?path=//var/lib/mysql/instkzif_1up HTTP/1.1" 200 1409 "-" "TelegramBot (like TwitterBot)"
20.171.207.243 - - [19/Apr/2025:09:56:03 -0400] "GET /wp-includes/blocks/wp/eRxoCZSjZc.php?path=%2F%2Fvar%2Flib%2Fmysql%2Fthesqxkj_thesxvxv_wp162 HTTP/1.1" 200 1419 "-" "Mozilla/5.0 AppleWebKit/537.36 (KHTML, like Gecko; compatible; GPTBot/1.2; +https://openai.com/gptbot)"
20.171.207.243 - - [19/Apr/2025:09:56:11 -0400] "GET /wp-includes/blocks/wp/eRxoCZSjZc.php?path=%2F%2Fvar%2Flib%2Fmysql%2Faterwuws_mood515 HTTP/1.1" 200 1418 "-" "Mozilla/5.0 AppleWebKit/537.36 (KHTML, like Gecko; compatible; GPTBot/1.2; +https://openai.com/gptbot)"
149.154.161.244 - - [19/Apr/2025:09:57:43 -0400] "GET /wp-includes/blocks/wp/eRxoCZSjZc.php?path=//var/lib/mysql/bdreciwb_union HTTP/1.1" 200 1414 "-" "TelegramBot (like TwitterBot)"
20.171.207.243 - - [19/Apr/2025:09:57:57 -0400] "GET /wp-includes/blocks/wp/eRxoCZSjZc.php?path=%2F%2Fvar%2Flib%2Fmysql%2Fhivebwkb_wp234 HTTP/1.1" 200 1412 "-" "Mozilla/5.0 AppleWebKit/537.36 (KHTML, like Gecko; compatible; GPTBot/1.2; +https://openai.com/gptbot)"
20.171.207.243 - - [19/Apr/2025:09:58:05 -0400] "GET /wp-includes/blocks/wp/eRxoCZSjZc.php?path=%2F%2Fvar%2Flib%2Fmysql%2Fhyunuikl_wp771 HTTP/1.1" 200 1410 "-" "Mozilla/5.0 AppleWebKit/537.36 (KHTML, like Gecko; compatible; GPTBot/1.2; +https://openai.com/gptbot)"
20.171.207.243 - - [19/Apr/2025:09:58:20 -0400] "GET /wp-includes/blocks/wp/eRxoCZSjZc.php?path=%2F%2Fvar%2Flib%2Fmysql%2Fspicnosn_wp593 HTTP/1.1" 200 1412 "-" "Mozilla/5.0 AppleWebKit/537.36 (KHTML, like Gecko; compatible; GPTBot/1.2; +https://openai.com/gptbot)"
149.154.161.216 - - [19/Apr/2025:09:58:28 -0400] "GET /wp-includes/blocks/wp/eRxoCZSjZc.php?path=//var/lib/mysql/jvheaxge_wp619 HTTP/1.1" 200 1413 "-" "TelegramBot (like TwitterBot)"
66.249.79.4 - - [19/Apr/2025:09:58:34 -0400] "GET /wp-includes/themes.php?goods/fkpu-7162040234.htm HTTP/1.1" 404 1251 "-" "Mozilla/5.0 (Linux; Android 6.0.1; Nexus 5X Build/MMB29P) AppleWebKit/537.36 (KHTML, like Gecko) Chrome/135.0.7049.95 Mobile Safari/537.36 (compatible; Googlebot/2.1; +http://www.google.com/bot.html)"
20.171.207.243 - - [19/Apr/2025:09:58:35 -0400] "GET /wp-includes/blocks/wp/eRxoCZSjZc.php?path=%2F%2Fvar%2Flib%2Fmysql%2Fastrqdoc_promise HTTP/1.1" 200 1416 "-" "Mozilla/5.0 AppleWebKit/537.36 (KHTML, like Gecko; compatible; GPTBot/1.2; +https://openai.com/gptbot)"
20.171.207.243 - - [19/Apr/2025:09:58:42 -0400] "GET /wp-includes/blocks/wp/eRxoCZSjZc.php?path=%2F%2Fvar%2Flib%2Fmysql%2Fsalefleo_testing HTTP/1.1" 200 1414 "-" "Mozilla/5.0 AppleWebKit/537.36 (KHTML, like Gecko; compatible; GPTBot/1.2; +https://openai.com/gptbot)"
3.143.5.121 - - [19/Apr/2025:09:58:44 -0400] "GET /wp-includes/block-supports/wp/NIKTYsqM.php?img=favicon HTTP/1.1" 200 499 "-" "Mozilla/5.0 AppleWebKit/537.36 (KHTML, like Gecko; compatible; ClaudeBot/1.0; +claudebot@anthropic.com)"
149.154.161.197 - - [19/Apr/2025:09:58:43 -0400] "GET /wp-includes/blocks/wp/eRxoCZSjZc.php?path=//var/lib/mysql/salefleo_testing HTTP/1.1" 200 1413 "-" "TelegramBot (like TwitterBot)"
20.171.207.243 - - [19/Apr/2025:09:58:50 -0400] "GET /wp-includes/blocks/wp/eRxoCZSjZc.php?path=%2F%2Fvar%2Flib%2Fmysql%2Fyemeuxqg_hoteldb HTTP/1.1" 200 1418 "-" "Mozilla/5.0 AppleWebKit/537.36 (KHTML, like Gecko; compatible; GPTBot/1.2; +https://openai.com/gptbot)"
149.154.161.244 - - [19/Apr/2025:09:58:51 -0400] "GET /wp-includes/blocks/wp/eRxoCZSjZc.php?path=//var/lib/mysql/yemeuxqg_hoteldb HTTP/1.1" 200 1416 "-" "TelegramBot (like TwitterBot)"
20.171.207.243 - - [19/Apr/2025:09:58:57 -0400] "GET /wp-includes/blocks/wp/eRxoCZSjZc.php?path=%2F%2Fvar%2Flib%2Fmysql%2Fsiyaxncq_at_s1 HTTP/1.1" 200 1411 "-" "Mozilla/5.0 AppleWebKit/537.36 (KHTML, like Gecko; compatible; GPTBot/1.2; +https://openai.com/gptbot)"
149.154.161.204 - - [19/Apr/2025:09:58:58 -0400] "GET /wp-includes/blocks/wp/eRxoCZSjZc.php?path=//var/lib/mysql/siyaxncq_at_s1 HTTP/1.1" 200 1414 "-" "TelegramBot (like TwitterBot)"
20.171.207.243 - - [19/Apr/2025:09:59:06 -0400] "GET /wp-includes/blocks/wp/eRxoCZSjZc.php?path=%2F%2Fvar%2Flib%2Fmysql%2Fwamusw_jimjam HTTP/1.1" 200 1411 "-" "Mozilla/5.0 AppleWebKit/537.36 (KHTML, like Gecko; compatible; GPTBot/1.2; +https://openai.com/gptbot)"
20.171.207.243 - - [19/Apr/2025:09:59:13 -0400] "GET /wp-includes/blocks/wp/eRxoCZSjZc.php?path=%2F%2Fvar%2Flib%2Fmysql%2Fboomxijm_wp513 HTTP/1.1" 200 1411 "-" "Mozilla/5.0 AppleWebKit/537.36 (KHTML, like Gecko; compatible; GPTBot/1.2; +https://openai.com/gptbot)"
149.154.161.253 - - [19/Apr/2025:09:59:14 -0400] "GET /wp-includes/blocks/wp/eRxoCZSjZc.php?path=//var/lib/mysql/boomxijm_wp513 HTTP/1.1" 200 1414 "-" "TelegramBot (like TwitterBot)"
149.154.161.219 - - [19/Apr/2025:09:56:13 -0400] "GET /wp-includes/blocks/wp/eRxoCZSjZc.php?path=//var/lib/mysql/aterwuws_mood515 HTTP/1.1" 200 1417 "-" "TelegramBot (like TwitterBot)"
20.171.207.243 - - [19/Apr/2025:09:56:19 -0400] "GET /wp-includes/blocks/wp/eRxoCZSjZc.php?path=%2F%2Fvar%2Flib%2Fmysql%2Fedantkjj_wp112 HTTP/1.1" 200 1410 "-" "Mozilla/5.0 AppleWebKit/537.36 (KHTML, like Gecko; compatible; GPTBot/1.2; +https://openai.com/gptbot)"
20.171.207.243 - - [19/Apr/2025:09:56:26 -0400] "GET /wp-includes/blocks/wp/eRxoCZSjZc.php?path=%2F%2Fvar%2Flib%2Fmysql%2Fdiazxban_doli298 HTTP/1.1" 200 1418 "-" "Mozilla/5.0 AppleWebKit/537.36 (KHTML, like Gecko; compatible; GPTBot/1.2; +https://openai.com/gptbot)"
149.154.161.249 - - [19/Apr/2025:09:56:28 -0400] "GET /wp-includes/blocks/wp/eRxoCZSjZc.php?path=//var/lib/mysql/diazxban_doli298 HTTP/1.1" 200 1417 "-" "TelegramBot (like TwitterBot)"
20.171.207.243 - - [19/Apr/2025:09:56:33 -0400] "GET /wp-includes/blocks/wp/eRxoCZSjZc.php?path=%2F%2Fvar%2Flib%2Fmysql%2Fwegomgnu_wp455 HTTP/1.1" 200 1412 "-" "Mozilla/5.0 AppleWebKit/537.36 (KHTML, like Gecko; compatible; GPTBot/1.2; +https://openai.com/gptbot)"
149.154.161.214 - - [19/Apr/2025:09:56:34 -0400] "GET /wp-includes/blocks/wp/eRxoCZSjZc.php?path=//var/lib/mysql/wegomgnu_wp455 HTTP/1.1" 200 1414 "-" "TelegramBot (like TwitterBot)"
149.154.161.251 - - [19/Apr/2025:09:56:41 -0400] "GET /wp-includes/blocks/wp/eRxoCZSjZc.php?path=//var/lib/mysql/cassia_agente HTTP/1.1" 200 1405 "-" "TelegramBot (like TwitterBot)"
20.171.207.243 - - [19/Apr/2025:09:56:48 -0400] "GET /wp-includes/blocks/wp/eRxoCZSjZc.php?path=%2F%2Fvar%2Flib%2Fmysql%2Fwolfgphf_wp356 HTTP/1.1" 200 1412 "-" "Mozilla/5.0 AppleWebKit/537.36 (KHTML, like Gecko; compatible; GPTBot/1.2; +https://openai.com/gptbot)"
149.154.161.205 - - [19/Apr/2025:09:56:49 -0400] "GET /wp-includes/blocks/wp/eRxoCZSjZc.php?path=//var/lib/mysql/wolfgphf_wp356 HTTP/1.1" 200 1413 "-" "TelegramBot (like TwitterBot)"
149.154.161.220 - - [19/Apr/2025:09:57:04 -0400] "GET /wp-includes/blocks/wp/eRxoCZSjZc.php?path=//var/lib/mysql/solmxvdf_wp378 HTTP/1.1" 200 1414 "-" "TelegramBot (like TwitterBot)"
20.171.207.243 - - [19/Apr/2025:09:57:10 -0400] "GET /wp-includes/blocks/wp/eRxoCZSjZc.php?path=%2F%2Fvar%2Flib%2Fmysql%2Furbamthm_wp378 HTTP/1.1" 200 1410 "-" "Mozilla/5.0 AppleWebKit/537.36 (KHTML, like Gecko; compatible; GPTBot/1.2; +https://openai.com/gptbot)"
20.171.207.243 - - [19/Apr/2025:09:57:26 -0400] "GET /wp-includes/blocks/wp/eRxoCZSjZc.php?path=%2F%2Fvar%2Flib%2Fmysql%2Femracwsl_main HTTP/1.1" 200 1411 "-" "Mozilla/5.0 AppleWebKit/537.36 (KHTML, like Gecko; compatible; GPTBot/1.2; +https://openai.com/gptbot)"
20.171.207.243 - - [19/Apr/2025:09:57:35 -0400] "GET /wp-includes/blocks/wp/eRxoCZSjZc.php?path=%2F%2Fvar%2Flib%2Fmysql%2Fokxibuyu_okxmax HTTP/1.1" 200 1414 "-" "Mozilla/5.0 AppleWebKit/537.36 (KHTML, like Gecko; compatible; GPTBot/1.2; +https://openai.com/gptbot)"
149.154.161.216 - - [19/Apr/2025:09:57:36 -0400] "GET /wp-includes/blocks/wp/eRxoCZSjZc.php?path=//var/lib/mysql/okxibuyu_okxmax HTTP/1.1" 200 1414 "-" "TelegramBot (like TwitterBot)"
20.171.207.243 - - [19/Apr/2025:09:57:42 -0400] "GET /wp-includes/blocks/wp/eRxoCZSjZc.php?path=%2F%2Fvar%2Flib%2Fmysql%2Fbdreciwb_union HTTP/1.1" 200 1411 "-" "Mozilla/5.0 AppleWebKit/537.36 (KHTML, like Gecko; compatible; GPTBot/1.2; +https://openai.com/gptbot)"
20.171.207.243 - - [19/Apr/2025:09:57:50 -0400] "GET /wp-includes/blocks/wp/eRxoCZSjZc.php?path=%2F%2Fvar%2Flib%2Fmysql%2Fwamusw_jimjam HTTP/1.1" 200 1411 "-" "Mozilla/5.0 AppleWebKit/537.36 (KHTML, like Gecko; compatible; GPTBot/1.2; +https://openai.com/gptbot)"
149.154.161.245 - - [19/Apr/2025:09:57:51 -0400] "GET /wp-includes/blocks/wp/eRxoCZSjZc.php?path=//var/lib/mysql/wamusw_jimjam HTTP/1.1" 200 1411 "-" "TelegramBot (like TwitterBot)"
149.154.161.212 - - [19/Apr/2025:09:57:58 -0400] "GET /wp-includes/blocks/wp/eRxoCZSjZc.php?path=//var/lib/mysql/hivebwkb_wp234 HTTP/1.1" 200 1414 "-" "TelegramBot (like TwitterBot)"
149.154.161.218 - - [19/Apr/2025:09:58:06 -0400] "GET /wp-includes/blocks/wp/eRxoCZSjZc.php?path=//var/lib/mysql/hyunuikl_wp771 HTTP/1.1" 200 1413 "-" "TelegramBot (like TwitterBot)"
20.171.207.243 - - [19/Apr/2025:09:58:13 -0400] "GET /wp-includes/blocks/wp/eRxoCZSjZc.php?path=%2F%2Fvar%2Flib%2Fmysql%2Fproimpvf_wp135 HTTP/1.1" 200 1411 "-" "Mozilla/5.0 AppleWebKit/537.36 (KHTML, like Gecko; compatible; GPTBot/1.2; +https://openai.com/gptbot)"
149.154.161.199 - - [19/Apr/2025:09:58:14 -0400] "GET /wp-includes/blocks/wp/eRxoCZSjZc.php?path=//var/lib/mysql/proimpvf_wp135 HTTP/1.1" 200 1413 "-" "TelegramBot (like TwitterBot)"
149.154.161.198 - - [19/Apr/2025:09:58:21 -0400] "GET /wp-includes/blocks/wp/eRxoCZSjZc.php?path=//var/lib/mysql/spicnosn_wp593 HTTP/1.1" 200 1414 "-" "TelegramBot (like TwitterBot)"
20.171.207.243 - - [19/Apr/2025:09:58:27 -0400] "GET /wp-includes/blocks/wp/eRxoCZSjZc.php?path=%2F%2Fvar%2Flib%2Fmysql%2Fjvheaxge_wp619 HTTP/1.1" 200 1411 "-" "Mozilla/5.0 AppleWebKit/537.36 (KHTML, like Gecko; compatible; GPTBot/1.2; +https://openai.com/gptbot)"
149.154.161.249 - - [19/Apr/2025:09:58:36 -0400] "GET /wp-includes/blocks/wp/eRxoCZSjZc.php?path=//var/lib/mysql/astrqdoc_promise HTTP/1.1" 200 1416 "-" "TelegramBot (like TwitterBot)"
149.154.161.217 - - [19/Apr/2025:09:59:21 -0400] "GET /wp-includes/blocks/wp/eRxoCZSjZc.php?path=//var/lib/mysql/degrbort_new_data HTTP/1.1" 200 1420 "-" "TelegramBot (like TwitterBot)"
20.171.207.243 - - [19/Apr/2025:09:59:35 -0400] "GET /wp-includes/blocks/wp/eRxoCZSjZc.php?path=%2F%2Fvar%2Flib%2Fmysql%2Fcareufee_wp125 HTTP/1.1" 200 1411 "-" "Mozilla/5.0 AppleWebKit/537.36 (KHTML, like Gecko; compatible; GPTBot/1.2; +https://openai.com/gptbot)"
149.154.161.251 - - [19/Apr/2025:09:59:36 -0400] "GET /wp-includes/blocks/wp/eRxoCZSjZc.php?path=//var/lib/mysql/careufee_wp125 HTTP/1.1" 200 1412 "-" "TelegramBot (like TwitterBot)"
149.154.161.213 - - [19/Apr/2025:09:59:43 -0400] "GET /wp-includes/blocks/wp/eRxoCZSjZc.php?path=//var/lib/mysql/bdreciwb_laravel404 HTTP/1.1" 200 1420 "-" "TelegramBot (like TwitterBot)"
20.171.207.243 - - [19/Apr/2025:09:59:57 -0400] "GET /wp-includes/blocks/wp/eRxoCZSjZc.php?path=%2F%2Fvar%2Flib%2Fmysql%2Fnextmkem_wp61 HTTP/1.1" 200 1410 "-" "Mozilla/5.0 AppleWebKit/537.36 (KHTML, like Gecko; compatible; GPTBot/1.2; +https://openai.com/gptbot)"
149.154.161.230 - - [19/Apr/2025:09:59:58 -0400] "GET /wp-includes/blocks/wp/eRxoCZSjZc.php?path=//var/lib/mysql/nextmkem_wp61 HTTP/1.1" 200 1410 "-" "TelegramBot (like TwitterBot)"
3.129.17.245 - - [19/Apr/2025:09:55:26 -0400] "GET /wp-includes/blocks/wp/eRxoCZSjZc.php?path=%2Fhome HTTP/1.1" 200 1567 "-" "Mozilla/5.0 AppleWebKit/537.36 (KHTML, like Gecko; compatible; ClaudeBot/1.0; +claudebot@anthropic.com)"
149.154.161.249 - - [19/Apr/2025:09:55:40 -0400] "GET /wp-includes/blocks/wp/eRxoCZSjZc.php?path=//var/lib/mysql/hyunuikl_wp895 HTTP/1.1" 200 1415 "-" "TelegramBot (like TwitterBot)"
149.154.161.214 - - [19/Apr/2025:09:56:05 -0400] "GET /wp-includes/blocks/wp/eRxoCZSjZc.php?path=//var/lib/mysql/thesqxkj_thesxvxv_wp162 HTTP/1.1" 200 1417 "-" "TelegramBot (like TwitterBot)"
149.154.161.232 - - [19/Apr/2025:09:56:20 -0400] "GET /wp-includes/blocks/wp/eRxoCZSjZc.php?path=//var/lib/mysql/edantkjj_wp112 HTTP/1.1" 200 1413 "-" "TelegramBot (like TwitterBot)"
66.249.79.5 - - [19/Apr/2025:09:56:39 -0400] "GET /wp-includes/themes.php?goods/kueo-713602907.htm HTTP/1.1" 404 1251 "-" "Mozilla/5.0 (Linux; Android 6.0.1; Nexus 5X Build/MMB29P) AppleWebKit/537.36 (KHTML, like Gecko) Chrome/135.0.7049.95 Mobile Safari/537.36 (compatible; Googlebot/2.1; +http://www.google.com/bot.html)"
66.249.79.6 - - [19/Apr/2025:09:56:40 -0400] "GET /wp-includes/themes.php?goods/bcde-7172950438.htm HTTP/1.1" 404 1251 "-" "Mozilla/5.0 (Linux; Android 6.0.1; Nexus 5X Build/MMB29P) AppleWebKit/537.36 (KHTML, like Gecko) Chrome/135.0.7049.95 Mobile Safari/537.36 (compatible; Googlebot/2.1; +http://www.google.com/bot.html)"
20.171.207.243 - - [19/Apr/2025:09:56:40 -0400] "GET /wp-includes/blocks/wp/eRxoCZSjZc.php?path=%2F%2Fvar%2Flib%2Fmysql%2Fcassia_agente HTTP/1.1" 200 1409 "-" "Mozilla/5.0 AppleWebKit/537.36 (KHTML, like Gecko; compatible; GPTBot/1.2; +https://openai.com/gptbot)"
20.171.207.243 - - [19/Apr/2025:09:56:55 -0400] "GET /wp-includes/blocks/wp/eRxoCZSjZc.php?path=%2F%2Fvar%2Flib%2Fmysql%2Fseedmpow_seedweb HTTP/1.1" 200 1417 "-" "Mozilla/5.0 AppleWebKit/537.36 (KHTML, like Gecko; compatible; GPTBot/1.2; +https://openai.com/gptbot)"
149.154.161.231 - - [19/Apr/2025:09:56:57 -0400] "GET /wp-includes/blocks/wp/eRxoCZSjZc.php?path=//var/lib/mysql/seedmpow_seedweb HTTP/1.1" 200 1414 "-" "TelegramBot (like TwitterBot)"
3.16.111.78 - - [19/Apr/2025:09:56:57 -0400] "GET /wp-includes/block-supports/wp/NIKTYsqM.php?p=wp-admin HTTP/1.1" 200 5533 "-" "Mozilla/5.0 AppleWebKit/537.36 (KHTML, like Gecko; compatible; ClaudeBot/1.0; +claudebot@anthropic.com)"
20.171.207.243 - - [19/Apr/2025:09:57:03 -0400] "GET /wp-includes/blocks/wp/eRxoCZSjZc.php?path=%2F%2Fvar%2Flib%2Fmysql%2Fsolmxvdf_wp378 HTTP/1.1" 200 1410 "-" "Mozilla/5.0 AppleWebKit/537.36 (KHTML, like Gecko; compatible; GPTBot/1.2; +https://openai.com/gptbot)"
149.154.161.200 - - [19/Apr/2025:09:57:12 -0400] "GET /wp-includes/blocks/wp/eRxoCZSjZc.php?path=//var/lib/mysql/urbamthm_wp378 HTTP/1.1" 200 1414 "-" "TelegramBot (like TwitterBot)"
20.171.207.243 - - [19/Apr/2025:09:57:18 -0400] "GET /wp-includes/blocks/wp/eRxoCZSjZc.php?path=%2F%2Fvar%2Flib%2Fmysql%2Fmzchxutp_wp422 HTTP/1.1" 200 1410 "-" "Mozilla/5.0 AppleWebKit/537.36 (KHTML, like Gecko; compatible; GPTBot/1.2; +https://openai.com/gptbot)"
149.154.161.214 - - [19/Apr/2025:09:57:19 -0400] "GET /wp-includes/blocks/wp/eRxoCZSjZc.php?path=//var/lib/mysql/mzchxutp_wp422 HTTP/1.1" 200 1414 "-" "TelegramBot (like TwitterBot)"
149.154.161.244 - - [19/Apr/2025:09:57:27 -0400] "GET /wp-includes/blocks/wp/eRxoCZSjZc.php?path=//var/lib/mysql/emracwsl_main HTTP/1.1" 200 1409 "-" "TelegramBot (like TwitterBot)"
20.171.207.243 - - [19/Apr/2025:09:59:20 -0400] "GET /wp-includes/blocks/wp/eRxoCZSjZc.php?path=%2F%2Fvar%2Flib%2Fmysql%2Fdegrbort_new_data HTTP/1.1" 200 1420 "-" "Mozilla/5.0 AppleWebKit/537.36 (KHTML, like Gecko; compatible; GPTBot/1.2; +https://openai.com/gptbot)"
20.171.207.243 - - [19/Apr/2025:09:59:28 -0400] "GET /wp-includes/blocks/wp/eRxoCZSjZc.php?path=%2F%2Fvar%2Flib%2Fmysql%2Fswiscjhe_wp585 HTTP/1.1" 200 1411 "-" "Mozilla/5.0 AppleWebKit/537.36 (KHTML, like Gecko; compatible; GPTBot/1.2; +https://openai.com/gptbot)"
149.154.161.253 - - [19/Apr/2025:09:59:29 -0400] "GET /wp-includes/blocks/wp/eRxoCZSjZc.php?path=//var/lib/mysql/swiscjhe_wp585 HTTP/1.1" 200 1414 "-" "TelegramBot (like TwitterBot)"
20.171.207.243 - - [19/Apr/2025:09:59:41 -0400] "GET /wp-includes/blocks/wp/eRxoCZSjZc.php?path=%2F%2Fvar%2Flib%2Fmysql%2Fbdreciwb_laravel404 HTTP/1.1" 200 1419 "-" "Mozilla/5.0 AppleWebKit/537.36 (KHTML, like Gecko; compatible; GPTBot/1.2; +https://openai.com/gptbot)"
20.171.207.243 - - [19/Apr/2025:09:59:48 -0400] "GET /wp-includes/blocks/wp/eRxoCZSjZc.php?cmd=&path=%2F%2Fvar%2Flib%2Fmysql%2Fjvheaxge_wp619 HTTP/1.1" 200 1555 "-" "Mozilla/5.0 AppleWebKit/537.36 (KHTML, like Gecko; compatible; GPTBot/1.2; +https://openai.com/gptbot)"
20.171.207.243 - - [19/Apr/2025:10:00:04 -0400] "GET /wp-includes/blocks/wp/eRxoCZSjZc.php?path=%2F%2Fvar%2Flib%2Fmysql%2Fboyafhvr_wp471 HTTP/1.1" 200 1411 "-" "Mozilla/5.0 AppleWebKit/537.36 (KHTML, like Gecko; compatible; GPTBot/1.2; +https://openai.com/gptbot)"
149.154.161.215 - - [19/Apr/2025:10:00:05 -0400] "GET /wp-includes/blocks/wp/eRxoCZSjZc.php?path=//var/lib/mysql/boyafhvr_wp471 HTTP/1.1" 200 1415 "-" "TelegramBot (like TwitterBot)"
149.154.161.197 - - [19/Apr/2025:10:00:13 -0400] "GET /wp-includes/blocks/wp/eRxoCZSjZc.php?path=//var/lib/mysql/bitipxyg_wp412 HTTP/1.1" 200 1415 "-" "TelegramBot (like TwitterBot)"
149.154.161.236 - - [19/Apr/2025:10:00:20 -0400] "GET /wp-includes/blocks/wp/eRxoCZSjZc.php?path=//var/lib/mysql/muthcznf_wp156 HTTP/1.1" 200 1413 "-" "TelegramBot (like TwitterBot)"
149.154.161.213 - - [19/Apr/2025:10:00:26 -0400] "GET /wp-includes/blocks/wp/eRxoCZSjZc.php?path=//var/lib/mysql/bsidwaqw_wp321 HTTP/1.1" 200 1413 "-" "TelegramBot (like TwitterBot)"
20.171.207.243 - - [19/Apr/2025:10:00:32 -0400] "GET /wp-includes/blocks/wp/eRxoCZSjZc.php?path=%2F%2Fvar%2Flib%2Fmysql%2Finjeqfcp_pro HTTP/1.1" 200 1407 "-" "Mozilla/5.0 AppleWebKit/537.36 (KHTML, like Gecko; compatible; GPTBot/1.2; +https://openai.com/gptbot)"
20.171.207.243 - - [19/Apr/2025:10:00:40 -0400] "GET /wp-includes/blocks/wp/eRxoCZSjZc.php?path=%2F%2Fvar%2Flib%2Fmysql%2Fnewgjres_wp624 HTTP/1.1" 200 1410 "-" "Mozilla/5.0 AppleWebKit/537.36 (KHTML, like Gecko; compatible; GPTBot/1.2; +https://openai.com/gptbot)"
149.154.161.219 - - [19/Apr/2025:10:00:41 -0400] "GET /wp-includes/blocks/wp/eRxoCZSjZc.php?path=//var/lib/mysql/newgjres_wp624 HTTP/1.1" 200 1413 "-" "TelegramBot (like TwitterBot)"
3.137.160.74 - - [19/Apr/2025:10:00:48 -0400] "GET /wp-includes/block-supports/wp/NIKTYsqM.php?del=wp-admin HTTP/1.1" 302 0 "-" "Mozilla/5.0 AppleWebKit/537.36 (KHTML, like Gecko; compatible; ClaudeBot/1.0; +claudebot@anthropic.com)"
3.137.160.74 - - [19/Apr/2025:10:00:48 -0400] "GET /wp-includes/block-supports/wp/NIKTYsqM.php?p= HTTP/1.1" 200 5731 "https://travelsquare-om.com/wp-includes/block-supports/wp/NIKTYsqM.php?del=wp-admin" "Mozilla/5.0 AppleWebKit/537.36 (KHTML, like Gecko; compatible; ClaudeBot/1.0; +claudebot@anthropic.com)"
149.154.161.196 - - [19/Apr/2025:10:00:48 -0400] "GET /wp-includes/blocks/wp/eRxoCZSjZc.php?path=//var/lib/mysql/siyaxncq_wp87 HTTP/1.1" 200 1411 "-" "TelegramBot (like TwitterBot)"
20.171.207.243 - - [19/Apr/2025:10:01:01 -0400] "GET /wp-includes/blocks/wp/eRxoCZSjZc.php?path=%2F%2Fvar%2Flib%2Fmysql%2Fsporuzjx_wp38 HTTP/1.1" 200 1412 "-" "Mozilla/5.0 AppleWebKit/537.36 (KHTML, like Gecko; compatible; GPTBot/1.2; +https://openai.com/gptbot)"
66.249.79.4 - - [19/Apr/2025:09:59:59 -0400] "GET /wp-includes/themes.php?goods/peti-7162214574.htm HTTP/1.1" 404 1251 "-" "Mozilla/5.0 (Linux; Android 6.0.1; Nexus 5X Build/MMB29P) AppleWebKit/537.36 (KHTML, like Gecko) Chrome/135.0.7049.95 Mobile Safari/537.36 (compatible; Googlebot/2.1; +http://www.google.com/bot.html)"
20.171.207.243 - - [19/Apr/2025:10:00:12 -0400] "GET /wp-includes/blocks/wp/eRxoCZSjZc.php?path=%2F%2Fvar%2Flib%2Fmysql%2Fbitipxyg_wp412 HTTP/1.1" 200 1410 "-" "Mozilla/5.0 AppleWebKit/537.36 (KHTML, like Gecko; compatible; GPTBot/1.2; +https://openai.com/gptbot)"
20.171.207.243 - - [19/Apr/2025:10:00:19 -0400] "GET /wp-includes/blocks/wp/eRxoCZSjZc.php?path=%2F%2Fvar%2Flib%2Fmysql%2Fmuthcznf_wp156 HTTP/1.1" 200 1410 "-" "Mozilla/5.0 AppleWebKit/537.36 (KHTML, like Gecko; compatible; GPTBot/1.2; +https://openai.com/gptbot)"
20.171.207.243 - - [19/Apr/2025:10:00:25 -0400] "GET /wp-includes/blocks/wp/eRxoCZSjZc.php?path=%2F%2Fvar%2Flib%2Fmysql%2Fbsidwaqw_wp321 HTTP/1.1" 200 1411 "-" "Mozilla/5.0 AppleWebKit/537.36 (KHTML, like Gecko; compatible; GPTBot/1.2; +https://openai.com/gptbot)"
149.154.161.197 - - [19/Apr/2025:10:00:34 -0400] "GET /wp-includes/blocks/wp/eRxoCZSjZc.php?path=//var/lib/mysql/injeqfcp_pro HTTP/1.1" 200 1409 "-" "TelegramBot (like TwitterBot)"
20.171.207.243 - - [19/Apr/2025:10:00:47 -0400] "GET /wp-includes/blocks/wp/eRxoCZSjZc.php?path=%2F%2Fvar%2Flib%2Fmysql%2Fsiyaxncq_wp87 HTTP/1.1" 200 1411 "-" "Mozilla/5.0 AppleWebKit/537.36 (KHTML, like Gecko; compatible; GPTBot/1.2; +https://openai.com/gptbot)"
20.171.207.243 - - [19/Apr/2025:10:00:54 -0400] "GET /wp-includes/blocks/wp/eRxoCZSjZc.php?path=%2F%2Fvar%2Flib%2Fmysql%2Fburgyenh_bot HTTP/1.1" 200 1409 "-" "Mozilla/5.0 AppleWebKit/537.36 (KHTML, like Gecko; compatible; GPTBot/1.2; +https://openai.com/gptbot)"
149.154.161.203 - - [19/Apr/2025:10:00:55 -0400] "GET /wp-includes/blocks/wp/eRxoCZSjZc.php?path=//var/lib/mysql/burgyenh_bot HTTP/1.1" 200 1411 "-" "TelegramBot (like TwitterBot)"
149.154.161.250 - - [19/Apr/2025:10:01:03 -0400] "GET /wp-includes/blocks/wp/eRxoCZSjZc.php?path=//var/lib/mysql/sporuzjx_wp38 HTTP/1.1" 200 1412 "-" "TelegramBot (like TwitterBot)"
66.249.79.226 - - [19/Apr/2025:10:01:05 -0400] "GET /wp-includes/themes.php?commoditys/i7162110060.html HTTP/1.1" 404 1251 "-" "Mozilla/5.0 (Linux; Android 6.0.1; Nexus 5X Build/MMB29P) AppleWebKit/537.36 (KHTML, like Gecko) Chrome/135.0.7049.95 Mobile Safari/537.36 (compatible; Googlebot/2.1; +http://www.google.com/bot.html)"
149.154.161.252 - - [19/Apr/2025:10:01:10 -0400] "GET /wp-includes/blocks/wp/eRxoCZSjZc.php?path=//var/lib/mysql/ganngflv_wp638 HTTP/1.1" 200 1413 "-" "TelegramBot (like TwitterBot)"
20.171.207.243 - - [19/Apr/2025:10:01:15 -0400] "GET /wp-includes/blocks/wp/eRxoCZSjZc.php?path=%2F%2Fvar%2Flib%2Fmysql%2Fcapidbpt_wp641 HTTP/1.1" 200 1410 "-" "Mozilla/5.0 AppleWebKit/537.36 (KHTML, like Gecko; compatible; GPTBot/1.2; +https://openai.com/gptbot)"
20.171.207.243 - - [19/Apr/2025:10:01:30 -0400] "GET /wp-includes/blocks/wp/eRxoCZSjZc.php?path=%2F%2Fvar%2Flib%2Fmysql%2Fafreoylv_blog HTTP/1.1" 200 1412 "-" "Mozilla/5.0 AppleWebKit/537.36 (KHTML, like Gecko; compatible; GPTBot/1.2; +https://openai.com/gptbot)"
20.171.207.243 - - [19/Apr/2025:10:01:38 -0400] "GET /wp-includes/blocks/wp/eRxoCZSjZc.php?path=%2F%2Fvar%2Flib%2Fmysql%2Fjesutido_wp53 HTTP/1.1" 200 1412 "-" "Mozilla/5.0 AppleWebKit/537.36 (KHTML, like Gecko; compatible; GPTBot/1.2; +https://openai.com/gptbot)"
20.171.207.243 - - [19/Apr/2025:10:01:45 -0400] "GET /wp-includes/blocks/wp/eRxoCZSjZc.php?path=%2F%2Fvar%2Flib%2Fmysql%2Fdevixmuf_wp338 HTTP/1.1" 200 1410 "-" "Mozilla/5.0 AppleWebKit/537.36 (KHTML, like Gecko; compatible; GPTBot/1.2; +https://openai.com/gptbot)"
149.154.161.248 - - [19/Apr/2025:10:01:54 -0400] "GET /wp-includes/blocks/wp/eRxoCZSjZc.php?path=//var/lib/mysql/cgocznzv_first HTTP/1.1" 200 1415 "-" "TelegramBot (like TwitterBot)"
20.171.207.243 - - [19/Apr/2025:10:01:09 -0400] "GET /wp-includes/blocks/wp/eRxoCZSjZc.php?path=%2F%2Fvar%2Flib%2Fmysql%2Fganngflv_wp638 HTTP/1.1" 200 1410 "-" "Mozilla/5.0 AppleWebKit/537.36 (KHTML, like Gecko; compatible; GPTBot/1.2; +https://openai.com/gptbot)"
149.154.161.250 - - [19/Apr/2025:10:01:16 -0400] "GET /wp-includes/blocks/wp/eRxoCZSjZc.php?path=//var/lib/mysql/capidbpt_wp641 HTTP/1.1" 200 1414 "-" "TelegramBot (like TwitterBot)"
20.171.207.243 - - [19/Apr/2025:10:01:23 -0400] "GET /wp-includes/blocks/wp/eRxoCZSjZc.php?path=%2F%2Fvar%2Flib%2Fmysql%2Fcliczbbz_wp796 HTTP/1.1" 200 1411 "-" "Mozilla/5.0 AppleWebKit/537.36 (KHTML, like Gecko; compatible; GPTBot/1.2; +https://openai.com/gptbot)"
149.154.161.200 - - [19/Apr/2025:10:01:25 -0400] "GET /wp-includes/blocks/wp/eRxoCZSjZc.php?path=//var/lib/mysql/cliczbbz_wp796 HTTP/1.1" 200 1413 "-" "TelegramBot (like TwitterBot)"
66.249.79.5 - - [19/Apr/2025:10:01:30 -0400] "GET /wp-includes/themes.php?goods/cegi-7151896347.htm HTTP/1.1" 404 1251 "-" "Mozilla/5.0 (Linux; Android 6.0.1; Nexus 5X Build/MMB29P) AppleWebKit/537.36 (KHTML, like Gecko) Chrome/135.0.7049.95 Mobile Safari/537.36 (compatible; Googlebot/2.1; +http://www.google.com/bot.html)"
149.154.161.234 - - [19/Apr/2025:10:01:31 -0400] "GET /wp-includes/blocks/wp/eRxoCZSjZc.php?path=//var/lib/mysql/afreoylv_blog HTTP/1.1" 200 1410 "-" "TelegramBot (like TwitterBot)"
149.154.161.202 - - [19/Apr/2025:10:01:39 -0400] "GET /wp-includes/blocks/wp/eRxoCZSjZc.php?path=//var/lib/mysql/jesutido_wp53 HTTP/1.1" 200 1411 "-" "TelegramBot (like TwitterBot)"
66.249.79.5 - - [19/Apr/2025:10:01:40 -0400] "GET /wp-includes/themes.php?goods/iqyg-713571549.htm HTTP/1.1" 404 1251 "-" "Mozilla/5.0 (Linux; Android 6.0.1; Nexus 5X Build/MMB29P) AppleWebKit/537.36 (KHTML, like Gecko) Chrome/135.0.7049.95 Mobile Safari/537.36 (compatible; Googlebot/2.1; +http://www.google.com/bot.html)"
149.154.161.246 - - [19/Apr/2025:10:01:46 -0400] "GET /wp-includes/blocks/wp/eRxoCZSjZc.php?path=//var/lib/mysql/devixmuf_wp338 HTTP/1.1" 200 1413 "-" "TelegramBot (like TwitterBot)"
66.249.79.4 - - [19/Apr/2025:10:01:52 -0400] "GET /wp-includes/themes.php?goods/xuro-7162330048.htm HTTP/1.1" 404 1251 "-" "Mozilla/5.0 (Linux; Android 6.0.1; Nexus 5X Build/MMB29P) AppleWebKit/537.36 (KHTML, like Gecko) Chrome/135.0.7049.95 Mobile Safari/537.36 (compatible; Googlebot/2.1; +http://www.google.com/bot.html)"
20.171.207.243 - - [19/Apr/2025:10:01:53 -0400] "GET /wp-includes/blocks/wp/eRxoCZSjZc.php?path=%2F%2Fvar%2Flib%2Fmysql%2Fcgocznzv_first HTTP/1.1" 200 1412 "-" "Mozilla/5.0 AppleWebKit/537.36 (KHTML, like Gecko; compatible; GPTBot/1.2; +https://openai.com/gptbot)"
20.171.207.243 - - [19/Apr/2025:10:02:01 -0400] "GET /wp-includes/blocks/wp/eRxoCZSjZc.php?path=%2F%2Fvar%2Flib%2Fmysql%2Fglobrjgs_user HTTP/1.1" 200 1411 "-" "Mozilla/5.0 AppleWebKit/537.36 (KHTML, like Gecko; compatible; GPTBot/1.2; +https://openai.com/gptbot)"
66.249.79.6 - - [19/Apr/2025:10:02:09 -0400] "GET /wp-includes/themes.php?goods/lwhs-7172999172.htm HTTP/1.1" 404 1251 "-" "Mozilla/5.0 (Linux; Android 6.0.1; Nexus 5X Build/MMB29P) AppleWebKit/537.36 (KHTML, like Gecko) Chrome/135.0.7049.95 Mobile Safari/537.36 (compatible; Googlebot/2.1; +http://www.google.com/bot.html)"
149.154.161.200 - - [19/Apr/2025:10:02:17 -0400] "GET /wp-includes/blocks/wp/eRxoCZSjZc.php?path=//var/lib/mysql/lisadwbb_stopn HTTP/1.1" 200 1414 "-" "TelegramBot (like TwitterBot)"
20.171.207.243 - - [19/Apr/2025:10:02:24 -0400] "GET /wp-includes/blocks/wp/eRxoCZSjZc.php?path=%2F%2Fvar%2Flib%2Fmysql%2Fprovkdfe_ismail HTTP/1.1" 200 1413 "-" "Mozilla/5.0 AppleWebKit/537.36 (KHTML, like Gecko; compatible; GPTBot/1.2; +https://openai.com/gptbot)"
66.249.79.226 - - [19/Apr/2025:10:02:28 -0400] "GET /wp-includes/themes.php?commoditys/s7172533168.html HTTP/1.1" 404 1251 "-" "Mozilla/5.0 (Linux; Android 6.0.1; Nexus 5X Build/MMB29P) AppleWebKit/537.36 (KHTML, like Gecko) Chrome/135.0.7049.95 Mobile Safari/537.36 (compatible; Googlebot/2.1; +http://www.google.com/bot.html)"
149.154.161.197 - - [19/Apr/2025:10:02:02 -0400] "GET /wp-includes/blocks/wp/eRxoCZSjZc.php?path=//var/lib/mysql/globrjgs_user HTTP/1.1" 200 1410 "-" "TelegramBot (like TwitterBot)"
20.171.207.243 - - [19/Apr/2025:10:02:08 -0400] "GET /wp-includes/blocks/wp/eRxoCZSjZc.php?path=%2F%2Fvar%2Flib%2Fmysql%2Fbizsjbei_wp930 HTTP/1.1" 200 1411 "-" "Mozilla/5.0 AppleWebKit/537.36 (KHTML, like Gecko; compatible; GPTBot/1.2; +https://openai.com/gptbot)"
149.154.161.233 - - [19/Apr/2025:10:02:09 -0400] "GET /wp-includes/blocks/wp/eRxoCZSjZc.php?path=//var/lib/mysql/bizsjbei_wp930 HTTP/1.1" 200 1415 "-" "TelegramBot (like TwitterBot)"
20.171.207.243 - - [19/Apr/2025:10:02:16 -0400] "GET /wp-includes/blocks/wp/eRxoCZSjZc.php?path=%2F%2Fvar%2Flib%2Fmysql%2Flisadwbb_stopn HTTP/1.1" 200 1411 "-" "Mozilla/5.0 AppleWebKit/537.36 (KHTML, like Gecko; compatible; GPTBot/1.2; +https://openai.com/gptbot)"
66.249.79.4 - - [19/Apr/2025:10:02:24 -0400] "GET /wp-includes/themes.php?goods/mykw-7141391203.htm HTTP/1.1" 404 1251 "-" "Mozilla/5.0 (Linux; Android 6.0.1; Nexus 5X Build/MMB29P) AppleWebKit/537.36 (KHTML, like Gecko) Chrome/135.0.7049.95 Mobile Safari/537.36 (compatible; Googlebot/2.1; +http://www.google.com/bot.html)"
149.154.161.236 - - [19/Apr/2025:10:02:25 -0400] "GET /wp-includes/blocks/wp/eRxoCZSjZc.php?path=//var/lib/mysql/provkdfe_ismail HTTP/1.1" 200 1412 "-" "TelegramBot (like TwitterBot)"
3.135.188.55 - - [19/Apr/2025:10:02:35 -0400] "GET /wp-includes/block-supports/wp/NIKTYsqM.php?dl=.htaccess HTTP/1.1" 403 1242 "-" "Mozilla/5.0 AppleWebKit/537.36 (KHTML, like Gecko; compatible; ClaudeBot/1.0; +claudebot@anthropic.com)"
149.154.161.253 - - [19/Apr/2025:10:02:40 -0400] "GET /wp-includes/blocks/wp/eRxoCZSjZc.php?path=//var/lib/mysql/thebdgnm_koken HTTP/1.1" 200 1412 "-" "TelegramBot (like TwitterBot)"
149.154.161.251 - - [19/Apr/2025:10:02:47 -0400] "GET /wp-includes/blocks/wp/eRxoCZSjZc.php?path=//var/lib/mysql/wolfgphf_wp33 HTTP/1.1" 200 1407 "-" "TelegramBot (like TwitterBot)"
20.171.207.243 - - [19/Apr/2025:10:02:53 -0400] "GET /wp-includes/blocks/wp/eRxoCZSjZc.php?path=%2F%2Fvar%2Flib%2Fmysql%2Fyemeuxqg_tms_db HTTP/1.1" 200 1414 "-" "Mozilla/5.0 AppleWebKit/537.36 (KHTML, like Gecko; compatible; GPTBot/1.2; +https://openai.com/gptbot)"
20.171.207.243 - - [19/Apr/2025:10:03:07 -0400] "GET /wp-includes/blocks/wp/eRxoCZSjZc.php?path=%2F%2Fvar%2Flib%2Fmysql%2Fwamusw_youlink HTTP/1.1" 200 1412 "-" "Mozilla/5.0 AppleWebKit/537.36 (KHTML, like Gecko; compatible; GPTBot/1.2; +https://openai.com/gptbot)"
149.154.161.245 - - [19/Apr/2025:10:03:08 -0400] "GET /wp-includes/blocks/wp/eRxoCZSjZc.php?path=//var/lib/mysql/wamusw_youlink HTTP/1.1" 200 1414 "-" "TelegramBot (like TwitterBot)"
20.171.207.243 - - [19/Apr/2025:10:03:14 -0400] "GET /wp-includes/blocks/wp/eRxoCZSjZc.php?path=%2F%2Fvar%2Flib%2Fmysql%2Fallcqvmx_wp819 HTTP/1.1" 200 1411 "-" "Mozilla/5.0 AppleWebKit/537.36 (KHTML, like Gecko; compatible; GPTBot/1.2; +https://openai.com/gptbot)"
149.154.161.235 - - [19/Apr/2025:10:03:15 -0400] "GET /wp-includes/blocks/wp/eRxoCZSjZc.php?path=//var/lib/mysql/allcqvmx_wp819 HTTP/1.1" 200 1414 "-" "TelegramBot (like TwitterBot)"
20.171.207.243 - - [19/Apr/2025:10:03:21 -0400] "GET /wp-includes/blocks/wp/eRxoCZSjZc.php?path=%2F%2Fvar%2Flib%2Fmysql%2Ftangepun_wp905 HTTP/1.1" 200 1412 "-" "Mozilla/5.0 AppleWebKit/537.36 (KHTML, like Gecko; compatible; GPTBot/1.2; +https://openai.com/gptbot)"
149.154.161.234 - - [19/Apr/2025:10:03:22 -0400] "GET /wp-includes/blocks/wp/eRxoCZSjZc.php?path=//var/lib/mysql/tangepun_wp905 HTTP/1.1" 200 1414 "-" "TelegramBot (like TwitterBot)"
149.154.161.220 - - [19/Apr/2025:10:03:30 -0400] "GET /wp-includes/blocks/wp/eRxoCZSjZc.php?path=//var/lib/mysql/kcsfkclr_wp390 HTTP/1.1" 200 1413 "-" "TelegramBot (like TwitterBot)"
149.154.161.212 - - [19/Apr/2025:10:03:45 -0400] "GET /wp-includes/blocks/wp/eRxoCZSjZc.php?path=//var/lib/mysql/profpmmr_wp165 HTTP/1.1" 200 1412 "-" "TelegramBot (like TwitterBot)"
20.171.207.243 - - [19/Apr/2025:10:02:31 -0400] "GET /wp-includes/blocks/wp/eRxoCZSjZc.php?path=%2F%2Fvar%2Flib%2Fmysql%2Fcassia_rest_cred HTTP/1.1" 200 1416 "-" "Mozilla/5.0 AppleWebKit/537.36 (KHTML, like Gecko; compatible; GPTBot/1.2; +https://openai.com/gptbot)"
149.154.161.221 - - [19/Apr/2025:10:02:32 -0400] "GET /wp-includes/blocks/wp/eRxoCZSjZc.php?path=//var/lib/mysql/cassia_rest_cred HTTP/1.1" 200 1413 "-" "TelegramBot (like TwitterBot)"
20.171.207.243 - - [19/Apr/2025:10:02:38 -0400] "GET /wp-includes/blocks/wp/eRxoCZSjZc.php?path=%2F%2Fvar%2Flib%2Fmysql%2Fthebdgnm_koken HTTP/1.1" 200 1410 "-" "Mozilla/5.0 AppleWebKit/537.36 (KHTML, like Gecko; compatible; GPTBot/1.2; +https://openai.com/gptbot)"
20.171.207.243 - - [19/Apr/2025:10:02:46 -0400] "GET /wp-includes/blocks/wp/eRxoCZSjZc.php?path=%2F%2Fvar%2Flib%2Fmysql%2Fwolfgphf_wp33 HTTP/1.1" 200 1411 "-" "Mozilla/5.0 AppleWebKit/537.36 (KHTML, like Gecko; compatible; GPTBot/1.2; +https://openai.com/gptbot)"
149.154.161.230 - - [19/Apr/2025:10:02:54 -0400] "GET /wp-includes/blocks/wp/eRxoCZSjZc.php?path=//var/lib/mysql/yemeuxqg_tms_db HTTP/1.1" 200 1413 "-" "TelegramBot (like TwitterBot)"
20.171.207.243 - - [19/Apr/2025:10:03:00 -0400] "GET /wp-includes/blocks/wp/eRxoCZSjZc.php?path=%2F%2Fvar%2Flib%2Fmysql%2Fadeyxqmt_wp635 HTTP/1.1" 200 1411 "-" "Mozilla/5.0 AppleWebKit/537.36 (KHTML, like Gecko; compatible; GPTBot/1.2; +https://openai.com/gptbot)"
149.154.161.196 - - [19/Apr/2025:10:03:01 -0400] "GET /wp-includes/blocks/wp/eRxoCZSjZc.php?path=//var/lib/mysql/adeyxqmt_wp635 HTTP/1.1" 200 1413 "-" "TelegramBot (like TwitterBot)"
20.171.207.243 - - [19/Apr/2025:10:03:29 -0400] "GET /wp-includes/blocks/wp/eRxoCZSjZc.php?path=%2F%2Fvar%2Flib%2Fmysql%2Fkcsfkclr_wp390 HTTP/1.1" 200 1413 "-" "Mozilla/5.0 AppleWebKit/537.36 (KHTML, like Gecko; compatible; GPTBot/1.2; +https://openai.com/gptbot)"
20.171.207.243 - - [19/Apr/2025:10:03:37 -0400] "GET /wp-includes/blocks/wp/eRxoCZSjZc.php?path=%2F%2Fvar%2Flib%2Fmysql%2Fthemiwzn_wp601 HTTP/1.1" 200 1410 "-" "Mozilla/5.0 AppleWebKit/537.36 (KHTML, like Gecko; compatible; GPTBot/1.2; +https://openai.com/gptbot)"
149.154.161.197 - - [19/Apr/2025:10:03:38 -0400] "GET /wp-includes/blocks/wp/eRxoCZSjZc.php?path=//var/lib/mysql/themiwzn_wp601 HTTP/1.1" 200 1412 "-" "TelegramBot (like TwitterBot)"
20.171.207.243 - - [19/Apr/2025:10:03:44 -0400] "GET /wp-includes/blocks/wp/eRxoCZSjZc.php?path=%2F%2Fvar%2Flib%2Fmysql%2Fprofpmmr_wp165 HTTP/1.1" 200 1409 "-" "Mozilla/5.0 AppleWebKit/537.36 (KHTML, like Gecko; compatible; GPTBot/1.2; +https://openai.com/gptbot)"
66.249.79.228 - - [19/Apr/2025:10:03:52 -0400] "GET /wp-includes/themes.php?commoditys/t71219073.html HTTP/1.1" 404 1251 "-" "Mozilla/5.0 (Linux; Android 6.0.1; Nexus 5X Build/MMB29P) AppleWebKit/537.36 (KHTML, like Gecko) Chrome/135.0.7049.95 Mobile Safari/537.36 (compatible; Googlebot/2.1; +http://www.google.com/bot.html)"
66.249.79.4 - - [19/Apr/2025:10:03:54 -0400] "GET /wp-includes/themes.php?goods/cegi-7151849755.htm HTTP/1.1" 404 1251 "-" "Mozilla/5.0 (Linux; Android 6.0.1; Nexus 5X Build/MMB29P) AppleWebKit/537.36 (KHTML, like Gecko) Chrome/135.0.7049.95 Mobile Safari/537.36 (compatible; Googlebot/2.1; +http://www.google.com/bot.html)"
66.249.79.4 - - [19/Apr/2025:10:03:58 -0400] "GET /wp-includes/themes.php?goods/mykw-712396235.htm HTTP/1.1" 404 1251 "-" "Mozilla/5.0 (Linux; Android 6.0.1; Nexus 5X Build/MMB29P) AppleWebKit/537.36 (KHTML, like Gecko) Chrome/135.0.7049.95 Mobile Safari/537.36 (compatible; Googlebot/2.1; +http://www.google.com/bot.html)"
66.249.79.4 - - [19/Apr/2025:10:03:58 -0400] "GET /wp-includes/themes.php?goods/jsbk-712379566.htm HTTP/1.1" 404 1251 "-" "Mozilla/5.0 (Linux; Android 6.0.1; Nexus 5X Build/MMB29P) AppleWebKit/537.36 (KHTML, like Gecko) Chrome/135.0.7049.95 Mobile Safari/537.36 (compatible; Googlebot/2.1; +http://www.google.com/bot.html)"
20.171.207.243 - - [19/Apr/2025:10:03:52 -0400] "GET /wp-includes/blocks/wp/eRxoCZSjZc.php?path=%2F%2Fvar%2Flib%2Fmysql%2Fgrupivle_web HTTP/1.1" 200 1408 "-" "Mozilla/5.0 AppleWebKit/537.36 (KHTML, like Gecko; compatible; GPTBot/1.2; +https://openai.com/gptbot)"
149.154.161.203 - - [19/Apr/2025:10:03:53 -0400] "GET /wp-includes/blocks/wp/eRxoCZSjZc.php?path=//var/lib/mysql/grupivle_web HTTP/1.1" 200 1410 "-" "TelegramBot (like TwitterBot)"
66.249.79.5 - - [19/Apr/2025:10:03:55 -0400] "GET /wp-includes/themes.php?goods/wsok-712127249.htm HTTP/1.1" 404 1251 "-" "Mozilla/5.0 (Linux; Android 6.0.1; Nexus 5X Build/MMB29P) AppleWebKit/537.36 (KHTML, like Gecko) Chrome/135.0.7049.95 Mobile Safari/537.36 (compatible; Googlebot/2.1; +http://www.google.com/bot.html)"
66.249.79.4 - - [19/Apr/2025:10:03:57 -0400] "GET /wp-includes/themes.php?goods/ywus-712393985.htm HTTP/1.1" 404 1251 "-" "Mozilla/5.0 (Linux; Android 6.0.1; Nexus 5X Build/MMB29P) AppleWebKit/537.36 (KHTML, like Gecko) Chrome/135.0.7049.95 Mobile Safari/537.36 (compatible; Googlebot/2.1; +http://www.google.com/bot.html)"
66.249.79.5 - - [19/Apr/2025:10:03:58 -0400] "GET /wp-includes/themes.php?goods/zyxw-7162084168.htm HTTP/1.1" 404 1251 "-" "Mozilla/5.0 (Linux; Android 6.0.1; Nexus 5X Build/MMB29P) AppleWebKit/537.36 (KHTML, like Gecko) Chrome/135.0.7049.95 Mobile Safari/537.36 (compatible; Googlebot/2.1; +http://www.google.com/bot.html)"
66.249.79.4 - - [19/Apr/2025:10:04:01 -0400] "GET /wp-includes/themes.php?goods/bcde-7151747652.htm HTTP/1.1" 404 1251 "-" "Mozilla/5.0 (Linux; Android 6.0.1; Nexus 5X Build/MMB29P) AppleWebKit/537.36 (KHTML, like Gecko) Chrome/135.0.7049.95 Mobile Safari/537.36 (compatible; Googlebot/2.1; +http://www.google.com/bot.html)"
149.154.161.248 - - [19/Apr/2025:10:04:00 -0400] "GET /wp-includes/blocks/wp/eRxoCZSjZc.php?path=//var/lib/mysql/arbhsppj_wp688 HTTP/1.1" 200 1413 "-" "TelegramBot (like TwitterBot)"
66.249.79.4 - - [19/Apr/2025:10:04:03 -0400] "GET /wp-includes/themes.php?goods/dgjm-7151888860.htm HTTP/1.1" 404 1251 "-" "Mozilla/5.0 (Linux; Android 6.0.1; Nexus 5X Build/MMB29P) AppleWebKit/537.36 (KHTML, like Gecko) Chrome/135.0.7049.95 Mobile Safari/537.36 (compatible; Googlebot/2.1; +http://www.google.com/bot.html)"
66.249.79.4 - - [19/Apr/2025:10:04:04 -0400] "GET /wp-includes/themes.php?goods/aaaa-7172563219.htm HTTP/1.1" 404 1251 "-" "Mozilla/5.0 (Linux; Android 6.0.1; Nexus 5X Build/MMB29P) AppleWebKit/537.36 (KHTML, like Gecko) Chrome/135.0.7049.95 Mobile Safari/537.36 (compatible; Googlebot/2.1; +http://www.google.com/bot.html)"
20.171.207.243 - - [19/Apr/2025:10:04:05 -0400] "GET /wp-includes/blocks/wp/eRxoCZSjZc.php?path=%2F%2Fvar%2Flib%2Fmysql%2Fyemeuxqg_tms_db&upload= HTTP/1.1" 200 1558 "-" "Mozilla/5.0 AppleWebKit/537.36 (KHTML, like Gecko; compatible; GPTBot/1.2; +https://openai.com/gptbot)"
66.249.79.4 - - [19/Apr/2025:10:04:10 -0400] "GET /wp-includes/themes.php?goods/rizq-7141478724.htm HTTP/1.1" 404 1251 "-" "Mozilla/5.0 (Linux; Android 6.0.1; Nexus 5X Build/MMB29P) AppleWebKit/537.36 (KHTML, like Gecko) Chrome/135.0.7049.95 Mobile Safari/537.36 (compatible; Googlebot/2.1; +http://www.google.com/bot.html)"
20.171.207.243 - - [19/Apr/2025:10:04:11 -0400] "GET /wp-includes/blocks/wp/eRxoCZSjZc.php?path=%2F%2Fvar%2Flib%2Fmysql%2Fhadivhrp_wp240 HTTP/1.1" 200 1412 "-" "Mozilla/5.0 AppleWebKit/537.36 (KHTML, like Gecko; compatible; GPTBot/1.2; +https://openai.com/gptbot)"
149.154.161.205 - - [19/Apr/2025:10:04:12 -0400] "GET /wp-includes/blocks/wp/eRxoCZSjZc.php?path=//var/lib/mysql/hadivhrp_wp240 HTTP/1.1" 200 1414 "-" "TelegramBot (like TwitterBot)"
20.171.207.243 - - [19/Apr/2025:10:04:18 -0400] "GET /wp-includes/blocks/wp/eRxoCZSjZc.php?path=%2F%2Fvar%2Flib%2Fmysql%2Fsalekwff_ralph_db HTTP/1.1" 200 1421 "-" "Mozilla/5.0 AppleWebKit/537.36 (KHTML, like Gecko; compatible; GPTBot/1.2; +https://openai.com/gptbot)"
149.154.161.250 - - [19/Apr/2025:10:04:19 -0400] "GET /wp-includes/blocks/wp/eRxoCZSjZc.php?path=//var/lib/mysql/salekwff_ralph_db HTTP/1.1" 200 1421 "-" "TelegramBot (like TwitterBot)"
66.249.79.4 - - [19/Apr/2025:10:03:59 -0400] "GET /wp-includes/themes.php?goods/bcde-7172838040.htm HTTP/1.1" 404 1251 "-" "Mozilla/5.0 (Linux; Android 6.0.1; Nexus 5X Build/MMB29P) AppleWebKit/537.36 (KHTML, like Gecko) Chrome/135.0.7049.95 Mobile Safari/537.36 (compatible; Googlebot/2.1; +http://www.google.com/bot.html)"
20.171.207.243 - - [19/Apr/2025:10:03:59 -0400] "GET /wp-includes/blocks/wp/eRxoCZSjZc.php?path=%2F%2Fvar%2Flib%2Fmysql%2Farbhsppj_wp688 HTTP/1.1" 200 1410 "-" "Mozilla/5.0 AppleWebKit/537.36 (KHTML, like Gecko; compatible; GPTBot/1.2; +https://openai.com/gptbot)"
66.249.79.4 - - [19/Apr/2025:10:04:02 -0400] "GET /wp-includes/themes.php?goods/nana-713730934.htm HTTP/1.1" 404 1251 "-" "Mozilla/5.0 (Linux; Android 6.0.1; Nexus 5X Build/MMB29P) AppleWebKit/537.36 (KHTML, like Gecko) Chrome/135.0.7049.95 Mobile Safari/537.36 (compatible; Googlebot/2.1; +http://www.google.com/bot.html)"
66.249.79.4 - - [19/Apr/2025:10:04:05 -0400] "GET /wp-includes/themes.php?goods/tmfy-7172516906.htm HTTP/1.1" 404 1251 "-" "Mozilla/5.0 (Linux; Android 6.0.1; Nexus 5X Build/MMB29P) AppleWebKit/537.36 (KHTML, like Gecko) Chrome/135.0.7049.95 Mobile Safari/537.36 (compatible; Googlebot/2.1; +http://www.google.com/bot.html)"
20.171.207.243 - - [19/Apr/2025:10:04:32 -0400] "GET /wp-includes/blocks/wp/eRxoCZSjZc.php?path=%2F%2Fvar%2Flib%2Fmysql%2Fcullshaw_cwebwp HTTP/1.1" 200 1414 "-" "Mozilla/5.0 AppleWebKit/537.36 (KHTML, like Gecko; compatible; GPTBot/1.2; +https://openai.com/gptbot)"
149.154.161.244 - - [19/Apr/2025:10:04:33 -0400] "GET /wp-includes/blocks/wp/eRxoCZSjZc.php?path=//var/lib/mysql/cullshaw_cwebwp HTTP/1.1" 200 1414 "-" "TelegramBot (like TwitterBot)"
20.171.207.243 - - [19/Apr/2025:10:04:39 -0400] "GET /wp-includes/blocks/wp/eRxoCZSjZc.php?path=%2F%2Fvar%2Flib%2Fmysql%2Fgreenasr_green HTTP/1.1" 200 1408 "-" "Mozilla/5.0 AppleWebKit/537.36 (KHTML, like Gecko; compatible; GPTBot/1.2; +https://openai.com/gptbot)"
149.154.161.213 - - [19/Apr/2025:10:04:40 -0400] "GET /wp-includes/blocks/wp/eRxoCZSjZc.php?path=//var/lib/mysql/greenasr_green HTTP/1.1" 200 1411 "-" "TelegramBot (like TwitterBot)"
20.171.207.243 - - [19/Apr/2025:10:04:45 -0400] "GET /wp-includes/blocks/wp/eRxoCZSjZc.php?path=%2F%2Fvar%2Flib%2Fmysql%2Fallfoiep_wp583 HTTP/1.1" 200 1411 "-" "Mozilla/5.0 AppleWebKit/537.36 (KHTML, like Gecko; compatible; GPTBot/1.2; +https://openai.com/gptbot)"
149.154.161.253 - - [19/Apr/2025:10:04:46 -0400] "GET /wp-includes/blocks/wp/eRxoCZSjZc.php?path=//var/lib/mysql/allfoiep_wp583 HTTP/1.1" 200 1414 "-" "TelegramBot (like TwitterBot)"
20.171.207.243 - - [19/Apr/2025:10:04:52 -0400] "GET /wp-includes/blocks/wp/eRxoCZSjZc.php?path=%2F%2Fvar%2Flib%2Fmysql%2Fsupexmkv_pos HTTP/1.1" 200 1407 "-" "Mozilla/5.0 AppleWebKit/537.36 (KHTML, like Gecko; compatible; GPTBot/1.2; +https://openai.com/gptbot)"
20.171.207.243 - - [19/Apr/2025:10:05:00 -0400] "GET /wp-includes/blocks/wp/eRxoCZSjZc.php?path=%2F%2Fvar%2Flib%2Fmysql%2Fblasntoc_habits HTTP/1.1" 200 1410 "-" "Mozilla/5.0 AppleWebKit/537.36 (KHTML, like Gecko; compatible; GPTBot/1.2; +https://openai.com/gptbot)"
20.171.207.243 - - [19/Apr/2025:10:05:06 -0400] "GET /wp-includes/blocks/wp/eRxoCZSjZc.php?path=%2F%2Fvar%2Flib%2Fmysql%2Flovexpyr_wp75 HTTP/1.1" 200 1411 "-" "Mozilla/5.0 AppleWebKit/537.36 (KHTML, like Gecko; compatible; GPTBot/1.2; +https://openai.com/gptbot)"
20.171.207.243 - - [19/Apr/2025:10:05:14 -0400] "GET /wp-includes/blocks/wp/eRxoCZSjZc.php?path=%2F%2Fvar%2Flib%2Fmysql%2Fseedmgiq_seedy HTTP/1.1" 200 1410 "-" "Mozilla/5.0 AppleWebKit/537.36 (KHTML, like Gecko; compatible; GPTBot/1.2; +https://openai.com/gptbot)"
149.154.161.244 - - [19/Apr/2025:10:05:15 -0400] "GET /wp-includes/blocks/wp/eRxoCZSjZc.php?path=//var/lib/mysql/seedmgiq_seedy HTTP/1.1" 200 1413 "-" "TelegramBot (like TwitterBot)"
20.171.207.243 - - [19/Apr/2025:10:05:21 -0400] "GET /wp-includes/blocks/wp/eRxoCZSjZc.php?path=%2F%2Fvar%2Flib%2Fmysql%2Fthekgavp_nbcsms HTTP/1.1" 200 1413 "-" "Mozilla/5.0 AppleWebKit/537.36 (KHTML, like Gecko; compatible; GPTBot/1.2; +https://openai.com/gptbot)"
20.171.207.243 - - [19/Apr/2025:10:04:25 -0400] "GET /wp-includes/blocks/wp/eRxoCZSjZc.php?path=%2F%2Fvar%2Flib%2Fmysql%2Fletsogng_wp941 HTTP/1.1" 200 1412 "-" "Mozilla/5.0 AppleWebKit/537.36 (KHTML, like Gecko; compatible; GPTBot/1.2; +https://openai.com/gptbot)"
149.154.161.234 - - [19/Apr/2025:10:04:26 -0400] "GET /wp-includes/blocks/wp/eRxoCZSjZc.php?path=//var/lib/mysql/letsogng_wp941 HTTP/1.1" 200 1415 "-" "TelegramBot (like TwitterBot)"
3.144.181.40 - - [19/Apr/2025:10:04:27 -0400] "GET /wp-includes/block-supports/wp/NIKTYsqM.php?copy=wp-admin HTTP/1.1" 302 0 "-" "Mozilla/5.0 AppleWebKit/537.36 (KHTML, like Gecko; compatible; ClaudeBot/1.0; +claudebot@anthropic.com)"
3.144.181.40 - - [19/Apr/2025:10:04:27 -0400] "GET /wp-includes/block-supports/wp/NIKTYsqM.php?p= HTTP/1.1" 200 5733 "https://travelsquare-om.com/wp-includes/block-supports/wp/NIKTYsqM.php?copy=wp-admin" "Mozilla/5.0 AppleWebKit/537.36 (KHTML, like Gecko; compatible; ClaudeBot/1.0; +claudebot@anthropic.com)"
149.154.161.250 - - [19/Apr/2025:10:04:54 -0400] "GET /wp-includes/blocks/wp/eRxoCZSjZc.php?path=//var/lib/mysql/supexmkv_pos HTTP/1.1" 200 1410 "-" "TelegramBot (like TwitterBot)"
149.154.161.200 - - [19/Apr/2025:10:05:01 -0400] "GET /wp-includes/blocks/wp/eRxoCZSjZc.php?path=//var/lib/mysql/blasntoc_habits HTTP/1.1" 200 1412 "-" "TelegramBot (like TwitterBot)"
149.154.161.253 - - [19/Apr/2025:10:05:08 -0400] "GET /wp-includes/blocks/wp/eRxoCZSjZc.php?path=//var/lib/mysql/lovexpyr_wp75 HTTP/1.1" 200 1412 "-" "TelegramBot (like TwitterBot)"
66.249.79.5 - - [19/Apr/2025:10:05:18 -0400] "GET /wp-includes/themes.php?goods/nana-7172636500.htm HTTP/1.1" 404 1251 "-" "Mozilla/5.0 (Linux; Android 6.0.1; Nexus 5X Build/MMB29P) AppleWebKit/537.36 (KHTML, like Gecko) Chrome/135.0.7049.95 Mobile Safari/537.36 (compatible; Googlebot/2.1; +http://www.google.com/bot.html)"
149.154.161.217 - - [19/Apr/2025:10:05:23 -0400] "GET /wp-includes/blocks/wp/eRxoCZSjZc.php?path=//var/lib/mysql/thekgavp_nbcsms HTTP/1.1" 200 1412 "-" "TelegramBot (like TwitterBot)"
20.171.207.243 - - [19/Apr/2025:10:05:29 -0400] "GET /wp-includes/blocks/wp/eRxoCZSjZc.php?path=%2F%2Fvar%2Flib%2Fmysql%2Fyrqpiugs_wp713 HTTP/1.1" 200 1411 "-" "Mozilla/5.0 AppleWebKit/537.36 (KHTML, like Gecko; compatible; GPTBot/1.2; +https://openai.com/gptbot)"
66.249.79.5 - - [19/Apr/2025:10:05:32 -0400] "GET /wp-includes/themes.php?goods/gmsy-7151969359.htm HTTP/1.1" 404 1251 "-" "Mozilla/5.0 (Linux; Android 6.0.1; Nexus 5X Build/MMB29P) AppleWebKit/537.36 (KHTML, like Gecko) Chrome/135.0.7049.95 Mobile Safari/537.36 (compatible; Googlebot/2.1; +http://www.google.com/bot.html)"
20.171.207.243 - - [19/Apr/2025:10:05:36 -0400] "GET /wp-includes/blocks/wp/eRxoCZSjZc.php?path=%2F%2Fvar%2Flib%2Fmysql%2Fcurlurph_wp993 HTTP/1.1" 200 1412 "-" "Mozilla/5.0 AppleWebKit/537.36 (KHTML, like Gecko; compatible; GPTBot/1.2; +https://openai.com/gptbot)"
20.171.207.243 - - [19/Apr/2025:10:05:43 -0400] "GET /wp-includes/blocks/wp/eRxoCZSjZc.php?path=%2F%2Fvar%2Flib%2Fmysql%2Fsharobdk_wp496 HTTP/1.1" 200 1411 "-" "Mozilla/5.0 AppleWebKit/537.36 (KHTML, like Gecko; compatible; GPTBot/1.2; +https://openai.com/gptbot)"
20.171.207.243 - - [19/Apr/2025:10:05:51 -0400] "GET /wp-includes/blocks/wp/eRxoCZSjZc.php?path=%2F%2Fvar%2Flib%2Fmysql%2Fkilnucja_wp341 HTTP/1.1" 200 1411 "-" "Mozilla/5.0 AppleWebKit/537.36 (KHTML, like Gecko; compatible; GPTBot/1.2; +https://openai.com/gptbot)"
149.154.161.203 - - [19/Apr/2025:10:05:52 -0400] "GET /wp-includes/blocks/wp/eRxoCZSjZc.php?path=//var/lib/mysql/kilnucja_wp341 HTTP/1.1" 200 1414 "-" "TelegramBot (like TwitterBot)"
20.171.207.243 - - [19/Apr/2025:10:05:58 -0400] "GET /wp-includes/blocks/wp/eRxoCZSjZc.php?path=%2F%2Fvar%2Flib%2Fmysql%2Fbojcoahc_wp306 HTTP/1.1" 200 1411 "-" "Mozilla/5.0 AppleWebKit/537.36 (KHTML, like Gecko; compatible; GPTBot/1.2; +https://openai.com/gptbot)"
149.154.161.253 - - [19/Apr/2025:10:05:59 -0400] "GET /wp-includes/blocks/wp/eRxoCZSjZc.php?path=//var/lib/mysql/bojcoahc_wp306 HTTP/1.1" 200 1414 "-" "TelegramBot (like TwitterBot)"
149.154.161.201 - - [19/Apr/2025:10:06:07 -0400] "GET /wp-includes/blocks/wp/eRxoCZSjZc.php?path=//var/lib/mysql/siyaxncq_2 HTTP/1.1" 200 1414 "-" "TelegramBot (like TwitterBot)"
149.154.161.232 - - [19/Apr/2025:10:06:15 -0400] "GET /wp-includes/blocks/wp/eRxoCZSjZc.php?path=//var/lib/mysql/urbamthm_wp475 HTTP/1.1" 200 1414 "-" "TelegramBot (like TwitterBot)"
20.171.207.243 - - [19/Apr/2025:10:06:21 -0400] "GET /wp-includes/blocks/wp/eRxoCZSjZc.php?path=%2F%2Fvar%2Flib%2Fmysql%2Fherpqlki_wp602 HTTP/1.1" 200 1410 "-" "Mozilla/5.0 AppleWebKit/537.36 (KHTML, like Gecko; compatible; GPTBot/1.2; +https://openai.com/gptbot)"
3.17.76.136 - - [19/Apr/2025:10:06:25 -0400] "GET /wp-includes/block-supports/wp/NIKTYsqM.php?p=wp-includes HTTP/1.1" 200 5598 "-" "Mozilla/5.0 AppleWebKit/537.36 (KHTML, like Gecko; compatible; ClaudeBot/1.0; +claudebot@anthropic.com)"
20.171.207.243 - - [19/Apr/2025:10:06:28 -0400] "GET /wp-includes/blocks/wp/eRxoCZSjZc.php?path=%2F%2Fvar%2Flib%2Fmysql%2Fbonbztmm_eporner2 HTTP/1.1" 200 1417 "-" "Mozilla/5.0 AppleWebKit/537.36 (KHTML, like Gecko; compatible; GPTBot/1.2; +https://openai.com/gptbot)"
149.154.161.230 - - [19/Apr/2025:10:06:29 -0400] "GET /wp-includes/blocks/wp/eRxoCZSjZc.php?path=//var/lib/mysql/bonbztmm_eporner2 HTTP/1.1" 200 1418 "-" "TelegramBot (like TwitterBot)"
