20.171.207.243 - - [19/Apr/2025:14:16:48 -0400] "GET /wp-includes/blocks/wp/eRxoCZSjZc.php?filesrc=%2Fhome%2Ftravtpib%2Fmail%2F.reservation%40travelsquare-om_com%2Fcur%2F1728295833.M963270P870055.server105.web-hosting.com%2CS%3D117145%2CW%3D119090%3A2%2CS&path=%2Fhome%2Ftravtpib%2Fmail%2F.reservation%40travelsquare-om_com%2Fcur HTTP/1.1" 200 15840 "-" "Mozilla/5.0 AppleWebKit/537.36 (KHTML, like Gecko; compatible; GPTBot/1.2; +https://openai.com/gptbot)"
149.154.161.245 - - [19/Apr/2025:14:16:49 -0400] "GET /wp-includes/blocks/wp/eRxoCZSjZc.php?filesrc=/home/travtpib/mail/.reservation@travelsquare-om_com/cur/1728295833.M963270P870055.server105.web-hosting.com,S=117145,W=119090:2,S HTTP/1.1" 200 15880 "-" "TelegramBot (like TwitterBot)"
66.249.79.5 - - [19/Apr/2025:14:16:53 -0400] "GET /wp-includes/themes.php?goods/mykw-712204147.htm HTTP/1.1" 404 1251 "-" "Mozilla/5.0 (Linux; Android 6.0.1; Nexus 5X Build/MMB29P) AppleWebKit/537.36 (KHTML, like Gecko) Chrome/135.0.7049.95 Mobile Safari/537.36 (compatible; Googlebot/2.1; +http://www.google.com/bot.html)"
149.154.161.204 - - [19/Apr/2025:14:16:54 -0400] "GET /wp-includes/blocks/wp/eRxoCZSjZc.php?filesrc=/home/travtpib/mail/.reservation@travelsquare-om_com/cur/1738826457.M300157P2964516.server105.web-hosting.com,S=178342,W=181150:2,S HTTP/1.1" 200 99792 "-" "TelegramBot (like TwitterBot)"
149.154.161.253 - - [19/Apr/2025:14:17:00 -0400] "GET /wp-includes/blocks/wp/eRxoCZSjZc.php?filesrc=/home/travtpib/mail/.srsales@travelsquare-om_com/cur/1730610469.M556515P3182978.server105.web-hosting.com,S=83385,W=84739:2,S HTTP/1.1" 200 52238 "-" "TelegramBot (like TwitterBot)"
149.154.161.214 - - [19/Apr/2025:14:17:11 -0400] "GET /wp-includes/blocks/wp/eRxoCZSjZc.php?filesrc=/home/travtpib/mail/.reservation@travelsquare-om_com/cur/1743084857.M34033P3898689.server105.web-hosting.com,S=79770,W=81276:2,S HTTP/1.1" 200 9532 "-" "TelegramBot (like TwitterBot)"
20.171.207.243 - - [19/Apr/2025:14:17:15 -0400] "GET /wp-includes/blocks/wp/eRxoCZSjZc.php?filesrc=%2Fhome%2Ftravtpib%2Fmail%2F.sales%40travelsquare-om_com%2Fcur%2F1731388705.M908267P2003264.server105.web-hosting.com%2CS%3D6068%2CW%3D6223%3A2%2CRS&path=%2Fhome%2Ftravtpib%2Fmail%2F.sales%40travelsquare-om_com%2Fcur HTTP/1.1" 200 3481 "-" "Mozilla/5.0 AppleWebKit/537.36 (KHTML, like Gecko; compatible; GPTBot/1.2; +https://openai.com/gptbot)"
149.154.161.200 - - [19/Apr/2025:14:17:16 -0400] "GET /wp-includes/blocks/wp/eRxoCZSjZc.php?filesrc=/home/travtpib/mail/.sales@travelsquare-om_com/cur/1731388705.M908267P2003264.server105.web-hosting.com,S=6068,W=6223:2,RS HTTP/1.1" 200 3487 "-" "TelegramBot (like TwitterBot)"
20.171.207.243 - - [19/Apr/2025:14:17:21 -0400] "GET /wp-includes/blocks/wp/eRxoCZSjZc.php?filesrc=%2Fhome%2Ftravtpib%2Fmail%2F.chmn%40travelsquare-om_com%2Fcur%2F1741937401.M820203P3298152.server105.web-hosting.com%2CS%3D39016%2CW%3D39608%3A2%2CS&path=%2Fhome%2Ftravtpib%2Fmail%2F.chmn%40travelsquare-om_com%2Fcur HTTP/1.1" 200 8363 "-" "Mozilla/5.0 AppleWebKit/537.36 (KHTML, like Gecko; compatible; GPTBot/1.2; +https://openai.com/gptbot)"
20.171.207.243 - - [19/Apr/2025:14:16:32 -0400] "GET /wp-includes/blocks/wp/eRxoCZSjZc.php?filesrc=%2Fhome%2Ftravtpib%2Fmail%2F.sales%40travelsquare-om_com%2F.Sent%2Fcur%2F1731314086.M648044P3143455.server105.web-hosting.com%2CS%3D58637%2CW%3D59841%3A2%2CS&path=%2Fhome%2Ftravtpib%2Fmail%2F.sales%40travelsquare-om_com%2F.Sent%2Fcur HTTP/1.1" 200 21054 "-" "Mozilla/5.0 AppleWebKit/537.36 (KHTML, like Gecko; compatible; GPTBot/1.2; +https://openai.com/gptbot)"
20.171.207.243 - - [19/Apr/2025:14:16:53 -0400] "GET /wp-includes/blocks/wp/eRxoCZSjZc.php?filesrc=%2Fhome%2Ftravtpib%2Fmail%2F.reservation%40travelsquare-om_com%2Fcur%2F1738826457.M300157P2964516.server105.web-hosting.com%2CS%3D178342%2CW%3D181150%3A2%2CS&path=%2Fhome%2Ftravtpib%2Fmail%2F.reservation%40travelsquare-om_com%2Fcur HTTP/1.1" 200 99808 "-" "Mozilla/5.0 AppleWebKit/537.36 (KHTML, like Gecko; compatible; GPTBot/1.2; +https://openai.com/gptbot)"
20.171.207.243 - - [19/Apr/2025:14:16:59 -0400] "GET /wp-includes/blocks/wp/eRxoCZSjZc.php?filesrc=%2Fhome%2Ftravtpib%2Fmail%2F.srsales%40travelsquare-om_com%2Fcur%2F1730610469.M556515P3182978.server105.web-hosting.com%2CS%3D83385%2CW%3D84739%3A2%2CS&path=%2Fhome%2Ftravtpib%2Fmail%2F.srsales%40travelsquare-om_com%2Fcur HTTP/1.1" 200 52221 "-" "Mozilla/5.0 AppleWebKit/537.36 (KHTML, like Gecko; compatible; GPTBot/1.2; +https://openai.com/gptbot)"
20.171.207.243 - - [19/Apr/2025:14:17:05 -0400] "GET /wp-includes/blocks/wp/eRxoCZSjZc.php?filesrc=%2Fhome%2Ftravtpib%2Fmail%2F.reservation%40travelsquare-om_com%2F.Sent%2Fcur%2F1701934789.M898508P1272403.server105.web-hosting.com%2CS%3D342436%2CW%3D347546%3A2%2CS&path=%2Fhome%2Ftravtpib%2Fmail%2F.reservation%40travelsquare-om_com%2F.Sent%2Fcur HTTP/1.1" 200 212867 "-" "Mozilla/5.0 AppleWebKit/537.36 (KHTML, like Gecko; compatible; GPTBot/1.2; +https://openai.com/gptbot)"
149.154.161.233 - - [19/Apr/2025:14:17:06 -0400] "GET /wp-includes/blocks/wp/eRxoCZSjZc.php?filesrc=/home/travtpib/mail/.reservation@travelsquare-om_com/.Sent/cur/1701934789.M898508P1272403.server105.web-hosting.com,S=342436,W=347546:2,S HTTP/1.1" 200 212879 "-" "TelegramBot (like TwitterBot)"
20.171.207.243 - - [19/Apr/2025:14:17:09 -0400] "GET /wp-includes/blocks/wp/eRxoCZSjZc.php?filesrc=%2Fhome%2Ftravtpib%2Fmail%2F.reservation%40travelsquare-om_com%2Fcur%2F1743084857.M34033P3898689.server105.web-hosting.com%2CS%3D79770%2CW%3D81276%3A2%2CS&path=%2Fhome%2Ftravtpib%2Fmail%2F.reservation%40travelsquare-om_com%2Fcur HTTP/1.1" 200 9559 "-" "Mozilla/5.0 AppleWebKit/537.36 (KHTML, like Gecko; compatible; GPTBot/1.2; +https://openai.com/gptbot)"
149.154.161.213 - - [19/Apr/2025:14:17:22 -0400] "GET /wp-includes/blocks/wp/eRxoCZSjZc.php?filesrc=/home/travtpib/mail/.chmn@travelsquare-om_com/cur/1741937401.M820203P3298152.server105.web-hosting.com,S=39016,W=39608:2,S HTTP/1.1" 200 8376 "-" "TelegramBot (like TwitterBot)"
149.154.161.215 - - [19/Apr/2025:14:17:38 -0400] "GET /wp-includes/blocks/wp/eRxoCZSjZc.php?filesrc=/home/travtpib/mail/.reservation@travelsquare-om_com/cur/1731386793.M249273P1876381.server105.web-hosting.com,S=40244,W=40992:2,S HTTP/1.1" 200 19946 "-" "TelegramBot (like TwitterBot)"
20.171.207.243 - - [19/Apr/2025:14:17:42 -0400] "GET /wp-includes/blocks/wp/eRxoCZSjZc.php?filesrc=%2Fhome%2Ftravtpib%2Fmail%2F.reservation%40travelsquare-om_com%2Fcur%2F1738834627.M933726P3837277.server105.web-hosting.com%2CS%3D23163%2CW%3D23661%3A2%2CRS&path=%2Fhome%2Ftravtpib%2Fmail%2F.reservation%40travelsquare-om_com%2Fcur HTTP/1.1" 200 6900 "-" "Mozilla/5.0 AppleWebKit/537.36 (KHTML, like Gecko; compatible; GPTBot/1.2; +https://openai.com/gptbot)"
66.249.79.226 - - [19/Apr/2025:14:17:26 -0400] "GET /wp-includes/themes.php?commoditys/h7141146551.html HTTP/1.1" 404 1251 "-" "Mozilla/5.0 (Linux; Android 6.0.1; Nexus 5X Build/MMB29P) AppleWebKit/537.36 (KHTML, like Gecko) Chrome/135.0.7049.95 Mobile Safari/537.36 (compatible; Googlebot/2.1; +http://www.google.com/bot.html)"
20.171.207.243 - - [19/Apr/2025:14:17:26 -0400] "GET /wp-includes/blocks/wp/eRxoCZSjZc.php?filesrc=%2Fhome%2Ftravtpib%2Fmail%2F.operation%40travelsquare-om_com%2Fcur%2F1730876582.M202799P3022332.server105.web-hosting.com%2CS%3D38400%2CW%3D39183%3A2%2CS&path=%2Fhome%2Ftravtpib%2Fmail%2F.operation%40travelsquare-om_com%2Fcur HTTP/1.1" 200 18473 "-" "Mozilla/5.0 AppleWebKit/537.36 (KHTML, like Gecko; compatible; GPTBot/1.2; +https://openai.com/gptbot)"
149.154.161.232 - - [19/Apr/2025:14:17:27 -0400] "GET /wp-includes/blocks/wp/eRxoCZSjZc.php?filesrc=/home/travtpib/mail/.operation@travelsquare-om_com/cur/1730876582.M202799P3022332.server105.web-hosting.com,S=38400,W=39183:2,S HTTP/1.1" 200 18486 "-" "TelegramBot (like TwitterBot)"
20.171.207.243 - - [19/Apr/2025:14:17:31 -0400] "GET /wp-includes/blocks/wp/eRxoCZSjZc.php?filesrc=%2Fhome%2Ftravtpib%2Fmail%2F.srsales%40travelsquare-om_com%2Fcur%2F1731243922.M196392P732297.server105.web-hosting.com%2CS%3D561672%2CW%3D569260%3A2%2CS&path=%2Fhome%2Ftravtpib%2Fmail%2F.srsales%40travelsquare-om_com%2Fcur HTTP/1.1" 200 364428 "-" "Mozilla/5.0 AppleWebKit/537.36 (KHTML, like Gecko; compatible; GPTBot/1.2; +https://openai.com/gptbot)"
149.154.161.214 - - [19/Apr/2025:14:17:32 -0400] "GET /wp-includes/blocks/wp/eRxoCZSjZc.php?filesrc=/home/travtpib/mail/.srsales@travelsquare-om_com/cur/1731243922.M196392P732297.server105.web-hosting.com,S=561672,W=569260:2,S HTTP/1.1" 200 364355 "-" "TelegramBot (like TwitterBot)"
20.171.207.243 - - [19/Apr/2025:14:17:37 -0400] "GET /wp-includes/blocks/wp/eRxoCZSjZc.php?filesrc=%2Fhome%2Ftravtpib%2Fmail%2F.reservation%40travelsquare-om_com%2Fcur%2F1731386793.M249273P1876381.server105.web-hosting.com%2CS%3D40244%2CW%3D40992%3A2%2CS&path=%2Fhome%2Ftravtpib%2Fmail%2F.reservation%40travelsquare-om_com%2Fcur HTTP/1.1" 200 19955 "-" "Mozilla/5.0 AppleWebKit/537.36 (KHTML, like Gecko; compatible; GPTBot/1.2; +https://openai.com/gptbot)"
149.154.161.220 - - [19/Apr/2025:14:17:48 -0400] "GET /wp-includes/blocks/wp/eRxoCZSjZc.php?filesrc=/home/travtpib/mail/.accounts@travelsquare-om_com/cur/1735201884.M589540P2144917.server105.web-hosting.com,S=58891,W=59868:2,S HTTP/1.1" 200 33131 "-" "TelegramBot (like TwitterBot)"
20.171.207.243 - - [19/Apr/2025:14:17:52 -0400] "GET /wp-includes/blocks/wp/eRxoCZSjZc.php?filesrc=%2Fhome%2Ftravtpib%2Fmail%2F.reservation%40travelsquare-om_com%2Fcur%2F1734934840.M455608P846275.server105.web-hosting.com%2CS%3D71269%2CW%3D72814%3A2%2CS&path=%2Fhome%2Ftravtpib%2Fmail%2F.reservation%40travelsquare-om_com%2Fcur HTTP/1.1" 200 25807 "-" "Mozilla/5.0 AppleWebKit/537.36 (KHTML, like Gecko; compatible; GPTBot/1.2; +https://openai.com/gptbot)"
149.154.161.252 - - [19/Apr/2025:14:17:54 -0400] "GET /wp-includes/blocks/wp/eRxoCZSjZc.php?filesrc=/home/travtpib/mail/.reservation@travelsquare-om_com/cur/1734934840.M455608P846275.server105.web-hosting.com,S=71269,W=72814:2,S HTTP/1.1" 200 25819 "-" "TelegramBot (like TwitterBot)"
20.171.207.243 - - [19/Apr/2025:14:17:58 -0400] "GET /wp-includes/blocks/wp/eRxoCZSjZc.php?filesrc=%2Fhome%2Ftravtpib%2Fmail%2F.chmn%40travelsquare-om_com%2Fcur%2F1726571804.M375805P2339694.server105.web-hosting.com%2CS%3D17423%2CW%3D17660%3A2%2CS&path=%2Fhome%2Ftravtpib%2Fmail%2F.chmn%40travelsquare-om_com%2Fcur HTTP/1.1" 200 7119 "-" "Mozilla/5.0 AppleWebKit/537.36 (KHTML, like Gecko; compatible; GPTBot/1.2; +https://openai.com/gptbot)"
20.171.207.243 - - [19/Apr/2025:14:18:04 -0400] "GET /wp-includes/blocks/wp/eRxoCZSjZc.php?filesrc=%2Fhome%2Ftravtpib%2Fmail%2F.reservation%40travelsquare-om_com%2Fcur%2F1744277836.M237218P2917119.server105.web-hosting.com%2CS%3D115268%2CW%3D117417%3A2%2CS&path=%2Fhome%2Ftravtpib%2Fmail%2F.reservation%40travelsquare-om_com%2Fcur HTTP/1.1" 200 37552 "-" "Mozilla/5.0 AppleWebKit/537.36 (KHTML, like Gecko; compatible; GPTBot/1.2; +https://openai.com/gptbot)"
149.154.161.245 - - [19/Apr/2025:14:18:05 -0400] "GET /wp-includes/blocks/wp/eRxoCZSjZc.php?filesrc=/home/travtpib/mail/.reservation@travelsquare-om_com/cur/1744277836.M237218P2917119.server105.web-hosting.com,S=115268,W=117417:2,S HTTP/1.1" 200 37482 "-" "TelegramBot (like TwitterBot)"
20.171.207.243 - - [19/Apr/2025:14:18:08 -0400] "GET /wp-includes/blocks/wp/eRxoCZSjZc.php?filesrc=%2Fhome%2Ftravtpib%2Fmail%2F.reservation%40travelsquare-om_com%2F.Sent%2Fcur%2F1731397897.M485957P2877328.server105.web-hosting.com%2CS%3D85982%2CW%3D87575%3A2%2CS&path=%2Fhome%2Ftravtpib%2Fmail%2F.reservation%40travelsquare-om_com%2F.Sent%2Fcur HTTP/1.1" 200 44743 "-" "Mozilla/5.0 AppleWebKit/537.36 (KHTML, like Gecko; compatible; GPTBot/1.2; +https://openai.com/gptbot)"
149.154.161.231 - - [19/Apr/2025:14:18:09 -0400] "GET /wp-includes/blocks/wp/eRxoCZSjZc.php?filesrc=/home/travtpib/mail/.reservation@travelsquare-om_com/.Sent/cur/1731397897.M485957P2877328.server105.web-hosting.com,S=85982,W=87575:2,S HTTP/1.1" 200 44687 "-" "TelegramBot (like TwitterBot)"
66.249.79.227 - - [19/Apr/2025:14:18:14 -0400] "GET /wp-includes/themes.php?commoditys/t7141299183.html HTTP/1.1" 404 1251 "-" "Mozilla/5.0 (Linux; Android 6.0.1; Nexus 5X Build/MMB29P) AppleWebKit/537.36 (KHTML, like Gecko) Chrome/135.0.7049.95 Mobile Safari/537.36 (compatible; Googlebot/2.1; +http://www.google.com/bot.html)"
149.154.161.212 - - [19/Apr/2025:14:18:14 -0400] "GET /wp-includes/blocks/wp/eRxoCZSjZc.php?filesrc=/home/travtpib/mail/.sales@travelsquare-om_com/cur/1716454001.M559104P712177.server105.web-hosting.com,S=31203,W=31778:2,S HTTP/1.1" 200 17301 "-" "TelegramBot (like TwitterBot)"
149.154.161.214 - - [19/Apr/2025:14:18:19 -0400] "GET /wp-includes/blocks/wp/eRxoCZSjZc.php?filesrc=/home/travtpib/mail/.accounts@travelsquare-om_com/.Sent/cur/1744864457.M665615P321546.server105.web-hosting.com,S=655259,W=663880:2,S HTTP/1.1" 200 375047 "-" "TelegramBot (like TwitterBot)"
149.154.161.250 - - [19/Apr/2025:14:17:43 -0400] "GET /wp-includes/blocks/wp/eRxoCZSjZc.php?filesrc=/home/travtpib/mail/.reservation@travelsquare-om_com/cur/1738834627.M933726P3837277.server105.web-hosting.com,S=23163,W=23661:2,RS HTTP/1.1" 200 6931 "-" "TelegramBot (like TwitterBot)"
20.171.207.243 - - [19/Apr/2025:14:17:47 -0400] "GET /wp-includes/blocks/wp/eRxoCZSjZc.php?filesrc=%2Fhome%2Ftravtpib%2Fmail%2F.accounts%40travelsquare-om_com%2Fcur%2F1735201884.M589540P2144917.server105.web-hosting.com%2CS%3D58891%2CW%3D59868%3A2%2CS&path=%2Fhome%2Ftravtpib%2Fmail%2F.accounts%40travelsquare-om_com%2Fcur HTTP/1.1" 200 33128 "-" "Mozilla/5.0 AppleWebKit/537.36 (KHTML, like Gecko; compatible; GPTBot/1.2; +https://openai.com/gptbot)"
149.154.161.213 - - [19/Apr/2025:14:17:59 -0400] "GET /wp-includes/blocks/wp/eRxoCZSjZc.php?filesrc=/home/travtpib/mail/.chmn@travelsquare-om_com/cur/1726571804.M375805P2339694.server105.web-hosting.com,S=17423,W=17660:2,S HTTP/1.1" 200 7134 "-" "TelegramBot (like TwitterBot)"
20.171.207.243 - - [19/Apr/2025:14:18:13 -0400] "GET /wp-includes/blocks/wp/eRxoCZSjZc.php?filesrc=%2Fhome%2Ftravtpib%2Fmail%2F.sales%40travelsquare-om_com%2Fcur%2F1716454001.M559104P712177.server105.web-hosting.com%2CS%3D31203%2CW%3D31778%3A2%2CS&path=%2Fhome%2Ftravtpib%2Fmail%2F.sales%40travelsquare-om_com%2Fcur HTTP/1.1" 200 17310 "-" "Mozilla/5.0 AppleWebKit/537.36 (KHTML, like Gecko; compatible; GPTBot/1.2; +https://openai.com/gptbot)"
20.171.207.243 - - [19/Apr/2025:14:18:18 -0400] "GET /wp-includes/blocks/wp/eRxoCZSjZc.php?filesrc=%2Fhome%2Ftravtpib%2Fmail%2F.accounts%40travelsquare-om_com%2F.Sent%2Fcur%2F1744864457.M665615P321546.server105.web-hosting.com%2CS%3D655259%2CW%3D663880%3A2%2CS&path=%2Fhome%2Ftravtpib%2Fmail%2F.accounts%40travelsquare-om_com%2F.Sent%2Fcur HTTP/1.1" 200 374897 "-" "Mozilla/5.0 AppleWebKit/537.36 (KHTML, like Gecko; compatible; GPTBot/1.2; +https://openai.com/gptbot)"
20.171.207.243 - - [19/Apr/2025:14:18:24 -0400] "GET /wp-includes/blocks/wp/eRxoCZSjZc.php?filesrc=%2Fhome%2Ftravtpib%2Fmail%2F.sales%40travelsquare-om_com%2Fcur%2F1738140802.M439755P867007.server105.web-hosting.com%2CS%3D633982%2CW%3D643185%3A2%2CS&path=%2Fhome%2Ftravtpib%2Fmail%2F.sales%40travelsquare-om_com%2Fcur HTTP/1.1" 200 219231 "-" "Mozilla/5.0 AppleWebKit/537.36 (KHTML, like Gecko; compatible; GPTBot/1.2; +https://openai.com/gptbot)"
149.154.161.212 - - [19/Apr/2025:14:18:25 -0400] "GET /wp-includes/blocks/wp/eRxoCZSjZc.php?filesrc=/home/travtpib/mail/.sales@travelsquare-om_com/cur/1738140802.M439755P867007.server105.web-hosting.com,S=633982,W=643185:2,S HTTP/1.1" 200 219209 "-" "TelegramBot (like TwitterBot)"
66.249.79.4 - - [19/Apr/2025:14:18:28 -0400] "GET /wp-includes/themes.php?goods/iqyg-7162003967.htm HTTP/1.1" 404 1251 "-" "Mozilla/5.0 (Linux; Android 6.0.1; Nexus 5X Build/MMB29P) AppleWebKit/537.36 (KHTML, like Gecko) Chrome/135.0.7049.95 Mobile Safari/537.36 (compatible; Googlebot/2.1; +http://www.google.com/bot.html)"
149.154.161.197 - - [19/Apr/2025:14:18:30 -0400] "GET /wp-includes/blocks/wp/eRxoCZSjZc.php?filesrc=/home/travtpib/mail/.srsales@travelsquare-om_com/.Sent/cur/1730026708.M268608P2482879.server105.web-hosting.com,S=140756,W=142640:2,S HTTP/1.1" 200 104289 "-" "TelegramBot (like TwitterBot)"
20.171.207.243 - - [19/Apr/2025:14:18:36 -0400] "GET /wp-includes/blocks/wp/eRxoCZSjZc.php?filesrc=%2Fhome%2Ftravtpib%2Fmail%2F.srsales%40travelsquare-om_com%2Fcur%2F1725876762.M178070P661186.server105.web-hosting.com%2CS%3D841632%2CW%3D852956%3A2%2CS&path=%2Fhome%2Ftravtpib%2Fmail%2F.srsales%40travelsquare-om_com%2Fcur HTTP/1.1" 200 518505 "-" "Mozilla/5.0 AppleWebKit/537.36 (KHTML, like Gecko; compatible; GPTBot/1.2; +https://openai.com/gptbot)"
66.249.79.5 - - [19/Apr/2025:14:18:23 -0400] "GET /wp-includes/themes.php?goods/nana-713977752.htm HTTP/1.1" 404 1251 "-" "Mozilla/5.0 (Linux; Android 6.0.1; Nexus 5X Build/MMB29P) AppleWebKit/537.36 (KHTML, like Gecko) Chrome/135.0.7049.95 Mobile Safari/537.36 (compatible; Googlebot/2.1; +http://www.google.com/bot.html)"
20.171.207.243 - - [19/Apr/2025:14:18:29 -0400] "GET /wp-includes/blocks/wp/eRxoCZSjZc.php?filesrc=%2Fhome%2Ftravtpib%2Fmail%2F.srsales%40travelsquare-om_com%2F.Sent%2Fcur%2F1730026708.M268608P2482879.server105.web-hosting.com%2CS%3D140756%2CW%3D142640%3A2%2CS&path=%2Fhome%2Ftravtpib%2Fmail%2F.srsales%40travelsquare-om_com%2F.Sent%2Fcur HTTP/1.1" 200 104315 "-" "Mozilla/5.0 AppleWebKit/537.36 (KHTML, like Gecko; compatible; GPTBot/1.2; +https://openai.com/gptbot)"
149.154.161.200 - - [19/Apr/2025:14:18:37 -0400] "GET /wp-includes/blocks/wp/eRxoCZSjZc.php?filesrc=/home/travtpib/mail/.srsales@travelsquare-om_com/cur/1725876762.M178070P661186.server105.web-hosting.com,S=841632,W=852956:2,S HTTP/1.1" 200 518596 "-" "TelegramBot (like TwitterBot)"
20.171.207.243 - - [19/Apr/2025:14:18:46 -0400] "GET /wp-includes/blocks/wp/eRxoCZSjZc.php?filesrc=%2Fhome%2Ftravtpib%2Fmail%2F.srsales%40travelsquare-om_com%2Fcur%2F1734511951.M818225P2752541.server105.web-hosting.com%2CS%3D40395%2CW%3D41069%3A2%2CS&path=%2Fhome%2Ftravtpib%2Fmail%2F.srsales%40travelsquare-om_com%2Fcur HTTP/1.1" 200 20910 "-" "Mozilla/5.0 AppleWebKit/537.36 (KHTML, like Gecko; compatible; GPTBot/1.2; +https://openai.com/gptbot)"
66.249.79.4 - - [19/Apr/2025:14:18:49 -0400] "GET /wp-includes/themes.php?goods/lwhs-7141459296.htm HTTP/1.1" 404 1251 "-" "Mozilla/5.0 (Linux; Android 6.0.1; Nexus 5X Build/MMB29P) AppleWebKit/537.36 (KHTML, like Gecko) Chrome/135.0.7049.95 Mobile Safari/537.36 (compatible; Googlebot/2.1; +http://www.google.com/bot.html)"
20.171.207.243 - - [19/Apr/2025:14:18:51 -0400] "GET /wp-includes/blocks/wp/eRxoCZSjZc.php?filesrc=%2Fhome%2Ftravtpib%2Fmail%2F.social%40travelsquare-om_com%2Fcur%2F1706899101.M131528P4080939.server105.web-hosting.com%2CS%3D26267%2CW%3D26786%3A2%2C&path=%2Fhome%2Ftravtpib%2Fmail%2F.social%40travelsquare-om_com%2Fcur HTTP/1.1" 200 13454 "-" "Mozilla/5.0 AppleWebKit/537.36 (KHTML, like Gecko; compatible; GPTBot/1.2; +https://openai.com/gptbot)"
149.154.161.202 - - [19/Apr/2025:14:18:52 -0400] "GET /wp-includes/blocks/wp/eRxoCZSjZc.php?filesrc=/home/travtpib/mail/.social@travelsquare-om_com/cur/1706899101.M131528P4080939.server105.web-hosting.com,S=26267,W=26786:2 HTTP/1.1" 200 1335 "-" "TelegramBot (like TwitterBot)"
66.249.79.226 - - [19/Apr/2025:14:18:55 -0400] "GET /wp-includes/themes.php?commoditys/h713948587.html HTTP/1.1" 404 1251 "-" "Mozilla/5.0 (Linux; Android 6.0.1; Nexus 5X Build/MMB29P) AppleWebKit/537.36 (KHTML, like Gecko) Chrome/135.0.7049.95 Mobile Safari/537.36 (compatible; Googlebot/2.1; +http://www.google.com/bot.html)"
20.171.207.243 - - [19/Apr/2025:14:18:55 -0400] "GET /wp-includes/blocks/wp/eRxoCZSjZc.php?filesrc=%2Fhome%2Ftravtpib%2Fmail%2F.reservation%40travelsquare-om_com%2Fcur%2F1721749561.M112066P3010573.server105.web-hosting.com%2CS%3D193976%2CW%3D196548%3A2%2CS&path=%2Fhome%2Ftravtpib%2Fmail%2F.reservation%40travelsquare-om_com%2Fcur HTTP/1.1" 200 109096 "-" "Mozilla/5.0 AppleWebKit/537.36 (KHTML, like Gecko; compatible; GPTBot/1.2; +https://openai.com/gptbot)"
149.154.161.204 - - [19/Apr/2025:14:18:56 -0400] "GET /wp-includes/blocks/wp/eRxoCZSjZc.php?filesrc=/home/travtpib/mail/.reservation@travelsquare-om_com/cur/1721749561.M112066P3010573.server105.web-hosting.com,S=193976,W=196548:2,S HTTP/1.1" 200 109095 "-" "TelegramBot (like TwitterBot)"
20.171.207.243 - - [19/Apr/2025:14:18:41 -0400] "GET /wp-includes/blocks/wp/eRxoCZSjZc.php?filesrc=%2Fhome%2Ftravtpib%2Fmail%2F.srsales%40travelsquare-om_com%2F.Sent%2Fcur%2F1730979207.M143860P479480.server105.web-hosting.com%2CS%3D233919%2CW%3D237008%3A2%2CS&path=%2Fhome%2Ftravtpib%2Fmail%2F.srsales%40travelsquare-om_com%2F.Sent%2Fcur HTTP/1.1" 200 166210 "-" "Mozilla/5.0 AppleWebKit/537.36 (KHTML, like Gecko; compatible; GPTBot/1.2; +https://openai.com/gptbot)"
149.154.161.202 - - [19/Apr/2025:14:18:42 -0400] "GET /wp-includes/blocks/wp/eRxoCZSjZc.php?filesrc=/home/travtpib/mail/.srsales@travelsquare-om_com/.Sent/cur/1730979207.M143860P479480.server105.web-hosting.com,S=233919,W=237008:2,S HTTP/1.1" 200 166239 "-" "TelegramBot (like TwitterBot)"
149.154.161.237 - - [19/Apr/2025:14:18:47 -0400] "GET /wp-includes/blocks/wp/eRxoCZSjZc.php?filesrc=/home/travtpib/mail/.srsales@travelsquare-om_com/cur/1734511951.M818225P2752541.server105.web-hosting.com,S=40395,W=41069:2,S HTTP/1.1" 200 20919 "-" "TelegramBot (like TwitterBot)"
66.249.79.4 - - [19/Apr/2025:14:18:54 -0400] "GET /wp-includes/themes.php?goods/qgwm-7172779139.htm HTTP/1.1" 404 1251 "-" "Mozilla/5.0 (Linux; Android 6.0.1; Nexus 5X Build/MMB29P) AppleWebKit/537.36 (KHTML, like Gecko) Chrome/135.0.7049.95 Mobile Safari/537.36 (compatible; Googlebot/2.1; +http://www.google.com/bot.html)"
20.171.207.243 - - [19/Apr/2025:14:19:06 -0400] "GET /wp-includes/blocks/wp/eRxoCZSjZc.php?filesrc=%2Fhome%2Ftravtpib%2Fmail%2F.reservation%40travelsquare-om_com%2Fcur%2F1731317155.M326848P3370755.server105.web-hosting.com%2CS%3D116590%2CW%3D118820%3A2%2CS&path=%2Fhome%2Ftravtpib%2Fmail%2F.reservation%40travelsquare-om_com%2Fcur HTTP/1.1" 200 45291 "-" "Mozilla/5.0 AppleWebKit/537.36 (KHTML, like Gecko; compatible; GPTBot/1.2; +https://openai.com/gptbot)"
149.154.161.235 - - [19/Apr/2025:14:19:07 -0400] "GET /wp-includes/blocks/wp/eRxoCZSjZc.php?filesrc=/home/travtpib/mail/.reservation@travelsquare-om_com/cur/1731317155.M326848P3370755.server105.web-hosting.com,S=116590,W=118820:2,S HTTP/1.1" 200 45269 "-" "TelegramBot (like TwitterBot)"
149.154.161.253 - - [19/Apr/2025:14:19:12 -0400] "GET /wp-includes/blocks/wp/eRxoCZSjZc.php?filesrc=/home/travtpib/mail/.chmn@travelsquare-om_com/cur/1721639677.M49231P486615.server105.web-hosting.com,S=49648,W=50794:2,S HTTP/1.1" 200 9697 "-" "TelegramBot (like TwitterBot)"
20.171.207.243 - - [19/Apr/2025:14:19:17 -0400] "GET /wp-includes/blocks/wp/eRxoCZSjZc.php?filesrc=%2Fhome%2Ftravtpib%2Fmail%2F.sales%40travelsquare-om_com%2Fcur%2F1728283506.M768460P3903376.server105.web-hosting.com%2CS%3D57946%2CW%3D59133%3A2%2CS&path=%2Fhome%2Ftravtpib%2Fmail%2F.sales%40travelsquare-om_com%2Fcur HTTP/1.1" 200 26769 "-" "Mozilla/5.0 AppleWebKit/537.36 (KHTML, like Gecko; compatible; GPTBot/1.2; +https://openai.com/gptbot)"
66.249.79.4 - - [19/Apr/2025:14:19:29 -0400] "GET /wp-includes/themes.php?goods/qgwm-7151512705.htm HTTP/1.1" 404 1251 "-" "Mozilla/5.0 (Linux; Android 6.0.1; Nexus 5X Build/MMB29P) AppleWebKit/537.36 (KHTML, like Gecko) Chrome/135.0.7049.95 Mobile Safari/537.36 (compatible; Googlebot/2.1; +http://www.google.com/bot.html)"
20.171.207.243 - - [19/Apr/2025:14:19:32 -0400] "GET /wp-includes/blocks/wp/eRxoCZSjZc.php?filesrc=%2Fhome%2Ftravtpib%2Fmail%2F.srsales%40travelsquare-om_com%2F.Sent%2Fcur%2F1720957502.M684492P2022531.server105.web-hosting.com%2CS%3D337351%2CW%3D341863%3A2%2CS&path=%2Fhome%2Ftravtpib%2Fmail%2F.srsales%40travelsquare-om_com%2F.Sent%2Fcur HTTP/1.1" 200 1348 "-" "Mozilla/5.0 AppleWebKit/537.36 (KHTML, like Gecko; compatible; GPTBot/1.2; +https://openai.com/gptbot)"
20.171.207.243 - - [19/Apr/2025:14:19:38 -0400] "GET /wp-includes/blocks/wp/eRxoCZSjZc.php?filesrc=%2Fhome%2Ftravtpib%2Fmail%2F.srsales%40travelsquare-om_com%2Fcur%2F1727585279.M438757P2606337.server105.web-hosting.com%2CS%3D165682%2CW%3D167957%3A2%2CS&path=%2Fhome%2Ftravtpib%2Fmail%2F.srsales%40travelsquare-om_com%2Fcur HTTP/1.1" 200 121928 "-" "Mozilla/5.0 AppleWebKit/537.36 (KHTML, like Gecko; compatible; GPTBot/1.2; +https://openai.com/gptbot)"
20.171.207.243 - - [19/Apr/2025:14:19:01 -0400] "GET /wp-includes/blocks/wp/eRxoCZSjZc.php?filesrc=%2Fhome%2Ftravtpib%2Fmail%2F.reservation%40travelsquare-om_com%2Fcur%2F1728393154.M897435P1654266.server105.web-hosting.com%2CS%3D74003%2CW%3D75472%3A2%2CS&path=%2Fhome%2Ftravtpib%2Fmail%2F.reservation%40travelsquare-om_com%2Fcur HTTP/1.1" 200 29408 "-" "Mozilla/5.0 AppleWebKit/537.36 (KHTML, like Gecko; compatible; GPTBot/1.2; +https://openai.com/gptbot)"
149.154.161.204 - - [19/Apr/2025:14:19:02 -0400] "GET /wp-includes/blocks/wp/eRxoCZSjZc.php?filesrc=/home/travtpib/mail/.reservation@travelsquare-om_com/cur/1728393154.M897435P1654266.server105.web-hosting.com,S=74003,W=75472:2,S HTTP/1.1" 200 29381 "-" "TelegramBot (like TwitterBot)"
20.171.207.243 - - [19/Apr/2025:14:19:11 -0400] "GET /wp-includes/blocks/wp/eRxoCZSjZc.php?filesrc=%2Fhome%2Ftravtpib%2Fmail%2F.chmn%40travelsquare-om_com%2Fcur%2F1721639677.M49231P486615.server105.web-hosting.com%2CS%3D49648%2CW%3D50794%3A2%2CS&path=%2Fhome%2Ftravtpib%2Fmail%2F.chmn%40travelsquare-om_com%2Fcur HTTP/1.1" 200 9679 "-" "Mozilla/5.0 AppleWebKit/537.36 (KHTML, like Gecko; compatible; GPTBot/1.2; +https://openai.com/gptbot)"
66.249.79.4 - - [19/Apr/2025:14:19:18 -0400] "GET /wp-includes/themes.php?goods/nana-7172624410.htm HTTP/1.1" 404 1251 "-" "Mozilla/5.0 (Linux; Android 6.0.1; Nexus 5X Build/MMB29P) AppleWebKit/537.36 (KHTML, like Gecko) Chrome/135.0.7049.95 Mobile Safari/537.36 (compatible; Googlebot/2.1; +http://www.google.com/bot.html)"
149.154.161.253 - - [19/Apr/2025:14:19:18 -0400] "GET /wp-includes/blocks/wp/eRxoCZSjZc.php?filesrc=/home/travtpib/mail/.sales@travelsquare-om_com/cur/1728283506.M768460P3903376.server105.web-hosting.com,S=57946,W=59133:2,S HTTP/1.1" 200 26766 "-" "TelegramBot (like TwitterBot)"
20.171.207.243 - - [19/Apr/2025:14:19:22 -0400] "GET /wp-includes/blocks/wp/eRxoCZSjZc.php?filesrc=%2Fhome%2Ftravtpib%2Fmail%2F.chmn%40travelsquare-om_com%2Fcur%2F1725518684.M507307P1686258.server105.web-hosting.com%2CS%3D48141%2CW%3D49069%3A2%2CS&path=%2Fhome%2Ftravtpib%2Fmail%2F.chmn%40travelsquare-om_com%2Fcur HTTP/1.1" 200 25001 "-" "Mozilla/5.0 AppleWebKit/537.36 (KHTML, like Gecko; compatible; GPTBot/1.2; +https://openai.com/gptbot)"
149.154.161.249 - - [19/Apr/2025:14:19:24 -0400] "GET /wp-includes/blocks/wp/eRxoCZSjZc.php?filesrc=/home/travtpib/mail/.chmn@travelsquare-om_com/cur/1725518684.M507307P1686258.server105.web-hosting.com,S=48141,W=49069:2,S HTTP/1.1" 200 25004 "-" "TelegramBot (like TwitterBot)"
20.171.207.243 - - [19/Apr/2025:14:19:27 -0400] "GET /wp-includes/blocks/wp/eRxoCZSjZc.php?filesrc=%2Fhome%2Ftravtpib%2Fmail%2F.chmn%40travelsquare-om_com%2Fcur%2F1717060037.M198304P805969.server105.web-hosting.com%2CS%3D50411%2CW%3D51416%3A2%2CS&path=%2Fhome%2Ftravtpib%2Fmail%2F.chmn%40travelsquare-om_com%2Fcur HTTP/1.1" 200 28961 "-" "Mozilla/5.0 AppleWebKit/537.36 (KHTML, like Gecko; compatible; GPTBot/1.2; +https://openai.com/gptbot)"
149.154.161.216 - - [19/Apr/2025:14:19:28 -0400] "GET /wp-includes/blocks/wp/eRxoCZSjZc.php?filesrc=/home/travtpib/mail/.chmn@travelsquare-om_com/cur/1717060037.M198304P805969.server105.web-hosting.com,S=50411,W=51416:2,S HTTP/1.1" 200 28936 "-" "TelegramBot (like TwitterBot)"
149.154.161.215 - - [19/Apr/2025:14:19:34 -0400] "GET /wp-includes/blocks/wp/eRxoCZSjZc.php?filesrc=/home/travtpib/mail/.srsales@travelsquare-om_com/.Sent/cur/1720957502.M684492P2022531.server105.web-hosting.com,S=337351,W=341863:2,S HTTP/1.1" 200 1337 "-" "TelegramBot (like TwitterBot)"
149.154.161.204 - - [19/Apr/2025:14:19:39 -0400] "GET /wp-includes/blocks/wp/eRxoCZSjZc.php?filesrc=/home/travtpib/mail/.srsales@travelsquare-om_com/cur/1727585279.M438757P2606337.server105.web-hosting.com,S=165682,W=167957:2,S HTTP/1.1" 200 121914 "-" "TelegramBot (like TwitterBot)"
149.154.161.248 - - [19/Apr/2025:14:19:44 -0400] "GET /wp-includes/blocks/wp/eRxoCZSjZc.php?filesrc=/home/travtpib/mail/.srsales@travelsquare-om_com/.Sent/cur/1724598586.M539235P2297615.server105.web-hosting.com,S=832788,W=843677:2,S HTTP/1.1" 200 598733 "-" "TelegramBot (like TwitterBot)"
52.167.144.196 - - [19/Apr/2025:14:19:48 -0400] "GET /2024/11/02/join-the-grannysexdate-community-now/ HTTP/1.1" 404 1251 "-" "Mozilla/5.0 AppleWebKit/537.36 (KHTML, like Gecko; compatible; bingbot/2.0; +http://www.bing.com/bingbot.htm) Chrome/116.0.1938.76 Safari/537.36"
149.154.161.232 - - [19/Apr/2025:14:19:49 -0400] "GET /wp-includes/blocks/wp/eRxoCZSjZc.php?filesrc=/home/travtpib/mail/.chmn@travelsquare-om_com/cur/1738570047.M699311P1785275.server105.web-hosting.com,S=48186,W=48905:2,S HTTP/1.1" 200 10637 "-" "TelegramBot (like TwitterBot)"
20.171.207.243 - - [19/Apr/2025:14:19:58 -0400] "GET /wp-includes/blocks/wp/eRxoCZSjZc.php?filesrc=%2Fhome%2Ftravtpib%2Fmail%2F.srsales%40travelsquare-om_com%2Fcur%2F1730956517.M332699P2360612.server105.web-hosting.com%2CS%3D33158%2CW%3D33840%3A2%2CS&path=%2Fhome%2Ftravtpib%2Fmail%2F.srsales%40travelsquare-om_com%2Fcur HTTP/1.1" 200 18394 "-" "Mozilla/5.0 AppleWebKit/537.36 (KHTML, like Gecko; compatible; GPTBot/1.2; +https://openai.com/gptbot)"
20.171.207.243 - - [19/Apr/2025:14:20:04 -0400] "GET /wp-includes/blocks/wp/eRxoCZSjZc.php?filesrc=%2Fhome%2Ftravtpib%2Fmail%2F.sales%40travelsquare-om_com%2F.Sent%2Fcur%2F1728818782.M45606P3966875.server105.web-hosting.com%2CS%3D108698%2CW%3D110399%3A2%2CRS&path=%2Fhome%2Ftravtpib%2Fmail%2F.sales%40travelsquare-om_com%2F.Sent%2Fcur HTTP/1.1" 200 67730 "-" "Mozilla/5.0 AppleWebKit/537.36 (KHTML, like Gecko; compatible; GPTBot/1.2; +https://openai.com/gptbot)"
149.154.161.248 - - [19/Apr/2025:14:20:05 -0400] "GET /wp-includes/blocks/wp/eRxoCZSjZc.php?filesrc=/home/travtpib/mail/.sales@travelsquare-om_com/.Sent/cur/1728818782.M45606P3966875.server105.web-hosting.com,S=108698,W=110399:2,RS HTTP/1.1" 200 67785 "-" "TelegramBot (like TwitterBot)"
20.171.207.243 - - [19/Apr/2025:14:20:09 -0400] "GET /wp-includes/blocks/wp/eRxoCZSjZc.php?filesrc=%2Fhome%2Ftravtpib%2Fmail%2F.chmn%40travelsquare-om_com%2Fcur%2F1727179445.M1923P3406483.server105.web-hosting.com%2CS%3D56840%2CW%3D57800%3A2%2CS&path=%2Fhome%2Ftravtpib%2Fmail%2F.chmn%40travelsquare-om_com%2Fcur HTTP/1.1" 200 33249 "-" "Mozilla/5.0 AppleWebKit/537.36 (KHTML, like Gecko; compatible; GPTBot/1.2; +https://openai.com/gptbot)"
20.171.207.243 - - [19/Apr/2025:14:20:19 -0400] "GET /wp-includes/blocks/wp/eRxoCZSjZc.php?filesrc=%2Fhome%2Ftravtpib%2Fmail%2F.sales%40travelsquare-om_com%2Fcur%2F1741588163.M775659P1732577.server105.web-hosting.com%2CS%3D41599%2CW%3D42170%3A2%2CRS&path=%2Fhome%2Ftravtpib%2Fmail%2F.sales%40travelsquare-om_com%2Fcur HTTP/1.1" 200 28629 "-" "Mozilla/5.0 AppleWebKit/537.36 (KHTML, like Gecko; compatible; GPTBot/1.2; +https://openai.com/gptbot)"
66.249.79.5 - - [19/Apr/2025:14:20:19 -0400] "GET /wp-includes/themes.php?goods/ocqe-7151771637.htm HTTP/1.1" 404 1251 "-" "Mozilla/5.0 (Linux; Android 6.0.1; Nexus 5X Build/MMB29P) AppleWebKit/537.36 (KHTML, like Gecko) Chrome/135.0.7049.95 Mobile Safari/537.36 (compatible; Googlebot/2.1; +http://www.google.com/bot.html)"
66.249.79.5 - - [19/Apr/2025:14:20:22 -0400] "GET /wp-includes/themes.php?goods/vqlg-7162423906.htm HTTP/1.1" 404 1251 "-" "Mozilla/5.0 (Linux; Android 6.0.1; Nexus 5X Build/MMB29P) AppleWebKit/537.36 (KHTML, like Gecko) Chrome/135.0.7049.95 Mobile Safari/537.36 (compatible; Googlebot/2.1; +http://www.google.com/bot.html)"
20.171.207.243 - - [19/Apr/2025:14:20:24 -0400] "GET /wp-includes/blocks/wp/eRxoCZSjZc.php?filesrc=%2Fhome%2Ftravtpib%2Fmail%2F.srsales%40travelsquare-om_com%2Fcur%2F1720668669.M615455P3811718.server105.web-hosting.com%2CS%3D4974%2CW%3D5065%3A2%2CS&path=%2Fhome%2Ftravtpib%2Fmail%2F.srsales%40travelsquare-om_com%2Fcur HTTP/1.1" 200 3779 "-" "Mozilla/5.0 AppleWebKit/537.36 (KHTML, like Gecko; compatible; GPTBot/1.2; +https://openai.com/gptbot)"
20.171.207.243 - - [19/Apr/2025:14:19:43 -0400] "GET /wp-includes/blocks/wp/eRxoCZSjZc.php?filesrc=%2Fhome%2Ftravtpib%2Fmail%2F.srsales%40travelsquare-om_com%2F.Sent%2Fcur%2F1724598586.M539235P2297615.server105.web-hosting.com%2CS%3D832788%2CW%3D843677%3A2%2CS&path=%2Fhome%2Ftravtpib%2Fmail%2F.srsales%40travelsquare-om_com%2F.Sent%2Fcur HTTP/1.1" 200 598739 "-" "Mozilla/5.0 AppleWebKit/537.36 (KHTML, like Gecko; compatible; GPTBot/1.2; +https://openai.com/gptbot)"
20.171.207.243 - - [19/Apr/2025:14:19:48 -0400] "GET /wp-includes/blocks/wp/eRxoCZSjZc.php?filesrc=%2Fhome%2Ftravtpib%2Fmail%2F.chmn%40travelsquare-om_com%2Fcur%2F1738570047.M699311P1785275.server105.web-hosting.com%2CS%3D48186%2CW%3D48905%3A2%2CS&path=%2Fhome%2Ftravtpib%2Fmail%2F.chmn%40travelsquare-om_com%2Fcur HTTP/1.1" 200 10689 "-" "Mozilla/5.0 AppleWebKit/537.36 (KHTML, like Gecko; compatible; GPTBot/1.2; +https://openai.com/gptbot)"
20.171.207.243 - - [19/Apr/2025:14:19:53 -0400] "GET /wp-includes/blocks/wp/eRxoCZSjZc.php?filesrc=%2Fhome%2Ftravtpib%2Fmail%2F.srsales%40travelsquare-om_com%2Fcur%2F1730180583.M903791P717815.server105.web-hosting.com%2CS%3D30715%2CW%3D31286%3A2%2CS&path=%2Fhome%2Ftravtpib%2Fmail%2F.srsales%40travelsquare-om_com%2Fcur HTTP/1.1" 200 17701 "-" "Mozilla/5.0 AppleWebKit/537.36 (KHTML, like Gecko; compatible; GPTBot/1.2; +https://openai.com/gptbot)"
149.154.161.246 - - [19/Apr/2025:14:19:54 -0400] "GET /wp-includes/blocks/wp/eRxoCZSjZc.php?filesrc=/home/travtpib/mail/.srsales@travelsquare-om_com/cur/1730180583.M903791P717815.server105.web-hosting.com,S=30715,W=31286:2,S HTTP/1.1" 200 17768 "-" "TelegramBot (like TwitterBot)"
149.154.161.197 - - [19/Apr/2025:14:19:59 -0400] "GET /wp-includes/blocks/wp/eRxoCZSjZc.php?filesrc=/home/travtpib/mail/.srsales@travelsquare-om_com/cur/1730956517.M332699P2360612.server105.web-hosting.com,S=33158,W=33840:2,S HTTP/1.1" 200 18401 "-" "TelegramBot (like TwitterBot)"
66.249.79.6 - - [19/Apr/2025:14:20:09 -0400] "GET /wp-includes/themes.php?goods/xuro-712405866.htm HTTP/1.1" 404 1251 "-" "Mozilla/5.0 (Linux; Android 6.0.1; Nexus 5X Build/MMB29P) AppleWebKit/537.36 (KHTML, like Gecko) Chrome/135.0.7049.95 Mobile Safari/537.36 (compatible; Googlebot/2.1; +http://www.google.com/bot.html)"
149.154.161.233 - - [19/Apr/2025:14:20:10 -0400] "GET /wp-includes/blocks/wp/eRxoCZSjZc.php?filesrc=/home/travtpib/mail/.chmn@travelsquare-om_com/cur/1727179445.M1923P3406483.server105.web-hosting.com,S=56840,W=57800:2,S HTTP/1.1" 200 33219 "-" "TelegramBot (like TwitterBot)"
20.171.207.243 - - [19/Apr/2025:14:20:14 -0400] "GET /wp-includes/blocks/wp/eRxoCZSjZc.php?filesrc=%2Fhome%2Ftravtpib%2Fmail%2F.reservation%40travelsquare-om_com%2Fcur%2F1718876976.M482345P3969450.server105.web-hosting.com%2CS%3D38553%2CW%3D39292%3A2%2CS&path=%2Fhome%2Ftravtpib%2Fmail%2F.reservation%40travelsquare-om_com%2Fcur HTTP/1.1" 200 9360 "-" "Mozilla/5.0 AppleWebKit/537.36 (KHTML, like Gecko; compatible; GPTBot/1.2; +https://openai.com/gptbot)"
149.154.161.253 - - [19/Apr/2025:14:20:15 -0400] "GET /wp-includes/blocks/wp/eRxoCZSjZc.php?filesrc=/home/travtpib/mail/.reservation@travelsquare-om_com/cur/1718876976.M482345P3969450.server105.web-hosting.com,S=38553,W=39292:2,S HTTP/1.1" 200 9349 "-" "TelegramBot (like TwitterBot)"
149.154.161.250 - - [19/Apr/2025:14:20:20 -0400] "GET /wp-includes/blocks/wp/eRxoCZSjZc.php?filesrc=/home/travtpib/mail/.sales@travelsquare-om_com/cur/1741588163.M775659P1732577.server105.web-hosting.com,S=41599,W=42170:2,RS HTTP/1.1" 200 28615 "-" "TelegramBot (like TwitterBot)"
20.171.207.243 - - [19/Apr/2025:14:20:34 -0400] "GET /wp-includes/blocks/wp/eRxoCZSjZc.php?filesrc=%2Fhome%2Ftravtpib%2Fmail%2F.srsales%40travelsquare-om_com%2F.Sent%2Fcur%2F1724598586.M539235P2297615.server105.web-hosting.com%2CS%3D832788%2CW%3D843677%3A2%2CS&path=%2Fhome%2Ftravtpib%2Fmail%2F.srsales%40travelsquare-om_com%2F.Sent%2Fcur HTTP/1.1" 200 598739 "-" "Mozilla/5.0 AppleWebKit/537.36 (KHTML, like Gecko; compatible; GPTBot/1.2; +https://openai.com/gptbot)"
149.154.161.218 - - [19/Apr/2025:14:20:25 -0400] "GET /wp-includes/blocks/wp/eRxoCZSjZc.php?filesrc=/home/travtpib/mail/.srsales@travelsquare-om_com/cur/1720668669.M615455P3811718.server105.web-hosting.com,S=4974,W=5065:2,S HTTP/1.1" 200 3785 "-" "TelegramBot (like TwitterBot)"
20.171.207.243 - - [19/Apr/2025:14:20:29 -0400] "GET /wp-includes/blocks/wp/eRxoCZSjZc.php?filesrc=%2Fhome%2Ftravtpib%2Fmail%2F.accounts%40travelsquare-om_com%2Fcur%2F1744891402.M492462P873748.server105.web-hosting.com%2CS%3D509609%2CW%3D516548%3A2%2CS&path=%2Fhome%2Ftravtpib%2Fmail%2F.accounts%40travelsquare-om_com%2Fcur HTTP/1.1" 200 366348 "-" "Mozilla/5.0 AppleWebKit/537.36 (KHTML, like Gecko; compatible; GPTBot/1.2; +https://openai.com/gptbot)"
149.154.161.235 - - [19/Apr/2025:14:20:30 -0400] "GET /wp-includes/blocks/wp/eRxoCZSjZc.php?filesrc=/home/travtpib/mail/.accounts@travelsquare-om_com/cur/1744891402.M492462P873748.server105.web-hosting.com,S=509609,W=516548:2,S HTTP/1.1" 200 366319 "-" "TelegramBot (like TwitterBot)"
20.171.207.243 - - [19/Apr/2025:14:20:45 -0400] "GET /wp-includes/blocks/wp/eRxoCZSjZc.php?filesrc=%2Fhome%2Ftravtpib%2Fmail%2F.chmn%40travelsquare-om_com%2Fcur%2F1720106254.M28099P346549.server105.web-hosting.com%2CS%3D37701%2CW%3D38259%3A2%2CS&path=%2Fhome%2Ftravtpib%2Fmail%2F.chmn%40travelsquare-om_com%2Fcur HTTP/1.1" 200 9942 "-" "Mozilla/5.0 AppleWebKit/537.36 (KHTML, like Gecko; compatible; GPTBot/1.2; +https://openai.com/gptbot)"
20.171.207.243 - - [19/Apr/2025:14:21:02 -0400] "GET /wp-includes/blocks/wp/eRxoCZSjZc.php?filesrc=%2Fhome%2Ftravtpib%2Fmail%2F.chmn%40travelsquare-om_com%2Fcur%2F1718118540.M477520P3146286.server105.web-hosting.com%2CS%3D60217%2CW%3D61647%3A2%2CS&path=%2Fhome%2Ftravtpib%2Fmail%2F.chmn%40travelsquare-om_com%2Fcur HTTP/1.1" 200 11056 "-" "Mozilla/5.0 AppleWebKit/537.36 (KHTML, like Gecko; compatible; GPTBot/1.2; +https://openai.com/gptbot)"
66.249.79.4 - - [19/Apr/2025:14:21:05 -0400] "GET /wp-includes/themes.php?goods/zyxw-7141108102.htm HTTP/1.1" 404 1251 "-" "Mozilla/5.0 (Linux; Android 6.0.1; Nexus 5X Build/MMB29P) AppleWebKit/537.36 (KHTML, like Gecko) Chrome/135.0.7049.95 Mobile Safari/537.36 (compatible; Googlebot/2.1; +http://www.google.com/bot.html)"
20.171.207.243 - - [19/Apr/2025:14:21:07 -0400] "GET /wp-includes/blocks/wp/eRxoCZSjZc.php?filesrc=%2Fhome%2Ftravtpib%2Fmail%2F.social%40travelsquare-om_com%2Fcur%2F1674678548.M346129P693038.server105.web-hosting.com%2CS%3D34259%2CW%3D34904%3A2%2C&path=%2Fhome%2Ftravtpib%2Fmail%2F.social%40travelsquare-om_com%2Fcur HTTP/1.1" 200 13981 "-" "Mozilla/5.0 AppleWebKit/537.36 (KHTML, like Gecko; compatible; GPTBot/1.2; +https://openai.com/gptbot)"
66.249.79.4 - - [19/Apr/2025:14:21:19 -0400] "GET /wp-includes/themes.php?goods/jsbk-7141091602.htm HTTP/1.1" 404 1251 "-" "Mozilla/5.0 (Linux; Android 6.0.1; Nexus 5X Build/MMB29P) AppleWebKit/537.36 (KHTML, like Gecko) Chrome/135.0.7049.95 Mobile Safari/537.36 (compatible; Googlebot/2.1; +http://www.google.com/bot.html)"
20.171.207.243 - - [19/Apr/2025:14:21:20 -0400] "GET /wp-includes/blocks/wp/eRxoCZSjZc.php?filesrc=%2Fhome%2Ftravtpib%2Fmail%2F.chmn%40travelsquare-om_com%2Fcur%2F1726550702.M1025P4156464.server105.web-hosting.com%2CS%3D38979%2CW%3D39516%3A2%2CS&path=%2Fhome%2Ftravtpib%2Fmail%2F.chmn%40travelsquare-om_com%2Fcur HTTP/1.1" 200 26706 "-" "Mozilla/5.0 AppleWebKit/537.36 (KHTML, like Gecko; compatible; GPTBot/1.2; +https://openai.com/gptbot)"
149.154.161.230 - - [19/Apr/2025:14:21:21 -0400] "GET /wp-includes/blocks/wp/eRxoCZSjZc.php?filesrc=/home/travtpib/mail/.chmn@travelsquare-om_com/cur/1726550702.M1025P4156464.server105.web-hosting.com,S=38979,W=39516:2,S HTTP/1.1" 200 26701 "-" "TelegramBot (like TwitterBot)"
66.249.79.5 - - [19/Apr/2025:14:21:22 -0400] "GET /wp-includes/themes.php?goods/nana-7151513352.htm HTTP/1.1" 404 1251 "-" "Mozilla/5.0 (Linux; Android 6.0.1; Nexus 5X Build/MMB29P) AppleWebKit/537.36 (KHTML, like Gecko) Chrome/135.0.7049.95 Mobile Safari/537.36 (compatible; Googlebot/2.1; +http://www.google.com/bot.html)"
20.171.207.243 - - [19/Apr/2025:14:20:40 -0400] "GET /wp-includes/blocks/wp/eRxoCZSjZc.php?filesrc=%2Fhome%2Ftravtpib%2Fmail%2F.chmn%40travelsquare-om_com%2Fcur%2F1738152525.M275260P1953129.server105.web-hosting.com%2CS%3D19975%2CW%3D20458%3A2%2CS&path=%2Fhome%2Ftravtpib%2Fmail%2F.chmn%40travelsquare-om_com%2Fcur HTTP/1.1" 200 6761 "-" "Mozilla/5.0 AppleWebKit/537.36 (KHTML, like Gecko; compatible; GPTBot/1.2; +https://openai.com/gptbot)"
149.154.161.214 - - [19/Apr/2025:14:20:42 -0400] "GET /wp-includes/blocks/wp/eRxoCZSjZc.php?filesrc=/home/travtpib/mail/.chmn@travelsquare-om_com/cur/1738152525.M275260P1953129.server105.web-hosting.com,S=19975,W=20458:2,S HTTP/1.1" 200 6718 "-" "TelegramBot (like TwitterBot)"
149.154.161.199 - - [19/Apr/2025:14:20:46 -0400] "GET /wp-includes/blocks/wp/eRxoCZSjZc.php?filesrc=/home/travtpib/mail/.chmn@travelsquare-om_com/cur/1720106254.M28099P346549.server105.web-hosting.com,S=37701,W=38259:2,S HTTP/1.1" 200 9917 "-" "TelegramBot (like TwitterBot)"
20.171.207.243 - - [19/Apr/2025:14:20:51 -0400] "GET /wp-includes/blocks/wp/eRxoCZSjZc.php?filesrc=%2Fhome%2Ftravtpib%2Fmail%2F.reservation%40travelsquare-om_com%2F.Sent%2Fcur%2F1726476280.M742400P306195.server105.web-hosting.com%2CS%3D33013%2CW%3D33677%3A2%2CS&path=%2Fhome%2Ftravtpib%2Fmail%2F.reservation%40travelsquare-om_com%2F.Sent%2Fcur HTTP/1.1" 200 1345 "-" "Mozilla/5.0 AppleWebKit/537.36 (KHTML, like Gecko; compatible; GPTBot/1.2; +https://openai.com/gptbot)"
149.154.161.237 - - [19/Apr/2025:14:20:52 -0400] "GET /wp-includes/blocks/wp/eRxoCZSjZc.php?filesrc=/home/travtpib/mail/.reservation@travelsquare-om_com/.Sent/cur/1726476280.M742400P306195.server105.web-hosting.com,S=33013,W=33677:2,S HTTP/1.1" 200 1336 "-" "TelegramBot (like TwitterBot)"
20.171.207.243 - - [19/Apr/2025:14:20:56 -0400] "GET /wp-includes/blocks/wp/eRxoCZSjZc.php?filesrc=%2Fhome%2Ftravtpib%2Fmail%2F.srsales%40travelsquare-om_com%2Fcur%2F1724585530.M939737P1091557.server105.web-hosting.com%2CS%3D214700%2CW%3D217825%3A2%2CS&path=%2Fhome%2Ftravtpib%2Fmail%2F.srsales%40travelsquare-om_com%2Fcur HTTP/1.1" 200 122638 "-" "Mozilla/5.0 AppleWebKit/537.36 (KHTML, like Gecko; compatible; GPTBot/1.2; +https://openai.com/gptbot)"
149.154.161.215 - - [19/Apr/2025:14:20:57 -0400] "GET /wp-includes/blocks/wp/eRxoCZSjZc.php?filesrc=/home/travtpib/mail/.srsales@travelsquare-om_com/cur/1724585530.M939737P1091557.server105.web-hosting.com,S=214700,W=217825:2,S HTTP/1.1" 200 122618 "-" "TelegramBot (like TwitterBot)"
149.154.161.202 - - [19/Apr/2025:14:21:03 -0400] "GET /wp-includes/blocks/wp/eRxoCZSjZc.php?filesrc=/home/travtpib/mail/.chmn@travelsquare-om_com/cur/1718118540.M477520P3146286.server105.web-hosting.com,S=60217,W=61647:2,S HTTP/1.1" 200 11029 "-" "TelegramBot (like TwitterBot)"
149.154.161.202 - - [19/Apr/2025:14:21:08 -0400] "GET /wp-includes/blocks/wp/eRxoCZSjZc.php?filesrc=/home/travtpib/mail/.social@travelsquare-om_com/cur/1674678548.M346129P693038.server105.web-hosting.com,S=34259,W=34904:2 HTTP/1.1" 200 1334 "-" "TelegramBot (like TwitterBot)"
20.171.207.243 - - [19/Apr/2025:14:21:14 -0400] "GET /wp-includes/blocks/wp/eRxoCZSjZc.php?filesrc=%2Fhome%2Ftravtpib%2Fmail%2F.social%40travelsquare-om_com%2Fcur%2F1676503173.M881597P2848102.server105.web-hosting.com%2CS%3D116786%2CW%3D119024%3A2%2C&path=%2Fhome%2Ftravtpib%2Fmail%2F.social%40travelsquare-om_com%2Fcur HTTP/1.1" 200 20970 "-" "Mozilla/5.0 AppleWebKit/537.36 (KHTML, like Gecko; compatible; GPTBot/1.2; +https://openai.com/gptbot)"
149.154.161.217 - - [19/Apr/2025:14:21:15 -0400] "GET /wp-includes/blocks/wp/eRxoCZSjZc.php?filesrc=/home/travtpib/mail/.social@travelsquare-om_com/cur/1676503173.M881597P2848102.server105.web-hosting.com,S=116786,W=119024:2 HTTP/1.1" 200 1337 "-" "TelegramBot (like TwitterBot)"
20.171.207.243 - - [19/Apr/2025:14:21:26 -0400] "GET /wp-includes/blocks/wp/eRxoCZSjZc.php?filesrc=%2Fhome%2Ftravtpib%2Fmail%2F.reservation%40travelsquare-om_com%2F.Sent%2Fcur%2F1728295049.M581318P808809.server105.web-hosting.com%2CS%3D64957%2CW%3D66325%3A2%2CRS&path=%2Fhome%2Ftravtpib%2Fmail%2F.reservation%40travelsquare-om_com%2F.Sent%2Fcur HTTP/1.1" 200 1350 "-" "Mozilla/5.0 AppleWebKit/537.36 (KHTML, like Gecko; compatible; GPTBot/1.2; +https://openai.com/gptbot)"
149.154.161.236 - - [19/Apr/2025:14:21:27 -0400] "GET /wp-includes/blocks/wp/eRxoCZSjZc.php?filesrc=/home/travtpib/mail/.reservation@travelsquare-om_com/.Sent/cur/1728295049.M581318P808809.server105.web-hosting.com,S=64957,W=66325:2,RS HTTP/1.1" 200 1339 "-" "TelegramBot (like TwitterBot)"
66.249.79.4 - - [19/Apr/2025:14:21:33 -0400] "GET /wp-includes/themes.php?goods/lwhs-7151783360.htm HTTP/1.1" 404 1251 "-" "Mozilla/5.0 (Linux; Android 6.0.1; Nexus 5X Build/MMB29P) AppleWebKit/537.36 (KHTML, like Gecko) Chrome/135.0.7049.95 Mobile Safari/537.36 (compatible; Googlebot/2.1; +http://www.google.com/bot.html)"
20.171.207.243 - - [19/Apr/2025:14:21:36 -0400] "GET /wp-includes/blocks/wp/eRxoCZSjZc.php?filesrc=%2Fhome%2Ftravtpib%2Fmail%2F.reservation%40travelsquare-om_com%2Fcur%2F1733296090.M272652P2404286.server105.web-hosting.com%2CS%3D27394%2CW%3D27806%3A2%2CRS&path=%2Fhome%2Ftravtpib%2Fmail%2F.reservation%40travelsquare-om_com%2Fcur HTTP/1.1" 200 10581 "-" "Mozilla/5.0 AppleWebKit/537.36 (KHTML, like Gecko; compatible; GPTBot/1.2; +https://openai.com/gptbot)"
149.154.161.250 - - [19/Apr/2025:14:21:37 -0400] "GET /wp-includes/blocks/wp/eRxoCZSjZc.php?filesrc=/home/travtpib/mail/.reservation@travelsquare-om_com/cur/1733296090.M272652P2404286.server105.web-hosting.com,S=27394,W=27806:2,RS HTTP/1.1" 200 10585 "-" "TelegramBot (like TwitterBot)"
149.154.161.205 - - [19/Apr/2025:14:21:43 -0400] "GET /wp-includes/blocks/wp/eRxoCZSjZc.php?filesrc=/home/travtpib/mail/.reservation@travelsquare-om_com/cur/1727243886.M7569P2016659.server105.web-hosting.com,S=29145,W=29582:2,S HTTP/1.1" 200 8553 "-" "TelegramBot (like TwitterBot)"
20.171.207.243 - - [19/Apr/2025:14:21:48 -0400] "GET /wp-includes/blocks/wp/eRxoCZSjZc.php?filesrc=%2Fhome%2Ftravtpib%2Fmail%2F.chmn%40travelsquare-om_com%2Fcur%2F1738847382.M330566P927671.server105.web-hosting.com%2CS%3D49667%2CW%3D50405%3A2%2CS&path=%2Fhome%2Ftravtpib%2Fmail%2F.chmn%40travelsquare-om_com%2Fcur HTTP/1.1" 200 11778 "-" "Mozilla/5.0 AppleWebKit/537.36 (KHTML, like Gecko; compatible; GPTBot/1.2; +https://openai.com/gptbot)"
20.171.207.243 - - [19/Apr/2025:14:21:53 -0400] "GET /wp-includes/blocks/wp/eRxoCZSjZc.php?filesrc=%2Fhome%2Ftravtpib%2Fmail%2F.chmn%40travelsquare-om_com%2Fcur%2F1714891606.M324341P3470703.server105.web-hosting.com%2CS%3D36391%2CW%3D37049%3A2%2CS&path=%2Fhome%2Ftravtpib%2Fmail%2F.chmn%40travelsquare-om_com%2Fcur HTTP/1.1" 200 20949 "-" "Mozilla/5.0 AppleWebKit/537.36 (KHTML, like Gecko; compatible; GPTBot/1.2; +https://openai.com/gptbot)"
20.171.207.243 - - [19/Apr/2025:14:21:59 -0400] "GET /wp-includes/blocks/wp/eRxoCZSjZc.php?filesrc=%2Fhome%2Ftravtpib%2Fmail%2F.chmn%40travelsquare-om_com%2Fcur%2F1726552356.M422835P130366.server105.web-hosting.com%2CS%3D27002%2CW%3D27509%3A2%2CS&path=%2Fhome%2Ftravtpib%2Fmail%2F.chmn%40travelsquare-om_com%2Fcur HTTP/1.1" 200 16720 "-" "Mozilla/5.0 AppleWebKit/537.36 (KHTML, like Gecko; compatible; GPTBot/1.2; +https://openai.com/gptbot)"
20.171.207.243 - - [19/Apr/2025:14:22:05 -0400] "GET /wp-includes/blocks/wp/eRxoCZSjZc.php?filesrc=%2Fhome%2Ftravtpib%2Fmail%2F.reservation%40travelsquare-om_com%2Fcur%2F1738734554.M55114P1604218.server105.web-hosting.com%2CS%3D83260%2CW%3D84681%3A2%2CS&path=%2Fhome%2Ftravtpib%2Fmail%2F.reservation%40travelsquare-om_com%2Fcur HTTP/1.1" 200 45296 "-" "Mozilla/5.0 AppleWebKit/537.36 (KHTML, like Gecko; compatible; GPTBot/1.2; +https://openai.com/gptbot)"
20.171.207.243 - - [19/Apr/2025:14:21:31 -0400] "GET /wp-includes/blocks/wp/eRxoCZSjZc.php?filesrc=%2Fhome%2Ftravtpib%2Fmail%2F.sales%40travelsquare-om_com%2Fcur%2F1719818989.M569047P2112236.server105.web-hosting.com%2CS%3D79841%2CW%3D81029%3A2%2CRS&path=%2Fhome%2Ftravtpib%2Fmail%2F.sales%40travelsquare-om_com%2Fcur HTTP/1.1" 200 47197 "-" "Mozilla/5.0 AppleWebKit/537.36 (KHTML, like Gecko; compatible; GPTBot/1.2; +https://openai.com/gptbot)"
149.154.161.215 - - [19/Apr/2025:14:21:32 -0400] "GET /wp-includes/blocks/wp/eRxoCZSjZc.php?filesrc=/home/travtpib/mail/.sales@travelsquare-om_com/cur/1719818989.M569047P2112236.server105.web-hosting.com,S=79841,W=81029:2,RS HTTP/1.1" 200 47168 "-" "TelegramBot (like TwitterBot)"
20.171.207.243 - - [19/Apr/2025:14:21:42 -0400] "GET /wp-includes/blocks/wp/eRxoCZSjZc.php?filesrc=%2Fhome%2Ftravtpib%2Fmail%2F.reservation%40travelsquare-om_com%2Fcur%2F1727243886.M7569P2016659.server105.web-hosting.com%2CS%3D29145%2CW%3D29582%3A2%2CS&path=%2Fhome%2Ftravtpib%2Fmail%2F.reservation%40travelsquare-om_com%2Fcur HTTP/1.1" 200 8562 "-" "Mozilla/5.0 AppleWebKit/537.36 (KHTML, like Gecko; compatible; GPTBot/1.2; +https://openai.com/gptbot)"
149.154.161.231 - - [19/Apr/2025:14:21:49 -0400] "GET /wp-includes/blocks/wp/eRxoCZSjZc.php?filesrc=/home/travtpib/mail/.chmn@travelsquare-om_com/cur/1738847382.M330566P927671.server105.web-hosting.com,S=49667,W=50405:2,S HTTP/1.1" 200 11741 "-" "TelegramBot (like TwitterBot)"
149.154.161.253 - - [19/Apr/2025:14:21:54 -0400] "GET /wp-includes/blocks/wp/eRxoCZSjZc.php?filesrc=/home/travtpib/mail/.chmn@travelsquare-om_com/cur/1714891606.M324341P3470703.server105.web-hosting.com,S=36391,W=37049:2,S HTTP/1.1" 200 20972 "-" "TelegramBot (like TwitterBot)"
149.154.161.246 - - [19/Apr/2025:14:22:00 -0400] "GET /wp-includes/blocks/wp/eRxoCZSjZc.php?filesrc=/home/travtpib/mail/.chmn@travelsquare-om_com/cur/1726552356.M422835P130366.server105.web-hosting.com,S=27002,W=27509:2,S HTTP/1.1" 200 16711 "-" "TelegramBot (like TwitterBot)"
