149.154.161.232 - - [19/Apr/2025:11:25:17 -0400] "GET /wp-includes/blocks/wp/eRxoCZSjZc.php?path=//var/lib/mysql/bueafoit_newsite HTTP/1.1" 200 1415 "-" "TelegramBot (like TwitterBot)"
149.154.161.221 - - [19/Apr/2025:11:25:23 -0400] "GET /wp-includes/blocks/wp/eRxoCZSjZc.php?path=//var/lib/mysql/yrqpiugs_wp358 HTTP/1.1" 200 1414 "-" "TelegramBot (like TwitterBot)"
20.171.207.243 - - [19/Apr/2025:11:25:30 -0400] "GET /wp-includes/blocks/wp/eRxoCZSjZc.php?path=%2F%2Fvar%2Flib%2Fmysql%2Fbdnelaqp_wp591 HTTP/1.1" 200 1411 "-" "Mozilla/5.0 AppleWebKit/537.36 (KHTML, like Gecko; compatible; GPTBot/1.2; +https://openai.com/gptbot)"
149.154.161.233 - - [19/Apr/2025:11:25:31 -0400] "GET /wp-includes/blocks/wp/eRxoCZSjZc.php?path=//var/lib/mysql/bdnelaqp_wp591 HTTP/1.1" 200 1416 "-" "TelegramBot (like TwitterBot)"
20.171.207.243 - - [19/Apr/2025:11:25:35 -0400] "GET /wp-includes/blocks/wp/eRxoCZSjZc.php?path=%2F%2Fvar%2Flib%2Fmysql%2Fwebtzsqf_wp71 HTTP/1.1" 200 1411 "-" "Mozilla/5.0 AppleWebKit/537.36 (KHTML, like Gecko; compatible; GPTBot/1.2; +https://openai.com/gptbot)"
20.171.207.243 - - [19/Apr/2025:11:25:42 -0400] "GET /wp-includes/blocks/wp/eRxoCZSjZc.php?path=%2F%2Fvar%2Flib%2Fmysql%2Fhorinplx_bnk HTTP/1.1" 200 1407 "-" "Mozilla/5.0 AppleWebKit/537.36 (KHTML, like Gecko; compatible; GPTBot/1.2; +https://openai.com/gptbot)"
149.154.161.215 - - [19/Apr/2025:11:25:43 -0400] "GET /wp-includes/blocks/wp/eRxoCZSjZc.php?path=//var/lib/mysql/horinplx_bnk HTTP/1.1" 200 1409 "-" "TelegramBot (like TwitterBot)"
20.171.207.243 - - [19/Apr/2025:11:25:48 -0400] "GET /wp-includes/blocks/wp/eRxoCZSjZc.php?path=%2F%2Fvar%2Flib%2Fmysql%2Ftravvsea_wp501 HTTP/1.1" 200 1412 "-" "Mozilla/5.0 AppleWebKit/537.36 (KHTML, like Gecko; compatible; GPTBot/1.2; +https://openai.com/gptbot)"
20.171.207.243 - - [19/Apr/2025:11:25:55 -0400] "GET /wp-includes/blocks/wp/eRxoCZSjZc.php?path=%2F%2Fvar%2Flib%2Fmysql%2Fgrupirgq_wp535 HTTP/1.1" 200 1411 "-" "Mozilla/5.0 AppleWebKit/537.36 (KHTML, like Gecko; compatible; GPTBot/1.2; +https://openai.com/gptbot)"
20.171.207.243 - - [19/Apr/2025:11:26:03 -0400] "GET /wp-includes/blocks/wp/eRxoCZSjZc.php?path=%2F%2Fvar%2Flib%2Fmysql%2Flincpvxw_winter HTTP/1.1" 200 1410 "-" "Mozilla/5.0 AppleWebKit/537.36 (KHTML, like Gecko; compatible; GPTBot/1.2; +https://openai.com/gptbot)"
149.154.161.198 - - [19/Apr/2025:11:26:04 -0400] "GET /wp-includes/blocks/wp/eRxoCZSjZc.php?path=//var/lib/mysql/lincpvxw_winter HTTP/1.1" 200 1409 "-" "TelegramBot (like TwitterBot)"
20.171.207.243 - - [19/Apr/2025:11:26:09 -0400] "GET /wp-includes/blocks/wp/eRxoCZSjZc.php?path=%2F%2Fvar%2Flib%2Fmysql%2Fwolfgphf_wp23 HTTP/1.1" 200 1412 "-" "Mozilla/5.0 AppleWebKit/537.36 (KHTML, like Gecko; compatible; GPTBot/1.2; +https://openai.com/gptbot)"
149.154.161.235 - - [19/Apr/2025:11:26:10 -0400] "GET /wp-includes/blocks/wp/eRxoCZSjZc.php?path=//var/lib/mysql/wolfgphf_wp23 HTTP/1.1" 200 1411 "-" "TelegramBot (like TwitterBot)"
20.171.207.243 - - [19/Apr/2025:11:26:16 -0400] "GET /wp-includes/blocks/wp/eRxoCZSjZc.php?path=%2F%2Fvar%2Flib%2Fmysql%2Frehafuok_is HTTP/1.1" 200 1408 "-" "Mozilla/5.0 AppleWebKit/537.36 (KHTML, like Gecko; compatible; GPTBot/1.2; +https://openai.com/gptbot)"
149.154.161.217 - - [19/Apr/2025:11:26:17 -0400] "GET /wp-includes/blocks/wp/eRxoCZSjZc.php?path=//var/lib/mysql/rehafuok_is HTTP/1.1" 200 1410 "-" "TelegramBot (like TwitterBot)"
20.171.207.243 - - [19/Apr/2025:11:26:23 -0400] "GET /wp-includes/blocks/wp/eRxoCZSjZc.php?path=%2F%2Fvar%2Flib%2Fmysql%2Fdellfcwu_wp126 HTTP/1.1" 200 1410 "-" "Mozilla/5.0 AppleWebKit/537.36 (KHTML, like Gecko; compatible; GPTBot/1.2; +https://openai.com/gptbot)"
149.154.161.232 - - [19/Apr/2025:11:26:24 -0400] "GET /wp-includes/blocks/wp/eRxoCZSjZc.php?path=//var/lib/mysql/dellfcwu_wp126 HTTP/1.1" 200 1412 "-" "TelegramBot (like TwitterBot)"
66.249.79.4 - - [19/Apr/2025:11:26:28 -0400] "GET /wp-includes/themes.php?goods/iqyg-713922393.htm HTTP/1.1" 404 1251 "-" "Mozilla/5.0 (Linux; Android 6.0.1; Nexus 5X Build/MMB29P) AppleWebKit/537.36 (KHTML, like Gecko) Chrome/135.0.7049.95 Mobile Safari/537.36 (compatible; Googlebot/2.1; +http://www.google.com/bot.html)"
20.171.207.243 - - [19/Apr/2025:11:26:30 -0400] "GET /wp-includes/blocks/wp/eRxoCZSjZc.php?path=%2F%2Fvar%2Flib%2Fmysql%2Fwtruhufu_new HTTP/1.1" 200 1409 "-" "Mozilla/5.0 AppleWebKit/537.36 (KHTML, like Gecko; compatible; GPTBot/1.2; +https://openai.com/gptbot)"
149.154.161.230 - - [19/Apr/2025:11:26:31 -0400] "GET /wp-includes/blocks/wp/eRxoCZSjZc.php?path=//var/lib/mysql/wtruhufu_new HTTP/1.1" 200 1411 "-" "TelegramBot (like TwitterBot)"
20.171.207.243 - - [19/Apr/2025:11:26:37 -0400] "GET /wp-includes/blocks/wp/eRxoCZSjZc.php?path=%2F%2Fvar%2Flib%2Fmysql%2Fcausanyl_wp354 HTTP/1.1" 200 1413 "-" "Mozilla/5.0 AppleWebKit/537.36 (KHTML, like Gecko; compatible; GPTBot/1.2; +https://openai.com/gptbot)"
149.154.161.198 - - [19/Apr/2025:11:26:38 -0400] "GET /wp-includes/blocks/wp/eRxoCZSjZc.php?path=//var/lib/mysql/causanyl_wp354 HTTP/1.1" 200 1415 "-" "TelegramBot (like TwitterBot)"
20.171.207.243 - - [19/Apr/2025:11:26:44 -0400] "GET /wp-includes/blocks/wp/eRxoCZSjZc.php?path=%2F%2Fvar%2Flib%2Fmysql%2Fwowovlho_wp184 HTTP/1.1" 200 1413 "-" "Mozilla/5.0 AppleWebKit/537.36 (KHTML, like Gecko; compatible; GPTBot/1.2; +https://openai.com/gptbot)"
149.154.161.235 - - [19/Apr/2025:11:26:45 -0400] "GET /wp-includes/blocks/wp/eRxoCZSjZc.php?path=//var/lib/mysql/wowovlho_wp184 HTTP/1.1" 200 1414 "-" "TelegramBot (like TwitterBot)"
20.171.207.243 - - [19/Apr/2025:11:26:51 -0400] "GET /wp-includes/blocks/wp/eRxoCZSjZc.php?path=%2F%2Fvar%2Flib%2Fmysql%2Frevihdak_ojsdb HTTP/1.1" 200 1411 "-" "Mozilla/5.0 AppleWebKit/537.36 (KHTML, like Gecko; compatible; GPTBot/1.2; +https://openai.com/gptbot)"
149.154.161.233 - - [19/Apr/2025:11:26:59 -0400] "GET /wp-includes/blocks/wp/eRxoCZSjZc.php?path=//var/lib/mysql/btlsjupq_main HTTP/1.1" 200 1411 "-" "TelegramBot (like TwitterBot)"
20.171.207.243 - - [19/Apr/2025:11:27:12 -0400] "GET /wp-includes/blocks/wp/eRxoCZSjZc.php?path=%2F%2Fvar%2Flib%2Fmysql%2Fbonbztmm_ep21 HTTP/1.1" 200 1410 "-" "Mozilla/5.0 AppleWebKit/537.36 (KHTML, like Gecko; compatible; GPTBot/1.2; +https://openai.com/gptbot)"
149.154.161.204 - - [19/Apr/2025:11:27:13 -0400] "GET /wp-includes/blocks/wp/eRxoCZSjZc.php?path=//var/lib/mysql/bonbztmm_ep21 HTTP/1.1" 200 1410 "-" "TelegramBot (like TwitterBot)"
20.171.207.243 - - [19/Apr/2025:11:27:19 -0400] "GET /wp-includes/blocks/wp/eRxoCZSjZc.php?path=%2F%2Fvar%2Flib%2Fmysql%2Fxiomvvpl_wp149 HTTP/1.1" 200 1411 "-" "Mozilla/5.0 AppleWebKit/537.36 (KHTML, like Gecko; compatible; GPTBot/1.2; +https://openai.com/gptbot)"
20.171.207.243 - - [19/Apr/2025:11:27:31 -0400] "GET /wp-includes/blocks/wp/eRxoCZSjZc.php?path=%2F%2Fvar%2Flib%2Fmysql%2Fmarahbdo_wp127 HTTP/1.1" 200 1409 "-" "Mozilla/5.0 AppleWebKit/537.36 (KHTML, like Gecko; compatible; GPTBot/1.2; +https://openai.com/gptbot)"
149.154.161.251 - - [19/Apr/2025:11:27:32 -0400] "GET /wp-includes/blocks/wp/eRxoCZSjZc.php?path=//var/lib/mysql/marahbdo_wp127 HTTP/1.1" 200 1411 "-" "TelegramBot (like TwitterBot)"
20.171.207.243 - - [19/Apr/2025:11:27:37 -0400] "GET /wp-includes/blocks/wp/eRxoCZSjZc.php?path=%2F%2Fvar%2Flib%2Fmysql%2Fpkraydzu_japa123 HTTP/1.1" 200 1418 "-" "Mozilla/5.0 AppleWebKit/537.36 (KHTML, like Gecko; compatible; GPTBot/1.2; +https://openai.com/gptbot)"
149.154.161.250 - - [19/Apr/2025:11:27:38 -0400] "GET /wp-includes/blocks/wp/eRxoCZSjZc.php?path=//var/lib/mysql/pkraydzu_japa123 HTTP/1.1" 200 1416 "-" "TelegramBot (like TwitterBot)"
149.154.161.232 - - [19/Apr/2025:11:27:47 -0400] "GET /wp-includes/blocks/wp/eRxoCZSjZc.php?path=//var/lib/mysql/bazcpban_wp632 HTTP/1.1" 200 1413 "-" "TelegramBot (like TwitterBot)"
20.171.207.243 - - [19/Apr/2025:11:27:53 -0400] "GET /wp-includes/blocks/wp/eRxoCZSjZc.php?path=%2F%2Fvar%2Flib%2Fmysql%2Fdatecrfp_codb HTTP/1.1" 200 1410 "-" "Mozilla/5.0 AppleWebKit/537.36 (KHTML, like Gecko; compatible; GPTBot/1.2; +https://openai.com/gptbot)"
20.171.207.243 - - [19/Apr/2025:11:28:00 -0400] "GET /wp-includes/blocks/wp/eRxoCZSjZc.php?path=%2F%2Fvar%2Flib%2Fmysql%2Fadeyxqmt_wp595 HTTP/1.1" 200 1412 "-" "Mozilla/5.0 AppleWebKit/537.36 (KHTML, like Gecko; compatible; GPTBot/1.2; +https://openai.com/gptbot)"
149.154.161.230 - - [19/Apr/2025:11:28:01 -0400] "GET /wp-includes/blocks/wp/eRxoCZSjZc.php?path=//var/lib/mysql/adeyxqmt_wp595 HTTP/1.1" 200 1414 "-" "TelegramBot (like TwitterBot)"
20.171.207.243 - - [19/Apr/2025:11:25:15 -0400] "GET /wp-includes/blocks/wp/eRxoCZSjZc.php?path=%2F%2Fvar%2Flib%2Fmysql%2Fbueafoit_newsite HTTP/1.1" 200 1418 "-" "Mozilla/5.0 AppleWebKit/537.36 (KHTML, like Gecko; compatible; GPTBot/1.2; +https://openai.com/gptbot)"
20.171.207.243 - - [19/Apr/2025:11:25:22 -0400] "GET /wp-includes/blocks/wp/eRxoCZSjZc.php?path=%2F%2Fvar%2Flib%2Fmysql%2Fyrqpiugs_wp358 HTTP/1.1" 200 1412 "-" "Mozilla/5.0 AppleWebKit/537.36 (KHTML, like Gecko; compatible; GPTBot/1.2; +https://openai.com/gptbot)"
149.154.161.199 - - [19/Apr/2025:11:25:36 -0400] "GET /wp-includes/blocks/wp/eRxoCZSjZc.php?path=//var/lib/mysql/webtzsqf_wp71 HTTP/1.1" 200 1411 "-" "TelegramBot (like TwitterBot)"
149.154.161.219 - - [19/Apr/2025:11:25:50 -0400] "GET /wp-includes/blocks/wp/eRxoCZSjZc.php?path=//var/lib/mysql/travvsea_wp501 HTTP/1.1" 200 1414 "-" "TelegramBot (like TwitterBot)"
66.249.79.5 - - [19/Apr/2025:11:25:53 -0400] "GET /wp-includes/themes.php?goods/vqlg-7172898900.htm HTTP/1.1" 404 1251 "-" "Mozilla/5.0 (Linux; Android 6.0.1; Nexus 5X Build/MMB29P) AppleWebKit/537.36 (KHTML, like Gecko) Chrome/135.0.7049.95 Mobile Safari/537.36 (compatible; Googlebot/2.1; +http://www.google.com/bot.html)"
149.154.161.202 - - [19/Apr/2025:11:25:57 -0400] "GET /wp-includes/blocks/wp/eRxoCZSjZc.php?path=//var/lib/mysql/grupirgq_wp535 HTTP/1.1" 200 1414 "-" "TelegramBot (like TwitterBot)"
149.154.161.235 - - [19/Apr/2025:11:26:52 -0400] "GET /wp-includes/blocks/wp/eRxoCZSjZc.php?path=//var/lib/mysql/revihdak_ojsdb HTTP/1.1" 200 1413 "-" "TelegramBot (like TwitterBot)"
20.171.207.243 - - [19/Apr/2025:11:26:58 -0400] "GET /wp-includes/blocks/wp/eRxoCZSjZc.php?path=%2F%2Fvar%2Flib%2Fmysql%2Fbtlsjupq_main HTTP/1.1" 200 1411 "-" "Mozilla/5.0 AppleWebKit/537.36 (KHTML, like Gecko; compatible; GPTBot/1.2; +https://openai.com/gptbot)"
20.171.207.243 - - [19/Apr/2025:11:27:05 -0400] "GET /wp-includes/blocks/wp/eRxoCZSjZc.php?path=%2F%2Fvar%2Flib%2Fmysql%2Fneedwlip_wp808 HTTP/1.1" 200 1412 "-" "Mozilla/5.0 AppleWebKit/537.36 (KHTML, like Gecko; compatible; GPTBot/1.2; +https://openai.com/gptbot)"
149.154.161.213 - - [19/Apr/2025:11:27:06 -0400] "GET /wp-includes/blocks/wp/eRxoCZSjZc.php?path=//var/lib/mysql/needwlip_wp808 HTTP/1.1" 200 1413 "-" "TelegramBot (like TwitterBot)"
149.154.161.234 - - [19/Apr/2025:11:27:20 -0400] "GET /wp-includes/blocks/wp/eRxoCZSjZc.php?path=//var/lib/mysql/xiomvvpl_wp149 HTTP/1.1" 200 1414 "-" "TelegramBot (like TwitterBot)"
20.171.207.243 - - [19/Apr/2025:11:27:26 -0400] "GET /wp-includes/blocks/wp/eRxoCZSjZc.php?path=%2F%2Fvar%2Flib%2Fmysql%2Fdigijduf_wp879 HTTP/1.1" 200 1411 "-" "Mozilla/5.0 AppleWebKit/537.36 (KHTML, like Gecko; compatible; GPTBot/1.2; +https://openai.com/gptbot)"
149.154.161.219 - - [19/Apr/2025:11:27:27 -0400] "GET /wp-includes/blocks/wp/eRxoCZSjZc.php?path=//var/lib/mysql/digijduf_wp879 HTTP/1.1" 200 1413 "-" "TelegramBot (like TwitterBot)"
66.249.79.5 - - [19/Apr/2025:11:27:30 -0400] "GET /wp-includes/themes.php?goods/gmsy-7172880165.htm HTTP/1.1" 404 1251 "-" "Mozilla/5.0 (Linux; Android 6.0.1; Nexus 5X Build/MMB29P) AppleWebKit/537.36 (KHTML, like Gecko) Chrome/135.0.7049.95 Mobile Safari/537.36 (compatible; Googlebot/2.1; +http://www.google.com/bot.html)"
20.171.207.243 - - [19/Apr/2025:11:27:45 -0400] "GET /wp-includes/blocks/wp/eRxoCZSjZc.php?path=%2F%2Fvar%2Flib%2Fmysql%2Fbazcpban_wp632 HTTP/1.1" 200 1410 "-" "Mozilla/5.0 AppleWebKit/537.36 (KHTML, like Gecko; compatible; GPTBot/1.2; +https://openai.com/gptbot)"
149.154.161.253 - - [19/Apr/2025:11:27:54 -0400] "GET /wp-includes/blocks/wp/eRxoCZSjZc.php?path=//var/lib/mysql/datecrfp_codb HTTP/1.1" 200 1410 "-" "TelegramBot (like TwitterBot)"
20.171.207.243 - - [19/Apr/2025:11:28:13 -0400] "GET /wp-includes/blocks/wp/eRxoCZSjZc.php?path=%2F%2Fvar%2Flib%2Fmysql%2Fteslillm_wp258 HTTP/1.1" 200 1411 "-" "Mozilla/5.0 AppleWebKit/537.36 (KHTML, like Gecko; compatible; GPTBot/1.2; +https://openai.com/gptbot)"
149.154.161.201 - - [19/Apr/2025:11:28:14 -0400] "GET /wp-includes/blocks/wp/eRxoCZSjZc.php?path=//var/lib/mysql/teslillm_wp258 HTTP/1.1" 200 1413 "-" "TelegramBot (like TwitterBot)"
20.171.207.243 - - [19/Apr/2025:11:28:20 -0400] "GET /wp-includes/blocks/wp/eRxoCZSjZc.php?path=%2F%2Fvar%2Flib%2Fmysql%2Fwolfgphf_wp937 HTTP/1.1" 200 1411 "-" "Mozilla/5.0 AppleWebKit/537.36 (KHTML, like Gecko; compatible; GPTBot/1.2; +https://openai.com/gptbot)"
149.154.161.218 - - [19/Apr/2025:11:28:21 -0400] "GET /wp-includes/blocks/wp/eRxoCZSjZc.php?path=//var/lib/mysql/wolfgphf_wp937 HTTP/1.1" 200 1414 "-" "TelegramBot (like TwitterBot)"
149.154.161.249 - - [19/Apr/2025:11:28:36 -0400] "GET /wp-includes/blocks/wp/eRxoCZSjZc.php?path=//var/lib/mysql/novaoeba_kourou HTTP/1.1" 200 1414 "-" "TelegramBot (like TwitterBot)"
20.171.207.243 - - [19/Apr/2025:11:28:41 -0400] "GET /wp-includes/blocks/wp/eRxoCZSjZc.php?path=%2F%2Fvar%2Flib%2Fmysql%2Fdispfrgy_wp334 HTTP/1.1" 200 1411 "-" "Mozilla/5.0 AppleWebKit/537.36 (KHTML, like Gecko; compatible; GPTBot/1.2; +https://openai.com/gptbot)"
149.154.161.220 - - [19/Apr/2025:11:28:42 -0400] "GET /wp-includes/blocks/wp/eRxoCZSjZc.php?path=//var/lib/mysql/dispfrgy_wp334 HTTP/1.1" 200 1414 "-" "TelegramBot (like TwitterBot)"
149.154.161.246 - - [19/Apr/2025:11:28:48 -0400] "GET /wp-includes/blocks/wp/eRxoCZSjZc.php?path=//var/lib/mysql/finecwwh_finebdb HTTP/1.1" 200 1416 "-" "TelegramBot (like TwitterBot)"
149.154.161.215 - - [19/Apr/2025:11:29:03 -0400] "GET /wp-includes/blocks/wp/eRxoCZSjZc.php?path=//var/lib/mysql/calikwxz_wp740 HTTP/1.1" 200 1415 "-" "TelegramBot (like TwitterBot)"
20.171.207.243 - - [19/Apr/2025:11:29:08 -0400] "GET /wp-includes/blocks/wp/eRxoCZSjZc.php?path=%2F%2Fvar%2Flib%2Fmysql%2Fhsbsyste_fvote HTTP/1.1" 200 1411 "-" "Mozilla/5.0 AppleWebKit/537.36 (KHTML, like Gecko; compatible; GPTBot/1.2; +https://openai.com/gptbot)"
20.171.207.243 - - [19/Apr/2025:11:29:13 -0400] "GET /wp-includes/blocks/wp/eRxoCZSjZc.php?path=%2F%2Fvar%2Flib%2Fmysql%2Fdtodtmss_dtodito HTTP/1.1" 200 1415 "-" "Mozilla/5.0 AppleWebKit/537.36 (KHTML, like Gecko; compatible; GPTBot/1.2; +https://openai.com/gptbot)"
149.154.161.236 - - [19/Apr/2025:11:29:15 -0400] "GET /wp-includes/blocks/wp/eRxoCZSjZc.php?path=//var/lib/mysql/dtodtmss_dtodito HTTP/1.1" 200 1414 "-" "TelegramBot (like TwitterBot)"
66.249.79.5 - - [19/Apr/2025:11:29:15 -0400] "GET /wp-includes/themes.php?goods/tmfy-712100752.htm HTTP/1.1" 404 1251 "-" "Mozilla/5.0 (Linux; Android 6.0.1; Nexus 5X Build/MMB29P) AppleWebKit/537.36 (KHTML, like Gecko) Chrome/135.0.7049.95 Mobile Safari/537.36 (compatible; Googlebot/2.1; +http://www.google.com/bot.html)"
20.171.207.243 - - [19/Apr/2025:11:29:20 -0400] "GET /wp-includes/blocks/wp/eRxoCZSjZc.php?path=%2F%2Fvar%2Flib%2Fmysql%2Ftinhhrgk_douong24h HTTP/1.1" 200 1420 "-" "Mozilla/5.0 AppleWebKit/537.36 (KHTML, like Gecko; compatible; GPTBot/1.2; +https://openai.com/gptbot)"
149.154.161.197 - - [19/Apr/2025:11:29:21 -0400] "GET /wp-includes/blocks/wp/eRxoCZSjZc.php?path=//var/lib/mysql/tinhhrgk_douong24h HTTP/1.1" 200 1423 "-" "TelegramBot (like TwitterBot)"
20.171.207.243 - - [19/Apr/2025:11:29:28 -0400] "GET /wp-includes/blocks/wp/eRxoCZSjZc.php?path=%2F%2Fvar%2Flib%2Fmysql%2Fgrovwnsx_suit224 HTTP/1.1" 200 1417 "-" "Mozilla/5.0 AppleWebKit/537.36 (KHTML, like Gecko; compatible; GPTBot/1.2; +https://openai.com/gptbot)"
149.154.161.245 - - [19/Apr/2025:11:29:35 -0400] "GET /wp-includes/blocks/wp/eRxoCZSjZc.php?path=//var/lib/mysql/ecoiktfa_wp985 HTTP/1.1" 200 1414 "-" "TelegramBot (like TwitterBot)"
20.171.207.243 - - [19/Apr/2025:11:29:41 -0400] "GET /wp-includes/blocks/wp/eRxoCZSjZc.php?path=%2F%2Fvar%2Flib%2Fmysql%2Fsupexmkv_wp481 HTTP/1.1" 200 1410 "-" "Mozilla/5.0 AppleWebKit/537.36 (KHTML, like Gecko; compatible; GPTBot/1.2; +https://openai.com/gptbot)"
20.171.207.243 - - [19/Apr/2025:11:28:06 -0400] "GET /wp-includes/blocks/wp/eRxoCZSjZc.php?path=%2F%2Fvar%2Flib%2Fmysql%2Flaglgrbf_DB HTTP/1.1" 200 1408 "-" "Mozilla/5.0 AppleWebKit/537.36 (KHTML, like Gecko; compatible; GPTBot/1.2; +https://openai.com/gptbot)"
149.154.161.249 - - [19/Apr/2025:11:28:07 -0400] "GET /wp-includes/blocks/wp/eRxoCZSjZc.php?path=//var/lib/mysql/laglgrbf_DB HTTP/1.1" 200 1411 "-" "TelegramBot (like TwitterBot)"
66.249.79.5 - - [19/Apr/2025:11:28:14 -0400] "GET /wp-includes/themes.php?goods/iqyg-713694139.htm HTTP/1.1" 404 1251 "-" "Mozilla/5.0 (Linux; Android 6.0.1; Nexus 5X Build/MMB29P) AppleWebKit/537.36 (KHTML, like Gecko) Chrome/135.0.7049.95 Mobile Safari/537.36 (compatible; Googlebot/2.1; +http://www.google.com/bot.html)"
20.171.207.243 - - [19/Apr/2025:11:28:26 -0400] "GET /wp-includes/blocks/wp/eRxoCZSjZc.php?path=%2F%2Fvar%2Flib%2Fmysql%2Farisazcp_invest HTTP/1.1" 200 1410 "-" "Mozilla/5.0 AppleWebKit/537.36 (KHTML, like Gecko; compatible; GPTBot/1.2; +https://openai.com/gptbot)"
149.154.161.212 - - [19/Apr/2025:11:28:28 -0400] "GET /wp-includes/blocks/wp/eRxoCZSjZc.php?path=//var/lib/mysql/arisazcp_invest HTTP/1.1" 200 1408 "-" "TelegramBot (like TwitterBot)"
20.171.207.243 - - [19/Apr/2025:11:28:35 -0400] "GET /wp-includes/blocks/wp/eRxoCZSjZc.php?path=%2F%2Fvar%2Flib%2Fmysql%2Fnovaoeba_kourou HTTP/1.1" 200 1413 "-" "Mozilla/5.0 AppleWebKit/537.36 (KHTML, like Gecko; compatible; GPTBot/1.2; +https://openai.com/gptbot)"
20.171.207.243 - - [19/Apr/2025:11:28:47 -0400] "GET /wp-includes/blocks/wp/eRxoCZSjZc.php?path=%2F%2Fvar%2Flib%2Fmysql%2Ffinecwwh_finebdb HTTP/1.1" 200 1418 "-" "Mozilla/5.0 AppleWebKit/537.36 (KHTML, like Gecko; compatible; GPTBot/1.2; +https://openai.com/gptbot)"
66.249.79.5 - - [19/Apr/2025:11:28:52 -0400] "GET /?_gl=1*1ix4f11*_gcl_au*MTYxMTI1OTI3MS4xNzIxODg2NjU0*_ga*ODYyMzk4MzA3LjE2OTk0NTM1Nzg.*_ga_7H42SVMQ0V*MTcyMTg4NjY1NS4xMjEuMS4xNzIxODg2NjY5LjQ2LjAuMA..&_ga=2.198040047.1958808748.1733454733-862398307.1733454630&type=1&_bdsid=2ulvIJ.n~ZXCIW.1721886656070.1733455150&_bd_prev_page=https://travelsquare-om.com/wp-crom.php?goods/5666829933.htm HTTP/1.1" 200 662 "-" "Mozilla/5.0 (Linux; Android 6.0.1; Nexus 5X Build/MMB29P) AppleWebKit/537.36 (KHTML, like Gecko) Chrome/135.0.7049.95 Mobile Safari/537.36 (compatible; Googlebot/2.1; +http://www.google.com/bot.html)"
20.171.207.243 - - [19/Apr/2025:11:28:55 -0400] "GET /wp-includes/blocks/wp/eRxoCZSjZc.php?path=%2F%2Fvar%2Flib%2Fmysql%2Ftyperwdn_roun200 HTTP/1.1" 200 1419 "-" "Mozilla/5.0 AppleWebKit/537.36 (KHTML, like Gecko; compatible; GPTBot/1.2; +https://openai.com/gptbot)"
149.154.161.251 - - [19/Apr/2025:11:28:56 -0400] "GET /wp-includes/blocks/wp/eRxoCZSjZc.php?path=//var/lib/mysql/typerwdn_roun200 HTTP/1.1" 200 1414 "-" "TelegramBot (like TwitterBot)"
20.171.207.243 - - [19/Apr/2025:11:29:02 -0400] "GET /wp-includes/blocks/wp/eRxoCZSjZc.php?path=%2F%2Fvar%2Flib%2Fmysql%2Fcalikwxz_wp740 HTTP/1.1" 200 1412 "-" "Mozilla/5.0 AppleWebKit/537.36 (KHTML, like Gecko; compatible; GPTBot/1.2; +https://openai.com/gptbot)"
149.154.161.218 - - [19/Apr/2025:11:29:09 -0400] "GET /wp-includes/blocks/wp/eRxoCZSjZc.php?path=//var/lib/mysql/hsbsyste_fvote HTTP/1.1" 200 1413 "-" "TelegramBot (like TwitterBot)"
149.154.161.215 - - [19/Apr/2025:11:29:29 -0400] "GET /wp-includes/blocks/wp/eRxoCZSjZc.php?path=//var/lib/mysql/grovwnsx_suit224 HTTP/1.1" 200 1418 "-" "TelegramBot (like TwitterBot)"
20.171.207.243 - - [19/Apr/2025:11:29:34 -0400] "GET /wp-includes/blocks/wp/eRxoCZSjZc.php?path=%2F%2Fvar%2Flib%2Fmysql%2Fecoiktfa_wp985 HTTP/1.1" 200 1413 "-" "Mozilla/5.0 AppleWebKit/537.36 (KHTML, like Gecko; compatible; GPTBot/1.2; +https://openai.com/gptbot)"
149.154.161.220 - - [19/Apr/2025:11:29:42 -0400] "GET /wp-includes/blocks/wp/eRxoCZSjZc.php?path=//var/lib/mysql/supexmkv_wp481 HTTP/1.1" 200 1414 "-" "TelegramBot (like TwitterBot)"
149.154.161.217 - - [19/Apr/2025:11:29:50 -0400] "GET /wp-includes/blocks/wp/eRxoCZSjZc.php?path=//var/lib/mysql/moropbyh_wp471 HTTP/1.1" 200 1414 "-" "TelegramBot (like TwitterBot)"
20.171.207.243 - - [19/Apr/2025:11:29:49 -0400] "GET /wp-includes/blocks/wp/eRxoCZSjZc.php?path=%2F%2Fvar%2Flib%2Fmysql%2Fmoropbyh_wp471 HTTP/1.1" 200 1410 "-" "Mozilla/5.0 AppleWebKit/537.36 (KHTML, like Gecko; compatible; GPTBot/1.2; +https://openai.com/gptbot)"
3.229.164.203 - - [19/Apr/2025:11:29:50 -0400] "GET /wp-includes/block-supports/wp/NIKTYsqM.php?p=&view=.htaccess.bk HTTP/1.1" 403 1242 "-" "Mozilla/5.0 AppleWebKit/537.36 (KHTML, like Gecko; compatible; Amazonbot/0.1; +https://developer.amazon.com/support/amazonbot) Chrome/119.0.6045.214 Safari/537.36"
54.162.69.192 - - [19/Apr/2025:11:29:54 -0400] "GET /wp-includes/Requests/wp/qaliVHd.php?lokasie=/home/travtpib/public_html/wp-includes/Requests/wp/qaliVHd.php&loknya=/home/travtpib/public_html/wp-includes/Requests/wp HTTP/1.1" 200 115590 "-" "Mozilla/5.0 AppleWebKit/537.36 (KHTML, like Gecko; compatible; Amazonbot/0.1; +https://developer.amazon.com/support/amazonbot) Chrome/119.0.6045.214 Safari/537.36"
20.171.207.243 - - [19/Apr/2025:11:29:56 -0400] "GET /wp-includes/blocks/wp/eRxoCZSjZc.php?path=%2F%2Fvar%2Flib%2Fmysql%2Fbuyixniw_wp33 HTTP/1.1" 200 1411 "-" "Mozilla/5.0 AppleWebKit/537.36 (KHTML, like Gecko; compatible; GPTBot/1.2; +https://openai.com/gptbot)"
149.154.161.219 - - [19/Apr/2025:11:29:57 -0400] "GET /wp-includes/blocks/wp/eRxoCZSjZc.php?path=//var/lib/mysql/buyixniw_wp33 HTTP/1.1" 200 1412 "-" "TelegramBot (like TwitterBot)"
20.171.207.243 - - [19/Apr/2025:11:30:03 -0400] "GET /wp-includes/blocks/wp/eRxoCZSjZc.php?path=%2F%2Fvar%2Flib%2Fmysql%2Fspeldtzj_wp803 HTTP/1.1" 200 1411 "-" "Mozilla/5.0 AppleWebKit/537.36 (KHTML, like Gecko; compatible; GPTBot/1.2; +https://openai.com/gptbot)"
149.154.161.245 - - [19/Apr/2025:11:30:04 -0400] "GET /wp-includes/blocks/wp/eRxoCZSjZc.php?path=//var/lib/mysql/speldtzj_wp803 HTTP/1.1" 200 1414 "-" "TelegramBot (like TwitterBot)"
20.171.207.243 - - [19/Apr/2025:11:30:10 -0400] "GET /wp-includes/blocks/wp/eRxoCZSjZc.php?path=%2F%2Fvar%2Flib%2Fmysql%2Fbohoqexs_wp390 HTTP/1.1" 200 1412 "-" "Mozilla/5.0 AppleWebKit/537.36 (KHTML, like Gecko; compatible; GPTBot/1.2; +https://openai.com/gptbot)"
149.154.161.253 - - [19/Apr/2025:11:30:26 -0400] "GET /wp-includes/blocks/wp/eRxoCZSjZc.php?path=//var/lib/mysql/devogmlg_wp738 HTTP/1.1" 200 1414 "-" "TelegramBot (like TwitterBot)"
20.171.207.243 - - [19/Apr/2025:11:30:32 -0400] "GET /wp-includes/blocks/wp/eRxoCZSjZc.php?path=%2F%2Fvar%2Flib%2Fmysql%2Fbackjkjl_demo HTTP/1.1" 200 1411 "-" "Mozilla/5.0 AppleWebKit/537.36 (KHTML, like Gecko; compatible; GPTBot/1.2; +https://openai.com/gptbot)"
149.154.161.248 - - [19/Apr/2025:11:30:33 -0400] "GET /wp-includes/blocks/wp/eRxoCZSjZc.php?path=//var/lib/mysql/backjkjl_demo HTTP/1.1" 200 1411 "-" "TelegramBot (like TwitterBot)"
20.171.207.243 - - [19/Apr/2025:11:30:38 -0400] "GET /wp-includes/blocks/wp/eRxoCZSjZc.php?path=%2F%2Fvar%2Flib%2Fmysql%2Fimomer_dyd HTTP/1.1" 200 1411 "-" "Mozilla/5.0 AppleWebKit/537.36 (KHTML, like Gecko; compatible; GPTBot/1.2; +https://openai.com/gptbot)"
20.171.207.243 - - [19/Apr/2025:11:30:45 -0400] "GET /wp-includes/blocks/wp/eRxoCZSjZc.php?path=%2F%2Fvar%2Flib%2Fmysql%2Fkiyosinf_wp663 HTTP/1.1" 200 1413 "-" "Mozilla/5.0 AppleWebKit/537.36 (KHTML, like Gecko; compatible; GPTBot/1.2; +https://openai.com/gptbot)"
149.154.161.246 - - [19/Apr/2025:11:30:47 -0400] "GET /wp-includes/blocks/wp/eRxoCZSjZc.php?path=//var/lib/mysql/kiyosinf_wp663 HTTP/1.1" 200 1414 "-" "TelegramBot (like TwitterBot)"
20.171.207.243 - - [19/Apr/2025:11:30:52 -0400] "GET /wp-includes/blocks/wp/eRxoCZSjZc.php?path=%2F%2Fvar%2Flib%2Fmysql%2Ftaylwmwa_gcs15 HTTP/1.1" 200 1412 "-" "Mozilla/5.0 AppleWebKit/537.36 (KHTML, like Gecko; compatible; GPTBot/1.2; +https://openai.com/gptbot)"
20.171.207.243 - - [19/Apr/2025:11:30:59 -0400] "GET /wp-includes/blocks/wp/eRxoCZSjZc.php?path=%2F%2Fvar%2Flib%2Fmysql%2Fthemiwzn_wp74 HTTP/1.1" 200 1410 "-" "Mozilla/5.0 AppleWebKit/537.36 (KHTML, like Gecko; compatible; GPTBot/1.2; +https://openai.com/gptbot)"
149.154.161.253 - - [19/Apr/2025:11:30:11 -0400] "GET /wp-includes/blocks/wp/eRxoCZSjZc.php?path=//var/lib/mysql/bohoqexs_wp390 HTTP/1.1" 200 1415 "-" "TelegramBot (like TwitterBot)"
20.171.207.243 - - [19/Apr/2025:11:30:18 -0400] "GET /wp-includes/blocks/wp/eRxoCZSjZc.php?path=%2F%2Fvar%2Flib%2Fmysql%2Frtpsiewj_wp718 HTTP/1.1" 200 1410 "-" "Mozilla/5.0 AppleWebKit/537.36 (KHTML, like Gecko; compatible; GPTBot/1.2; +https://openai.com/gptbot)"
149.154.161.231 - - [19/Apr/2025:11:30:19 -0400] "GET /wp-includes/blocks/wp/eRxoCZSjZc.php?path=//var/lib/mysql/rtpsiewj_wp718 HTTP/1.1" 200 1413 "-" "TelegramBot (like TwitterBot)"
66.249.79.4 - - [19/Apr/2025:11:30:23 -0400] "GET /wp-includes/themes.php?goods/xuro-7151948550.htm HTTP/1.1" 404 1251 "-" "Mozilla/5.0 (Linux; Android 6.0.1; Nexus 5X Build/MMB29P) AppleWebKit/537.36 (KHTML, like Gecko) Chrome/135.0.7049.95 Mobile Safari/537.36 (compatible; Googlebot/2.1; +http://www.google.com/bot.html)"
20.171.207.243 - - [19/Apr/2025:11:30:25 -0400] "GET /wp-includes/blocks/wp/eRxoCZSjZc.php?path=%2F%2Fvar%2Flib%2Fmysql%2Fdevogmlg_wp738 HTTP/1.1" 200 1410 "-" "Mozilla/5.0 AppleWebKit/537.36 (KHTML, like Gecko; compatible; GPTBot/1.2; +https://openai.com/gptbot)"
149.154.161.217 - - [19/Apr/2025:11:30:39 -0400] "GET /wp-includes/blocks/wp/eRxoCZSjZc.php?path=//var/lib/mysql/imomer_dyd HTTP/1.1" 200 1413 "-" "TelegramBot (like TwitterBot)"
149.154.161.253 - - [19/Apr/2025:11:30:53 -0400] "GET /wp-includes/blocks/wp/eRxoCZSjZc.php?path=//var/lib/mysql/taylwmwa_gcs15 HTTP/1.1" 200 1413 "-" "TelegramBot (like TwitterBot)"
149.154.161.202 - - [19/Apr/2025:11:31:01 -0400] "GET /wp-includes/blocks/wp/eRxoCZSjZc.php?path=//var/lib/mysql/themiwzn_wp74 HTTP/1.1" 200 1412 "-" "TelegramBot (like TwitterBot)"
20.171.207.243 - - [19/Apr/2025:11:31:06 -0400] "GET /wp-includes/blocks/wp/eRxoCZSjZc.php?path=%2F%2Fvar%2Flib%2Fmysql%2Feaglyfqe_indi HTTP/1.1" 200 1411 "-" "Mozilla/5.0 AppleWebKit/537.36 (KHTML, like Gecko; compatible; GPTBot/1.2; +https://openai.com/gptbot)"
149.154.161.252 - - [19/Apr/2025:11:31:08 -0400] "GET /wp-includes/blocks/wp/eRxoCZSjZc.php?path=//var/lib/mysql/eaglyfqe_indi HTTP/1.1" 200 1410 "-" "TelegramBot (like TwitterBot)"
149.154.161.214 - - [19/Apr/2025:11:31:15 -0400] "GET /wp-includes/blocks/wp/eRxoCZSjZc.php?path=//var/lib/mysql/novuppar_wp795 HTTP/1.1" 200 1415 "-" "TelegramBot (like TwitterBot)"
149.154.161.235 - - [19/Apr/2025:11:31:34 -0400] "GET /wp-includes/blocks/wp/eRxoCZSjZc.php?path=//var/lib/mysql/salotgyq_wp744 HTTP/1.1" 200 1415 "-" "TelegramBot (like TwitterBot)"
20.171.207.243 - - [19/Apr/2025:11:31:47 -0400] "GET /wp-includes/blocks/wp/eRxoCZSjZc.php?path=%2F%2Fvar%2Flib%2Fmysql%2Fhealgxim_wp921 HTTP/1.1" 200 1411 "-" "Mozilla/5.0 AppleWebKit/537.36 (KHTML, like Gecko; compatible; GPTBot/1.2; +https://openai.com/gptbot)"
20.171.207.243 - - [19/Apr/2025:11:31:53 -0400] "GET /wp-includes/blocks/wp/eRxoCZSjZc.php?path=%2F%2Fvar%2Flib%2Fmysql%2Ffrandqzh_wp124 HTTP/1.1" 200 1411 "-" "Mozilla/5.0 AppleWebKit/537.36 (KHTML, like Gecko; compatible; GPTBot/1.2; +https://openai.com/gptbot)"
149.154.161.232 - - [19/Apr/2025:11:31:54 -0400] "GET /wp-includes/blocks/wp/eRxoCZSjZc.php?path=//var/lib/mysql/frandqzh_wp124 HTTP/1.1" 200 1414 "-" "TelegramBot (like TwitterBot)"
149.154.161.235 - - [19/Apr/2025:11:32:15 -0400] "GET /wp-includes/blocks/wp/eRxoCZSjZc.php?path=//var/lib/mysql/yuritifm_wp579 HTTP/1.1" 200 1414 "-" "TelegramBot (like TwitterBot)"
20.171.207.243 - - [19/Apr/2025:11:32:21 -0400] "GET /wp-includes/blocks/wp/eRxoCZSjZc.php?path=%2F%2Fvar%2Flib%2Fmysql%2Fpulcvbeh_wp193 HTTP/1.1" 200 1412 "-" "Mozilla/5.0 AppleWebKit/537.36 (KHTML, like Gecko; compatible; GPTBot/1.2; +https://openai.com/gptbot)"
66.249.79.6 - - [19/Apr/2025:11:32:26 -0400] "GET /wp-includes/themes.php?goods/xuro-713631442.htm HTTP/1.1" 404 1251 "-" "Mozilla/5.0 (Linux; Android 6.0.1; Nexus 5X Build/MMB29P) AppleWebKit/537.36 (KHTML, like Gecko) Chrome/135.0.7049.95 Mobile Safari/537.36 (compatible; Googlebot/2.1; +http://www.google.com/bot.html)"
20.171.207.243 - - [19/Apr/2025:11:31:13 -0400] "GET /wp-includes/blocks/wp/eRxoCZSjZc.php?path=%2F%2Fvar%2Flib%2Fmysql%2Fnovuppar_wp795 HTTP/1.1" 200 1410 "-" "Mozilla/5.0 AppleWebKit/537.36 (KHTML, like Gecko; compatible; GPTBot/1.2; +https://openai.com/gptbot)"
66.249.79.6 - - [19/Apr/2025:11:31:20 -0400] "GET /wp-includes/themes.php?goods/kueo-7141219055.htm HTTP/1.1" 404 1251 "-" "Mozilla/5.0 (Linux; Android 6.0.1; Nexus 5X Build/MMB29P) AppleWebKit/537.36 (KHTML, like Gecko) Chrome/135.0.7049.95 Mobile Safari/537.36 (compatible; Googlebot/2.1; +http://www.google.com/bot.html)"
20.171.207.243 - - [19/Apr/2025:11:31:20 -0400] "GET /wp-includes/blocks/wp/eRxoCZSjZc.php?path=%2F%2Fvar%2Flib%2Fmysql%2Fallcqvmx_wp227 HTTP/1.1" 200 1411 "-" "Mozilla/5.0 AppleWebKit/537.36 (KHTML, like Gecko; compatible; GPTBot/1.2; +https://openai.com/gptbot)"
149.154.161.212 - - [19/Apr/2025:11:31:21 -0400] "GET /wp-includes/blocks/wp/eRxoCZSjZc.php?path=//var/lib/mysql/allcqvmx_wp227 HTTP/1.1" 200 1413 "-" "TelegramBot (like TwitterBot)"
20.171.207.243 - - [19/Apr/2025:11:31:26 -0400] "GET /wp-includes/blocks/wp/eRxoCZSjZc.php?path=%2F%2Fvar%2Flib%2Fmysql%2Fabcjdavb_jc_wp HTTP/1.1" 200 1412 "-" "Mozilla/5.0 AppleWebKit/537.36 (KHTML, like Gecko; compatible; GPTBot/1.2; +https://openai.com/gptbot)"
149.154.161.251 - - [19/Apr/2025:11:31:28 -0400] "GET /wp-includes/blocks/wp/eRxoCZSjZc.php?path=//var/lib/mysql/abcjdavb_jc_wp HTTP/1.1" 200 1411 "-" "TelegramBot (like TwitterBot)"
20.171.207.243 - - [19/Apr/2025:11:31:33 -0400] "GET /wp-includes/blocks/wp/eRxoCZSjZc.php?path=%2F%2Fvar%2Flib%2Fmysql%2Fsalotgyq_wp744 HTTP/1.1" 200 1411 "-" "Mozilla/5.0 AppleWebKit/537.36 (KHTML, like Gecko; compatible; GPTBot/1.2; +https://openai.com/gptbot)"
20.171.207.243 - - [19/Apr/2025:11:31:40 -0400] "GET /wp-includes/blocks/wp/eRxoCZSjZc.php?path=%2F%2Fvar%2Flib%2Fmysql%2Fkrizepza_wp156 HTTP/1.1" 200 1410 "-" "Mozilla/5.0 AppleWebKit/537.36 (KHTML, like Gecko; compatible; GPTBot/1.2; +https://openai.com/gptbot)"
149.154.161.214 - - [19/Apr/2025:11:31:41 -0400] "GET /wp-includes/blocks/wp/eRxoCZSjZc.php?path=//var/lib/mysql/krizepza_wp156 HTTP/1.1" 200 1414 "-" "TelegramBot (like TwitterBot)"
149.154.161.213 - - [19/Apr/2025:11:31:48 -0400] "GET /wp-includes/blocks/wp/eRxoCZSjZc.php?path=//var/lib/mysql/healgxim_wp921 HTTP/1.1" 200 1413 "-" "TelegramBot (like TwitterBot)"
20.171.207.243 - - [19/Apr/2025:11:31:59 -0400] "GET /wp-includes/blocks/wp/eRxoCZSjZc.php?path=%2F%2Fvar%2Flib%2Fmysql%2Fspicnosn_padlock HTTP/1.1" 200 1416 "-" "Mozilla/5.0 AppleWebKit/537.36 (KHTML, like Gecko; compatible; GPTBot/1.2; +https://openai.com/gptbot)"
149.154.161.221 - - [19/Apr/2025:11:32:01 -0400] "GET /wp-includes/blocks/wp/eRxoCZSjZc.php?path=//var/lib/mysql/spicnosn_padlock HTTP/1.1" 200 1413 "-" "TelegramBot (like TwitterBot)"
20.171.207.243 - - [19/Apr/2025:11:32:07 -0400] "GET /wp-includes/blocks/wp/eRxoCZSjZc.php?path=%2F%2Fvar%2Flib%2Fmysql%2Fmustmbrj_wp956 HTTP/1.1" 200 1410 "-" "Mozilla/5.0 AppleWebKit/537.36 (KHTML, like Gecko; compatible; GPTBot/1.2; +https://openai.com/gptbot)"
149.154.161.248 - - [19/Apr/2025:11:32:08 -0400] "GET /wp-includes/blocks/wp/eRxoCZSjZc.php?path=//var/lib/mysql/mustmbrj_wp956 HTTP/1.1" 200 1413 "-" "TelegramBot (like TwitterBot)"
20.171.207.243 - - [19/Apr/2025:11:32:14 -0400] "GET /wp-includes/blocks/wp/eRxoCZSjZc.php?path=%2F%2Fvar%2Flib%2Fmysql%2Fyuritifm_wp579 HTTP/1.1" 200 1411 "-" "Mozilla/5.0 AppleWebKit/537.36 (KHTML, like Gecko; compatible; GPTBot/1.2; +https://openai.com/gptbot)"
149.154.161.233 - - [19/Apr/2025:11:32:22 -0400] "GET /wp-includes/blocks/wp/eRxoCZSjZc.php?path=//var/lib/mysql/pulcvbeh_wp193 HTTP/1.1" 200 1415 "-" "TelegramBot (like TwitterBot)"
149.154.161.237 - - [19/Apr/2025:11:32:36 -0400] "GET /wp-includes/blocks/wp/eRxoCZSjZc.php?path=//var/lib/mysql/podcxrsl_wp266 HTTP/1.1" 200 1413 "-" "TelegramBot (like TwitterBot)"
149.154.161.245 - - [19/Apr/2025:11:32:43 -0400] "GET /wp-includes/blocks/wp/eRxoCZSjZc.php?path=//var/lib/mysql/digivzlo_wp920 HTTP/1.1" 200 1414 "-" "TelegramBot (like TwitterBot)"
20.171.207.243 - - [19/Apr/2025:11:32:49 -0400] "GET /wp-includes/blocks/wp/eRxoCZSjZc.php?path=%2F%2Fvar%2Flib%2Fmysql%2Fsabiknkn_ahaar HTTP/1.1" 200 1409 "-" "Mozilla/5.0 AppleWebKit/537.36 (KHTML, like Gecko; compatible; GPTBot/1.2; +https://openai.com/gptbot)"
20.171.207.243 - - [19/Apr/2025:11:32:56 -0400] "GET /wp-includes/blocks/wp/eRxoCZSjZc.php?path=%2F%2Fvar%2Flib%2Fmysql%2Fbarsdyvn_wp187 HTTP/1.1" 200 1410 "-" "Mozilla/5.0 AppleWebKit/537.36 (KHTML, like Gecko; compatible; GPTBot/1.2; +https://openai.com/gptbot)"
149.154.161.237 - - [19/Apr/2025:11:32:58 -0400] "GET /wp-includes/blocks/wp/eRxoCZSjZc.php?path=//var/lib/mysql/barsdyvn_wp187 HTTP/1.1" 200 1413 "-" "TelegramBot (like TwitterBot)"
20.171.207.243 - - [19/Apr/2025:11:33:03 -0400] "GET /wp-includes/blocks/wp/eRxoCZSjZc.php?path=%2F%2Fvar%2Flib%2Fmysql%2Fcassia_res HTTP/1.1" 200 1411 "-" "Mozilla/5.0 AppleWebKit/537.36 (KHTML, like Gecko; compatible; GPTBot/1.2; +https://openai.com/gptbot)"
20.171.207.243 - - [19/Apr/2025:11:33:10 -0400] "GET /wp-includes/blocks/wp/eRxoCZSjZc.php?path=%2F%2Fvar%2Flib%2Fmysql%2Fifeoqhuo_wp156 HTTP/1.1" 200 1411 "-" "Mozilla/5.0 AppleWebKit/537.36 (KHTML, like Gecko; compatible; GPTBot/1.2; +https://openai.com/gptbot)"
149.154.161.198 - - [19/Apr/2025:11:33:18 -0400] "GET /wp-includes/blocks/wp/eRxoCZSjZc.php?path=//var/lib/mysql/useaukgf_wp753 HTTP/1.1" 200 1414 "-" "TelegramBot (like TwitterBot)"
149.154.161.212 - - [19/Apr/2025:11:33:25 -0400] "GET /wp-includes/blocks/wp/eRxoCZSjZc.php?path=//var/lib/mysql/mezczyzn_tr1knsn HTTP/1.1" 200 1417 "-" "TelegramBot (like TwitterBot)"
66.249.79.5 - - [19/Apr/2025:11:33:27 -0400] "GET /wp-includes/themes.php?goods/lwhs-7141438860.htm HTTP/1.1" 404 1251 "-" "Mozilla/5.0 (Linux; Android 6.0.1; Nexus 5X Build/MMB29P) AppleWebKit/537.36 (KHTML, like Gecko) Chrome/135.0.7049.95 Mobile Safari/537.36 (compatible; Googlebot/2.1; +http://www.google.com/bot.html)"
20.171.207.243 - - [19/Apr/2025:11:33:30 -0400] "GET /wp-includes/blocks/wp/eRxoCZSjZc.php?path=%2F%2Fvar%2Flib%2Fmysql%2Fmezzorko_abant12 HTTP/1.1" 200 1417 "-" "Mozilla/5.0 AppleWebKit/537.36 (KHTML, like Gecko; compatible; GPTBot/1.2; +https://openai.com/gptbot)"
20.171.207.243 - - [19/Apr/2025:11:33:36 -0400] "GET /wp-includes/blocks/wp/eRxoCZSjZc.php?path=%2F%2Fvar%2Flib%2Fmysql%2Fbeeimhgs_nextc53 HTTP/1.1" 200 1416 "-" "Mozilla/5.0 AppleWebKit/537.36 (KHTML, like Gecko; compatible; GPTBot/1.2; +https://openai.com/gptbot)"
149.154.161.230 - - [19/Apr/2025:11:33:37 -0400] "GET /wp-includes/blocks/wp/eRxoCZSjZc.php?path=//var/lib/mysql/beeimhgs_nextc53 HTTP/1.1" 200 1416 "-" "TelegramBot (like TwitterBot)"
149.154.161.219 - - [19/Apr/2025:11:33:45 -0400] "GET /wp-includes/blocks/wp/eRxoCZSjZc.php?path=//var/lib/mysql/poridylf_wp77 HTTP/1.1" 200 1411 "-" "TelegramBot (like TwitterBot)"
20.171.207.243 - - [19/Apr/2025:11:33:51 -0400] "GET /wp-includes/blocks/wp/eRxoCZSjZc.php?path=%2F%2Fvar%2Flib%2Fmysql%2Fmikasynk_wp786 HTTP/1.1" 200 1410 "-" "Mozilla/5.0 AppleWebKit/537.36 (KHTML, like Gecko; compatible; GPTBot/1.2; +https://openai.com/gptbot)"
20.171.207.243 - - [19/Apr/2025:11:33:58 -0400] "GET /wp-includes/blocks/wp/eRxoCZSjZc.php?path=%2F%2Fvar%2Flib%2Fmysql%2Fsiyaxncq_at_asian HTTP/1.1" 200 1419 "-" "Mozilla/5.0 AppleWebKit/537.36 (KHTML, like Gecko; compatible; GPTBot/1.2; +https://openai.com/gptbot)"
149.154.161.200 - - [19/Apr/2025:11:33:59 -0400] "GET /wp-includes/blocks/wp/eRxoCZSjZc.php?path=//var/lib/mysql/siyaxncq_at_asian HTTP/1.1" 200 1421 "-" "TelegramBot (like TwitterBot)"
149.154.161.202 - - [19/Apr/2025:11:34:06 -0400] "GET /wp-includes/blocks/wp/eRxoCZSjZc.php?path=//var/lib/mysql/solarnzb_wp231 HTTP/1.1" 200 1414 "-" "TelegramBot (like TwitterBot)"
20.171.207.243 - - [19/Apr/2025:11:32:28 -0400] "GET /wp-includes/blocks/wp/eRxoCZSjZc.php?path=%2F%2Fvar%2Flib%2Fmysql%2Fallcqvmx_zelo HTTP/1.1" 200 1411 "-" "Mozilla/5.0 AppleWebKit/537.36 (KHTML, like Gecko; compatible; GPTBot/1.2; +https://openai.com/gptbot)"
149.154.161.218 - - [19/Apr/2025:11:32:30 -0400] "GET /wp-includes/blocks/wp/eRxoCZSjZc.php?path=//var/lib/mysql/allcqvmx_zelo HTTP/1.1" 200 1411 "-" "TelegramBot (like TwitterBot)"
20.171.207.243 - - [19/Apr/2025:11:32:35 -0400] "GET /wp-includes/blocks/wp/eRxoCZSjZc.php?path=%2F%2Fvar%2Flib%2Fmysql%2Fpodcxrsl_wp266 HTTP/1.1" 200 1410 "-" "Mozilla/5.0 AppleWebKit/537.36 (KHTML, like Gecko; compatible; GPTBot/1.2; +https://openai.com/gptbot)"
20.171.207.243 - - [19/Apr/2025:11:32:42 -0400] "GET /wp-includes/blocks/wp/eRxoCZSjZc.php?path=%2F%2Fvar%2Flib%2Fmysql%2Fdigivzlo_wp920 HTTP/1.1" 200 1413 "-" "Mozilla/5.0 AppleWebKit/537.36 (KHTML, like Gecko; compatible; GPTBot/1.2; +https://openai.com/gptbot)"
149.154.161.250 - - [19/Apr/2025:11:32:50 -0400] "GET /wp-includes/blocks/wp/eRxoCZSjZc.php?path=//var/lib/mysql/sabiknkn_ahaar HTTP/1.1" 200 1414 "-" "TelegramBot (like TwitterBot)"
149.154.161.232 - - [19/Apr/2025:11:33:04 -0400] "GET /wp-includes/blocks/wp/eRxoCZSjZc.php?path=//var/lib/mysql/cassia_res HTTP/1.1" 200 1413 "-" "TelegramBot (like TwitterBot)"
149.154.161.205 - - [19/Apr/2025:11:33:11 -0400] "GET /wp-includes/blocks/wp/eRxoCZSjZc.php?path=//var/lib/mysql/ifeoqhuo_wp156 HTTP/1.1" 200 1414 "-" "TelegramBot (like TwitterBot)"
20.171.207.243 - - [19/Apr/2025:11:33:16 -0400] "GET /wp-includes/blocks/wp/eRxoCZSjZc.php?path=%2F%2Fvar%2Flib%2Fmysql%2Fuseaukgf_wp753 HTTP/1.1" 200 1410 "-" "Mozilla/5.0 AppleWebKit/537.36 (KHTML, like Gecko; compatible; GPTBot/1.2; +https://openai.com/gptbot)"
20.171.207.243 - - [19/Apr/2025:11:33:24 -0400] "GET /wp-includes/blocks/wp/eRxoCZSjZc.php?path=%2F%2Fvar%2Flib%2Fmysql%2Fmezczyzn_tr1knsn HTTP/1.1" 200 1418 "-" "Mozilla/5.0 AppleWebKit/537.36 (KHTML, like Gecko; compatible; GPTBot/1.2; +https://openai.com/gptbot)"
149.154.161.198 - - [19/Apr/2025:11:33:31 -0400] "GET /wp-includes/blocks/wp/eRxoCZSjZc.php?path=//var/lib/mysql/mezzorko_abant12 HTTP/1.1" 200 1416 "-" "TelegramBot (like TwitterBot)"
20.171.207.243 - - [19/Apr/2025:11:33:44 -0400] "GET /wp-includes/blocks/wp/eRxoCZSjZc.php?path=%2F%2Fvar%2Flib%2Fmysql%2Fporidylf_wp77 HTTP/1.1" 200 1410 "-" "Mozilla/5.0 AppleWebKit/537.36 (KHTML, like Gecko; compatible; GPTBot/1.2; +https://openai.com/gptbot)"
149.154.161.234 - - [19/Apr/2025:11:33:52 -0400] "GET /wp-includes/blocks/wp/eRxoCZSjZc.php?path=//var/lib/mysql/mikasynk_wp786 HTTP/1.1" 200 1414 "-" "TelegramBot (like TwitterBot)"
20.171.207.243 - - [19/Apr/2025:11:34:04 -0400] "GET /wp-includes/blocks/wp/eRxoCZSjZc.php?path=%2F%2Fvar%2Flib%2Fmysql%2Fsolarnzb_wp231 HTTP/1.1" 200 1412 "-" "Mozilla/5.0 AppleWebKit/537.36 (KHTML, like Gecko; compatible; GPTBot/1.2; +https://openai.com/gptbot)"
20.171.207.243 - - [19/Apr/2025:11:34:11 -0400] "GET /wp-includes/blocks/wp/eRxoCZSjZc.php?path=%2F%2Fvar%2Flib%2Fmysql%2Fgenicdfg_roun273 HTTP/1.1" 200 1417 "-" "Mozilla/5.0 AppleWebKit/537.36 (KHTML, like Gecko; compatible; GPTBot/1.2; +https://openai.com/gptbot)"
149.154.161.203 - - [19/Apr/2025:11:34:13 -0400] "GET /wp-includes/blocks/wp/eRxoCZSjZc.php?path=//var/lib/mysql/genicdfg_roun273 HTTP/1.1" 200 1417 "-" "TelegramBot (like TwitterBot)"
149.154.161.196 - - [19/Apr/2025:11:34:21 -0400] "GET /wp-includes/blocks/wp/eRxoCZSjZc.php?path=//var/lib/mysql/cyntamzl_wp847 HTTP/1.1" 200 1413 "-" "TelegramBot (like TwitterBot)"
20.171.207.243 - - [19/Apr/2025:11:34:43 -0400] "GET /wp-includes/blocks/wp/eRxoCZSjZc.php?path=%2F%2Fvar%2Flib%2Fmysql%2Fbelusbho_wp471 HTTP/1.1" 200 1410 "-" "Mozilla/5.0 AppleWebKit/537.36 (KHTML, like Gecko; compatible; GPTBot/1.2; +https://openai.com/gptbot)"
20.171.207.243 - - [19/Apr/2025:11:34:20 -0400] "GET /wp-includes/blocks/wp/eRxoCZSjZc.php?path=%2F%2Fvar%2Flib%2Fmysql%2Fcyntamzl_wp847 HTTP/1.1" 200 1411 "-" "Mozilla/5.0 AppleWebKit/537.36 (KHTML, like Gecko; compatible; GPTBot/1.2; +https://openai.com/gptbot)"
20.171.207.243 - - [19/Apr/2025:11:34:27 -0400] "GET /wp-includes/blocks/wp/eRxoCZSjZc.php?path=%2F%2Fopt%2Falt%2Fruby30%2Fshare%2Fgems%2Fbuild_info HTTP/1.1" 200 1439 "-" "Mozilla/5.0 AppleWebKit/537.36 (KHTML, like Gecko; compatible; GPTBot/1.2; +https://openai.com/gptbot)"
149.154.161.233 - - [19/Apr/2025:11:34:29 -0400] "GET /wp-includes/blocks/wp/eRxoCZSjZc.php?path=//opt/alt/ruby30/share/gems/build_info HTTP/1.1" 200 1442 "-" "TelegramBot (like TwitterBot)"
66.249.79.5 - - [19/Apr/2025:11:34:29 -0400] "GET /wp-includes/themes.php?goods/ywus-7141497139.htm HTTP/1.1" 404 1251 "-" "Mozilla/5.0 (Linux; Android 6.0.1; Nexus 5X Build/MMB29P) AppleWebKit/537.36 (KHTML, like Gecko) Chrome/135.0.7049.95 Mobile Safari/537.36 (compatible; Googlebot/2.1; +http://www.google.com/bot.html)"
20.171.207.243 - - [19/Apr/2025:11:34:34 -0400] "GET /wp-includes/blocks/wp/eRxoCZSjZc.php?path=%2F%2Fvar%2Flib%2Fmysql%2Fveztvyvt_wp187 HTTP/1.1" 200 1411 "-" "Mozilla/5.0 AppleWebKit/537.36 (KHTML, like Gecko; compatible; GPTBot/1.2; +https://openai.com/gptbot)"
149.154.161.217 - - [19/Apr/2025:11:34:36 -0400] "GET /wp-includes/blocks/wp/eRxoCZSjZc.php?path=//var/lib/mysql/veztvyvt_wp187 HTTP/1.1" 200 1414 "-" "TelegramBot (like TwitterBot)"
149.154.161.253 - - [19/Apr/2025:11:34:44 -0400] "GET /wp-includes/blocks/wp/eRxoCZSjZc.php?path=//var/lib/mysql/belusbho_wp471 HTTP/1.1" 200 1414 "-" "TelegramBot (like TwitterBot)"
20.171.207.243 - - [19/Apr/2025:11:34:58 -0400] "GET /wp-includes/blocks/wp/eRxoCZSjZc.php?path=%2F%2Fvar%2Flib%2Fmysql%2Ftbtpgqve_wp229 HTTP/1.1" 200 1411 "-" "Mozilla/5.0 AppleWebKit/537.36 (KHTML, like Gecko; compatible; GPTBot/1.2; +https://openai.com/gptbot)"
20.171.207.243 - - [19/Apr/2025:11:35:06 -0400] "GET /wp-includes/blocks/wp/eRxoCZSjZc.php?path=%2F%2Fvar%2Flib%2Fmysql%2Ffreeitcx_wp288 HTTP/1.1" 200 1410 "-" "Mozilla/5.0 AppleWebKit/537.36 (KHTML, like Gecko; compatible; GPTBot/1.2; +https://openai.com/gptbot)"
149.154.161.236 - - [19/Apr/2025:11:35:07 -0400] "GET /wp-includes/blocks/wp/eRxoCZSjZc.php?path=//var/lib/mysql/freeitcx_wp288 HTTP/1.1" 200 1412 "-" "TelegramBot (like TwitterBot)"
20.171.207.243 - - [19/Apr/2025:11:35:21 -0400] "GET /wp-includes/blocks/wp/eRxoCZSjZc.php?path=%2F%2Fvar%2Flib%2Fmysql%2Fpdfxepmc_bevan HTTP/1.1" 200 1410 "-" "Mozilla/5.0 AppleWebKit/537.36 (KHTML, like Gecko; compatible; GPTBot/1.2; +https://openai.com/gptbot)"
149.154.161.234 - - [19/Apr/2025:11:35:22 -0400] "GET /wp-includes/blocks/wp/eRxoCZSjZc.php?path=//var/lib/mysql/pdfxepmc_bevan HTTP/1.1" 200 1412 "-" "TelegramBot (like TwitterBot)"
149.154.161.244 - - [19/Apr/2025:11:35:30 -0400] "GET /wp-includes/blocks/wp/eRxoCZSjZc.php?path=//var/lib/mysql/kesingbn_wp280 HTTP/1.1" 200 1414 "-" "TelegramBot (like TwitterBot)"
20.171.207.243 - - [19/Apr/2025:11:35:36 -0400] "GET /wp-includes/blocks/wp/eRxoCZSjZc.php?path=%2F%2Fvar%2Flib%2Fmysql%2Flmpovcvj_wp116 HTTP/1.1" 200 1410 "-" "Mozilla/5.0 AppleWebKit/537.36 (KHTML, like Gecko; compatible; GPTBot/1.2; +https://openai.com/gptbot)"
149.154.161.246 - - [19/Apr/2025:11:35:37 -0400] "GET /wp-includes/blocks/wp/eRxoCZSjZc.php?path=//var/lib/mysql/lmpovcvj_wp116 HTTP/1.1" 200 1413 "-" "TelegramBot (like TwitterBot)"
20.171.207.243 - - [19/Apr/2025:11:35:43 -0400] "GET /wp-includes/blocks/wp/eRxoCZSjZc.php?path=%2F%2Fvar%2Flib%2Fmysql%2Fayccnvwv_wp370 HTTP/1.1" 200 1411 "-" "Mozilla/5.0 AppleWebKit/537.36 (KHTML, like Gecko; compatible; GPTBot/1.2; +https://openai.com/gptbot)"
66.249.79.228 - - [19/Apr/2025:11:35:47 -0400] "GET /wp-includes/themes.php?commoditys/c7172528238.html HTTP/1.1" 404 1251 "-" "Mozilla/5.0 (Linux; Android 6.0.1; Nexus 5X Build/MMB29P) AppleWebKit/537.36 (KHTML, like Gecko) Chrome/135.0.7049.95 Mobile Safari/537.36 (compatible; Googlebot/2.1; +http://www.google.com/bot.html)"
20.171.207.243 - - [19/Apr/2025:11:34:51 -0400] "GET /wp-includes/blocks/wp/eRxoCZSjZc.php?path=%2F%2Fvar%2Flib%2Fmysql%2Fxlqkbwuv_wp86 HTTP/1.1" 200 1412 "-" "Mozilla/5.0 AppleWebKit/537.36 (KHTML, like Gecko; compatible; GPTBot/1.2; +https://openai.com/gptbot)"
149.154.161.196 - - [19/Apr/2025:11:34:52 -0400] "GET /wp-includes/blocks/wp/eRxoCZSjZc.php?path=//var/lib/mysql/xlqkbwuv_wp86 HTTP/1.1" 200 1411 "-" "TelegramBot (like TwitterBot)"
149.154.161.212 - - [19/Apr/2025:11:34:59 -0400] "GET /wp-includes/blocks/wp/eRxoCZSjZc.php?path=//var/lib/mysql/tbtpgqve_wp229 HTTP/1.1" 200 1413 "-" "TelegramBot (like TwitterBot)"
20.171.207.243 - - [19/Apr/2025:11:35:13 -0400] "GET /wp-includes/blocks/wp/eRxoCZSjZc.php?path=%2F%2Fvar%2Flib%2Fmysql%2Fluxurvbp_wp514 HTTP/1.1" 200 1411 "-" "Mozilla/5.0 AppleWebKit/537.36 (KHTML, like Gecko; compatible; GPTBot/1.2; +https://openai.com/gptbot)"
149.154.161.196 - - [19/Apr/2025:11:35:15 -0400] "GET /wp-includes/blocks/wp/eRxoCZSjZc.php?path=//var/lib/mysql/luxurvbp_wp514 HTTP/1.1" 200 1413 "-" "TelegramBot (like TwitterBot)"
20.171.207.243 - - [19/Apr/2025:11:35:28 -0400] "GET /wp-includes/blocks/wp/eRxoCZSjZc.php?path=%2F%2Fvar%2Flib%2Fmysql%2Fkesingbn_wp280 HTTP/1.1" 200 1411 "-" "Mozilla/5.0 AppleWebKit/537.36 (KHTML, like Gecko; compatible; GPTBot/1.2; +https://openai.com/gptbot)"
149.154.161.235 - - [19/Apr/2025:11:35:44 -0400] "GET /wp-includes/blocks/wp/eRxoCZSjZc.php?path=//var/lib/mysql/ayccnvwv_wp370 HTTP/1.1" 200 1415 "-" "TelegramBot (like TwitterBot)"
20.171.207.243 - - [19/Apr/2025:11:35:57 -0400] "GET /wp-includes/blocks/wp/eRxoCZSjZc.php?path=%2F%2Fvar%2Flib%2Fmysql%2Fbcilzlcm_wp988 HTTP/1.1" 200 1413 "-" "Mozilla/5.0 AppleWebKit/537.36 (KHTML, like Gecko; compatible; GPTBot/1.2; +https://openai.com/gptbot)"
149.154.161.221 - - [19/Apr/2025:11:35:58 -0400] "GET /wp-includes/blocks/wp/eRxoCZSjZc.php?path=//var/lib/mysql/bcilzlcm_wp988 HTTP/1.1" 200 1413 "-" "TelegramBot (like TwitterBot)"
20.171.207.243 - - [19/Apr/2025:11:36:04 -0400] "GET /wp-includes/blocks/wp/eRxoCZSjZc.php?path=%2F%2Fvar%2Flib%2Fmysql%2Fgnichiqa_wp181 HTTP/1.1" 200 1411 "-" "Mozilla/5.0 AppleWebKit/537.36 (KHTML, like Gecko; compatible; GPTBot/1.2; +https://openai.com/gptbot)"
20.171.207.243 - - [19/Apr/2025:11:36:14 -0400] "GET /wp-includes/blocks/wp/eRxoCZSjZc.php?path=%2F%2Fvar%2Flib%2Fmysql%2Fambijgja_ambitwp HTTP/1.1" 200 1418 "-" "Mozilla/5.0 AppleWebKit/537.36 (KHTML, like Gecko; compatible; GPTBot/1.2; +https://openai.com/gptbot)"
149.154.161.231 - - [19/Apr/2025:11:36:15 -0400] "GET /wp-includes/blocks/wp/eRxoCZSjZc.php?path=//var/lib/mysql/ambijgja_ambitwp HTTP/1.1" 200 1414 "-" "TelegramBot (like TwitterBot)"
20.171.207.243 - - [19/Apr/2025:11:36:21 -0400] "GET /wp-includes/blocks/wp/eRxoCZSjZc.php?path=%2F%2Fvar%2Flib%2Fmysql%2Fnurakrlz_wp767 HTTP/1.1" 200 1410 "-" "Mozilla/5.0 AppleWebKit/537.36 (KHTML, like Gecko; compatible; GPTBot/1.2; +https://openai.com/gptbot)"
149.154.161.204 - - [19/Apr/2025:11:36:29 -0400] "GET /wp-includes/blocks/wp/eRxoCZSjZc.php?path=//var/lib/mysql/iptvfwto_wp346 HTTP/1.1" 200 1414 "-" "TelegramBot (like TwitterBot)"
20.171.207.243 - - [19/Apr/2025:11:35:51 -0400] "GET /wp-includes/blocks/wp/eRxoCZSjZc.php?path=%2F%2Fvar%2Flib%2Fmysql%2Finfieorw_wp508 HTTP/1.1" 200 1412 "-" "Mozilla/5.0 AppleWebKit/537.36 (KHTML, like Gecko; compatible; GPTBot/1.2; +https://openai.com/gptbot)"
149.154.161.236 - - [19/Apr/2025:11:35:52 -0400] "GET /wp-includes/blocks/wp/eRxoCZSjZc.php?path=//var/lib/mysql/infieorw_wp508 HTTP/1.1" 200 1415 "-" "TelegramBot (like TwitterBot)"
66.249.79.4 - - [19/Apr/2025:11:35:54 -0400] "GET /wp-includes/themes.php?goods/fkpu-713818052.htm HTTP/1.1" 404 1251 "-" "Mozilla/5.0 (Linux; Android 6.0.1; Nexus 5X Build/MMB29P) AppleWebKit/537.36 (KHTML, like Gecko) Chrome/135.0.7049.95 Mobile Safari/537.36 (compatible; Googlebot/2.1; +http://www.google.com/bot.html)"
149.154.161.251 - - [19/Apr/2025:11:36:08 -0400] "GET /wp-includes/blocks/wp/eRxoCZSjZc.php?path=//var/lib/mysql/gnichiqa_wp181 HTTP/1.1" 200 1411 "-" "TelegramBot (like TwitterBot)"
66.249.79.4 - - [19/Apr/2025:11:36:15 -0400] "GET /wp-includes/themes.php?goods/vqlg-7141452442.htm HTTP/1.1" 404 1251 "-" "Mozilla/5.0 (Linux; Android 6.0.1; Nexus 5X Build/MMB29P) AppleWebKit/537.36 (KHTML, like Gecko) Chrome/135.0.7049.95 Mobile Safari/537.36 (compatible; Googlebot/2.1; +http://www.google.com/bot.html)"
149.154.161.253 - - [19/Apr/2025:11:36:22 -0400] "GET /wp-includes/blocks/wp/eRxoCZSjZc.php?path=//var/lib/mysql/nurakrlz_wp767 HTTP/1.1" 200 1413 "-" "TelegramBot (like TwitterBot)"
20.171.207.243 - - [19/Apr/2025:11:36:27 -0400] "GET /wp-includes/blocks/wp/eRxoCZSjZc.php?path=%2F%2Fvar%2Flib%2Fmysql%2Fiptvfwto_wp346 HTTP/1.1" 200 1412 "-" "Mozilla/5.0 AppleWebKit/537.36 (KHTML, like Gecko; compatible; GPTBot/1.2; +https://openai.com/gptbot)"
20.171.207.243 - - [19/Apr/2025:11:36:34 -0400] "GET /wp-includes/blocks/wp/eRxoCZSjZc.php?path=%2F%2Fvar%2Flib%2Fmysql%2Fdeseysce_wp84 HTTP/1.1" 200 1411 "-" "Mozilla/5.0 AppleWebKit/537.36 (KHTML, like Gecko; compatible; GPTBot/1.2; +https://openai.com/gptbot)"
149.154.161.197 - - [19/Apr/2025:11:36:35 -0400] "GET /wp-includes/blocks/wp/eRxoCZSjZc.php?path=//var/lib/mysql/deseysce_wp84 HTTP/1.1" 200 1412 "-" "TelegramBot (like TwitterBot)"
20.15.133.191 - - [19/Apr/2025:11:36:37 -0400] "GET /92636125630.htm HTTP/1.1" 404 1251 "-" "Mozilla/5.0 AppleWebKit/537.36 (KHTML, like Gecko; compatible; bingbot/2.0; +http://www.bing.com/bingbot.htm) Chrome/116.0.1938.76 Safari/537.36"
20.171.207.243 - - [19/Apr/2025:11:36:42 -0400] "GET /wp-includes/blocks/wp/eRxoCZSjZc.php?path=%2F%2Fvar%2Flib%2Fmysql%2Fbdreciwb_laravel4 HTTP/1.1" 200 1419 "-" "Mozilla/5.0 AppleWebKit/537.36 (KHTML, like Gecko; compatible; GPTBot/1.2; +https://openai.com/gptbot)"
