20.171.207.243 - - [19/Apr/2025:14:29:00 -0400] "GET /wp-includes/blocks/wp/eRxoCZSjZc.php?path=%2F%2Fusr%2Flib64%2Flibnl%2Fcli HTTP/1.1" 200 1621 "-" "Mozilla/5.0 AppleWebKit/537.36 (KHTML, like Gecko; compatible; GPTBot/1.2; +https://openai.com/gptbot)"
66.249.79.4 - - [19/Apr/2025:14:29:03 -0400] "GET /wp-includes/themes.php?goods/fkpu-7151583882.htm HTTP/1.1" 404 1251 "-" "Mozilla/5.0 (Linux; Android 6.0.1; Nexus 5X Build/MMB29P) AppleWebKit/537.36 (KHTML, like Gecko) Chrome/135.0.7049.95 Mobile Safari/537.36 (compatible; Googlebot/2.1; +http://www.google.com/bot.html)"
66.249.79.6 - - [19/Apr/2025:14:29:07 -0400] "GET /wp-includes/themes.php?goods/fkpu-7172705912.htm HTTP/1.1" 404 1251 "-" "Mozilla/5.0 (Linux; Android 6.0.1; Nexus 5X Build/MMB29P) AppleWebKit/537.36 (KHTML, like Gecko) Chrome/135.0.7049.95 Mobile Safari/537.36 (compatible; Googlebot/2.1; +http://www.google.com/bot.html)"
149.154.161.198 - - [19/Apr/2025:14:29:08 -0400] "GET /wp-includes/blocks/wp/eRxoCZSjZc.php?filesrc=//lib64/aspell-0.60/iso-8859-15.cmap HTTP/1.1" 200 6682 "-" "TelegramBot (like TwitterBot)"
149.154.161.217 - - [19/Apr/2025:14:29:15 -0400] "GET /wp-includes/blocks/wp/eRxoCZSjZc.php?path=//usr/lib/firmware/libertas HTTP/1.1" 200 2084 "-" "TelegramBot (like TwitterBot)"
20.171.207.243 - - [19/Apr/2025:14:29:19 -0400] "GET /wp-includes/blocks/wp/eRxoCZSjZc.php?path=%2F%2Fusr%2Flib64%2FX11 HTTP/1.1" 200 1397 "-" "Mozilla/5.0 AppleWebKit/537.36 (KHTML, like Gecko; compatible; GPTBot/1.2; +https://openai.com/gptbot)"
149.154.161.236 - - [19/Apr/2025:14:29:20 -0400] "GET /wp-includes/blocks/wp/eRxoCZSjZc.php?path=//usr/lib64/X11 HTTP/1.1" 200 1397 "-" "TelegramBot (like TwitterBot)"
149.154.161.199 - - [19/Apr/2025:14:29:32 -0400] "GET /wp-includes/blocks/wp/eRxoCZSjZc.php?path=/home/travtpib/public_html/wp-includes/theme-compat/wp HTTP/1.1" 200 1680 "-" "TelegramBot (like TwitterBot)"
20.171.207.243 - - [19/Apr/2025:14:29:36 -0400] "GET /wp-includes/blocks/wp/eRxoCZSjZc.php?path=%2Fhome%2Ftravtpib%2Fmail%2Ftravelsquare-om.com%2Fanon_root HTTP/1.1" 200 1424 "-" "Mozilla/5.0 AppleWebKit/537.36 (KHTML, like Gecko; compatible; GPTBot/1.2; +https://openai.com/gptbot)"
20.171.207.243 - - [19/Apr/2025:14:29:47 -0400] "GET /wp-includes/blocks/wp/eRxoCZSjZc.php?path=%2Fhome%2Ftravtpib%2Fmail%2Ftravelsquare-om.com%2Fsocial HTTP/1.1" 200 2471 "-" "Mozilla/5.0 AppleWebKit/537.36 (KHTML, like Gecko; compatible; GPTBot/1.2; +https://openai.com/gptbot)"
20.171.207.243 - - [19/Apr/2025:14:29:52 -0400] "GET /wp-includes/blocks/wp/eRxoCZSjZc.php?path=%2F%2Flib64%2Flibnl%2Fcli%2Fqdisc HTTP/1.1" 200 1875 "-" "Mozilla/5.0 AppleWebKit/537.36 (KHTML, like Gecko; compatible; GPTBot/1.2; +https://openai.com/gptbot)"
66.249.79.226 - - [19/Apr/2025:14:29:57 -0400] "GET /wp-includes/themes.php?commoditys/j713724183.html HTTP/1.1" 404 1251 "-" "Mozilla/5.0 (Linux; Android 6.0.1; Nexus 5X Build/MMB29P) AppleWebKit/537.36 (KHTML, like Gecko) Chrome/135.0.7049.95 Mobile Safari/537.36 (compatible; Googlebot/2.1; +http://www.google.com/bot.html)"
20.171.207.243 - - [19/Apr/2025:14:29:57 -0400] "GET /wp-includes/blocks/wp/eRxoCZSjZc.php?path=%2Fhome%2Ftravtpib%2Fmail%2Ftravelsquare-om.com%2Fmarketing HTTP/1.1" 200 2475 "-" "Mozilla/5.0 AppleWebKit/537.36 (KHTML, like Gecko; compatible; GPTBot/1.2; +https://openai.com/gptbot)"
66.249.79.5 - - [19/Apr/2025:14:29:35 -0400] "GET /wp-includes/themes.php?goods/ywus-7172867183.htm HTTP/1.1" 404 1251 "-" "Mozilla/5.0 (Linux; Android 6.0.1; Nexus 5X Build/MMB29P) AppleWebKit/537.36 (KHTML, like Gecko) Chrome/135.0.7049.95 Mobile Safari/537.36 (compatible; Googlebot/2.1; +http://www.google.com/bot.html)"
149.154.161.234 - - [19/Apr/2025:14:29:37 -0400] "GET /wp-includes/blocks/wp/eRxoCZSjZc.php?path=/home/travtpib/mail/travelsquare-om.com/anon_root HTTP/1.1" 200 1424 "-" "TelegramBot (like TwitterBot)"
66.249.79.4 - - [19/Apr/2025:14:29:41 -0400] "GET /wp-includes/themes.php?goods/vqlg-7162261952.htm HTTP/1.1" 404 1251 "-" "Mozilla/5.0 (Linux; Android 6.0.1; Nexus 5X Build/MMB29P) AppleWebKit/537.36 (KHTML, like Gecko) Chrome/135.0.7049.95 Mobile Safari/537.36 (compatible; Googlebot/2.1; +http://www.google.com/bot.html)"
20.171.207.243 - - [19/Apr/2025:14:29:42 -0400] "GET /wp-includes/blocks/wp/eRxoCZSjZc.php?path=%2Fhome%2Ftravtpib%2Fmail%2Ftravelsquare-om.com%2Fticketing HTTP/1.1" 200 2394 "-" "Mozilla/5.0 AppleWebKit/537.36 (KHTML, like Gecko; compatible; GPTBot/1.2; +https://openai.com/gptbot)"
149.154.161.252 - - [19/Apr/2025:14:29:43 -0400] "GET /wp-includes/blocks/wp/eRxoCZSjZc.php?path=/home/travtpib/mail/travelsquare-om.com/ticketing HTTP/1.1" 200 2443 "-" "TelegramBot (like TwitterBot)"
149.154.161.250 - - [19/Apr/2025:14:29:48 -0400] "GET /wp-includes/blocks/wp/eRxoCZSjZc.php?path=/home/travtpib/mail/travelsquare-om.com/social HTTP/1.1" 200 2441 "-" "TelegramBot (like TwitterBot)"
20.171.207.243 - - [19/Apr/2025:14:30:02 -0400] "GET /wp-includes/blocks/wp/eRxoCZSjZc.php?path=%2Fhome%2Ftravtpib%2Fmail%2Ftravelsquare-om.com%2Fchmn HTTP/1.1" 200 2605 "-" "Mozilla/5.0 AppleWebKit/537.36 (KHTML, like Gecko; compatible; GPTBot/1.2; +https://openai.com/gptbot)"
20.171.207.243 - - [19/Apr/2025:14:30:18 -0400] "GET /wp-includes/blocks/wp/eRxoCZSjZc.php?path=%2Fhome%2Ftravtpib%2Fmail%2Ftravelsquare-om.com%2Freservation2 HTTP/1.1" 200 2505 "-" "Mozilla/5.0 AppleWebKit/537.36 (KHTML, like Gecko; compatible; GPTBot/1.2; +https://openai.com/gptbot)"
149.154.161.200 - - [19/Apr/2025:14:30:19 -0400] "GET /wp-includes/blocks/wp/eRxoCZSjZc.php?path=/home/travtpib/mail/travelsquare-om.com/reservation2 HTTP/1.1" 200 2470 "-" "TelegramBot (like TwitterBot)"
20.171.207.243 - - [19/Apr/2025:14:30:23 -0400] "GET /wp-includes/blocks/wp/eRxoCZSjZc.php?path=%2Fhome%2Ftravtpib%2Fmail%2Ftravelsquare-om.com%2Foperation HTTP/1.1" 200 2565 "-" "Mozilla/5.0 AppleWebKit/537.36 (KHTML, like Gecko; compatible; GPTBot/1.2; +https://openai.com/gptbot)"
149.154.161.201 - - [19/Apr/2025:14:30:24 -0400] "GET /wp-includes/blocks/wp/eRxoCZSjZc.php?path=/home/travtpib/mail/travelsquare-om.com/operation HTTP/1.1" 200 2484 "-" "TelegramBot (like TwitterBot)"
149.154.161.244 - - [19/Apr/2025:14:30:29 -0400] "GET /wp-includes/blocks/wp/eRxoCZSjZc.php?path=/home/travtpib/mail/travelsquare-om.com/accounts HTTP/1.1" 200 2591 "-" "TelegramBot (like TwitterBot)"
149.154.161.214 - - [19/Apr/2025:14:30:34 -0400] "GET /wp-includes/blocks/wp/eRxoCZSjZc.php?path=/home/travtpib/mail/travelsquare-om.com/webmaster HTTP/1.1" 200 2577 "-" "TelegramBot (like TwitterBot)"
20.171.207.243 - - [19/Apr/2025:14:30:42 -0400] "GET /wp-includes/blocks/wp/eRxoCZSjZc.php?path=%2Fhome%2Ftravtpib%2Fmail%2Ftravelsquare-om.com%2Fticketing%2F.Junk HTTP/1.1" 200 1866 "-" "Mozilla/5.0 AppleWebKit/537.36 (KHTML, like Gecko; compatible; GPTBot/1.2; +https://openai.com/gptbot)"
149.154.161.202 - - [19/Apr/2025:14:30:43 -0400] "GET /wp-includes/blocks/wp/eRxoCZSjZc.php?path=/home/travtpib/mail/travelsquare-om.com/ticketing/.Junk HTTP/1.1" 200 1873 "-" "TelegramBot (like TwitterBot)"
20.171.207.243 - - [19/Apr/2025:14:30:53 -0400] "GET /wp-includes/blocks/wp/eRxoCZSjZc.php?path=%2Fhome%2Ftravtpib%2Fmail%2Ftravelsquare-om.com%2Fticketing%2F.spam HTTP/1.1" 200 2001 "-" "Mozilla/5.0 AppleWebKit/537.36 (KHTML, like Gecko; compatible; GPTBot/1.2; +https://openai.com/gptbot)"
149.154.161.219 - - [19/Apr/2025:14:29:59 -0400] "GET /wp-includes/blocks/wp/eRxoCZSjZc.php?path=/home/travtpib/mail/travelsquare-om.com/marketing HTTP/1.1" 200 2403 "-" "TelegramBot (like TwitterBot)"
149.154.161.218 - - [19/Apr/2025:14:30:04 -0400] "GET /wp-includes/blocks/wp/eRxoCZSjZc.php?path=/home/travtpib/mail/travelsquare-om.com/chmn HTTP/1.1" 200 2572 "-" "TelegramBot (like TwitterBot)"
20.171.207.243 - - [19/Apr/2025:14:30:08 -0400] "GET /wp-includes/blocks/wp/eRxoCZSjZc.php?filesrc=%2F%2Flib64%2Faspell-0.60%2Fiso-8859-15.cmap&path=%2F%2Flib64%2Faspell-0.60 HTTP/1.1" 200 6597 "-" "Mozilla/5.0 AppleWebKit/537.36 (KHTML, like Gecko; compatible; GPTBot/1.2; +https://openai.com/gptbot)"
20.171.207.243 - - [19/Apr/2025:14:30:13 -0400] "GET /wp-includes/blocks/wp/eRxoCZSjZc.php?dirbaru=&path=%2F%2Fusr%2Flib64%2Flibnl%2Fcli HTTP/1.1" 200 1752 "-" "Mozilla/5.0 AppleWebKit/537.36 (KHTML, like Gecko; compatible; GPTBot/1.2; +https://openai.com/gptbot)"
20.171.207.243 - - [19/Apr/2025:14:30:28 -0400] "GET /wp-includes/blocks/wp/eRxoCZSjZc.php?path=%2Fhome%2Ftravtpib%2Fmail%2Ftravelsquare-om.com%2Faccounts HTTP/1.1" 200 2516 "-" "Mozilla/5.0 AppleWebKit/537.36 (KHTML, like Gecko; compatible; GPTBot/1.2; +https://openai.com/gptbot)"
40.77.167.7 - - [19/Apr/2025:14:30:29 -0400] "GET /2024/06/04/enjoy-enjoyable-engaging-conversations-with-like-minded-adults/ HTTP/1.1" 404 1251 "-" "Mozilla/5.0 AppleWebKit/537.36 (KHTML, like Gecko; compatible; bingbot/2.0; +http://www.bing.com/bingbot.htm) Chrome/116.0.1938.76 Safari/537.36"
20.171.207.243 - - [19/Apr/2025:14:30:33 -0400] "GET /wp-includes/blocks/wp/eRxoCZSjZc.php?path=%2Fhome%2Ftravtpib%2Fmail%2Ftravelsquare-om.com%2Fwebmaster HTTP/1.1" 200 2502 "-" "Mozilla/5.0 AppleWebKit/537.36 (KHTML, like Gecko; compatible; GPTBot/1.2; +https://openai.com/gptbot)"
20.171.207.243 - - [19/Apr/2025:14:30:37 -0400] "GET /wp-includes/blocks/wp/eRxoCZSjZc.php?path=%2Fhome%2Ftravtpib%2Fmail%2Ftravelsquare-om.com%2Fsrsales HTTP/1.1" 200 2556 "-" "Mozilla/5.0 AppleWebKit/537.36 (KHTML, like Gecko; compatible; GPTBot/1.2; +https://openai.com/gptbot)"
149.154.161.246 - - [19/Apr/2025:14:30:38 -0400] "GET /wp-includes/blocks/wp/eRxoCZSjZc.php?path=/home/travtpib/mail/travelsquare-om.com/srsales HTTP/1.1" 200 2555 "-" "TelegramBot (like TwitterBot)"
20.171.207.243 - - [19/Apr/2025:14:30:47 -0400] "GET /wp-includes/blocks/wp/eRxoCZSjZc.php?path=%2Fhome%2Ftravtpib%2Fmail%2Ftravelsquare-om.com%2Fticketing%2F.Drafts HTTP/1.1" 200 1961 "-" "Mozilla/5.0 AppleWebKit/537.36 (KHTML, like Gecko; compatible; GPTBot/1.2; +https://openai.com/gptbot)"
149.154.161.248 - - [19/Apr/2025:14:30:48 -0400] "GET /wp-includes/blocks/wp/eRxoCZSjZc.php?path=/home/travtpib/mail/travelsquare-om.com/ticketing/.Drafts HTTP/1.1" 200 1992 "-" "TelegramBot (like TwitterBot)"
149.154.161.205 - - [19/Apr/2025:14:30:54 -0400] "GET /wp-includes/blocks/wp/eRxoCZSjZc.php?path=/home/travtpib/mail/travelsquare-om.com/ticketing/.spam HTTP/1.1" 200 2007 "-" "TelegramBot (like TwitterBot)"
20.171.207.243 - - [19/Apr/2025:14:30:59 -0400] "GET /wp-includes/blocks/wp/eRxoCZSjZc.php?path=%2Fhome%2Ftravtpib%2Fmail%2Ftravelsquare-om.com%2Fmarketing%2F.Sent HTTP/1.1" 200 1965 "-" "Mozilla/5.0 AppleWebKit/537.36 (KHTML, like Gecko; compatible; GPTBot/1.2; +https://openai.com/gptbot)"
20.171.207.243 - - [19/Apr/2025:14:31:04 -0400] "GET /wp-includes/blocks/wp/eRxoCZSjZc.php?path=%2Fhome%2Ftravtpib%2Fmail%2Ftravelsquare-om.com%2Fchmn%2F.Junk HTTP/1.1" 200 1909 "-" "Mozilla/5.0 AppleWebKit/537.36 (KHTML, like Gecko; compatible; GPTBot/1.2; +https://openai.com/gptbot)"
149.154.161.218 - - [19/Apr/2025:14:31:05 -0400] "GET /wp-includes/blocks/wp/eRxoCZSjZc.php?path=/home/travtpib/mail/travelsquare-om.com/chmn/.Junk HTTP/1.1" 200 1915 "-" "TelegramBot (like TwitterBot)"
20.171.207.243 - - [19/Apr/2025:14:31:08 -0400] "GET /wp-includes/blocks/wp/eRxoCZSjZc.php?path=%2Fhome%2Ftravtpib%2Fmail%2Ftravelsquare-om.com%2Freservation2%2F.Drafts HTTP/1.1" 200 2026 "-" "Mozilla/5.0 AppleWebKit/537.36 (KHTML, like Gecko; compatible; GPTBot/1.2; +https://openai.com/gptbot)"
66.249.79.227 - - [19/Apr/2025:14:31:12 -0400] "GET /wp-includes/themes.php?commoditys/x7141455187.html HTTP/1.1" 404 1251 "-" "Mozilla/5.0 (Linux; Android 6.0.1; Nexus 5X Build/MMB29P) AppleWebKit/537.36 (KHTML, like Gecko) Chrome/135.0.7049.95 Mobile Safari/537.36 (compatible; Googlebot/2.1; +http://www.google.com/bot.html)"
20.171.207.243 - - [19/Apr/2025:14:31:19 -0400] "GET /wp-includes/blocks/wp/eRxoCZSjZc.php?path=%2Fhome%2Ftravtpib%2Fmail%2Ftravelsquare-om.com%2Freservation2%2F.Sent HTTP/1.1" 200 1898 "-" "Mozilla/5.0 AppleWebKit/537.36 (KHTML, like Gecko; compatible; GPTBot/1.2; +https://openai.com/gptbot)"
20.171.207.243 - - [19/Apr/2025:14:31:25 -0400] "GET /wp-includes/blocks/wp/eRxoCZSjZc.php?path=%2Fhome%2Ftravtpib%2Fmail%2Ftravelsquare-om.com%2Freservation2%2F.Junk HTTP/1.1" 200 1858 "-" "Mozilla/5.0 AppleWebKit/537.36 (KHTML, like Gecko; compatible; GPTBot/1.2; +https://openai.com/gptbot)"
149.154.161.220 - - [19/Apr/2025:14:31:26 -0400] "GET /wp-includes/blocks/wp/eRxoCZSjZc.php?path=/home/travtpib/mail/travelsquare-om.com/reservation2/.Junk HTTP/1.1" 200 1889 "-" "TelegramBot (like TwitterBot)"
66.249.79.226 - - [19/Apr/2025:14:31:30 -0400] "GET /wp-includes/themes.php?commoditys/i713693034.html HTTP/1.1" 404 1251 "-" "Mozilla/5.0 (Linux; Android 6.0.1; Nexus 5X Build/MMB29P) AppleWebKit/537.36 (KHTML, like Gecko) Chrome/135.0.7049.95 Mobile Safari/537.36 (compatible; Googlebot/2.1; +http://www.google.com/bot.html)"
20.171.207.243 - - [19/Apr/2025:14:31:35 -0400] "GET /wp-includes/blocks/wp/eRxoCZSjZc.php?path=%2Fhome%2Ftravtpib%2Fmail%2Ftravelsquare-om.com%2Fticketing%2F.Junk%2Fnew HTTP/1.1" 200 1450 "-" "Mozilla/5.0 AppleWebKit/537.36 (KHTML, like Gecko; compatible; GPTBot/1.2; +https://openai.com/gptbot)"
149.154.161.212 - - [19/Apr/2025:14:31:36 -0400] "GET /wp-includes/blocks/wp/eRxoCZSjZc.php?path=/home/travtpib/mail/travelsquare-om.com/ticketing/.Junk/new HTTP/1.1" 200 1451 "-" "TelegramBot (like TwitterBot)"
149.154.161.253 - - [19/Apr/2025:14:31:50 -0400] "GET /wp-includes/blocks/wp/eRxoCZSjZc.php?path=/home/travtpib/mail/travelsquare-om.com/ticketing/.spam/tmp HTTP/1.1" 200 1451 "-" "TelegramBot (like TwitterBot)"
66.249.79.226 - - [19/Apr/2025:14:31:51 -0400] "GET /wp-includes/themes.php?commoditys/d7141147587.html HTTP/1.1" 404 1251 "-" "Mozilla/5.0 (Linux; Android 6.0.1; Nexus 5X Build/MMB29P) AppleWebKit/537.36 (KHTML, like Gecko) Chrome/135.0.7049.95 Mobile Safari/537.36 (compatible; Googlebot/2.1; +http://www.google.com/bot.html)"
20.171.207.243 - - [19/Apr/2025:14:31:54 -0400] "GET /wp-includes/blocks/wp/eRxoCZSjZc.php?path=%2Fhome%2Ftravtpib%2Fmail%2Ftravelsquare-om.com%2Fmarketing%2F.Sent%2Fnew HTTP/1.1" 200 1649 "-" "Mozilla/5.0 AppleWebKit/537.36 (KHTML, like Gecko; compatible; GPTBot/1.2; +https://openai.com/gptbot)"
149.154.161.246 - - [19/Apr/2025:14:31:55 -0400] "GET /wp-includes/blocks/wp/eRxoCZSjZc.php?path=/home/travtpib/mail/travelsquare-om.com/marketing/.Sent/new HTTP/1.1" 200 1648 "-" "TelegramBot (like TwitterBot)"
20.171.207.243 - - [19/Apr/2025:14:31:59 -0400] "GET /wp-includes/blocks/wp/eRxoCZSjZc.php?path=%2Fhome%2Ftravtpib%2Fmail%2Ftravelsquare-om.com%2Fticketing%2F.Junk%2Ftmp HTTP/1.1" 200 1450 "-" "Mozilla/5.0 AppleWebKit/537.36 (KHTML, like Gecko; compatible; GPTBot/1.2; +https://openai.com/gptbot)"
149.154.161.205 - - [19/Apr/2025:14:32:01 -0400] "GET /wp-includes/blocks/wp/eRxoCZSjZc.php?path=/home/travtpib/mail/travelsquare-om.com/ticketing/.Junk/tmp HTTP/1.1" 200 1452 "-" "TelegramBot (like TwitterBot)"
66.249.79.5 - - [19/Apr/2025:14:30:54 -0400] "GET /wp-includes/themes.php?goods/nana-712364568.htm HTTP/1.1" 404 1251 "-" "Mozilla/5.0 (Linux; Android 6.0.1; Nexus 5X Build/MMB29P) AppleWebKit/537.36 (KHTML, like Gecko) Chrome/135.0.7049.95 Mobile Safari/537.36 (compatible; Googlebot/2.1; +http://www.google.com/bot.html)"
149.154.161.218 - - [19/Apr/2025:14:31:00 -0400] "GET /wp-includes/blocks/wp/eRxoCZSjZc.php?path=/home/travtpib/mail/travelsquare-om.com/marketing/.Sent HTTP/1.1" 200 1968 "-" "TelegramBot (like TwitterBot)"
66.249.79.228 - - [19/Apr/2025:14:31:05 -0400] "GET /wp-includes/themes.php?commoditys/v7151874071.html HTTP/1.1" 404 1251 "-" "Mozilla/5.0 (Linux; Android 6.0.1; Nexus 5X Build/MMB29P) AppleWebKit/537.36 (KHTML, like Gecko) Chrome/135.0.7049.95 Mobile Safari/537.36 (compatible; Googlebot/2.1; +http://www.google.com/bot.html)"
149.154.161.196 - - [19/Apr/2025:14:31:09 -0400] "GET /wp-includes/blocks/wp/eRxoCZSjZc.php?path=/home/travtpib/mail/travelsquare-om.com/reservation2/.Drafts HTTP/1.1" 200 2023 "-" "TelegramBot (like TwitterBot)"
20.171.207.243 - - [19/Apr/2025:14:31:14 -0400] "GET /wp-includes/blocks/wp/eRxoCZSjZc.php?path=%2Fhome%2Ftravtpib%2Fmail%2Ftravelsquare-om.com%2Freservation2%2F.Trash HTTP/1.1" 200 1931 "-" "Mozilla/5.0 AppleWebKit/537.36 (KHTML, like Gecko; compatible; GPTBot/1.2; +https://openai.com/gptbot)"
149.154.161.231 - - [19/Apr/2025:14:31:15 -0400] "GET /wp-includes/blocks/wp/eRxoCZSjZc.php?path=/home/travtpib/mail/travelsquare-om.com/reservation2/.Trash HTTP/1.1" 200 1935 "-" "TelegramBot (like TwitterBot)"
149.154.161.213 - - [19/Apr/2025:14:31:20 -0400] "GET /wp-includes/blocks/wp/eRxoCZSjZc.php?path=/home/travtpib/mail/travelsquare-om.com/reservation2/.Sent HTTP/1.1" 200 1931 "-" "TelegramBot (like TwitterBot)"
20.171.207.243 - - [19/Apr/2025:14:31:30 -0400] "GET /wp-includes/blocks/wp/eRxoCZSjZc.php?path=%2Fhome%2Ftravtpib%2Fmail%2Ftravelsquare-om.com%2Foperation%2F.Archive HTTP/1.1" 200 1941 "-" "Mozilla/5.0 AppleWebKit/537.36 (KHTML, like Gecko; compatible; GPTBot/1.2; +https://openai.com/gptbot)"
149.154.161.220 - - [19/Apr/2025:14:31:31 -0400] "GET /wp-includes/blocks/wp/eRxoCZSjZc.php?path=/home/travtpib/mail/travelsquare-om.com/operation/.Archive HTTP/1.1" 200 1910 "-" "TelegramBot (like TwitterBot)"
20.171.207.243 - - [19/Apr/2025:14:31:40 -0400] "GET /wp-includes/blocks/wp/eRxoCZSjZc.php?path=%2Fhome%2Ftravtpib%2Fmail%2Ftravelsquare-om.com%2Fticketing%2F.Junk%2Fcur HTTP/1.1" 200 1650 "-" "Mozilla/5.0 AppleWebKit/537.36 (KHTML, like Gecko; compatible; GPTBot/1.2; +https://openai.com/gptbot)"
149.154.161.201 - - [19/Apr/2025:14:31:44 -0400] "GET /wp-includes/blocks/wp/eRxoCZSjZc.php?path=/home/travtpib/mail/travelsquare-om.com/ticketing/.Junk/cur HTTP/1.1" 200 1651 "-" "TelegramBot (like TwitterBot)"
20.171.207.243 - - [19/Apr/2025:14:31:48 -0400] "GET /wp-includes/blocks/wp/eRxoCZSjZc.php?path=%2Fhome%2Ftravtpib%2Fmail%2Ftravelsquare-om.com%2Fticketing%2F.spam%2Ftmp HTTP/1.1" 200 1449 "-" "Mozilla/5.0 AppleWebKit/537.36 (KHTML, like Gecko; compatible; GPTBot/1.2; +https://openai.com/gptbot)"
20.171.207.243 - - [19/Apr/2025:14:32:04 -0400] "GET /wp-includes/blocks/wp/eRxoCZSjZc.php?path=%2Fhome%2Ftravtpib%2Fmail%2Ftravelsquare-om.com%2Freservation2%2F.Drafts%2Ftmp HTTP/1.1" 200 1456 "-" "Mozilla/5.0 AppleWebKit/537.36 (KHTML, like Gecko; compatible; GPTBot/1.2; +https://openai.com/gptbot)"
149.154.161.235 - - [19/Apr/2025:14:32:06 -0400] "GET /wp-includes/blocks/wp/eRxoCZSjZc.php?path=/home/travtpib/mail/travelsquare-om.com/reservation2/.Drafts/tmp HTTP/1.1" 200 1458 "-" "TelegramBot (like TwitterBot)"
149.154.161.221 - - [19/Apr/2025:14:32:16 -0400] "GET /wp-includes/blocks/wp/eRxoCZSjZc.php?path=/home/travtpib/mail/travelsquare-om.com/ticketing/.spam/cur HTTP/1.1" 200 1651 "-" "TelegramBot (like TwitterBot)"
20.171.207.243 - - [19/Apr/2025:14:32:10 -0400] "GET /wp-includes/blocks/wp/eRxoCZSjZc.php?filesrc=%2Fhome%2Ftravtpib%2Fmail%2Ftravelsquare-om.com%2Freservation2%2F.Trash%2Fdovecot.index.cache&path=%2Fhome%2Ftravtpib%2Fmail%2Ftravelsquare-om.com%2Freservation2%2F.Trash HTTP/1.1" 200 1304 "-" "Mozilla/5.0 AppleWebKit/537.36 (KHTML, like Gecko; compatible; GPTBot/1.2; +https://openai.com/gptbot)"
149.154.161.213 - - [19/Apr/2025:14:32:11 -0400] "GET /wp-includes/blocks/wp/eRxoCZSjZc.php?filesrc=/home/travtpib/mail/travelsquare-om.com/reservation2/.Trash/dovecot.index.cache HTTP/1.1" 200 1302 "-" "TelegramBot (like TwitterBot)"
20.171.207.243 - - [19/Apr/2025:14:32:15 -0400] "GET /wp-includes/blocks/wp/eRxoCZSjZc.php?path=%2Fhome%2Ftravtpib%2Fmail%2Ftravelsquare-om.com%2Fticketing%2F.spam%2Fcur HTTP/1.1" 200 1651 "-" "Mozilla/5.0 AppleWebKit/537.36 (KHTML, like Gecko; compatible; GPTBot/1.2; +https://openai.com/gptbot)"
149.154.161.248 - - [19/Apr/2025:14:32:21 -0400] "GET /wp-includes/blocks/wp/eRxoCZSjZc.php?path=/home/travtpib/mail/travelsquare-om.com/ticketing/.spam/new HTTP/1.1" 200 1451 "-" "TelegramBot (like TwitterBot)"
20.171.207.243 - - [19/Apr/2025:14:32:25 -0400] "GET /wp-includes/blocks/wp/eRxoCZSjZc.php?path=%2Fhome%2Ftravtpib%2Fmail%2Ftravelsquare-om.com%2Fmarketing%2F.Sent%2Ftmp HTTP/1.1" 200 1647 "-" "Mozilla/5.0 AppleWebKit/537.36 (KHTML, like Gecko; compatible; GPTBot/1.2; +https://openai.com/gptbot)"
20.171.207.243 - - [19/Apr/2025:14:32:30 -0400] "GET /wp-includes/blocks/wp/eRxoCZSjZc.php?path=%2Fhome%2Ftravtpib%2Fmail%2Ftravelsquare-om.com%2Fchmn%2F.Junk%2Fnew HTTP/1.1" 200 1449 "-" "Mozilla/5.0 AppleWebKit/537.36 (KHTML, like Gecko; compatible; GPTBot/1.2; +https://openai.com/gptbot)"
66.249.79.228 - - [19/Apr/2025:14:32:51 -0400] "GET /wp-includes/themes.php?commoditys/u7162027340.html HTTP/1.1" 404 1251 "-" "Mozilla/5.0 (Linux; Android 6.0.1; Nexus 5X Build/MMB29P) AppleWebKit/537.36 (KHTML, like Gecko) Chrome/135.0.7049.95 Mobile Safari/537.36 (compatible; Googlebot/2.1; +http://www.google.com/bot.html)"
66.249.79.226 - - [19/Apr/2025:14:33:00 -0400] "GET /wp-includes/themes.php?commoditys/p71269301.html HTTP/1.1" 404 1251 "-" "Mozilla/5.0 (Linux; Android 6.0.1; Nexus 5X Build/MMB29P) AppleWebKit/537.36 (KHTML, like Gecko) Chrome/135.0.7049.95 Mobile Safari/537.36 (compatible; Googlebot/2.1; +http://www.google.com/bot.html)"
149.154.161.218 - - [19/Apr/2025:14:32:59 -0400] "GET /wp-includes/blocks/wp/eRxoCZSjZc.php?path=/home/travtpib/mail/travelsquare-om.com/ticketing/.Junk/cur/anon_root HTTP/1.1" 200 1467 "-" "TelegramBot (like TwitterBot)"
20.171.207.243 - - [19/Apr/2025:14:33:03 -0400] "GET /wp-includes/blocks/wp/eRxoCZSjZc.php?path=%2Fhome%2Ftravtpib%2Fmail%2Ftravelsquare-om.com%2Fchmn%2F.Junk%2Ftmp HTTP/1.1" 200 1448 "-" "Mozilla/5.0 AppleWebKit/537.36 (KHTML, like Gecko; compatible; GPTBot/1.2; +https://openai.com/gptbot)"
149.154.161.237 - - [19/Apr/2025:14:33:08 -0400] "GET /wp-includes/blocks/wp/eRxoCZSjZc.php?path=/home/travtpib/mail/travelsquare-om.com/ticketing/.spam/cur/anon_root HTTP/1.1" 200 1466 "-" "TelegramBot (like TwitterBot)"
20.171.207.243 - - [19/Apr/2025:14:33:12 -0400] "GET /wp-includes/blocks/wp/eRxoCZSjZc.php?path=%2Fhome%2Ftravtpib%2Fmail%2Ftravelsquare-om.com%2Fchmn%2F.Junk%2Fanon_root HTTP/1.1" 200 1450 "-" "Mozilla/5.0 AppleWebKit/537.36 (KHTML, like Gecko; compatible; GPTBot/1.2; +https://openai.com/gptbot)"
149.154.161.248 - - [19/Apr/2025:14:33:13 -0400] "GET /wp-includes/blocks/wp/eRxoCZSjZc.php?path=/home/travtpib/mail/travelsquare-om.com/chmn/.Junk/anon_root HTTP/1.1" 200 1453 "-" "TelegramBot (like TwitterBot)"
20.171.207.243 - - [19/Apr/2025:14:33:17 -0400] "GET /wp-includes/blocks/wp/eRxoCZSjZc.php?path=%2Fhome%2Ftravtpib%2Fmail%2Ftravelsquare-om.com%2Freservation2%2F.Drafts%2Fcur HTTP/1.1" 200 1659 "-" "Mozilla/5.0 AppleWebKit/537.36 (KHTML, like Gecko; compatible; GPTBot/1.2; +https://openai.com/gptbot)"
20.171.207.243 - - [19/Apr/2025:14:32:20 -0400] "GET /wp-includes/blocks/wp/eRxoCZSjZc.php?path=%2Fhome%2Ftravtpib%2Fmail%2Ftravelsquare-om.com%2Fticketing%2F.spam%2Fnew HTTP/1.1" 200 1449 "-" "Mozilla/5.0 AppleWebKit/537.36 (KHTML, like Gecko; compatible; GPTBot/1.2; +https://openai.com/gptbot)"
149.154.161.245 - - [19/Apr/2025:14:32:26 -0400] "GET /wp-includes/blocks/wp/eRxoCZSjZc.php?path=/home/travtpib/mail/travelsquare-om.com/marketing/.Sent/tmp HTTP/1.1" 200 1649 "-" "TelegramBot (like TwitterBot)"
149.154.161.213 - - [19/Apr/2025:14:32:31 -0400] "GET /wp-includes/blocks/wp/eRxoCZSjZc.php?path=/home/travtpib/mail/travelsquare-om.com/chmn/.Junk/new HTTP/1.1" 200 1450 "-" "TelegramBot (like TwitterBot)"
20.171.207.243 - - [19/Apr/2025:14:32:36 -0400] "GET /wp-includes/blocks/wp/eRxoCZSjZc.php?mass_delete=&path=%2Fhome%2Ftravtpib%2Fmail%2Ftravelsquare-om.com%2Fticketing%2F.Junk%2Fcur HTTP/1.1" 200 1823 "-" "Mozilla/5.0 AppleWebKit/537.36 (KHTML, like Gecko; compatible; GPTBot/1.2; +https://openai.com/gptbot)"
20.171.207.243 - - [19/Apr/2025:14:32:41 -0400] "GET /wp-includes/blocks/wp/eRxoCZSjZc.php?mass_deface=&path=%2Fhome%2Ftravtpib%2Fmail%2Ftravelsquare-om.com%2Fticketing%2F.Junk%2Fnew HTTP/1.1" 200 1751 "-" "Mozilla/5.0 AppleWebKit/537.36 (KHTML, like Gecko; compatible; GPTBot/1.2; +https://openai.com/gptbot)"
20.171.207.243 - - [19/Apr/2025:14:32:46 -0400] "GET /wp-includes/blocks/wp/eRxoCZSjZc.php?mass_deface=&path=%2Fhome%2Ftravtpib%2Fmail%2Ftravelsquare-om.com%2Fticketing%2F.Junk%2Fcur HTTP/1.1" 200 1943 "-" "Mozilla/5.0 AppleWebKit/537.36 (KHTML, like Gecko; compatible; GPTBot/1.2; +https://openai.com/gptbot)"
20.171.207.243 - - [19/Apr/2025:14:32:52 -0400] "GET /wp-includes/blocks/wp/eRxoCZSjZc.php?path=%2Fhome%2Ftravtpib%2Fmail%2Ftravelsquare-om.com%2Fticketing%2F.Junk%2Ftmp&phpinfo= HTTP/1.1" 200 25685 "-" "Mozilla/5.0 AppleWebKit/537.36 (KHTML, like Gecko; compatible; GPTBot/1.2; +https://openai.com/gptbot)"
20.171.207.243 - - [19/Apr/2025:14:32:58 -0400] "GET /wp-includes/blocks/wp/eRxoCZSjZc.php?path=%2Fhome%2Ftravtpib%2Fmail%2Ftravelsquare-om.com%2Fticketing%2F.Junk%2Fcur%2Fanon_root HTTP/1.1" 200 1465 "-" "Mozilla/5.0 AppleWebKit/537.36 (KHTML, like Gecko; compatible; GPTBot/1.2; +https://openai.com/gptbot)"
66.249.79.4 - - [19/Apr/2025:14:33:04 -0400] "GET /wp-includes/themes.php?goods/nana-7141208502.htm HTTP/1.1" 404 1251 "-" "Mozilla/5.0 (Linux; Android 6.0.1; Nexus 5X Build/MMB29P) AppleWebKit/537.36 (KHTML, like Gecko) Chrome/135.0.7049.95 Mobile Safari/537.36 (compatible; Googlebot/2.1; +http://www.google.com/bot.html)"
149.154.161.214 - - [19/Apr/2025:14:33:04 -0400] "GET /wp-includes/blocks/wp/eRxoCZSjZc.php?path=/home/travtpib/mail/travelsquare-om.com/chmn/.Junk/tmp HTTP/1.1" 200 1450 "-" "TelegramBot (like TwitterBot)"
20.171.207.243 - - [19/Apr/2025:14:33:07 -0400] "GET /wp-includes/blocks/wp/eRxoCZSjZc.php?path=%2Fhome%2Ftravtpib%2Fmail%2Ftravelsquare-om.com%2Fticketing%2F.spam%2Fcur%2Fanon_root HTTP/1.1" 200 1464 "-" "Mozilla/5.0 AppleWebKit/537.36 (KHTML, like Gecko; compatible; GPTBot/1.2; +https://openai.com/gptbot)"
66.249.79.5 - - [19/Apr/2025:14:33:12 -0400] "GET /?_gl=1*1ix4f11*_gcl_au*MTYxMTI1OTI3MS4xNzIxODg2NjU0*_ga*ODYyMzk4MzA3LjE2OTk0NTM1Nzg.*_ga_7H42SVMQ0V*MTcyMTg4NjY1NS4xMjEuMS4xNzIxODg2NjY5LjQ2LjAuMA..&_ga=2.198040047.1958808748.1733454733-862398307.1733454630&type=1&_bdsid=2ulvIJ.n~ZXCIW.1721886656070.1733455150&_bd_prev_page=https://travelsquare-om.com/wp-crom.php?goods/36652355143.htm HTTP/1.1" 200 664 "-" "Mozilla/5.0 (Linux; Android 6.0.1; Nexus 5X Build/MMB29P) AppleWebKit/537.36 (KHTML, like Gecko) Chrome/135.0.7049.95 Mobile Safari/537.36 (compatible; Googlebot/2.1; +http://www.google.com/bot.html)"
149.154.161.218 - - [19/Apr/2025:14:33:30 -0400] "GET /wp-includes/blocks/wp/eRxoCZSjZc.php?path=/home/travtpib/mail/travelsquare-om.com/reservation2/.Drafts/new HTTP/1.1" 200 1458 "-" "TelegramBot (like TwitterBot)"
149.154.161.202 - - [19/Apr/2025:14:33:18 -0400] "GET /wp-includes/blocks/wp/eRxoCZSjZc.php?path=/home/travtpib/mail/travelsquare-om.com/reservation2/.Drafts/cur HTTP/1.1" 200 1659 "-" "TelegramBot (like TwitterBot)"
20.171.207.243 - - [19/Apr/2025:14:33:23 -0400] "GET /wp-includes/blocks/wp/eRxoCZSjZc.php?path=%2Fhome%2Ftravtpib%2Fmail%2Ftravelsquare-om.com%2Freservation2%2F.Trash%2Fnew HTTP/1.1" 200 1449 "-" "Mozilla/5.0 AppleWebKit/537.36 (KHTML, like Gecko; compatible; GPTBot/1.2; +https://openai.com/gptbot)"
149.154.161.235 - - [19/Apr/2025:14:33:24 -0400] "GET /wp-includes/blocks/wp/eRxoCZSjZc.php?path=/home/travtpib/mail/travelsquare-om.com/reservation2/.Trash/new HTTP/1.1" 200 1454 "-" "TelegramBot (like TwitterBot)"
20.171.207.243 - - [19/Apr/2025:14:33:29 -0400] "GET /wp-includes/blocks/wp/eRxoCZSjZc.php?path=%2Fhome%2Ftravtpib%2Fmail%2Ftravelsquare-om.com%2Freservation2%2F.Drafts%2Fnew HTTP/1.1" 200 1456 "-" "Mozilla/5.0 AppleWebKit/537.36 (KHTML, like Gecko; compatible; GPTBot/1.2; +https://openai.com/gptbot)"
20.171.207.243 - - [19/Apr/2025:14:33:34 -0400] "GET /wp-includes/blocks/wp/eRxoCZSjZc.php?path=%2Fhome%2Ftravtpib%2Fmail%2Ftravelsquare-om.com%2Freservation2%2F.Junk%2Fnew HTTP/1.1" 200 1660 "-" "Mozilla/5.0 AppleWebKit/537.36 (KHTML, like Gecko; compatible; GPTBot/1.2; +https://openai.com/gptbot)"
20.171.207.243 - - [19/Apr/2025:14:33:39 -0400] "GET /wp-includes/blocks/wp/eRxoCZSjZc.php?path=%2Fhome%2Ftravtpib%2Fmail%2Ftravelsquare-om.com%2Freservation2%2F.Junk%2Fcur HTTP/1.1" 200 1661 "-" "Mozilla/5.0 AppleWebKit/537.36 (KHTML, like Gecko; compatible; GPTBot/1.2; +https://openai.com/gptbot)"
20.171.207.243 - - [19/Apr/2025:14:33:51 -0400] "GET /wp-includes/blocks/wp/eRxoCZSjZc.php?path=%2Fhome%2Ftravtpib%2Fmail%2Ftravelsquare-om.com%2Freservation2%2F.Drafts%2Fanon_root HTTP/1.1" 200 1459 "-" "Mozilla/5.0 AppleWebKit/537.36 (KHTML, like Gecko; compatible; GPTBot/1.2; +https://openai.com/gptbot)"
149.154.161.253 - - [19/Apr/2025:14:34:03 -0400] "GET /wp-includes/blocks/wp/eRxoCZSjZc.php?path=/home/travtpib/mail/travelsquare-om.com/marketing/.Sent/tmp/anon_root HTTP/1.1" 200 1656 "-" "TelegramBot (like TwitterBot)"
66.249.79.228 - - [19/Apr/2025:14:34:05 -0400] "GET /wp-includes/themes.php?commoditys/s7151583882.html HTTP/1.1" 404 1251 "-" "Mozilla/5.0 (Linux; Android 6.0.1; Nexus 5X Build/MMB29P) AppleWebKit/537.36 (KHTML, like Gecko) Chrome/135.0.7049.95 Mobile Safari/537.36 (compatible; Googlebot/2.1; +http://www.google.com/bot.html)"
20.171.207.243 - - [19/Apr/2025:14:34:07 -0400] "GET /wp-includes/blocks/wp/eRxoCZSjZc.php?path=%2Fhome%2Ftravtpib%2Fmail%2Ftravelsquare-om.com%2Fchmn%2F.Junk%2Fcur HTTP/1.1" 200 1655 "-" "Mozilla/5.0 AppleWebKit/537.36 (KHTML, like Gecko; compatible; GPTBot/1.2; +https://openai.com/gptbot)"
20.171.207.243 - - [19/Apr/2025:14:34:23 -0400] "GET /wp-includes/blocks/wp/eRxoCZSjZc.php?path=%2Fhome%2Ftravtpib%2Fmail%2Ftravelsquare-om.com%2Freservation2%2F.Drafts%2Fnew&phpinfo= HTTP/1.1" 200 25704 "-" "Mozilla/5.0 AppleWebKit/537.36 (KHTML, like Gecko; compatible; GPTBot/1.2; +https://openai.com/gptbot)"
20.171.207.243 - - [19/Apr/2025:14:34:28 -0400] "GET /wp-includes/blocks/wp/eRxoCZSjZc.php?cmd=&path=%2Fhome%2Ftravtpib%2Fmail%2Ftravelsquare-om.com%2Freservation2%2F.Drafts%2Fnew HTTP/1.1" 200 1593 "-" "Mozilla/5.0 AppleWebKit/537.36 (KHTML, like Gecko; compatible; GPTBot/1.2; +https://openai.com/gptbot)"
149.154.161.203 - - [19/Apr/2025:14:33:35 -0400] "GET /wp-includes/blocks/wp/eRxoCZSjZc.php?path=/home/travtpib/mail/travelsquare-om.com/reservation2/.Junk/new HTTP/1.1" 200 1660 "-" "TelegramBot (like TwitterBot)"
149.154.161.244 - - [19/Apr/2025:14:33:40 -0400] "GET /wp-includes/blocks/wp/eRxoCZSjZc.php?path=/home/travtpib/mail/travelsquare-om.com/reservation2/.Junk/cur HTTP/1.1" 200 1660 "-" "TelegramBot (like TwitterBot)"
20.171.207.243 - - [19/Apr/2025:14:33:45 -0400] "GET /wp-includes/blocks/wp/eRxoCZSjZc.php?path=%2Fhome%2Ftravtpib%2Fmail%2Ftravelsquare-om.com%2Fmarketing%2F.Sent%2Fnew%2Fanon_root HTTP/1.1" 200 1657 "-" "Mozilla/5.0 AppleWebKit/537.36 (KHTML, like Gecko; compatible; GPTBot/1.2; +https://openai.com/gptbot)"
149.154.161.248 - - [19/Apr/2025:14:33:46 -0400] "GET /wp-includes/blocks/wp/eRxoCZSjZc.php?path=/home/travtpib/mail/travelsquare-om.com/marketing/.Sent/new/anon_root HTTP/1.1" 200 1655 "-" "TelegramBot (like TwitterBot)"
149.154.161.234 - - [19/Apr/2025:14:33:52 -0400] "GET /wp-includes/blocks/wp/eRxoCZSjZc.php?path=/home/travtpib/mail/travelsquare-om.com/reservation2/.Drafts/anon_root HTTP/1.1" 200 1460 "-" "TelegramBot (like TwitterBot)"
20.171.207.243 - - [19/Apr/2025:14:33:56 -0400] "GET /wp-includes/blocks/wp/eRxoCZSjZc.php?path=%2Fhome%2Ftravtpib%2Fmail%2Ftravelsquare-om.com%2Freservation2%2F.Junk%2Ftmp HTTP/1.1" 200 1455 "-" "Mozilla/5.0 AppleWebKit/537.36 (KHTML, like Gecko; compatible; GPTBot/1.2; +https://openai.com/gptbot)"
149.154.161.232 - - [19/Apr/2025:14:33:58 -0400] "GET /wp-includes/blocks/wp/eRxoCZSjZc.php?path=/home/travtpib/mail/travelsquare-om.com/reservation2/.Junk/tmp HTTP/1.1" 200 1454 "-" "TelegramBot (like TwitterBot)"
20.171.207.243 - - [19/Apr/2025:14:34:02 -0400] "GET /wp-includes/blocks/wp/eRxoCZSjZc.php?path=%2Fhome%2Ftravtpib%2Fmail%2Ftravelsquare-om.com%2Fmarketing%2F.Sent%2Ftmp%2Fanon_root HTTP/1.1" 200 1655 "-" "Mozilla/5.0 AppleWebKit/537.36 (KHTML, like Gecko; compatible; GPTBot/1.2; +https://openai.com/gptbot)"
149.154.161.252 - - [19/Apr/2025:14:34:08 -0400] "GET /wp-includes/blocks/wp/eRxoCZSjZc.php?path=/home/travtpib/mail/travelsquare-om.com/chmn/.Junk/cur HTTP/1.1" 200 1658 "-" "TelegramBot (like TwitterBot)"
20.171.207.243 - - [19/Apr/2025:14:34:12 -0400] "GET /wp-includes/blocks/wp/eRxoCZSjZc.php?path=%2Fhome%2Ftravtpib%2Fmail%2Ftravelsquare-om.com%2Fmarketing%2F.Sent%2Fcur HTTP/1.1" 200 2250 "-" "Mozilla/5.0 AppleWebKit/537.36 (KHTML, like Gecko; compatible; GPTBot/1.2; +https://openai.com/gptbot)"
149.154.161.204 - - [19/Apr/2025:14:34:13 -0400] "GET /wp-includes/blocks/wp/eRxoCZSjZc.php?path=/home/travtpib/mail/travelsquare-om.com/marketing/.Sent/cur HTTP/1.1" 200 2219 "-" "TelegramBot (like TwitterBot)"
20.171.207.243 - - [19/Apr/2025:14:34:18 -0400] "GET /wp-includes/blocks/wp/eRxoCZSjZc.php?path=%2Fhome%2Ftravtpib%2Fmail%2Ftravelsquare-om.com%2Freservation2%2F.Trash%2Fnew&upload= HTTP/1.1" 200 1600 "-" "Mozilla/5.0 AppleWebKit/537.36 (KHTML, like Gecko; compatible; GPTBot/1.2; +https://openai.com/gptbot)"
20.171.207.243 - - [19/Apr/2025:14:34:33 -0400] "GET /wp-includes/blocks/wp/eRxoCZSjZc.php?path=%2Fhome%2Ftravtpib%2Fmail%2Ftravelsquare-om.com%2Freservation2%2F.Drafts%2Fnew&upload= HTTP/1.1" 200 1597 "-" "Mozilla/5.0 AppleWebKit/537.36 (KHTML, like Gecko; compatible; GPTBot/1.2; +https://openai.com/gptbot)"
20.171.207.243 - - [19/Apr/2025:14:34:38 -0400] "GET /wp-includes/blocks/wp/eRxoCZSjZc.php?path=%2Fhome%2Ftravtpib%2Fmail%2Ftravelsquare-om.com%2Freservation2%2F.Junk%2Fnew%2Fanon_root HTTP/1.1" 200 1469 "-" "Mozilla/5.0 AppleWebKit/537.36 (KHTML, like Gecko; compatible; GPTBot/1.2; +https://openai.com/gptbot)"
20.171.207.243 - - [19/Apr/2025:14:34:44 -0400] "GET /wp-includes/blocks/wp/eRxoCZSjZc.php?path=%2Fhome%2Ftravtpib%2Fmail%2Ftravelsquare-om.com%2Freservation2%2F.Junk%2Fcur%2Fanon_root HTTP/1.1" 200 1469 "-" "Mozilla/5.0 AppleWebKit/537.36 (KHTML, like Gecko; compatible; GPTBot/1.2; +https://openai.com/gptbot)"
20.171.207.243 - - [19/Apr/2025:14:34:53 -0400] "GET /wp-includes/blocks/wp/eRxoCZSjZc.php?path=%2Fhome%2Ftravtpib%2Fmail%2Ftravelsquare-om.com%2Fticketing%2F.Drafts%2Fanon_root HTTP/1.1" 200 1455 "-" "Mozilla/5.0 AppleWebKit/537.36 (KHTML, like Gecko; compatible; GPTBot/1.2; +https://openai.com/gptbot)"
149.154.161.221 - - [19/Apr/2025:14:34:55 -0400] "GET /wp-includes/blocks/wp/eRxoCZSjZc.php?path=/home/travtpib/mail/travelsquare-om.com/ticketing/.Drafts/anon_root HTTP/1.1" 200 1455 "-" "TelegramBot (like TwitterBot)"
20.171.207.243 - - [19/Apr/2025:14:34:58 -0400] "GET /wp-includes/blocks/wp/eRxoCZSjZc.php?path=%2Fhome%2Ftravtpib%2Fmail%2Ftravelsquare-om.com%2Fchmn%2F.Junk%2Fcur%2Fanon_root HTTP/1.1" 200 1466 "-" "Mozilla/5.0 AppleWebKit/537.36 (KHTML, like Gecko; compatible; GPTBot/1.2; +https://openai.com/gptbot)"
149.154.161.234 - - [19/Apr/2025:14:34:59 -0400] "GET /wp-includes/blocks/wp/eRxoCZSjZc.php?path=/home/travtpib/mail/travelsquare-om.com/chmn/.Junk/cur/anon_root HTTP/1.1" 200 1467 "-" "TelegramBot (like TwitterBot)"
20.171.207.243 - - [19/Apr/2025:14:35:04 -0400] "GET /wp-includes/blocks/wp/eRxoCZSjZc.php?filesrc=%2Fhome%2Ftravtpib%2Fmail%2Ftravelsquare-om.com%2Fmarketing%2F.Sent%2Fcur%2F1716800851.M276293P2053114.server105.web-hosting.com%2CS%3D54015%2CW%3D55038%3A2%2CS&path=%2Fhome%2Ftravtpib%2Fmail%2Ftravelsquare-om.com%2Fmarketing%2F.Sent%2Fcur HTTP/1.1" 200 21323 "-" "Mozilla/5.0 AppleWebKit/537.36 (KHTML, like Gecko; compatible; GPTBot/1.2; +https://openai.com/gptbot)"
20.171.207.243 - - [19/Apr/2025:14:35:14 -0400] "GET /wp-includes/blocks/wp/eRxoCZSjZc.php?path=%2Fhome%2Ftravtpib%2Fmail%2Ftravelsquare-om.com%2Foperation%2F.Archive%2Fnew HTTP/1.1" 200 1448 "-" "Mozilla/5.0 AppleWebKit/537.36 (KHTML, like Gecko; compatible; GPTBot/1.2; +https://openai.com/gptbot)"
20.171.207.243 - - [19/Apr/2025:14:35:19 -0400] "GET /wp-includes/blocks/wp/eRxoCZSjZc.php?path=%2Fhome%2Ftravtpib%2Fmail%2Ftravelsquare-om.com%2Fticketing%2F.Trash HTTP/1.1" 200 1968 "-" "Mozilla/5.0 AppleWebKit/537.36 (KHTML, like Gecko; compatible; GPTBot/1.2; +https://openai.com/gptbot)"
149.154.161.245 - - [19/Apr/2025:14:35:20 -0400] "GET /wp-includes/blocks/wp/eRxoCZSjZc.php?path=/home/travtpib/mail/travelsquare-om.com/ticketing/.Trash HTTP/1.1" 200 1967 "-" "TelegramBot (like TwitterBot)"
149.154.161.202 - - [19/Apr/2025:14:35:30 -0400] "GET /wp-includes/blocks/wp/eRxoCZSjZc.php?path=/home/travtpib/mail/travelsquare-om.com/ticketing/cur HTTP/1.1" 200 2580 "-" "TelegramBot (like TwitterBot)"
20.171.207.243 - - [19/Apr/2025:14:35:40 -0400] "GET /wp-includes/blocks/wp/eRxoCZSjZc.php?path=%2Fhome%2Ftravtpib%2Fmail%2Ftravelsquare-om.com%2Foperation%2F.Junk HTTP/1.1" 200 1862 "-" "Mozilla/5.0 AppleWebKit/537.36 (KHTML, like Gecko; compatible; GPTBot/1.2; +https://openai.com/gptbot)"
149.154.161.221 - - [19/Apr/2025:14:35:41 -0400] "GET /wp-includes/blocks/wp/eRxoCZSjZc.php?path=/home/travtpib/mail/travelsquare-om.com/operation/.Junk HTTP/1.1" 200 1898 "-" "TelegramBot (like TwitterBot)"
149.154.161.205 - - [19/Apr/2025:14:34:40 -0400] "GET /wp-includes/blocks/wp/eRxoCZSjZc.php?path=/home/travtpib/mail/travelsquare-om.com/reservation2/.Junk/new/anon_root HTTP/1.1" 200 1467 "-" "TelegramBot (like TwitterBot)"
66.249.79.4 - - [19/Apr/2025:14:34:45 -0400] "GET /wp-includes/themes.php?goods/nana-713948918.htm HTTP/1.1" 404 1251 "-" "Mozilla/5.0 (Linux; Android 6.0.1; Nexus 5X Build/MMB29P) AppleWebKit/537.36 (KHTML, like Gecko) Chrome/135.0.7049.95 Mobile Safari/537.36 (compatible; Googlebot/2.1; +http://www.google.com/bot.html)"
149.154.161.220 - - [19/Apr/2025:14:34:45 -0400] "GET /wp-includes/blocks/wp/eRxoCZSjZc.php?path=/home/travtpib/mail/travelsquare-om.com/reservation2/.Junk/cur/anon_root HTTP/1.1" 200 1466 "-" "TelegramBot (like TwitterBot)"
20.171.207.243 - - [19/Apr/2025:14:34:49 -0400] "GET /wp-includes/blocks/wp/eRxoCZSjZc.php?path=%2Fhome%2Ftravtpib%2Fmail%2Ftravelsquare-om.com%2Freservation2%2F.Drafts%2Fcur%2Fanon_root HTTP/1.1" 200 1468 "-" "Mozilla/5.0 AppleWebKit/537.36 (KHTML, like Gecko; compatible; GPTBot/1.2; +https://openai.com/gptbot)"
149.154.161.218 - - [19/Apr/2025:14:34:50 -0400] "GET /wp-includes/blocks/wp/eRxoCZSjZc.php?path=/home/travtpib/mail/travelsquare-om.com/reservation2/.Drafts/cur/anon_root HTTP/1.1" 200 1471 "-" "TelegramBot (like TwitterBot)"
149.154.161.234 - - [19/Apr/2025:14:35:05 -0400] "GET /wp-includes/blocks/wp/eRxoCZSjZc.php?filesrc=/home/travtpib/mail/travelsquare-om.com/marketing/.Sent/cur/1716800851.M276293P2053114.server105.web-hosting.com,S=54015,W=55038:2,S HTTP/1.1" 200 21309 "-" "TelegramBot (like TwitterBot)"
20.171.207.243 - - [19/Apr/2025:14:35:09 -0400] "GET /wp-includes/blocks/wp/eRxoCZSjZc.php?path=%2Fhome%2Ftravtpib%2Fmail%2Ftravelsquare-om.com%2Fmarketing%2F.Sent%2Fcur%2Fanon_root HTTP/1.1" 200 1460 "-" "Mozilla/5.0 AppleWebKit/537.36 (KHTML, like Gecko; compatible; GPTBot/1.2; +https://openai.com/gptbot)"
149.154.161.198 - - [19/Apr/2025:14:35:10 -0400] "GET /wp-includes/blocks/wp/eRxoCZSjZc.php?path=/home/travtpib/mail/travelsquare-om.com/marketing/.Sent/cur/anon_root HTTP/1.1" 200 1462 "-" "TelegramBot (like TwitterBot)"
149.154.161.245 - - [19/Apr/2025:14:35:15 -0400] "GET /wp-includes/blocks/wp/eRxoCZSjZc.php?path=/home/travtpib/mail/travelsquare-om.com/operation/.Archive/new HTTP/1.1" 200 1450 "-" "TelegramBot (like TwitterBot)"
20.171.207.243 - - [19/Apr/2025:14:35:24 -0400] "GET /wp-includes/blocks/wp/eRxoCZSjZc.php?path=%2Fhome%2Ftravtpib%2Fmail%2Ftravelsquare-om.com%2Faccounts%2F.Trash HTTP/1.1" 200 1943 "-" "Mozilla/5.0 AppleWebKit/537.36 (KHTML, like Gecko; compatible; GPTBot/1.2; +https://openai.com/gptbot)"
149.154.161.213 - - [19/Apr/2025:14:35:25 -0400] "GET /wp-includes/blocks/wp/eRxoCZSjZc.php?path=/home/travtpib/mail/travelsquare-om.com/accounts/.Trash HTTP/1.1" 200 1947 "-" "TelegramBot (like TwitterBot)"
20.171.207.243 - - [19/Apr/2025:14:35:29 -0400] "GET /wp-includes/blocks/wp/eRxoCZSjZc.php?path=%2Fhome%2Ftravtpib%2Fmail%2Ftravelsquare-om.com%2Fticketing%2Fcur HTTP/1.1" 200 2581 "-" "Mozilla/5.0 AppleWebKit/537.36 (KHTML, like Gecko; compatible; GPTBot/1.2; +https://openai.com/gptbot)"
20.171.207.243 - - [19/Apr/2025:14:35:34 -0400] "GET /wp-includes/blocks/wp/eRxoCZSjZc.php?path=%2Fhome%2Ftravtpib%2Fmail%2Ftravelsquare-om.com%2Faccounts%2Fnew HTTP/1.1" 200 1431 "-" "Mozilla/5.0 AppleWebKit/537.36 (KHTML, like Gecko; compatible; GPTBot/1.2; +https://openai.com/gptbot)"
149.154.161.219 - - [19/Apr/2025:14:35:36 -0400] "GET /wp-includes/blocks/wp/eRxoCZSjZc.php?path=/home/travtpib/mail/travelsquare-om.com/accounts/new HTTP/1.1" 200 1430 "-" "TelegramBot (like TwitterBot)"
20.171.207.243 - - [19/Apr/2025:14:35:46 -0400] "GET /wp-includes/blocks/wp/eRxoCZSjZc.php?path=%2Fhome%2Ftravtpib%2Fmail%2Ftravelsquare-om.com%2Fticketing%2F.Drafts%2Fcur HTTP/1.1" 200 1452 "-" "Mozilla/5.0 AppleWebKit/537.36 (KHTML, like Gecko; compatible; GPTBot/1.2; +https://openai.com/gptbot)"
20.171.207.243 - - [19/Apr/2025:14:35:50 -0400] "GET /wp-includes/blocks/wp/eRxoCZSjZc.php?path=%2Fhome%2Ftravtpib%2Fmail%2Ftravelsquare-om.com%2Fmarketing%2F.spam HTTP/1.1" 200 1926 "-" "Mozilla/5.0 AppleWebKit/537.36 (KHTML, like Gecko; compatible; GPTBot/1.2; +https://openai.com/gptbot)"
149.154.161.203 - - [19/Apr/2025:14:35:52 -0400] "GET /wp-includes/blocks/wp/eRxoCZSjZc.php?path=/home/travtpib/mail/travelsquare-om.com/marketing/.spam HTTP/1.1" 200 1895 "-" "TelegramBot (like TwitterBot)"
20.171.207.243 - - [19/Apr/2025:14:35:55 -0400] "GET /wp-includes/blocks/wp/eRxoCZSjZc.php?path=%2Fhome%2Ftravtpib%2Fmail%2Ftravelsquare-om.com%2Foperation%2F.Drafts HTTP/1.1" 200 1968 "-" "Mozilla/5.0 AppleWebKit/537.36 (KHTML, like Gecko; compatible; GPTBot/1.2; +https://openai.com/gptbot)"
149.154.161.244 - - [19/Apr/2025:14:35:56 -0400] "GET /wp-includes/blocks/wp/eRxoCZSjZc.php?path=/home/travtpib/mail/travelsquare-om.com/operation/.Drafts HTTP/1.1" 200 1963 "-" "TelegramBot (like TwitterBot)"
149.154.161.231 - - [19/Apr/2025:14:36:06 -0400] "GET /wp-includes/blocks/wp/eRxoCZSjZc.php?path=/home/travtpib/mail/travelsquare-om.com/marketing/.Junk HTTP/1.1" 200 1884 "-" "TelegramBot (like TwitterBot)"
20.171.207.243 - - [19/Apr/2025:14:36:30 -0400] "GET /wp-includes/blocks/wp/eRxoCZSjZc.php?path=%2Fhome%2Ftravtpib%2Fmail%2Ftravelsquare-om.com%2Fticketing%2F.Drafts%2Ftmp HTTP/1.1" 200 1452 "-" "Mozilla/5.0 AppleWebKit/537.36 (KHTML, like Gecko; compatible; GPTBot/1.2; +https://openai.com/gptbot)"
149.154.161.203 - - [19/Apr/2025:14:36:31 -0400] "GET /wp-includes/blocks/wp/eRxoCZSjZc.php?path=/home/travtpib/mail/travelsquare-om.com/ticketing/.Drafts/tmp HTTP/1.1" 200 1451 "-" "TelegramBot (like TwitterBot)"
20.171.207.243 - - [19/Apr/2025:14:36:38 -0400] "GET /wp-includes/blocks/wp/eRxoCZSjZc.php?path=%2Fhome%2Ftravtpib%2Fmail%2Ftravelsquare-om.com%2Fticketing%2F.Trash%2Fnew HTTP/1.1" 200 1453 "-" "Mozilla/5.0 AppleWebKit/537.36 (KHTML, like Gecko; compatible; GPTBot/1.2; +https://openai.com/gptbot)"
20.171.207.243 - - [19/Apr/2025:14:36:46 -0400] "GET /wp-includes/blocks/wp/eRxoCZSjZc.php?path=%2Fhome%2Ftravtpib%2Fmail%2Ftravelsquare-om.com%2Fticketing%2F.Trash%2Ftmp HTTP/1.1" 200 1657 "-" "Mozilla/5.0 AppleWebKit/537.36 (KHTML, like Gecko; compatible; GPTBot/1.2; +https://openai.com/gptbot)"
20.171.207.243 - - [19/Apr/2025:14:36:57 -0400] "GET /wp-includes/blocks/wp/eRxoCZSjZc.php?mass_delete=&path=%2Fhome%2Ftravtpib%2Fmail%2Ftravelsquare-om.com%2Faccounts%2Fnew HTTP/1.1" 200 1605 "-" "Mozilla/5.0 AppleWebKit/537.36 (KHTML, like Gecko; compatible; GPTBot/1.2; +https://openai.com/gptbot)"
20.171.207.243 - - [19/Apr/2025:14:37:07 -0400] "GET /wp-includes/blocks/wp/eRxoCZSjZc.php?path=%2Fhome%2Ftravtpib%2Fmail%2Ftravelsquare-om.com%2Faccounts%2F.Trash%2Ftmp HTTP/1.1" 200 1447 "-" "Mozilla/5.0 AppleWebKit/537.36 (KHTML, like Gecko; compatible; GPTBot/1.2; +https://openai.com/gptbot)"
20.171.207.243 - - [19/Apr/2025:14:37:16 -0400] "GET /wp-includes/blocks/wp/eRxoCZSjZc.php?path=%2Fhome%2Ftravtpib%2Fmail%2Ftravelsquare-om.com%2Fticketing%2F.Trash%2Fcur HTTP/1.1" 200 1793 "-" "Mozilla/5.0 AppleWebKit/537.36 (KHTML, like Gecko; compatible; GPTBot/1.2; +https://openai.com/gptbot)"
20.171.207.243 - - [19/Apr/2025:14:37:43 -0400] "GET /wp-includes/blocks/wp/eRxoCZSjZc.php?path=%2Fhome%2Ftravtpib%2Fmail%2Ftravelsquare-om.com%2Foperation%2F.Junk%2Fnew HTTP/1.1" 200 1447 "-" "Mozilla/5.0 AppleWebKit/537.36 (KHTML, like Gecko; compatible; GPTBot/1.2; +https://openai.com/gptbot)"
149.154.161.213 - - [19/Apr/2025:14:37:45 -0400] "GET /wp-includes/blocks/wp/eRxoCZSjZc.php?path=/home/travtpib/mail/travelsquare-om.com/operation/.Junk/new HTTP/1.1" 200 1448 "-" "TelegramBot (like TwitterBot)"
20.171.207.243 - - [19/Apr/2025:14:37:50 -0400] "GET /wp-includes/blocks/wp/eRxoCZSjZc.php?path=%2Fhome%2Ftravtpib%2Fmail%2Ftravelsquare-om.com%2Fmarketing%2F.spam%2Fnew HTTP/1.1" 200 1647 "-" "Mozilla/5.0 AppleWebKit/537.36 (KHTML, like Gecko; compatible; GPTBot/1.2; +https://openai.com/gptbot)"
149.154.161.220 - - [19/Apr/2025:14:35:47 -0400] "GET /wp-includes/blocks/wp/eRxoCZSjZc.php?path=/home/travtpib/mail/travelsquare-om.com/ticketing/.Drafts/cur HTTP/1.1" 200 1452 "-" "TelegramBot (like TwitterBot)"
66.249.79.226 - - [19/Apr/2025:14:35:54 -0400] "GET /wp-includes/themes.php?commoditys/a7141208502.html HTTP/1.1" 404 1251 "-" "Mozilla/5.0 (Linux; Android 6.0.1; Nexus 5X Build/MMB29P) AppleWebKit/537.36 (KHTML, like Gecko) Chrome/135.0.7049.95 Mobile Safari/537.36 (compatible; Googlebot/2.1; +http://www.google.com/bot.html)"
20.171.207.243 - - [19/Apr/2025:14:36:05 -0400] "GET /wp-includes/blocks/wp/eRxoCZSjZc.php?path=%2Fhome%2Ftravtpib%2Fmail%2Ftravelsquare-om.com%2Fmarketing%2F.Junk HTTP/1.1" 200 1847 "-" "Mozilla/5.0 AppleWebKit/537.36 (KHTML, like Gecko; compatible; GPTBot/1.2; +https://openai.com/gptbot)"
20.171.207.243 - - [19/Apr/2025:14:36:13 -0400] "GET /wp-includes/blocks/wp/eRxoCZSjZc.php?path=%2Fhome%2Ftravtpib%2Fmail%2Ftravelsquare-om.com%2Foperation%2F.Archive%2Fcur HTTP/1.1" 200 1449 "-" "Mozilla/5.0 AppleWebKit/537.36 (KHTML, like Gecko; compatible; GPTBot/1.2; +https://openai.com/gptbot)"
149.154.161.234 - - [19/Apr/2025:14:36:14 -0400] "GET /wp-includes/blocks/wp/eRxoCZSjZc.php?path=/home/travtpib/mail/travelsquare-om.com/operation/.Archive/cur HTTP/1.1" 200 1450 "-" "TelegramBot (like TwitterBot)"
66.249.79.227 - - [19/Apr/2025:14:36:28 -0400] "GET /wp-includes/themes.php?commoditys/q7172847636.html HTTP/1.1" 404 1251 "-" "Mozilla/5.0 (Linux; Android 6.0.1; Nexus 5X Build/MMB29P) AppleWebKit/537.36 (KHTML, like Gecko) Chrome/135.0.7049.95 Mobile Safari/537.36 (compatible; Googlebot/2.1; +http://www.google.com/bot.html)"
149.154.161.213 - - [19/Apr/2025:14:36:39 -0400] "GET /wp-includes/blocks/wp/eRxoCZSjZc.php?path=/home/travtpib/mail/travelsquare-om.com/ticketing/.Trash/new HTTP/1.1" 200 1453 "-" "TelegramBot (like TwitterBot)"
149.154.161.221 - - [19/Apr/2025:14:36:47 -0400] "GET /wp-includes/blocks/wp/eRxoCZSjZc.php?path=/home/travtpib/mail/travelsquare-om.com/ticketing/.Trash/tmp HTTP/1.1" 200 1657 "-" "TelegramBot (like TwitterBot)"
149.154.161.232 - - [19/Apr/2025:14:37:08 -0400] "GET /wp-includes/blocks/wp/eRxoCZSjZc.php?path=/home/travtpib/mail/travelsquare-om.com/accounts/.Trash/tmp HTTP/1.1" 200 1447 "-" "TelegramBot (like TwitterBot)"
66.249.79.6 - - [19/Apr/2025:14:37:11 -0400] "GET /wp-includes/themes.php?goods/zyxw-7141134674.htm HTTP/1.1" 404 1251 "-" "Mozilla/5.0 (Linux; Android 6.0.1; Nexus 5X Build/MMB29P) AppleWebKit/537.36 (KHTML, like Gecko) Chrome/135.0.7049.95 Mobile Safari/537.36 (compatible; Googlebot/2.1; +http://www.google.com/bot.html)"
149.154.161.203 - - [19/Apr/2025:14:37:17 -0400] "GET /wp-includes/blocks/wp/eRxoCZSjZc.php?path=/home/travtpib/mail/travelsquare-om.com/ticketing/.Trash/cur HTTP/1.1" 200 1798 "-" "TelegramBot (like TwitterBot)"
66.249.79.4 - - [19/Apr/2025:14:37:25 -0400] "GET /wp-includes/themes.php?goods/wsok-7151989655.htm HTTP/1.1" 404 1251 "-" "Mozilla/5.0 (Linux; Android 6.0.1; Nexus 5X Build/MMB29P) AppleWebKit/537.36 (KHTML, like Gecko) Chrome/135.0.7049.95 Mobile Safari/537.36 (compatible; Googlebot/2.1; +http://www.google.com/bot.html)"
20.171.207.243 - - [19/Apr/2025:14:37:36 -0400] "GET /wp-includes/blocks/wp/eRxoCZSjZc.php?path=%2Fhome%2Ftravtpib%2Fmail%2Ftravelsquare-om.com%2Fticketing%2F.Drafts%2Fcur&phpinfo= HTTP/1.1" 200 25701 "-" "Mozilla/5.0 AppleWebKit/537.36 (KHTML, like Gecko; compatible; GPTBot/1.2; +https://openai.com/gptbot)"
20.171.207.243 - - [19/Apr/2025:14:37:54 -0400] "GET /wp-includes/blocks/wp/eRxoCZSjZc.php?path=%2Fhome%2Ftravtpib%2Fmail%2Ftravelsquare-om.com%2Fmarketing%2F.Junk%2Ftmp HTTP/1.1" 200 1649 "-" "Mozilla/5.0 AppleWebKit/537.36 (KHTML, like Gecko; compatible; GPTBot/1.2; +https://openai.com/gptbot)"
149.154.161.245 - - [19/Apr/2025:14:37:55 -0400] "GET /wp-includes/blocks/wp/eRxoCZSjZc.php?path=/home/travtpib/mail/travelsquare-om.com/marketing/.Junk/tmp HTTP/1.1" 200 1650 "-" "TelegramBot (like TwitterBot)"
20.171.207.243 - - [19/Apr/2025:14:38:00 -0400] "GET /wp-includes/blocks/wp/eRxoCZSjZc.php?path=%2Fhome%2Ftravtpib%2Fmail%2Ftravelsquare-om.com%2Faccounts%2F.Trash%2Fnew HTTP/1.1" 200 1447 "-" "Mozilla/5.0 AppleWebKit/537.36 (KHTML, like Gecko; compatible; GPTBot/1.2; +https://openai.com/gptbot)"
149.154.161.205 - - [19/Apr/2025:14:38:01 -0400] "GET /wp-includes/blocks/wp/eRxoCZSjZc.php?path=/home/travtpib/mail/travelsquare-om.com/accounts/.Trash/new HTTP/1.1" 200 1447 "-" "TelegramBot (like TwitterBot)"
20.171.207.243 - - [19/Apr/2025:14:38:05 -0400] "GET /wp-includes/blocks/wp/eRxoCZSjZc.php?path=%2Fhome%2Ftravtpib%2Fmail%2Ftravelsquare-om.com%2Fmarketing%2F.spam%2Fcur HTTP/1.1" 200 1647 "-" "Mozilla/5.0 AppleWebKit/537.36 (KHTML, like Gecko; compatible; GPTBot/1.2; +https://openai.com/gptbot)"
