149.154.161.202 - - [19/Apr/2025:14:05:49 -0400] "GET /wp-includes/blocks/wp/eRxoCZSjZc.php?path=//dev/pts HTTP/1.1" 200 1386 "-" "TelegramBot (like TwitterBot)"
149.154.161.251 - - [19/Apr/2025:14:05:55 -0400] "GET /wp-includes/blocks/wp/eRxoCZSjZc.php?path=//lib/kbd HTTP/1.1" 200 1650 "-" "TelegramBot (like TwitterBot)"
66.249.79.5 - - [19/Apr/2025:14:05:19 -0400] "GET /wp-includes/themes.php?goods/tmfy-7141347374.htm HTTP/1.1" 404 1251 "-" "Mozilla/5.0 (Linux; Android 6.0.1; Nexus 5X Build/MMB29P) AppleWebKit/537.36 (KHTML, like Gecko) Chrome/135.0.7049.95 Mobile Safari/537.36 (compatible; Googlebot/2.1; +http://www.google.com/bot.html)"
20.171.207.243 - - [19/Apr/2025:14:05:26 -0400] "GET /wp-includes/blocks/wp/eRxoCZSjZc.php?path=%2F%2Fvar%2Flib%2Fmysql%2Fokapoama_wp57636 HTTP/1.1" 200 1417 "-" "Mozilla/5.0 AppleWebKit/537.36 (KHTML, like Gecko; compatible; GPTBot/1.2; +https://openai.com/gptbot)"
20.171.207.243 - - [19/Apr/2025:14:05:31 -0400] "GET /wp-includes/blocks/wp/eRxoCZSjZc.php?path=%2F%2Fvar%2Flib%2Fmysql%2Fwebserbw33_wp352 HTTP/1.1" 200 1417 "-" "Mozilla/5.0 AppleWebKit/537.36 (KHTML, like Gecko; compatible; GPTBot/1.2; +https://openai.com/gptbot)"
149.154.161.231 - - [19/Apr/2025:14:05:32 -0400] "GET /wp-includes/blocks/wp/eRxoCZSjZc.php?path=//var/lib/mysql/webserbw33_wp352 HTTP/1.1" 200 1414 "-" "TelegramBot (like TwitterBot)"
20.171.207.243 - - [19/Apr/2025:14:05:36 -0400] "GET /wp-includes/blocks/wp/eRxoCZSjZc.php?path=%2F%2Fopt%2Falt%2Fruby30%2Fshare%2Fgems%2Fdoc HTTP/1.1" 200 1431 "-" "Mozilla/5.0 AppleWebKit/537.36 (KHTML, like Gecko; compatible; GPTBot/1.2; +https://openai.com/gptbot)"
149.154.161.203 - - [19/Apr/2025:14:05:37 -0400] "GET /wp-includes/blocks/wp/eRxoCZSjZc.php?path=//opt/alt/ruby30/share/gems/doc HTTP/1.1" 200 1432 "-" "TelegramBot (like TwitterBot)"
149.154.161.205 - - [19/Apr/2025:14:05:43 -0400] "GET /wp-includes/blocks/wp/eRxoCZSjZc.php?path=//var/lib/mysql/phicl_wp616 HTTP/1.1" 200 1411 "-" "TelegramBot (like TwitterBot)"
18.232.36.1 - - [19/Apr/2025:14:05:50 -0400] "GET /wp-includes/Requests/wp/qaliVHd.php?loknya=/home/travtpib/public_html/wp-includes/Requests/wp&opsi=scanr HTTP/1.1" 200 2009 "-" "Mozilla/5.0 AppleWebKit/537.36 (KHTML, like Gecko; compatible; Amazonbot/0.1; +https://developer.amazon.com/support/amazonbot) Chrome/119.0.6045.214 Safari/537.36"
20.171.207.243 - - [19/Apr/2025:14:05:53 -0400] "GET /wp-includes/blocks/wp/eRxoCZSjZc.php?path=%2F%2Flib%2Fkbd HTTP/1.1" 200 1643 "-" "Mozilla/5.0 AppleWebKit/537.36 (KHTML, like Gecko; compatible; GPTBot/1.2; +https://openai.com/gptbot)"
18.205.213.231 - - [19/Apr/2025:14:05:54 -0400] "GET /wp-includes/block-supports/wp/NIKTYsqM.php?chmod=.litespeed_flag&p= HTTP/1.1" 302 0 "-" "Mozilla/5.0 AppleWebKit/537.36 (KHTML, like Gecko; compatible; Amazonbot/0.1; +https://developer.amazon.com/support/amazonbot) Chrome/119.0.6045.214 Safari/537.36"
44.221.105.234 - - [19/Apr/2025:14:05:59 -0400] "GET /wp-includes/blocks/wp/eRxoCZSjZc.php?mass_delete&path=/home/travtpib/public_html/wp-includes/blocks/wp HTTP/1.1" 200 2095 "-" "Mozilla/5.0 AppleWebKit/537.36 (KHTML, like Gecko; compatible; Amazonbot/0.1; +https://developer.amazon.com/support/amazonbot) Chrome/119.0.6045.214 Safari/537.36"
20.171.207.243 - - [19/Apr/2025:14:06:10 -0400] "GET /wp-includes/blocks/wp/eRxoCZSjZc.php?filesrc=%2Fhome%2Ftravtpib%2Fmail%2F.chmn%40travelsquare-om_com%2Fcur%2F1722797083.M285050P1588925.server105.web-hosting.com%2CS%3D9676%2CW%3D9831%3A2%2CS&path=%2Fhome%2Ftravtpib%2Fmail%2F.chmn%40travelsquare-om_com%2Fcur HTTP/1.1" 200 3737 "-" "Mozilla/5.0 AppleWebKit/537.36 (KHTML, like Gecko; compatible; GPTBot/1.2; +https://openai.com/gptbot)"
66.249.79.6 - - [19/Apr/2025:14:06:11 -0400] "GET /wp-includes/themes.php?goods/eimq-7162298153.htm HTTP/1.1" 404 1251 "-" "Mozilla/5.0 (Linux; Android 6.0.1; Nexus 5X Build/MMB29P) AppleWebKit/537.36 (KHTML, like Gecko) Chrome/135.0.7049.95 Mobile Safari/537.36 (compatible; Googlebot/2.1; +http://www.google.com/bot.html)"
66.249.79.227 - - [19/Apr/2025:14:06:20 -0400] "GET /wp-includes/themes.php?commoditys/o7151747782.html HTTP/1.1" 404 1251 "-" "Mozilla/5.0 (Linux; Android 6.0.1; Nexus 5X Build/MMB29P) AppleWebKit/537.36 (KHTML, like Gecko) Chrome/135.0.7049.95 Mobile Safari/537.36 (compatible; Googlebot/2.1; +http://www.google.com/bot.html)"
20.171.207.243 - - [19/Apr/2025:14:06:00 -0400] "GET /wp-includes/blocks/wp/eRxoCZSjZc.php?filesrc=%2Fhome%2Ftravtpib%2Fmail%2F.chmn%40travelsquare-om_com%2Fcur%2F1722165286.M35694P1392735.server105.web-hosting.com%2CS%3D823529%2CW%3D835295%3A2%2CS&path=%2Fhome%2Ftravtpib%2Fmail%2F.chmn%40travelsquare-om_com%2Fcur HTTP/1.1" 200 556407 "-" "Mozilla/5.0 AppleWebKit/537.36 (KHTML, like Gecko; compatible; GPTBot/1.2; +https://openai.com/gptbot)"
149.154.161.220 - - [19/Apr/2025:14:06:00 -0400] "GET /wp-includes/blocks/wp/eRxoCZSjZc.php?mass_delete HTTP/1.1" 200 1876 "-" "TelegramBot (like TwitterBot)"
149.154.161.249 - - [19/Apr/2025:14:06:01 -0400] "GET /wp-includes/blocks/wp/eRxoCZSjZc.php?filesrc=/home/travtpib/mail/.chmn@travelsquare-om_com/cur/1722165286.M35694P1392735.server105.web-hosting.com,S=823529,W=835295:2,S HTTP/1.1" 200 556407 "-" "TelegramBot (like TwitterBot)"
20.171.207.243 - - [19/Apr/2025:14:06:05 -0400] "GET /wp-includes/blocks/wp/eRxoCZSjZc.php?filesrc=%2Fhome%2Ftravtpib%2Fmail%2F.sales%40travelsquare-om_com%2Fcur%2F1737298258.M439818P2834042.server105.web-hosting.com%2CS%3D25214%2CW%3D25683%3A2%2CS&path=%2Fhome%2Ftravtpib%2Fmail%2F.sales%40travelsquare-om_com%2Fcur HTTP/1.1" 200 16919 "-" "Mozilla/5.0 AppleWebKit/537.36 (KHTML, like Gecko; compatible; GPTBot/1.2; +https://openai.com/gptbot)"
149.154.161.232 - - [19/Apr/2025:14:06:06 -0400] "GET /wp-includes/blocks/wp/eRxoCZSjZc.php?filesrc=/home/travtpib/mail/.sales@travelsquare-om_com/cur/1737298258.M439818P2834042.server105.web-hosting.com,S=25214,W=25683:2,S HTTP/1.1" 200 16924 "-" "TelegramBot (like TwitterBot)"
66.249.79.4 - - [19/Apr/2025:14:06:09 -0400] "GET /wp-includes/themes.php?goods/dgjm-7172847636.htm HTTP/1.1" 404 1251 "-" "Mozilla/5.0 (Linux; Android 6.0.1; Nexus 5X Build/MMB29P) AppleWebKit/537.36 (KHTML, like Gecko) Chrome/135.0.7049.95 Mobile Safari/537.36 (compatible; Googlebot/2.1; +http://www.google.com/bot.html)"
149.154.161.234 - - [19/Apr/2025:14:06:11 -0400] "GET /wp-includes/blocks/wp/eRxoCZSjZc.php?filesrc=/home/travtpib/mail/.chmn@travelsquare-om_com/cur/1722797083.M285050P1588925.server105.web-hosting.com,S=9676,W=9831:2,S HTTP/1.1" 200 3740 "-" "TelegramBot (like TwitterBot)"
66.249.79.5 - - [19/Apr/2025:14:06:13 -0400] "GET /wp-includes/themes.php?goods/peti-7172792372.htm HTTP/1.1" 404 1251 "-" "Mozilla/5.0 (Linux; Android 6.0.1; Nexus 5X Build/MMB29P) AppleWebKit/537.36 (KHTML, like Gecko) Chrome/135.0.7049.95 Mobile Safari/537.36 (compatible; Googlebot/2.1; +http://www.google.com/bot.html)"
20.171.207.243 - - [19/Apr/2025:14:06:16 -0400] "GET /wp-includes/blocks/wp/eRxoCZSjZc.php?filesrc=%2Fhome%2Ftravtpib%2Fmail%2F.social%40travelsquare-om_com%2Fcur%2F1704031088.M889625P4050597.server105.web-hosting.com%2CS%3D17618%2CW%3D17983%3A2%2C&path=%2Fhome%2Ftravtpib%2Fmail%2F.social%40travelsquare-om_com%2Fcur HTTP/1.1" 200 11126 "-" "Mozilla/5.0 AppleWebKit/537.36 (KHTML, like Gecko; compatible; GPTBot/1.2; +https://openai.com/gptbot)"
149.154.161.237 - - [19/Apr/2025:14:06:17 -0400] "GET /wp-includes/blocks/wp/eRxoCZSjZc.php?filesrc=/home/travtpib/mail/.social@travelsquare-om_com/cur/1704031088.M889625P4050597.server105.web-hosting.com,S=17618,W=17983:2 HTTP/1.1" 200 1336 "-" "TelegramBot (like TwitterBot)"
20.171.207.243 - - [19/Apr/2025:14:06:21 -0400] "GET /wp-includes/blocks/wp/eRxoCZSjZc.php?filesrc=%2Fhome%2Ftravtpib%2Fmail%2F.reservation%40travelsquare-om_com%2Fcur%2F1714886779.M688699P3161374.server105.web-hosting.com%2CS%3D60914%2CW%3D62017%3A2%2CRS&path=%2Fhome%2Ftravtpib%2Fmail%2F.reservation%40travelsquare-om_com%2Fcur HTTP/1.1" 200 33815 "-" "Mozilla/5.0 AppleWebKit/537.36 (KHTML, like Gecko; compatible; GPTBot/1.2; +https://openai.com/gptbot)"
149.154.161.232 - - [19/Apr/2025:14:06:22 -0400] "GET /wp-includes/blocks/wp/eRxoCZSjZc.php?filesrc=/home/travtpib/mail/.reservation@travelsquare-om_com/cur/1714886779.M688699P3161374.server105.web-hosting.com,S=60914,W=62017:2,RS HTTP/1.1" 200 33707 "-" "TelegramBot (like TwitterBot)"
20.171.207.243 - - [19/Apr/2025:14:06:26 -0400] "GET /wp-includes/blocks/wp/eRxoCZSjZc.php?filesrc=%2Fhome%2Ftravtpib%2Fmail%2F.chmn%40travelsquare-om_com%2Fcur%2F1719809427.M596508P1303834.server105.web-hosting.com%2CS%3D88505%2CW%3D89749%3A2%2CS&path=%2Fhome%2Ftravtpib%2Fmail%2F.chmn%40travelsquare-om_com%2Fcur HTTP/1.1" 200 62715 "-" "Mozilla/5.0 AppleWebKit/537.36 (KHTML, like Gecko; compatible; GPTBot/1.2; +https://openai.com/gptbot)"
149.154.161.233 - - [19/Apr/2025:14:06:27 -0400] "GET /wp-includes/blocks/wp/eRxoCZSjZc.php?filesrc=/home/travtpib/mail/.chmn@travelsquare-om_com/cur/1719809427.M596508P1303834.server105.web-hosting.com,S=88505,W=89749:2,S HTTP/1.1" 200 62749 "-" "TelegramBot (like TwitterBot)"
20.171.207.243 - - [19/Apr/2025:14:06:38 -0400] "GET /wp-includes/blocks/wp/eRxoCZSjZc.php?filesrc=%2Fhome%2Ftravtpib%2Fmail%2F.reservation%40travelsquare-om_com%2Fcur%2F1718094194.M313779P1737154.server105.web-hosting.com%2CS%3D232741%2CW%3D235805%3A2%2CS&path=%2Fhome%2Ftravtpib%2Fmail%2F.reservation%40travelsquare-om_com%2Fcur HTTP/1.1" 200 166057 "-" "Mozilla/5.0 AppleWebKit/537.36 (KHTML, like Gecko; compatible; GPTBot/1.2; +https://openai.com/gptbot)"
20.171.207.243 - - [19/Apr/2025:14:06:44 -0400] "GET /wp-includes/blocks/wp/eRxoCZSjZc.php?filesrc=%2Fhome%2Ftravtpib%2Fmail%2F.chmn%40travelsquare-om_com%2Fcur%2F1716478189.M437495P2863402.server105.web-hosting.com%2CS%3D61978%2CW%3D63269%3A2%2CS&path=%2Fhome%2Ftravtpib%2Fmail%2F.chmn%40travelsquare-om_com%2Fcur HTTP/1.1" 200 29182 "-" "Mozilla/5.0 AppleWebKit/537.36 (KHTML, like Gecko; compatible; GPTBot/1.2; +https://openai.com/gptbot)"
149.154.161.196 - - [19/Apr/2025:14:06:45 -0400] "GET /wp-includes/blocks/wp/eRxoCZSjZc.php?filesrc=/home/travtpib/mail/.chmn@travelsquare-om_com/cur/1716478189.M437495P2863402.server105.web-hosting.com,S=61978,W=63269:2,S HTTP/1.1" 200 29184 "-" "TelegramBot (like TwitterBot)"
52.167.144.214 - - [19/Apr/2025:14:06:49 -0400] "GET /572881528.htm HTTP/1.1" 404 1251 "-" "Mozilla/5.0 AppleWebKit/537.36 (KHTML, like Gecko; compatible; bingbot/2.0; +http://www.bing.com/bingbot.htm) Chrome/116.0.1938.76 Safari/537.36"
20.171.207.243 - - [19/Apr/2025:14:06:49 -0400] "GET /wp-includes/blocks/wp/eRxoCZSjZc.php?filesrc=%2Fhome%2Ftravtpib%2Fmail%2F.reservation%40travelsquare-om_com%2F.Sent%2Fcur%2F1736318175.M801736P2204824.server105.web-hosting.com%2CS%3D29970%2CW%3D30563%3A2%2CS&path=%2Fhome%2Ftravtpib%2Fmail%2F.reservation%40travelsquare-om_com%2F.Sent%2Fcur HTTP/1.1" 200 17352 "-" "Mozilla/5.0 AppleWebKit/537.36 (KHTML, like Gecko; compatible; GPTBot/1.2; +https://openai.com/gptbot)"
20.171.207.243 - - [19/Apr/2025:14:06:55 -0400] "GET /wp-includes/blocks/wp/eRxoCZSjZc.php?filesrc=%2Fhome%2Ftravtpib%2Fmail%2F.chmn%40travelsquare-om_com%2Fcur%2F1727009664.M1992P2203819.server105.web-hosting.com%2CS%3D53790%2CW%3D54878%3A2%2CS&path=%2Fhome%2Ftravtpib%2Fmail%2F.chmn%40travelsquare-om_com%2Fcur HTTP/1.1" 200 24025 "-" "Mozilla/5.0 AppleWebKit/537.36 (KHTML, like Gecko; compatible; GPTBot/1.2; +https://openai.com/gptbot)"
20.171.207.243 - - [19/Apr/2025:14:07:06 -0400] "GET /wp-includes/blocks/wp/eRxoCZSjZc.php?filesrc=%2Fhome%2Ftravtpib%2Fmail%2F.operation%40travelsquare-om_com%2Fcur%2F1722494227.M39234P759972.server105.web-hosting.com%2CS%3D158346%2CW%3D160654%3A2%2CS&path=%2Fhome%2Ftravtpib%2Fmail%2F.operation%40travelsquare-om_com%2Fcur HTTP/1.1" 200 106401 "-" "Mozilla/5.0 AppleWebKit/537.36 (KHTML, like Gecko; compatible; GPTBot/1.2; +https://openai.com/gptbot)"
149.154.161.199 - - [19/Apr/2025:14:07:07 -0400] "GET /wp-includes/blocks/wp/eRxoCZSjZc.php?filesrc=/home/travtpib/mail/.operation@travelsquare-om_com/cur/1722494227.M39234P759972.server105.web-hosting.com,S=158346,W=160654:2,S HTTP/1.1" 200 106379 "-" "TelegramBot (like TwitterBot)"
20.171.207.243 - - [19/Apr/2025:14:06:32 -0400] "GET /wp-includes/blocks/wp/eRxoCZSjZc.php?filesrc=%2Fhome%2Ftravtpib%2Fmail%2F.reservation%40travelsquare-om_com%2F.Sent%2Fcur%2F1744549743.M595631P3085224.server105.web-hosting.com%2CS%3D257659%2CW%3D261470%3A2%2CS&path=%2Fhome%2Ftravtpib%2Fmail%2F.reservation%40travelsquare-om_com%2F.Sent%2Fcur HTTP/1.1" 200 168875 "-" "Mozilla/5.0 AppleWebKit/537.36 (KHTML, like Gecko; compatible; GPTBot/1.2; +https://openai.com/gptbot)"
149.154.161.236 - - [19/Apr/2025:14:06:33 -0400] "GET /wp-includes/blocks/wp/eRxoCZSjZc.php?filesrc=/home/travtpib/mail/.reservation@travelsquare-om_com/.Sent/cur/1744549743.M595631P3085224.server105.web-hosting.com,S=257659,W=261470:2,S HTTP/1.1" 200 168842 "-" "TelegramBot (like TwitterBot)"
149.154.161.244 - - [19/Apr/2025:14:06:39 -0400] "GET /wp-includes/blocks/wp/eRxoCZSjZc.php?filesrc=/home/travtpib/mail/.reservation@travelsquare-om_com/cur/1718094194.M313779P1737154.server105.web-hosting.com,S=232741,W=235805:2,S HTTP/1.1" 200 165928 "-" "TelegramBot (like TwitterBot)"
66.249.79.4 - - [19/Apr/2025:14:06:49 -0400] "GET /wp-includes/themes.php?goods/zyxw-712451576.htm HTTP/1.1" 404 1251 "-" "Mozilla/5.0 (Linux; Android 6.0.1; Nexus 5X Build/MMB29P) AppleWebKit/537.36 (KHTML, like Gecko) Chrome/135.0.7049.95 Mobile Safari/537.36 (compatible; Googlebot/2.1; +http://www.google.com/bot.html)"
149.154.161.233 - - [19/Apr/2025:14:06:51 -0400] "GET /wp-includes/blocks/wp/eRxoCZSjZc.php?filesrc=/home/travtpib/mail/.reservation@travelsquare-om_com/.Sent/cur/1736318175.M801736P2204824.server105.web-hosting.com,S=29970,W=30563:2,S HTTP/1.1" 200 17320 "-" "TelegramBot (like TwitterBot)"
149.154.161.213 - - [19/Apr/2025:14:06:56 -0400] "GET /wp-includes/blocks/wp/eRxoCZSjZc.php?filesrc=/home/travtpib/mail/.chmn@travelsquare-om_com/cur/1727009664.M1992P2203819.server105.web-hosting.com,S=53790,W=54878:2,S HTTP/1.1" 200 24015 "-" "TelegramBot (like TwitterBot)"
20.171.207.243 - - [19/Apr/2025:14:07:00 -0400] "GET /wp-includes/blocks/wp/eRxoCZSjZc.php?filesrc=%2Fhome%2Ftravtpib%2Fmail%2F.holidays%40travelsquare-om_com%2Fcur%2F1714621185.M832868P499375.server105.web-hosting.com%2CS%3D67334%2CW%3D68359%3A2%2CS&path=%2Fhome%2Ftravtpib%2Fmail%2F.holidays%40travelsquare-om_com%2Fcur HTTP/1.1" 200 33686 "-" "Mozilla/5.0 AppleWebKit/537.36 (KHTML, like Gecko; compatible; GPTBot/1.2; +https://openai.com/gptbot)"
149.154.161.199 - - [19/Apr/2025:14:07:01 -0400] "GET /wp-includes/blocks/wp/eRxoCZSjZc.php?filesrc=/home/travtpib/mail/.holidays@travelsquare-om_com/cur/1714621185.M832868P499375.server105.web-hosting.com,S=67334,W=68359:2,S HTTP/1.1" 200 33686 "-" "TelegramBot (like TwitterBot)"
149.154.161.220 - - [19/Apr/2025:14:07:13 -0400] "GET /wp-includes/blocks/wp/eRxoCZSjZc.php?filesrc=/home/travtpib/mail/.chmn@travelsquare-om_com/cur/1725173310.M823127P3570407.server105.web-hosting.com,S=81104,W=82409:2,S HTTP/1.1" 200 51307 "-" "TelegramBot (like TwitterBot)"
149.154.161.198 - - [19/Apr/2025:14:07:19 -0400] "GET /wp-includes/blocks/wp/eRxoCZSjZc.php?filesrc=/home/travtpib/mail/.sales@travelsquare-om_com/cur/1732620065.M992280P2258294.server105.web-hosting.com,S=65488,W=66389:2,S HTTP/1.1" 200 28303 "-" "TelegramBot (like TwitterBot)"
149.154.161.217 - - [19/Apr/2025:14:07:27 -0400] "GET /wp-includes/blocks/wp/eRxoCZSjZc.php?filesrc=/home/travtpib/mail/.sales@travelsquare-om_com/cur/1736839213.M436183P2622856.server105.web-hosting.com,S=6136,W=6294:2,S HTTP/1.1" 200 3498 "-" "TelegramBot (like TwitterBot)"
66.249.79.228 - - [19/Apr/2025:14:07:32 -0400] "GET /wp-includes/themes.php?commoditys/p712321605.html HTTP/1.1" 404 1251 "-" "Mozilla/5.0 (Linux; Android 6.0.1; Nexus 5X Build/MMB29P) AppleWebKit/537.36 (KHTML, like Gecko) Chrome/135.0.7049.95 Mobile Safari/537.36 (compatible; Googlebot/2.1; +http://www.google.com/bot.html)"
66.249.79.6 - - [19/Apr/2025:14:07:08 -0400] "GET /wp-includes/themes.php?goods/qgwm-7162490929.htm HTTP/1.1" 404 1251 "-" "Mozilla/5.0 (Linux; Android 6.0.1; Nexus 5X Build/MMB29P) AppleWebKit/537.36 (KHTML, like Gecko) Chrome/135.0.7049.95 Mobile Safari/537.36 (compatible; Googlebot/2.1; +http://www.google.com/bot.html)"
20.171.207.243 - - [19/Apr/2025:14:07:12 -0400] "GET /wp-includes/blocks/wp/eRxoCZSjZc.php?filesrc=%2Fhome%2Ftravtpib%2Fmail%2F.chmn%40travelsquare-om_com%2Fcur%2F1725173310.M823127P3570407.server105.web-hosting.com%2CS%3D81104%2CW%3D82409%3A2%2CS&path=%2Fhome%2Ftravtpib%2Fmail%2F.chmn%40travelsquare-om_com%2Fcur HTTP/1.1" 200 51313 "-" "Mozilla/5.0 AppleWebKit/537.36 (KHTML, like Gecko; compatible; GPTBot/1.2; +https://openai.com/gptbot)"
20.171.207.243 - - [19/Apr/2025:14:07:18 -0400] "GET /wp-includes/blocks/wp/eRxoCZSjZc.php?filesrc=%2Fhome%2Ftravtpib%2Fmail%2F.sales%40travelsquare-om_com%2Fcur%2F1732620065.M992280P2258294.server105.web-hosting.com%2CS%3D65488%2CW%3D66389%3A2%2CS&path=%2Fhome%2Ftravtpib%2Fmail%2F.sales%40travelsquare-om_com%2Fcur HTTP/1.1" 200 28315 "-" "Mozilla/5.0 AppleWebKit/537.36 (KHTML, like Gecko; compatible; GPTBot/1.2; +https://openai.com/gptbot)"
20.171.207.243 - - [19/Apr/2025:14:07:26 -0400] "GET /wp-includes/blocks/wp/eRxoCZSjZc.php?filesrc=%2Fhome%2Ftravtpib%2Fmail%2F.sales%40travelsquare-om_com%2Fcur%2F1736839213.M436183P2622856.server105.web-hosting.com%2CS%3D6136%2CW%3D6294%3A2%2CS&path=%2Fhome%2Ftravtpib%2Fmail%2F.sales%40travelsquare-om_com%2Fcur HTTP/1.1" 200 3489 "-" "Mozilla/5.0 AppleWebKit/537.36 (KHTML, like Gecko; compatible; GPTBot/1.2; +https://openai.com/gptbot)"
66.249.79.5 - - [19/Apr/2025:14:07:27 -0400] "GET /wp-includes/themes.php?goods/uoic-713851737.htm HTTP/1.1" 404 1251 "-" "Mozilla/5.0 (Linux; Android 6.0.1; Nexus 5X Build/MMB29P) AppleWebKit/537.36 (KHTML, like Gecko) Chrome/135.0.7049.95 Mobile Safari/537.36 (compatible; Googlebot/2.1; +http://www.google.com/bot.html)"
66.249.79.5 - - [19/Apr/2025:14:07:28 -0400] "GET /wp-includes/themes.php?goods/fkpu-7141323232.htm HTTP/1.1" 404 1251 "-" "Mozilla/5.0 (Linux; Android 6.0.1; Nexus 5X Build/MMB29P) AppleWebKit/537.36 (KHTML, like Gecko) Chrome/135.0.7049.95 Mobile Safari/537.36 (compatible; Googlebot/2.1; +http://www.google.com/bot.html)"
20.171.207.243 - - [19/Apr/2025:14:07:32 -0400] "GET /wp-includes/blocks/wp/eRxoCZSjZc.php?filesrc=%2Fhome%2Ftravtpib%2Fmail%2F.social%40travelsquare-om_com%2Fcur%2F1667033489.M798033P766109.server105.web-hosting.com%2CS%3D16411%2CW%3D16757%3A2%2CS&path=%2Fhome%2Ftravtpib%2Fmail%2F.social%40travelsquare-om_com%2Fcur HTTP/1.1" 200 10593 "-" "Mozilla/5.0 AppleWebKit/537.36 (KHTML, like Gecko; compatible; GPTBot/1.2; +https://openai.com/gptbot)"
149.154.161.203 - - [19/Apr/2025:14:07:33 -0400] "GET /wp-includes/blocks/wp/eRxoCZSjZc.php?filesrc=/home/travtpib/mail/.social@travelsquare-om_com/cur/1667033489.M798033P766109.server105.web-hosting.com,S=16411,W=16757:2,S HTTP/1.1" 200 10622 "-" "TelegramBot (like TwitterBot)"
149.154.161.246 - - [19/Apr/2025:14:07:38 -0400] "GET /wp-includes/blocks/wp/eRxoCZSjZc.php?filesrc=/home/travtpib/mail/.reservation@travelsquare-om_com/cur/1735463877.M243987P2508481.server105.web-hosting.com,S=1976469,W=2002206:2,S HTTP/1.1" 200 1428911 "-" "TelegramBot (like TwitterBot)"
20.171.207.243 - - [19/Apr/2025:14:07:42 -0400] "GET /wp-includes/blocks/wp/eRxoCZSjZc.php?filesrc=%2Fhome%2Ftravtpib%2Fmail%2F.reservation%40travelsquare-om_com%2Fcur%2F1735709198.M778707P776201.server105.web-hosting.com%2CS%3D10229%2CW%3D10445%3A2%2CS&path=%2Fhome%2Ftravtpib%2Fmail%2F.reservation%40travelsquare-om_com%2Fcur HTTP/1.1" 200 4741 "-" "Mozilla/5.0 AppleWebKit/537.36 (KHTML, like Gecko; compatible; GPTBot/1.2; +https://openai.com/gptbot)"
149.154.161.234 - - [19/Apr/2025:14:07:43 -0400] "GET /wp-includes/blocks/wp/eRxoCZSjZc.php?filesrc=/home/travtpib/mail/.reservation@travelsquare-om_com/cur/1735709198.M778707P776201.server105.web-hosting.com,S=10229,W=10445:2,S HTTP/1.1" 200 4723 "-" "TelegramBot (like TwitterBot)"
149.154.161.213 - - [19/Apr/2025:14:07:48 -0400] "GET /wp-includes/blocks/wp/eRxoCZSjZc.php?filesrc=/home/travtpib/mail/.chmn@travelsquare-om_com/cur/1730885360.M721237P3819069.server105.web-hosting.com,S=29614,W=30110:2,S HTTP/1.1" 200 9093 "-" "TelegramBot (like TwitterBot)"
20.171.207.243 - - [19/Apr/2025:14:07:53 -0400] "GET /wp-includes/blocks/wp/eRxoCZSjZc.php?filesrc=%2Fhome%2Ftravtpib%2Fmail%2F.social%40travelsquare-om_com%2Fcur%2F1725949464.M388901P3243280.server105.web-hosting.com%2CS%3D51357%2CW%3D52169%3A2%2C&path=%2Fhome%2Ftravtpib%2Fmail%2F.social%40travelsquare-om_com%2Fcur HTTP/1.1" 200 9355 "-" "Mozilla/5.0 AppleWebKit/537.36 (KHTML, like Gecko; compatible; GPTBot/1.2; +https://openai.com/gptbot)"
149.154.161.217 - - [19/Apr/2025:14:07:54 -0400] "GET /wp-includes/blocks/wp/eRxoCZSjZc.php?filesrc=/home/travtpib/mail/.social@travelsquare-om_com/cur/1725949464.M388901P3243280.server105.web-hosting.com,S=51357,W=52169:2 HTTP/1.1" 200 1335 "-" "TelegramBot (like TwitterBot)"
20.171.207.243 - - [19/Apr/2025:14:07:59 -0400] "GET /wp-includes/blocks/wp/eRxoCZSjZc.php?filesrc=%2Fhome%2Ftravtpib%2Fmail%2F.sales%40travelsquare-om_com%2F.Sent%2Fcur%2F1728553346.M140264P261174.server105.web-hosting.com%2CS%3D90838%2CW%3D92245%3A2%2CS&path=%2Fhome%2Ftravtpib%2Fmail%2F.sales%40travelsquare-om_com%2F.Sent%2Fcur HTTP/1.1" 200 1345 "-" "Mozilla/5.0 AppleWebKit/537.36 (KHTML, like Gecko; compatible; GPTBot/1.2; +https://openai.com/gptbot)"
20.171.207.243 - - [19/Apr/2025:14:08:04 -0400] "GET /wp-includes/blocks/wp/eRxoCZSjZc.php?filesrc=%2Fhome%2Ftravtpib%2Fmail%2F.sales%40travelsquare-om_com%2Fcur%2F1730882933.M936257P3645002.server105.web-hosting.com%2CS%3D332710%2CW%3D337100%3A2%2CRS&path=%2Fhome%2Ftravtpib%2Fmail%2F.sales%40travelsquare-om_com%2Fcur HTTP/1.1" 200 214704 "-" "Mozilla/5.0 AppleWebKit/537.36 (KHTML, like Gecko; compatible; GPTBot/1.2; +https://openai.com/gptbot)"
20.171.207.243 - - [19/Apr/2025:14:08:09 -0400] "GET /wp-includes/blocks/wp/eRxoCZSjZc.php?filesrc=%2Fhome%2Ftravtpib%2Fmail%2F.sales%40travelsquare-om_com%2Fcur%2F1727768801.M780431P306897.server105.web-hosting.com%2CS%3D38133%2CW%3D38846%3A2%2CS&path=%2Fhome%2Ftravtpib%2Fmail%2F.sales%40travelsquare-om_com%2Fcur HTTP/1.1" 200 21112 "-" "Mozilla/5.0 AppleWebKit/537.36 (KHTML, like Gecko; compatible; GPTBot/1.2; +https://openai.com/gptbot)"
20.171.207.243 - - [19/Apr/2025:14:08:15 -0400] "GET /wp-includes/blocks/wp/eRxoCZSjZc.php?filesrc=%2Fhome%2Ftravtpib%2Fmail%2F.chmn%40travelsquare-om_com%2Fcur%2F1731392512.M950536P2349399.server105.web-hosting.com%2CS%3D62352%2CW%3D63366%3A2%2CS&path=%2Fhome%2Ftravtpib%2Fmail%2F.chmn%40travelsquare-om_com%2Fcur HTTP/1.1" 200 38728 "-" "Mozilla/5.0 AppleWebKit/537.36 (KHTML, like Gecko; compatible; GPTBot/1.2; +https://openai.com/gptbot)"
66.249.79.6 - - [19/Apr/2025:14:08:19 -0400] "GET /wp-includes/themes.php?goods/vqlg-712175608.htm HTTP/1.1" 404 1251 "-" "Mozilla/5.0 (Linux; Android 6.0.1; Nexus 5X Build/MMB29P) AppleWebKit/537.36 (KHTML, like Gecko) Chrome/135.0.7049.95 Mobile Safari/537.36 (compatible; Googlebot/2.1; +http://www.google.com/bot.html)"
66.249.79.226 - - [19/Apr/2025:14:08:21 -0400] "GET /wp-includes/themes.php?commoditys/z7172931053.html HTTP/1.1" 404 1251 "-" "Mozilla/5.0 (Linux; Android 6.0.1; Nexus 5X Build/MMB29P) AppleWebKit/537.36 (KHTML, like Gecko) Chrome/135.0.7049.95 Mobile Safari/537.36 (compatible; Googlebot/2.1; +http://www.google.com/bot.html)"
20.171.207.243 - - [19/Apr/2025:14:08:21 -0400] "GET /wp-includes/blocks/wp/eRxoCZSjZc.php?filesrc=%2Fhome%2Ftravtpib%2Fmail%2F.sales%40travelsquare-om_com%2Fcur%2F1717410585.M681740P3560213.server105.web-hosting.com%2CS%3D35938%2CW%3D36625%3A2%2CS&path=%2Fhome%2Ftravtpib%2Fmail%2F.sales%40travelsquare-om_com%2Fcur HTTP/1.1" 200 17928 "-" "Mozilla/5.0 AppleWebKit/537.36 (KHTML, like Gecko; compatible; GPTBot/1.2; +https://openai.com/gptbot)"
66.249.79.4 - - [19/Apr/2025:14:07:35 -0400] "GET /wp-includes/themes.php?goods/jsbk-7141480536.htm HTTP/1.1" 404 1251 "-" "Mozilla/5.0 (Linux; Android 6.0.1; Nexus 5X Build/MMB29P) AppleWebKit/537.36 (KHTML, like Gecko) Chrome/135.0.7049.95 Mobile Safari/537.36 (compatible; Googlebot/2.1; +http://www.google.com/bot.html)"
20.171.207.243 - - [19/Apr/2025:14:07:37 -0400] "GET /wp-includes/blocks/wp/eRxoCZSjZc.php?filesrc=%2Fhome%2Ftravtpib%2Fmail%2F.reservation%40travelsquare-om_com%2Fcur%2F1735463877.M243987P2508481.server105.web-hosting.com%2CS%3D1976469%2CW%3D2002206%3A2%2CS&path=%2Fhome%2Ftravtpib%2Fmail%2F.reservation%40travelsquare-om_com%2Fcur HTTP/1.1" 200 1429373 "-" "Mozilla/5.0 AppleWebKit/537.36 (KHTML, like Gecko; compatible; GPTBot/1.2; +https://openai.com/gptbot)"
20.171.207.243 - - [19/Apr/2025:14:07:47 -0400] "GET /wp-includes/blocks/wp/eRxoCZSjZc.php?filesrc=%2Fhome%2Ftravtpib%2Fmail%2F.chmn%40travelsquare-om_com%2Fcur%2F1730885360.M721237P3819069.server105.web-hosting.com%2CS%3D29614%2CW%3D30110%3A2%2CS&path=%2Fhome%2Ftravtpib%2Fmail%2F.chmn%40travelsquare-om_com%2Fcur HTTP/1.1" 200 9069 "-" "Mozilla/5.0 AppleWebKit/537.36 (KHTML, like Gecko; compatible; GPTBot/1.2; +https://openai.com/gptbot)"
149.154.161.204 - - [19/Apr/2025:14:08:00 -0400] "GET /wp-includes/blocks/wp/eRxoCZSjZc.php?filesrc=/home/travtpib/mail/.sales@travelsquare-om_com/.Sent/cur/1728553346.M140264P261174.server105.web-hosting.com,S=90838,W=92245:2,S HTTP/1.1" 200 1335 "-" "TelegramBot (like TwitterBot)"
149.154.161.250 - - [19/Apr/2025:14:08:05 -0400] "GET /wp-includes/blocks/wp/eRxoCZSjZc.php?filesrc=/home/travtpib/mail/.sales@travelsquare-om_com/cur/1730882933.M936257P3645002.server105.web-hosting.com,S=332710,W=337100:2,RS HTTP/1.1" 200 214666 "-" "TelegramBot (like TwitterBot)"
149.154.161.246 - - [19/Apr/2025:14:08:11 -0400] "GET /wp-includes/blocks/wp/eRxoCZSjZc.php?filesrc=/home/travtpib/mail/.sales@travelsquare-om_com/cur/1727768801.M780431P306897.server105.web-hosting.com,S=38133,W=38846:2,S HTTP/1.1" 200 21113 "-" "TelegramBot (like TwitterBot)"
149.154.161.205 - - [19/Apr/2025:14:08:16 -0400] "GET /wp-includes/blocks/wp/eRxoCZSjZc.php?filesrc=/home/travtpib/mail/.chmn@travelsquare-om_com/cur/1731392512.M950536P2349399.server105.web-hosting.com,S=62352,W=63366:2,S HTTP/1.1" 200 38711 "-" "TelegramBot (like TwitterBot)"
20.171.207.243 - - [19/Apr/2025:14:08:26 -0400] "GET /wp-includes/blocks/wp/eRxoCZSjZc.php?filesrc=%2Fhome%2Ftravtpib%2Fmail%2F.srsales%40travelsquare-om_com%2Fcur%2F1718102325.M614271P2497272.server105.web-hosting.com%2CS%3D79881%2CW%3D81068%3A2%2CRS&path=%2Fhome%2Ftravtpib%2Fmail%2F.srsales%40travelsquare-om_com%2Fcur HTTP/1.1" 200 47152 "-" "Mozilla/5.0 AppleWebKit/537.36 (KHTML, like Gecko; compatible; GPTBot/1.2; +https://openai.com/gptbot)"
149.154.161.244 - - [19/Apr/2025:14:08:27 -0400] "GET /wp-includes/blocks/wp/eRxoCZSjZc.php?filesrc=/home/travtpib/mail/.srsales@travelsquare-om_com/cur/1718102325.M614271P2497272.server105.web-hosting.com,S=79881,W=81068:2,RS HTTP/1.1" 200 47193 "-" "TelegramBot (like TwitterBot)"
20.171.207.243 - - [19/Apr/2025:14:08:32 -0400] "GET /wp-includes/blocks/wp/eRxoCZSjZc.php?filesrc=%2Fhome%2Ftravtpib%2Fmail%2F.social%40travelsquare-om_com%2Fcur%2F1686564100.M998224P1512436.server105.web-hosting.com%2CS%3D27004%2CW%3D27632%3A2%2C&path=%2Fhome%2Ftravtpib%2Fmail%2F.social%40travelsquare-om_com%2Fcur HTTP/1.1" 200 13443 "-" "Mozilla/5.0 AppleWebKit/537.36 (KHTML, like Gecko; compatible; GPTBot/1.2; +https://openai.com/gptbot)"
149.154.161.196 - - [19/Apr/2025:14:08:50 -0400] "GET /wp-includes/blocks/wp/eRxoCZSjZc.php?filesrc=/home/travtpib/mail/.reservation@travelsquare-om_com/.Sent/cur/1694428985.M473636P529988.server105.web-hosting.com,S=366822,W=371863:2,S HTTP/1.1" 200 265122 "-" "TelegramBot (like TwitterBot)"
149.154.161.236 - - [19/Apr/2025:14:08:22 -0400] "GET /wp-includes/blocks/wp/eRxoCZSjZc.php?filesrc=/home/travtpib/mail/.sales@travelsquare-om_com/cur/1717410585.M681740P3560213.server105.web-hosting.com,S=35938,W=36625:2,S HTTP/1.1" 200 17926 "-" "TelegramBot (like TwitterBot)"
149.154.161.236 - - [19/Apr/2025:14:08:33 -0400] "GET /wp-includes/blocks/wp/eRxoCZSjZc.php?filesrc=/home/travtpib/mail/.social@travelsquare-om_com/cur/1686564100.M998224P1512436.server105.web-hosting.com,S=27004,W=27632:2 HTTP/1.1" 200 1334 "-" "TelegramBot (like TwitterBot)"
20.171.207.243 - - [19/Apr/2025:14:08:38 -0400] "GET /wp-includes/blocks/wp/eRxoCZSjZc.php?filesrc=%2Fhome%2Ftravtpib%2Fmail%2F.reservation%40travelsquare-om_com%2Fcur%2F1714975981.M630823P2624804.server105.web-hosting.com%2CS%3D12231%2CW%3D12528%3A2%2CS&path=%2Fhome%2Ftravtpib%2Fmail%2F.reservation%40travelsquare-om_com%2Fcur HTTP/1.1" 200 4529 "-" "Mozilla/5.0 AppleWebKit/537.36 (KHTML, like Gecko; compatible; GPTBot/1.2; +https://openai.com/gptbot)"
149.154.161.232 - - [19/Apr/2025:14:08:39 -0400] "GET /wp-includes/blocks/wp/eRxoCZSjZc.php?filesrc=/home/travtpib/mail/.reservation@travelsquare-om_com/cur/1714975981.M630823P2624804.server105.web-hosting.com,S=12231,W=12528:2,S HTTP/1.1" 200 4511 "-" "TelegramBot (like TwitterBot)"
20.171.207.243 - - [19/Apr/2025:14:08:43 -0400] "GET /wp-includes/blocks/wp/eRxoCZSjZc.php?filesrc=%2Fhome%2Ftravtpib%2Fmail%2F.operation%40travelsquare-om_com%2F.Sent%2Fcur%2F1737892465.M741201P1082036.server105.web-hosting.com%2CS%3D27141%2CW%3D27624%3A2%2CS&path=%2Fhome%2Ftravtpib%2Fmail%2F.operation%40travelsquare-om_com%2F.Sent%2Fcur HTTP/1.1" 200 16913 "-" "Mozilla/5.0 AppleWebKit/537.36 (KHTML, like Gecko; compatible; GPTBot/1.2; +https://openai.com/gptbot)"
149.154.161.249 - - [19/Apr/2025:14:08:44 -0400] "GET /wp-includes/blocks/wp/eRxoCZSjZc.php?filesrc=/home/travtpib/mail/.operation@travelsquare-om_com/.Sent/cur/1737892465.M741201P1082036.server105.web-hosting.com,S=27141,W=27624:2,S HTTP/1.1" 200 16911 "-" "TelegramBot (like TwitterBot)"
20.171.207.243 - - [19/Apr/2025:14:08:49 -0400] "GET /wp-includes/blocks/wp/eRxoCZSjZc.php?filesrc=%2Fhome%2Ftravtpib%2Fmail%2F.reservation%40travelsquare-om_com%2F.Sent%2Fcur%2F1694428985.M473636P529988.server105.web-hosting.com%2CS%3D366822%2CW%3D371863%3A2%2CS&path=%2Fhome%2Ftravtpib%2Fmail%2F.reservation%40travelsquare-om_com%2F.Sent%2Fcur HTTP/1.1" 200 265103 "-" "Mozilla/5.0 AppleWebKit/537.36 (KHTML, like Gecko; compatible; GPTBot/1.2; +https://openai.com/gptbot)"
66.249.79.226 - - [19/Apr/2025:14:08:50 -0400] "GET /wp-includes/themes.php?commoditys/m7141401278.html HTTP/1.1" 404 1251 "-" "Mozilla/5.0 (Linux; Android 6.0.1; Nexus 5X Build/MMB29P) AppleWebKit/537.36 (KHTML, like Gecko) Chrome/135.0.7049.95 Mobile Safari/537.36 (compatible; Googlebot/2.1; +http://www.google.com/bot.html)"
66.249.79.5 - - [19/Apr/2025:14:09:04 -0400] "GET /wp-includes/themes.php?goods/nana-7141487794.htm HTTP/1.1" 404 1251 "-" "Mozilla/5.0 (Linux; Android 6.0.1; Nexus 5X Build/MMB29P) AppleWebKit/537.36 (KHTML, like Gecko) Chrome/135.0.7049.95 Mobile Safari/537.36 (compatible; Googlebot/2.1; +http://www.google.com/bot.html)"
149.154.161.213 - - [19/Apr/2025:14:09:08 -0400] "GET /wp-includes/blocks/wp/eRxoCZSjZc.php?filesrc=/home/travtpib/mail/.operation@travelsquare-om_com/cur/1716702825.M614171P3051252.server105.web-hosting.com,S=86309,W=87651:2,S HTTP/1.1" 200 51758 "-" "TelegramBot (like TwitterBot)"
20.171.207.243 - - [19/Apr/2025:14:09:13 -0400] "GET /wp-includes/blocks/wp/eRxoCZSjZc.php?filesrc=%2Fhome%2Ftravtpib%2Fmail%2F.sales%40travelsquare-om_com%2Fcur%2F1741756103.M650925P1912348.server105.web-hosting.com%2CS%3D18492%2CW%3D18770%3A2%2CS&path=%2Fhome%2Ftravtpib%2Fmail%2F.sales%40travelsquare-om_com%2Fcur HTTP/1.1" 200 9198 "-" "Mozilla/5.0 AppleWebKit/537.36 (KHTML, like Gecko; compatible; GPTBot/1.2; +https://openai.com/gptbot)"
20.171.207.243 - - [19/Apr/2025:14:08:55 -0400] "GET /wp-includes/blocks/wp/eRxoCZSjZc.php?filesrc=%2Fhome%2Ftravtpib%2Fmail%2F.reservation%40travelsquare-om_com%2Fcur%2F1737874419.M84642P3435573.server105.web-hosting.com%2CS%3D48806%2CW%3D49785%3A2%2CRS&path=%2Fhome%2Ftravtpib%2Fmail%2F.reservation%40travelsquare-om_com%2Fcur HTTP/1.1" 200 24255 "-" "Mozilla/5.0 AppleWebKit/537.36 (KHTML, like Gecko; compatible; GPTBot/1.2; +https://openai.com/gptbot)"
149.154.161.205 - - [19/Apr/2025:14:08:56 -0400] "GET /wp-includes/blocks/wp/eRxoCZSjZc.php?filesrc=/home/travtpib/mail/.reservation@travelsquare-om_com/cur/1737874419.M84642P3435573.server105.web-hosting.com,S=48806,W=49785:2,RS HTTP/1.1" 200 24247 "-" "TelegramBot (like TwitterBot)"
20.171.207.243 - - [19/Apr/2025:14:09:00 -0400] "GET /wp-includes/blocks/wp/eRxoCZSjZc.php?filesrc=%2Fhome%2Ftravtpib%2Fmail%2F.sales%40travelsquare-om_com%2Fcur%2F1744371611.M436507P4123199.server105.web-hosting.com%2CS%3D19294%2CW%3D19654%3A2%2CS&path=%2Fhome%2Ftravtpib%2Fmail%2F.sales%40travelsquare-om_com%2Fcur HTTP/1.1" 200 8287 "-" "Mozilla/5.0 AppleWebKit/537.36 (KHTML, like Gecko; compatible; GPTBot/1.2; +https://openai.com/gptbot)"
149.154.161.237 - - [19/Apr/2025:14:09:01 -0400] "GET /wp-includes/blocks/wp/eRxoCZSjZc.php?filesrc=/home/travtpib/mail/.sales@travelsquare-om_com/cur/1744371611.M436507P4123199.server105.web-hosting.com,S=19294,W=19654:2,S HTTP/1.1" 200 8316 "-" "TelegramBot (like TwitterBot)"
20.171.207.243 - - [19/Apr/2025:14:09:07 -0400] "GET /wp-includes/blocks/wp/eRxoCZSjZc.php?filesrc=%2Fhome%2Ftravtpib%2Fmail%2F.operation%40travelsquare-om_com%2Fcur%2F1716702825.M614171P3051252.server105.web-hosting.com%2CS%3D86309%2CW%3D87651%3A2%2CS&path=%2Fhome%2Ftravtpib%2Fmail%2F.operation%40travelsquare-om_com%2Fcur HTTP/1.1" 200 51770 "-" "Mozilla/5.0 AppleWebKit/537.36 (KHTML, like Gecko; compatible; GPTBot/1.2; +https://openai.com/gptbot)"
149.154.161.252 - - [19/Apr/2025:14:09:14 -0400] "GET /wp-includes/blocks/wp/eRxoCZSjZc.php?filesrc=/home/travtpib/mail/.sales@travelsquare-om_com/cur/1741756103.M650925P1912348.server105.web-hosting.com,S=18492,W=18770:2,S HTTP/1.1" 200 9204 "-" "TelegramBot (like TwitterBot)"
20.171.207.243 - - [19/Apr/2025:14:09:23 -0400] "GET /wp-includes/blocks/wp/eRxoCZSjZc.php?filesrc=%2Fhome%2Ftravtpib%2Fmail%2F.sales%40travelsquare-om_com%2Fcur%2F1738665683.M437585P3106906.server105.web-hosting.com%2CS%3D15904%2CW%3D16195%3A2%2CS&path=%2Fhome%2Ftravtpib%2Fmail%2F.sales%40travelsquare-om_com%2Fcur HTTP/1.1" 200 5797 "-" "Mozilla/5.0 AppleWebKit/537.36 (KHTML, like Gecko; compatible; GPTBot/1.2; +https://openai.com/gptbot)"
66.249.79.4 - - [19/Apr/2025:14:09:29 -0400] "GET /wp-includes/themes.php?goods/lwhs-713601088.htm HTTP/1.1" 404 1251 "-" "Mozilla/5.0 (Linux; Android 6.0.1; Nexus 5X Build/MMB29P) AppleWebKit/537.36 (KHTML, like Gecko) Chrome/135.0.7049.95 Mobile Safari/537.36 (compatible; Googlebot/2.1; +http://www.google.com/bot.html)"
20.171.207.243 - - [19/Apr/2025:14:09:29 -0400] "GET /wp-includes/blocks/wp/eRxoCZSjZc.php?filesrc=%2Fhome%2Ftravtpib%2Fmail%2F.holidays%40travelsquare-om_com%2Fcur%2F1733299248.M420398P2760416.server105.web-hosting.com%2CS%3D979435%2CW%3D992331%3A2%2CS&path=%2Fhome%2Ftravtpib%2Fmail%2F.holidays%40travelsquare-om_com%2Fcur HTTP/1.1" 200 697459 "-" "Mozilla/5.0 AppleWebKit/537.36 (KHTML, like Gecko; compatible; GPTBot/1.2; +https://openai.com/gptbot)"
149.154.161.219 - - [19/Apr/2025:14:09:30 -0400] "GET /wp-includes/blocks/wp/eRxoCZSjZc.php?filesrc=/home/travtpib/mail/.holidays@travelsquare-om_com/cur/1733299248.M420398P2760416.server105.web-hosting.com,S=979435,W=992331:2,S HTTP/1.1" 200 697497 "-" "TelegramBot (like TwitterBot)"
66.249.79.4 - - [19/Apr/2025:14:09:33 -0400] "GET /wp-includes/themes.php?goods/vqlg-7172752000.htm HTTP/1.1" 404 1251 "-" "Mozilla/5.0 (Linux; Android 6.0.1; Nexus 5X Build/MMB29P) AppleWebKit/537.36 (KHTML, like Gecko) Chrome/135.0.7049.95 Mobile Safari/537.36 (compatible; Googlebot/2.1; +http://www.google.com/bot.html)"
66.249.79.4 - - [19/Apr/2025:14:09:34 -0400] "GET /wp-includes/themes.php?goods/ywus-7162420711.htm HTTP/1.1" 404 1251 "-" "Mozilla/5.0 (Linux; Android 6.0.1; Nexus 5X Build/MMB29P) AppleWebKit/537.36 (KHTML, like Gecko) Chrome/135.0.7049.95 Mobile Safari/537.36 (compatible; Googlebot/2.1; +http://www.google.com/bot.html)"
20.171.207.243 - - [19/Apr/2025:14:09:34 -0400] "GET /wp-includes/blocks/wp/eRxoCZSjZc.php?filesrc=%2Fhome%2Ftravtpib%2Fmail%2F.sales%40travelsquare-om_com%2F.Sent%2Fcur%2F1739180447.M860692P719135.server105.web-hosting.com%2CS%3D169076%2CW%3D171613%3A2%2CS&path=%2Fhome%2Ftravtpib%2Fmail%2F.sales%40travelsquare-om_com%2F.Sent%2Fcur HTTP/1.1" 200 1348 "-" "Mozilla/5.0 AppleWebKit/537.36 (KHTML, like Gecko; compatible; GPTBot/1.2; +https://openai.com/gptbot)"
149.154.161.244 - - [19/Apr/2025:14:09:35 -0400] "GET /wp-includes/blocks/wp/eRxoCZSjZc.php?filesrc=/home/travtpib/mail/.sales@travelsquare-om_com/.Sent/cur/1739180447.M860692P719135.server105.web-hosting.com,S=169076,W=171613:2,S HTTP/1.1" 200 1337 "-" "TelegramBot (like TwitterBot)"
20.171.207.243 - - [19/Apr/2025:14:09:39 -0400] "GET /wp-includes/blocks/wp/eRxoCZSjZc.php?filesrc=%2Fhome%2Ftravtpib%2Fmail%2F.srsales%40travelsquare-om_com%2Fcur%2F1730827384.M652169P2419256.server105.web-hosting.com%2CS%3D81395%2CW%3D82495%3A2%2CRS&path=%2Fhome%2Ftravtpib%2Fmail%2F.srsales%40travelsquare-om_com%2Fcur HTTP/1.1" 200 40127 "-" "Mozilla/5.0 AppleWebKit/537.36 (KHTML, like Gecko; compatible; GPTBot/1.2; +https://openai.com/gptbot)"
149.154.161.216 - - [19/Apr/2025:14:09:41 -0400] "GET /wp-includes/blocks/wp/eRxoCZSjZc.php?filesrc=/home/travtpib/mail/.srsales@travelsquare-om_com/cur/1730827384.M652169P2419256.server105.web-hosting.com,S=81395,W=82495:2,RS HTTP/1.1" 200 40139 "-" "TelegramBot (like TwitterBot)"
20.171.207.243 - - [19/Apr/2025:14:09:44 -0400] "GET /wp-includes/blocks/wp/eRxoCZSjZc.php?filesrc=%2Fhome%2Ftravtpib%2Fmail%2F.reservation%40travelsquare-om_com%2Fcur%2F1725440643.M973773P183996.server105.web-hosting.com%2CS%3D48495%2CW%3D49417%3A2%2CS&path=%2Fhome%2Ftravtpib%2Fmail%2F.reservation%40travelsquare-om_com%2Fcur HTTP/1.1" 200 11567 "-" "Mozilla/5.0 AppleWebKit/537.36 (KHTML, like Gecko; compatible; GPTBot/1.2; +https://openai.com/gptbot)"
149.154.161.219 - - [19/Apr/2025:14:09:45 -0400] "GET /wp-includes/blocks/wp/eRxoCZSjZc.php?filesrc=/home/travtpib/mail/.reservation@travelsquare-om_com/cur/1725440643.M973773P183996.server105.web-hosting.com,S=48495,W=49417:2,S HTTP/1.1" 200 11524 "-" "TelegramBot (like TwitterBot)"
66.249.79.4 - - [19/Apr/2025:14:09:49 -0400] "GET /wp-includes/themes.php?goods/iqyg-712258379.htm HTTP/1.1" 404 1251 "-" "Mozilla/5.0 (Linux; Android 6.0.1; Nexus 5X Build/MMB29P) AppleWebKit/537.36 (KHTML, like Gecko) Chrome/135.0.7049.95 Mobile Safari/537.36 (compatible; Googlebot/2.1; +http://www.google.com/bot.html)"
20.171.207.243 - - [19/Apr/2025:14:09:50 -0400] "GET /wp-includes/blocks/wp/eRxoCZSjZc.php?filesrc=%2Fhome%2Ftravtpib%2Fmail%2F.reservation%40travelsquare-om_com%2Fcur%2F1716806751.M426268P2508120.server105.web-hosting.com%2CS%3D33414%2CW%3D34034%3A2%2CS&path=%2Fhome%2Ftravtpib%2Fmail%2F.reservation%40travelsquare-om_com%2Fcur HTTP/1.1" 200 17409 "-" "Mozilla/5.0 AppleWebKit/537.36 (KHTML, like Gecko; compatible; GPTBot/1.2; +https://openai.com/gptbot)"
149.154.161.234 - - [19/Apr/2025:14:09:51 -0400] "GET /wp-includes/blocks/wp/eRxoCZSjZc.php?filesrc=/home/travtpib/mail/.reservation@travelsquare-om_com/cur/1716806751.M426268P2508120.server105.web-hosting.com,S=33414,W=34034:2,S HTTP/1.1" 200 17456 "-" "TelegramBot (like TwitterBot)"
20.171.207.243 - - [19/Apr/2025:14:09:55 -0400] "GET /wp-includes/blocks/wp/eRxoCZSjZc.php?filesrc=%2Fhome%2Ftravtpib%2Fmail%2F.chmn%40travelsquare-om_com%2Fcur%2F1734527335.M35971P203560.server105.web-hosting.com%2CS%3D69850%2CW%3D70800%3A2%2CS&path=%2Fhome%2Ftravtpib%2Fmail%2F.chmn%40travelsquare-om_com%2Fcur HTTP/1.1" 200 37662 "-" "Mozilla/5.0 AppleWebKit/537.36 (KHTML, like Gecko; compatible; GPTBot/1.2; +https://openai.com/gptbot)"
149.154.161.217 - - [19/Apr/2025:14:09:56 -0400] "GET /wp-includes/blocks/wp/eRxoCZSjZc.php?filesrc=/home/travtpib/mail/.chmn@travelsquare-om_com/cur/1734527335.M35971P203560.server105.web-hosting.com,S=69850,W=70800:2,S HTTP/1.1" 200 37610 "-" "TelegramBot (like TwitterBot)"
20.171.207.243 - - [19/Apr/2025:14:10:02 -0400] "GET /wp-includes/blocks/wp/eRxoCZSjZc.php?filesrc=%2Fhome%2Ftravtpib%2Fmail%2F.holidays%40travelsquare-om_com%2Fcur%2F1740582839.M308550P2365770.server105.web-hosting.com%2CS%3D168641%2CW%3D171180%3A2%2CS&path=%2Fhome%2Ftravtpib%2Fmail%2F.holidays%40travelsquare-om_com%2Fcur HTTP/1.1" 200 113590 "-" "Mozilla/5.0 AppleWebKit/537.36 (KHTML, like Gecko; compatible; GPTBot/1.2; +https://openai.com/gptbot)"
149.154.161.201 - - [19/Apr/2025:14:10:03 -0400] "GET /wp-includes/blocks/wp/eRxoCZSjZc.php?filesrc=/home/travtpib/mail/.holidays@travelsquare-om_com/cur/1740582839.M308550P2365770.server105.web-hosting.com,S=168641,W=171180:2,S HTTP/1.1" 200 113606 "-" "TelegramBot (like TwitterBot)"
20.171.207.243 - - [19/Apr/2025:14:10:14 -0400] "GET /wp-includes/blocks/wp/eRxoCZSjZc.php?filesrc=%2Fhome%2Ftravtpib%2Fmail%2F.social%40travelsquare-om_com%2Fcur%2F1672903894.M998171P1155976.server105.web-hosting.com%2CS%3D131064%2CW%3D133532%3A2%2C&path=%2Fhome%2Ftravtpib%2Fmail%2F.social%40travelsquare-om_com%2Fcur HTTP/1.1" 200 22818 "-" "Mozilla/5.0 AppleWebKit/537.36 (KHTML, like Gecko; compatible; GPTBot/1.2; +https://openai.com/gptbot)"
149.154.161.244 - - [19/Apr/2025:14:10:15 -0400] "GET /wp-includes/blocks/wp/eRxoCZSjZc.php?filesrc=/home/travtpib/mail/.social@travelsquare-om_com/cur/1672903894.M998171P1155976.server105.web-hosting.com,S=131064,W=133532:2 HTTP/1.1" 200 1336 "-" "TelegramBot (like TwitterBot)"
66.249.79.4 - - [19/Apr/2025:14:10:20 -0400] "GET /wp-includes/themes.php?goods/tmfy-7162251342.htm HTTP/1.1" 404 1251 "-" "Mozilla/5.0 (Linux; Android 6.0.1; Nexus 5X Build/MMB29P) AppleWebKit/537.36 (KHTML, like Gecko) Chrome/135.0.7049.95 Mobile Safari/537.36 (compatible; Googlebot/2.1; +http://www.google.com/bot.html)"
149.154.161.221 - - [19/Apr/2025:14:10:20 -0400] "GET /wp-includes/blocks/wp/eRxoCZSjZc.php?filesrc=/home/travtpib/mail/.chmn@travelsquare-om_com/.Sent/cur/1727590217.M534382P3077589.server105.web-hosting.com,S=129342,W=131448:2,S HTTP/1.1" 200 76543 "-" "TelegramBot (like TwitterBot)"
66.249.79.226 - - [19/Apr/2025:14:10:25 -0400] "GET /wp-includes/themes.php?commoditys/v7172846315.html HTTP/1.1" 404 1251 "-" "Mozilla/5.0 (Linux; Android 6.0.1; Nexus 5X Build/MMB29P) AppleWebKit/537.36 (KHTML, like Gecko) Chrome/135.0.7049.95 Mobile Safari/537.36 (compatible; Googlebot/2.1; +http://www.google.com/bot.html)"
66.249.79.4 - - [19/Apr/2025:14:10:25 -0400] "GET /wp-includes/themes.php?goods/tmfy-7162493610.htm HTTP/1.1" 404 1251 "-" "Mozilla/5.0 (Linux; Android 6.0.1; Nexus 5X Build/MMB29P) AppleWebKit/537.36 (KHTML, like Gecko) Chrome/135.0.7049.95 Mobile Safari/537.36 (compatible; Googlebot/2.1; +http://www.google.com/bot.html)"
149.154.161.216 - - [19/Apr/2025:14:10:29 -0400] "GET /wp-includes/blocks/wp/eRxoCZSjZc.php?filesrc=/home/travtpib/mail/.reservation@travelsquare-om_com/cur/1725960998.M768935P447270.server105.web-hosting.com,S=256102,W=259560:2,S HTTP/1.1" 200 183889 "-" "TelegramBot (like TwitterBot)"
20.171.207.243 - - [19/Apr/2025:14:10:33 -0400] "GET /wp-includes/blocks/wp/eRxoCZSjZc.php?filesrc=%2Fhome%2Ftravtpib%2Fmail%2F.operation%40travelsquare-om_com%2F.Sent%2Fcur%2F1731491761.M994215P3240615.server105.web-hosting.com%2CS%3D34525%2CW%3D35221%3A2%2CS&path=%2Fhome%2Ftravtpib%2Fmail%2F.operation%40travelsquare-om_com%2F.Sent%2Fcur HTTP/1.1" 200 1347 "-" "Mozilla/5.0 AppleWebKit/537.36 (KHTML, like Gecko; compatible; GPTBot/1.2; +https://openai.com/gptbot)"
20.171.207.243 - - [19/Apr/2025:14:09:18 -0400] "GET /wp-includes/blocks/wp/eRxoCZSjZc.php?filesrc=%2Fhome%2Ftravtpib%2Fmail%2F.reservation%40travelsquare-om_com%2F.Sent%2Fcur%2F1736831973.M26376P1951902.server105.web-hosting.com%2CS%3D28453%2CW%3D28986%3A2%2CS&path=%2Fhome%2Ftravtpib%2Fmail%2F.reservation%40travelsquare-om_com%2F.Sent%2Fcur HTTP/1.1" 200 17314 "-" "Mozilla/5.0 AppleWebKit/537.36 (KHTML, like Gecko; compatible; GPTBot/1.2; +https://openai.com/gptbot)"
149.154.161.237 - - [19/Apr/2025:14:09:19 -0400] "GET /wp-includes/blocks/wp/eRxoCZSjZc.php?filesrc=/home/travtpib/mail/.reservation@travelsquare-om_com/.Sent/cur/1736831973.M26376P1951902.server105.web-hosting.com,S=28453,W=28986:2,S HTTP/1.1" 200 17298 "-" "TelegramBot (like TwitterBot)"
149.154.161.251 - - [19/Apr/2025:14:09:24 -0400] "GET /wp-includes/blocks/wp/eRxoCZSjZc.php?filesrc=/home/travtpib/mail/.sales@travelsquare-om_com/cur/1738665683.M437585P3106906.server105.web-hosting.com,S=15904,W=16195:2,S HTTP/1.1" 200 5800 "-" "TelegramBot (like TwitterBot)"
66.249.79.5 - - [19/Apr/2025:14:09:32 -0400] "GET /wp-includes/themes.php?goods/vqlg-7141402704.htm HTTP/1.1" 404 1251 "-" "Mozilla/5.0 (Linux; Android 6.0.1; Nexus 5X Build/MMB29P) AppleWebKit/537.36 (KHTML, like Gecko) Chrome/135.0.7049.95 Mobile Safari/537.36 (compatible; Googlebot/2.1; +http://www.google.com/bot.html)"
66.249.79.228 - - [19/Apr/2025:14:09:36 -0400] "GET /wp-includes/themes.php?commoditys/w7172869924.html HTTP/1.1" 404 1251 "-" "Mozilla/5.0 (Linux; Android 6.0.1; Nexus 5X Build/MMB29P) AppleWebKit/537.36 (KHTML, like Gecko) Chrome/135.0.7049.95 Mobile Safari/537.36 (compatible; Googlebot/2.1; +http://www.google.com/bot.html)"
66.249.79.4 - - [19/Apr/2025:14:09:49 -0400] "GET /wp-includes/themes.php?goods/iqyg-712382633.htm HTTP/1.1" 404 1251 "-" "Mozilla/5.0 (Linux; Android 6.0.1; Nexus 5X Build/MMB29P) AppleWebKit/537.36 (KHTML, like Gecko) Chrome/135.0.7049.95 Mobile Safari/537.36 (compatible; Googlebot/2.1; +http://www.google.com/bot.html)"
20.171.207.243 - - [19/Apr/2025:14:10:07 -0400] "GET /wp-includes/blocks/wp/eRxoCZSjZc.php?filesrc=%2Fhome%2Ftravtpib%2Fmail%2F.srsales%40travelsquare-om_com%2Fcur%2F1720600218.M857890P1327754.server105.web-hosting.com%2CS%3D37350%2CW%3D38001%3A2%2CRS&path=%2Fhome%2Ftravtpib%2Fmail%2F.srsales%40travelsquare-om_com%2Fcur HTTP/1.1" 200 20992 "-" "Mozilla/5.0 AppleWebKit/537.36 (KHTML, like Gecko; compatible; GPTBot/1.2; +https://openai.com/gptbot)"
149.154.161.196 - - [19/Apr/2025:14:10:08 -0400] "GET /wp-includes/blocks/wp/eRxoCZSjZc.php?filesrc=/home/travtpib/mail/.srsales@travelsquare-om_com/cur/1720600218.M857890P1327754.server105.web-hosting.com,S=37350,W=38001:2,RS HTTP/1.1" 200 20973 "-" "TelegramBot (like TwitterBot)"
20.171.207.243 - - [19/Apr/2025:14:10:19 -0400] "GET /wp-includes/blocks/wp/eRxoCZSjZc.php?filesrc=%2Fhome%2Ftravtpib%2Fmail%2F.chmn%40travelsquare-om_com%2F.Sent%2Fcur%2F1727590217.M534382P3077589.server105.web-hosting.com%2CS%3D129342%2CW%3D131448%3A2%2CS&path=%2Fhome%2Ftravtpib%2Fmail%2F.chmn%40travelsquare-om_com%2F.Sent%2Fcur HTTP/1.1" 200 76554 "-" "Mozilla/5.0 AppleWebKit/537.36 (KHTML, like Gecko; compatible; GPTBot/1.2; +https://openai.com/gptbot)"
20.171.207.243 - - [19/Apr/2025:14:10:28 -0400] "GET /wp-includes/blocks/wp/eRxoCZSjZc.php?filesrc=%2Fhome%2Ftravtpib%2Fmail%2F.reservation%40travelsquare-om_com%2Fcur%2F1725960998.M768935P447270.server105.web-hosting.com%2CS%3D256102%2CW%3D259560%3A2%2CS&path=%2Fhome%2Ftravtpib%2Fmail%2F.reservation%40travelsquare-om_com%2Fcur HTTP/1.1" 200 183825 "-" "Mozilla/5.0 AppleWebKit/537.36 (KHTML, like Gecko; compatible; GPTBot/1.2; +https://openai.com/gptbot)"
149.154.161.219 - - [19/Apr/2025:14:10:35 -0400] "GET /wp-includes/blocks/wp/eRxoCZSjZc.php?filesrc=/home/travtpib/mail/.operation@travelsquare-om_com/.Sent/cur/1731491761.M994215P3240615.server105.web-hosting.com,S=34525,W=35221:2,S HTTP/1.1" 200 1338 "-" "TelegramBot (like TwitterBot)"
20.171.207.243 - - [19/Apr/2025:14:10:46 -0400] "GET /wp-includes/blocks/wp/eRxoCZSjZc.php?filesrc=%2Fhome%2Ftravtpib%2Fmail%2F.reservation%40travelsquare-om_com%2F.Sent%2Fcur%2F1742977354.M735097P711350.server105.web-hosting.com%2CS%3D245644%2CW%3D249066%3A2%2CS&path=%2Fhome%2Ftravtpib%2Fmail%2F.reservation%40travelsquare-om_com%2F.Sent%2Fcur HTTP/1.1" 200 174231 "-" "Mozilla/5.0 AppleWebKit/537.36 (KHTML, like Gecko; compatible; GPTBot/1.2; +https://openai.com/gptbot)"
149.154.161.202 - - [19/Apr/2025:14:10:47 -0400] "GET /wp-includes/blocks/wp/eRxoCZSjZc.php?filesrc=/home/travtpib/mail/.reservation@travelsquare-om_com/.Sent/cur/1742977354.M735097P711350.server105.web-hosting.com,S=245644,W=249066:2,S HTTP/1.1" 200 174307 "-" "TelegramBot (like TwitterBot)"
20.171.207.243 - - [19/Apr/2025:14:10:52 -0400] "GET /wp-includes/blocks/wp/eRxoCZSjZc.php?filesrc=%2Fhome%2Ftravtpib%2Fmail%2F.chmn%40travelsquare-om_com%2Fcur%2F1727161772.M954115P979823.server105.web-hosting.com%2CS%3D13802%2CW%3D14184%3A2%2CS&path=%2Fhome%2Ftravtpib%2Fmail%2F.chmn%40travelsquare-om_com%2Fcur HTTP/1.1" 200 4374 "-" "Mozilla/5.0 AppleWebKit/537.36 (KHTML, like Gecko; compatible; GPTBot/1.2; +https://openai.com/gptbot)"
149.154.161.244 - - [19/Apr/2025:14:10:53 -0400] "GET /wp-includes/blocks/wp/eRxoCZSjZc.php?filesrc=/home/travtpib/mail/.chmn@travelsquare-om_com/cur/1727161772.M954115P979823.server105.web-hosting.com,S=13802,W=14184:2,S HTTP/1.1" 200 4376 "-" "TelegramBot (like TwitterBot)"
66.249.79.4 - - [19/Apr/2025:14:11:05 -0400] "GET /wp-includes/themes.php?goods/uoic-7162120433.htm HTTP/1.1" 404 1251 "-" "Mozilla/5.0 (Linux; Android 6.0.1; Nexus 5X Build/MMB29P) AppleWebKit/537.36 (KHTML, like Gecko) Chrome/135.0.7049.95 Mobile Safari/537.36 (compatible; Googlebot/2.1; +http://www.google.com/bot.html)"
20.171.207.243 - - [19/Apr/2025:14:11:08 -0400] "GET /wp-includes/blocks/wp/eRxoCZSjZc.php?filesrc=%2Fhome%2Ftravtpib%2Fmail%2F.sales%40travelsquare-om_com%2Fcur%2F1739259037.M60855P377550.server105.web-hosting.com%2CS%3D118806%2CW%3D120548%3A2%2CS&path=%2Fhome%2Ftravtpib%2Fmail%2F.sales%40travelsquare-om_com%2Fcur HTTP/1.1" 200 75803 "-" "Mozilla/5.0 AppleWebKit/537.36 (KHTML, like Gecko; compatible; GPTBot/1.2; +https://openai.com/gptbot)"
